-- Table structure for table `integration`
--

CREATE TABLE `integration` (
  `integration_id` int(10) unsigned NOT NULL AUTO_INCREMENT COMMENT 'Integration ID',
  `name` varchar(255) NOT NULL COMMENT 'Integration name is displayed in the admin interface',
  `email` varchar(255) NOT NULL COMMENT 'Email address of the contact person',
  `endpoint` varchar(255) DEFAULT NULL COMMENT 'Endpoint for posting consumer credentials',
  `status` smallint(5) unsigned NOT NULL COMMENT 'Integration status',
  `consumer_id` int(10) unsigned DEFAULT NULL COMMENT 'Oauth consumer',
  `created_at` timestamp NOT NULL DEFAULT current_timestamp() COMMENT 'Creation Time',
  `updated_at` timestamp NOT NULL DEFAULT current_timestamp() ON UPDATE current_timestamp() COMMENT 'Update Time',
  `setup_type` smallint(5) unsigned NOT NULL DEFAULT 0 COMMENT 'Integration type - manual or config file',
  `identity_link_url` varchar(255) DEFAULT NULL COMMENT 'Identity linking Url',
  PRIMARY KEY (`integration_id`),
  UNIQUE KEY `INTEGRATION_NAME` (`name`),
  UNIQUE KEY `INTEGRATION_CONSUMER_ID` (`consumer_id`)
) ENGINE=InnoDB DEFAULT CHARSET=utf8 COMMENT='integration';

--
-- Table structure for table `inventory_cl`
--

CREATE TABLE `inventory_cl` (
  `version_id` int(10) unsigned NOT NULL AUTO_INCREMENT COMMENT 'Version ID',
  `entity_id` int(10) unsigned NOT NULL DEFAULT 0 COMMENT 'Entity ID',
  PRIMARY KEY (`version_id`)
) ENGINE=InnoDB AUTO_INCREMENT=563 DEFAULT CHARSET=utf8 COMMENT='inventory_cl';

--
-- Dumping data for table `inventory_cl`
--

INSERT INTO `inventory_cl` VALUES ('1','519'),('2','519'),('3','523'),('4','523'),('5','525'),('6','525'),('7','531'),('8','531'),('9','533'),('10','533'),('11','535'),('12','535'),('13','537'),('14','537'),('15','539'),('16','539'),('17','541'),('18','541'),('19','543'),('20','543'),('21','547'),('22','547'),('23','549'),('24','549'),('25','553'),('26','553'),('27','557'),('28','557'),('29','559'),('30','559'),('31','561'),('32','561'),('33','565'),('34','565'),('35','566'),('36','566'),('37','568'),('38','568'),('39','572'),('40','572'),('41','574'),('42','574'),('43','577'),('44','577'),('45','580'),('46','580'),('47','582'),('48','582'),('49','587'),('50','587'),('51','586'),('52','586'),('53','585'),('54','585'),('55','584'),('56','584'),('57','589'),('58','589'),('59','590'),('60','590'),('61','592'),('62','592'),('63','593'),('64','593'),('65','594'),('66','594'),('67','595'),('68','595'),('69','596'),('70','596'),('71','598'),('72','598'),('73','557'),('74','561'),('75','589'),('76','590'),('77','606'),('78','606'),('79','607'),('80','607'),('81','608'),('82','608'),('83','609'),('84','609'),('85','610'),('86','610'),('87','611'),('88','611'),('89','612'),('90','612'),('91','613'),('92','613'),('93','614'),('94','614'),('95','615'),('96','615'),('97','766'),('98','766'),('99','770'),('100','770'),('101','774'),('102','774'),('103','775'),('104','775'),('105','776'),('106','776'),('107','770'),('108','766'),('109','779'),('110','779'),('111','781'),('112','781'),('113','783'),('114','783'),('115','784'),('116','784'),('117','785'),('118','785'),('119','786'),('120','786'),('121','788'),('122','788'),('123','790'),('124','790'),('125','792'),('126','792'),('127','794'),('128','794'),('129','796'),('130','796'),('131','798'),('132','798'),('133','800'),('134','800'),('135','802'),('136','802'),('137','804'),('138','804'),('139','806'),('140','806'),('141','844'),('142','844'),('143','547'),('144','547'),('145','996'),('146','997'),('147','998'),('148','999'),('149','1000'),('150','1001'),('151','1002'),('152','1003'),('153','1004'),('154','547'),('155','547'),('156','568'),('157','568'),('158','566'),('159','566'),('160','565'),('161','565'),('162','561'),('163','561'),('164','559'),('165','559'),('166','557'),('167','557'),('168','557'),('169','557'),('170','555'),('171','555'),('172','553'),('173','553'),('174','549'),('175','549'),('176','519'),('177','519'),('178','543'),('179','543'),('180','541'),('181','541'),('182','539'),('183','539'),('184','537'),('185','537'),('186','535'),('187','535'),('188','533'),('189','533'),('190','531'),('191','531'),('192','525'),('193','525'),('194','523'),('195','523'),('196','572'),('197','572'),('198','574'),('199','574'),('200','577'),('201','577'),('202','580'),('203','580'),('204','582'),('205','582'),('206','1057'),('207','1058'),('208','1059'),('209','589'),('210','589'),('211','590'),('212','590'),('213','577'),('214','577'),('215','1066'),('216','1067'),('217','1068'),('218','1069'),('219','1070'),('220','1071'),('221','1072'),('222','1073'),('223','1074'),('224','559'),('225','568'),('226','580'),('227','1066'),('228','1067'),('229','1068'),('230','1069'),('231','1070'),('232','1071'),('233','1072'),('234','1073'),('235','1074'),('236','1069'),('237','1069'),('238','1089'),('239','1089'),('240','1091'),('241','1091'),('242','1093'),('243','1093'),('244','1089'),('245','1089'),('246','1097'),('247','1097'),('248','1099'),('249','1099'),('250','1101'),('251','1101'),('252','1103'),('253','1103'),('254','1105'),('255','1105'),('256','1107'),('257','1107'),('258','1105'),('259','1105'),('260','1111'),('261','1111'),('262','1113'),('263','1113'),('264','1115'),('265','1115'),('266','1117'),('267','1117'),('268','1119'),('269','1119'),('270','1121'),('271','1121'),('272','1123'),('273','1124'),('274','1125'),('275','1089'),('276','1097'),('277','1101'),('278','1129'),('279','1130'),('280','1131'),('281','1131'),('282','1131'),('283','1130'),('284','1130'),('285','1129'),('286','1129'),('287','568'),('288','568'),('289','572'),('290','572'),('291','574'),('292','574'),('293','580'),('294','580'),('295','582'),('296','582'),('297','590'),('298','590'),('299','1066'),('300','1066'),('301','1067'),('302','1067'),('303','1166'),('304','1167'),('305','1204'),('306','1206'),('307','1208'),('308','1210'),('309','42'),('310','1216'),('311','1216'),('312','1216'),('313','1241'),('314','1243'),('315','1265'),('316','1266'),('317','1266'),('318','1265'),('319','1266'),('320','1266'),('321','1266'),('322','1275'),('323','1277'),('324','1278'),('325','1279'),('326','1280'),('327','1281'),('328','1282'),('329','1283'),('330','1284'),('331','1275'),('332','1290'),('334','1378'),('335','1388'),('336','1389'),('337','1390'),('338','1391'),('339','1392'),('340','1408'),('341','1412'),('342','1468'),('343','1468'),('344','1475'),('345','1477'),('346','1479'),('347','1481'),('348','1483'),('349','1485'),('353','1490'),('354','1496'),('355','1502'),('356','1508'),('357','1510'),('359','1517'),('360','1517'),('361','1520'),('362','1522'),('363','1526'),('364','1530'),('365','1534'),('366','1538'),('367','1542'),('368','1546'),('369','1550'),('370','1554'),('371','1538'),('372','1558'),('373','1565'),('374','1566'),('375','1567'),('376','1568'),('377','1569'),('378','1570'),('379','1571'),('380','1572'),('381','1573'),('382','1574'),('383','1575'),('384','1576'),('385','1577'),('386','1578'),('387','1579'),('388','1580'),('389','1581'),('390','1582'),('391','1583'),('392','1585'),('393','1586'),('394','1587'),('395','1588'),('396','1589'),('397','1590'),('398','1591'),('399','1592'),('400','1593'),('401','1583'),('402','1826'),('403','1827'),('404','1828'),('405','1829'),('406','1830'),('407','1831'),('408','1832'),('409','1833'),('410','1834'),('411','1835'),('412','1836'),('413','1843'),('414','1844'),('415','1845'),('416','1846'),('417','1847'),('418','1848'),('419','1849'),('420','1850'),('421','1851'),('422','1852'),('423','1853'),('424','1854'),('425','1855'),('426','1856'),('427','1857'),('428','1858'),('429','1859'),('430','1860'),('431','1861'),('432','1862'),('433','1863'),('434','1864'),('435','1865'),('436','1866'),('437','1867'),('438','1868'),('439','1869'),('440','1919'),('441','1923'),('442','1927'),('443','1931'),('444','1933'),('445','1935'),('447','1938'),('449','1940'),('451','1942'),('452','1943'),('453','1945'),('454','1947'),('455','1949'),('456','1951'),('457','1953'),('458','1955'),('459','1957'),('460','1959'),('461','1961'),('462','1963'),('463','1965'),('464','1967'),('465','1969'),('467','1969'),('469','1974'),('470','1975'),('471','1977'),('472','1979'),('473','1981'),('475','1984'),('477','1986'),('478','1987'),('479','1989'),('480','1991'),('481','1993'),('482','1995'),('483','1997'),('484','1999'),('485','2001'),('486','2003'),('488','2006'),('489','2007'),('490','2009'),('491','2011'),('492','2013'),('493','2015'),('494','2017'),('495','2019'),('496','2021'),('497','2023'),('498','2025'),('499','2027'),('500','2029'),('501','2031'),('503','2034'),('504','2035'),('505','2037'),('506','2039'),('507','2041'),('508','2045'),('509','2047'),('510','2049'),('511','2051'),('512','2055'),('513','2057'),('514','2059'),('515','2061'),('517','2064'),('518','2065'),('519','2067'),('520','2069'),('521','2071'),('522','2075'),('524','2078'),('525','2078'),('526','2081'),('527','2083'),('528','2087'),('530','2087'),('531','2091'),('532','2092'),('533','2094'),('534','2098'),('535','2100'),('536','2104'),('537','2106'),('538','2108'),('539','2112'),('540','2114'),('541','2115'),('542','2116'),('543','2117'),('544','2118'),('545','2119'),('546','2120'),('547','2121'),('548','2122'),('549','2112'),('550','1942'),('551','1940'),('552','1938'),('553','1969'),('554','2247'),('555','1974'),('556','1984'),('557','1986'),('558','2006'),('559','2034'),('560','2064'),('561','2087'),('562','2435');

--
-- Table structure for table `inventory_geoname`
--

CREATE TABLE `inventory_geoname` (
  `country_code` varchar(64) NOT NULL,
  `postcode` varchar(64) NOT NULL,
  `city` varchar(180) NOT NULL,
  `region` varchar(100) NOT NULL,
  `province` varchar(64) NOT NULL,
  `latitude` double NOT NULL,
  `longitude` double NOT NULL,
  `entity_id` int(10) unsigned NOT NULL AUTO_INCREMENT COMMENT 'entity id',
  PRIMARY KEY (`entity_id`)
) ENGINE=InnoDB DEFAULT CHARSET=utf8;

--
-- Table structure for table `inventory_low_stock_notification_configuration`
--

CREATE TABLE `inventory_low_stock_notification_configuration` (
  `source_code` varchar(255) NOT NULL,
  `sku` varchar(64) NOT NULL,
  `notify_stock_qty` decimal(12,4) DEFAULT NULL,
  PRIMARY KEY (`source_code`,`sku`)
) ENGINE=InnoDB DEFAULT CHARSET=utf8;

--
-- Dumping data for table `inventory_low_stock_notification_configuration`
--

INSERT INTO `inventory_low_stock_notification_configuration` VALUES ('default','24-BTBO',NULL),('default','24-BTBT',NULL),('default','24-MB01',NULL),('default','24-MB02',NULL),('default','24-MB03',NULL),('default','24-MB04',NULL),('default','24-MB05',NULL),('default','24-MB06',NULL),('default','24-MB06-1',NULL),('default','24-MB07',NULL),('default','24-MB08',NULL),('default','24-MB09',NULL),('default','24-MB10',NULL),('default','24-MB11',NULL),('default','24-MB12',NULL),('default','24-MB13',NULL),('default','24-MB14',NULL),('default','24-MB15',NULL),('default','24-MB19-Black-L',NULL),('default','24-MB19-Black-M',NULL),('default','24-MB19-Black-S',NULL),('default','24-MB19-Black-XL',NULL),('default','24-MB19-Black-XS',NULL),('default','24-MB19-Blue-L',NULL),('default','24-MB19-Blue-M',NULL),('default','24-MB19-Blue-S',NULL),('default','24-MB19-Blue-XL',NULL),('default','24-MB19-Blue-XS',NULL),('default','24-MB19-Brown-L',NULL),('default','24-MB19-Brown-M',NULL),('default','24-MB19-Brown-S',NULL),('default','24-MB19-Brown-XL',NULL),('default','24-MB19-Brown-XS',NULL),('default','24-MB19-Green-L',NULL),('default','24-MB19-Green-M',NULL),('default','24-MB19-Green-S',NULL),('default','24-MB19-Green-XL',NULL),('default','24-MB19-Green-XS',NULL),('default','24-MB19-Red-L',NULL),('default','24-MB19-Red-M',NULL),('default','24-MB19-Red-S',NULL),('default','24-MB19-Red-XL',NULL),('default','24-MB19-Red-XS',NULL),('default','24-MB20',NULL),('default','24-MB20-Black-L',NULL),('default','24-MB20-Black-M',NULL),('default','24-MB20-Black-S',NULL),('default','24-MB20-Black-XL',NULL),('default','24-MB20-Black-XS',NULL),('default','24-MB20-Blue-L',NULL),('default','24-MB20-Blue-M',NULL),('default','24-MB20-Blue-S',NULL),('default','24-MB20-Blue-XL',NULL),('default','24-MB20-Blue-XS',NULL),('default','24-MB20-Brown-L',NULL),('default','24-MB20-Brown-M',NULL),('default','24-MB20-Brown-S',NULL),('default','24-MB20-Brown-XL',NULL),('default','24-MB20-Brown-XS',NULL),('default','24-MB20-Gray-L',NULL),('default','24-MB20-Gray-M',NULL),('default','24-MB20-Gray-S',NULL),('default','24-MB20-Gray-XL',NULL),('default','24-MB20-Gray-XS',NULL),('default','24-MB20-Green-L',NULL),('default','24-MB20-Green-M',NULL),('default','24-MB20-Green-S',NULL),('default','24-MB20-Green-XL',NULL),('default','24-MB20-Green-XS',NULL),('default','24-MB21',NULL),('default','24-MB22',NULL),('default','24-MB22-1',NULL),('default','24-MB23',NULL),('default','24-MB24',NULL),('default','24-MB25',NULL),('default','24-MB26',NULL),('default','24-MB27-Black-L',NULL),('default','24-MB27-Black-M',NULL),('default','24-MB27-Black-S',NULL),('default','24-MB27-Black-XL',NULL),('default','24-MB27-Black-XS',NULL),('default','24-MB27-Blue-L',NULL),('default','24-MB27-Blue-M',NULL),('default','24-MB27-Blue-S',NULL),('default','24-MB27-Blue-XL',NULL),('default','24-MB27-Blue-XS',NULL),('default','24-MB27-Brown-L',NULL),('default','24-MB27-Brown-M',NULL),('default','24-MB27-Brown-S',NULL),('default','24-MB27-Brown-XL',NULL),('default','24-MB27-Brown-XS',NULL),('default','24-MB27-Gray-L',NULL),('default','24-MB27-Gray-M',NULL),('default','24-MB27-Gray-S',NULL),('default','24-MB27-Gray-XL',NULL),('default','24-MB27-Gray-XS',NULL),('default','24-MB27-Green-L',NULL),('default','24-MB27-Green-M',NULL),('default','24-MB27-Green-S',NULL),('default','24-MB27-Green-XL',NULL),('default','24-MB27-Green-XS',NULL),('default','24-MB32',NULL),('default','24-MB35-L-Black',NULL),('default','24-MB35-L-Blue',NULL),('default','24-MB35-L-Gray',NULL),('default','24-MB35-L-Green',NULL),('default','24-MB35-L-Red',NULL),('default','24-MB35-M-Black',NULL),('default','24-MB35-M-Blue',NULL),('default','24-MB35-M-Gray',NULL),('default','24-MB35-M-Green',NULL),('default','24-MB35-M-Red',NULL),('default','24-MB35-S-Black',NULL),('default','24-MB35-S-Blue',NULL),('default','24-MB35-S-Gray',NULL),('default','24-MB35-S-Green',NULL),('default','24-MB35-S-Red',NULL),('default','24-MB35-XL-Black',NULL),('default','24-MB35-XL-Blue',NULL),('default','24-MB35-XL-Gray',NULL),('default','24-MB35-XL-Green',NULL),('default','24-MB35-XL-Red',NULL),('default','24-MB35-XS-Black',NULL),('default','24-MB35-XS-Blue',NULL),('default','24-MB35-XS-Gray',NULL),('default','24-MB35-XS-Green',NULL),('default','24-MB35-XS-Red',NULL),('default','26MB-38',NULL),('default','26MB-39',NULL),('default','26MB-40',NULL),('default','26MB-41',NULL),('default','26MB-42',NULL),('default','26MB-800',NULL),('default','28MB-01',NULL),('default','29MB-01',NULL),('default','29MB-88',NULL),('default','29MB-99',NULL),('default','2columns-layout',NULL),('default','2columns-right',NULL),('default','2columns-right-1',NULL),('default','30MB-01',NULL),('default','30MB-02',NULL),('default','30MB-03',NULL),('default','30MB-05',NULL),('default','30MB-05-1',NULL),('default','30MB-07',NULL),('default','30MB-09',NULL),('default','30MB-11',NULL),('default','30MB-12',NULL),('default','30MB-13',NULL),('default','30MB-14',NULL),('default','30MB-16',NULL),('default','30MB-18',NULL),('default','30MB-19',NULL),('default','30MB-21',NULL),('default','30MB-22',NULL),('default','30MB-23',NULL),('default','30MB-30',NULL),('default','30MB-30-1',NULL),('default','30MB-31',NULL),('default','30MB-37',NULL),('default','30MB-37-Green-L',NULL),('default','30MB-37-Green-M',NULL),('default','30MB-37-Green-XL',NULL),('default','30MB-37-Purple-L',NULL),('default','30MB-37-Purple-M',NULL),('default','30MB-37-Purple-XL',NULL),('default','30MB-37-Yellow-L',NULL),('default','30MB-37-Yellow-M',NULL),('default','30MB-37-Yellow-XL',NULL),('default','3PTCNT-01',NULL),('default','3PTCNT-01-Cotton-Black',NULL),('default','3PTCNT-01-Cotton-Gray',NULL),('default','3PTCNT-01-Denim-Black',NULL),('default','3PTCNT-01-Denim-Gray',NULL),('default','3PTCNT-01-Jean-Black',NULL),('default','3PTCNT-01-Jean-Gray',NULL),('default','3PTCNT-01-Leather-Black',NULL),('default','3PTCNT-01-Leather-Gray',NULL),('default','40MB-01',NULL),('default','40MB-02',NULL),('default','40MB-03',NULL),('default','40MB-04',NULL),('default','40MB-05',NULL),('default','40MB-05-1',NULL),('default','40MB-06',NULL),('default','40MB-07',NULL),('default','40MB-08',NULL),('default','40MB-09',NULL),('default','40MB-10',NULL),('default','40MB-11',NULL),('default','40MB-12',NULL),('default','50CO-01',NULL),('default','50CO-02',NULL),('default','50CO-03',NULL),('default','50CO-04',NULL),('default','50CO-05',NULL),('default','50CO-06',NULL),('default','50CO-06-1',NULL),('default','50CO-07',NULL),('default','50CO-08',NULL),('default','50CO-09',NULL),('default','50CO-11',NULL),('default','50CO-12',NULL),('default','50CO-13',NULL),('default','50FS-02',NULL),('default','50FS-03',NULL),('default','50FS-04',NULL),('default','50FS-05',NULL),('default','50FS-06',NULL),('default','50FS-07',NULL),('default','50FS-08',NULL),('default','50FS-09',NULL),('default','50FS-10',NULL),('default','50FS-11',NULL),('default','50FS-12',NULL),('default','50FS-13',NULL),('default','50FS-14',NULL),('default','50HO-01',NULL),('default','50HO-02',NULL),('default','50HO-03',NULL),('default','50HO-04',NULL),('default','50HO-06',NULL),('default','50HO-06-1',NULL),('default','50HO-07',NULL),('default','50HO-08',NULL),('default','50HO-09',NULL),('default','50HO-10',NULL),('default','50HO-11',NULL),('default','50HO-12',NULL),('default','50HO-13',NULL),('default','50MB-01',NULL),('default','50MB-02',NULL),('default','50MB-03',NULL),('default','50MB-04',NULL),('default','50MB-05',NULL),('default','50MB-06',NULL),('default','50MB-06-1',NULL),('default','50MB-06-2',NULL),('default','50MB-07',NULL),('default','50MB-08',NULL),('default','50MB-08-1',NULL),('default','50MB-09',NULL),('default','50MB-10',NULL),('default','50MB-11',NULL),('default','50MB-12',NULL),('default','50MB-12-1',NULL),('default','50MB-13',NULL),('default','50TL-01',NULL),('default','50TL-02',NULL),('default','50TL-03',NULL),('default','50TL-04',NULL),('default','50TL-05',NULL),('default','50TL-06',NULL),('default','50TL-07',NULL),('default','50TL-08',NULL),('default','50TL-09',NULL),('default','50TL-10',NULL),('default','50TL-11',NULL),('default','50TL-12',NULL),('default','50TL-13',NULL),('default','50TL-14',NULL),('default','60CF-01',NULL),('default','60CF-01-L-Black',NULL),('default','60CF-01-L-Blue',NULL),('default','60CF-01-L-Purple',NULL),('default','60CF-01-M-Black',NULL),('default','60CF-01-M-Blue',NULL),('default','60CF-01-M-Purple',NULL),('default','60CF-01-S-Black',NULL),('default','60CF-01-S-Blue',NULL),('default','60CF-01-S-Purple',NULL),('default','60FS-01',NULL),('default','accordions',NULL),('default','Alina',NULL),('default','Apple Cinema 360',NULL),('default','Belle-fa',NULL),('default','Billy-Maxi-Shirt-Dress',NULL),('default','Billy-T-Plaid-Print-Button-Down-Shirt',NULL),('default','Black-Mudcloth-Pillow',NULL),('default','Bold-Stripe-Tie-Front-Shirt-Dress',NULL),('default','Book-Lovers-Soy-Candle',NULL),('default','Butterbeer-Soy-Candle-Blue',NULL),('default','Butterbeer-Soy-Candle-Gray',NULL),('default','Butterbeer-Soy-Candle-Purple',NULL),('default','Calie-paris',NULL),('default','Carla-giannini',NULL),('default','Chana-mod',NULL),('default','Chic-shop',NULL),('default','Ciminy',NULL),('default','Classic-Stretch-Skinny-Jean',NULL),('default','Colleen-Long-Sleeve-Beaded-Ruffle-Top',NULL),('default','Coraline',NULL),('default','Crystal-Fairy-Necklace',NULL),('default','CTSRF-01',NULL),('default','Dainty-Initial-Necklace',NULL),('default','Danity-L',NULL),('default','Danity-M',NULL),('default','Danity-S',NULL),('default','Danity-XL',NULL),('default','Daphnea',NULL),('default','Elenza',NULL),('default','Emi-jo',NULL),('default','fashion-2column-left',NULL),('default','fashion-full-width',NULL),('default','For-her-paris',NULL),('default','Frilivin',NULL),('default','furniture-01',NULL),('default','furniture-01-1',NULL),('default','furniture-02',NULL),('default','Giuliana-Black-Label-Eyelash-Feather-Skirt-L',NULL),('default','Giuliana-Black-Label-Eyelash-Feather-Skirt-M',NULL),('default','Giuliana-Black-Label-Eyelash-Feather-Skirt-S',NULL),('default','Giuliana-Printed-Chiffon-Blouse',NULL),('default','Go-pomelo',NULL),('default','Grilled-Cheese-Earrings',NULL),('default','Jasminah-paris',NULL),('default','Jaune-rouge',NULL),('default','Jenny-Long-Sleeve-Dress',NULL),('default','Jessica-Textured-Leather-Pointed-Toe-Pump',NULL),('default','Kelyna',NULL),('default','layout2',NULL),('default','layout2-1',NULL),('default','layout3',NULL),('default','layout4',NULL),('default','layout5',NULL),('default','Lilie-rose',NULL),('default','Little-marcel',NULL),('default','Lucky-jewel',NULL),('default','Macmax',NULL),('default','Merlyn-Matte-Jersey-Dress',NULL),('default','Mermaid-Locket-Necklace',NULL),('default','mint-eucalyptus',NULL),('default','mint-eucalyptus-beard-oil',NULL),('default','Miraculous',NULL),('default','Nina-Leonard-Jacquard-Fit',NULL),('default','Nina-na',NULL),('default','NLNB-01-L',NULL),('default','NLNB-01-M',NULL),('default','NLNB-01-XS',NULL),('default','Northvalley',NULL),('default','Nova-fashion',NULL),('default','Pair-of-triangle-earrings',NULL),('default','Pansygal-L',NULL),('default','Pansygal-M',NULL),('default','Pansygal-S',NULL),('default','Pansygal-XS',NULL),('default','Personalized-Necklace-Brown',NULL),('default','Personalized-Necklace-Orange',NULL),('default','Personalized-Necklace-Yellow',NULL),('default','Pierced-tassel-side',NULL),('default','Printed-Shadow-Stripe-Ruffle-Blouse',NULL),('default','RBD-01',NULL),('default','Revd\'elle',NULL),('default','Rustic-Textured-Candle',NULL),('default','See-through-gauze-Black-L',NULL),('default','See-through-gauze-Black-M',NULL),('default','See-through-gauze-Black-S',NULL),('default','See-through-gauze-Black-XL',NULL),('default','See-through-gauze-White-L',NULL),('default','See-through-gauze-White-M',NULL),('default','See-through-gauze-White-S',NULL),('default','See-through-gauze-White-XL',NULL),('default','Sideways-Initial-Necklace',NULL),('default','Slinky-Velvet-Tunic',NULL),('default','Small-Fan-Tassel-Earrings',NULL),('default','Sophyline',NULL),('default','SPMOC-01-150ml',NULL),('default','SPMOC-01-350ml',NULL),('default','Sterling-silver-moon-earrings',NULL),('default','Striped-multicolor-Blue',NULL),('default','Striped-multicolor-Green',NULL),('default','Striped-Polo-Shirt-Orange-M',NULL),('default','Striped-Polo-Shirt-Orange-XS',NULL),('default','Strong-Scented-Candle',NULL),('default','Stylish-off-the-shoulder',NULL),('default','Summer-Love-Linen-Tunic-Dress',NULL),('default','Sun-medallion-gold-necklace',NULL),('default','temp',NULL),('default','Test',NULL),('default','Touch-Ups-Peyton-Sandal',NULL),('default','Touch-Ups-Peyton-Sundals',NULL),('default','TR001',NULL),('default','TR002',NULL),('default','TR003',NULL),('default','TR004',NULL),('default','Triangle-African-Pillow',NULL),('default','TTSS-01',NULL),('default','Twill-Knit-Pull-On-Skinny-Jegging',NULL),('default','Unicorn-Necklace',NULL),('default','Vertical-Bar-Necklace-with-Name-Necklace',NULL),('default','Video001',NULL);

--
-- Table structure for table `inventory_order_notification`
--

CREATE TABLE `inventory_order_notification` (
  `order_id` int(10) unsigned NOT NULL AUTO_INCREMENT COMMENT 'Order ID',
  `notification_sent` smallint(6) NOT NULL COMMENT 'Has Notification Been Sent For Order',
  `send_notification` smallint(6) NOT NULL COMMENT 'Should Notification Be Send For Order',
  PRIMARY KEY (`order_id`)
) ENGINE=InnoDB DEFAULT CHARSET=utf8;

--
-- Table structure for table `inventory_pickup_location_order`
--

CREATE TABLE `inventory_pickup_location_order` (
  `order_id` int(10) unsigned NOT NULL AUTO_INCREMENT COMMENT 'Order ID',
  `pickup_location_code` varchar(255) NOT NULL COMMENT 'Pickup Location Code',
  PRIMARY KEY (`order_id`)
) ENGINE=InnoDB DEFAULT CHARSET=utf8;

--
-- Table structure for table `inventory_pickup_location_quote_address`
--

CREATE TABLE `inventory_pickup_location_quote_address` (
  `address_id` int(10) unsigned NOT NULL AUTO_INCREMENT COMMENT 'Quote Address ID',
  `pickup_location_code` varchar(255) NOT NULL COMMENT 'Pickup Location Code',
  PRIMARY KEY (`address_id`)
) ENGINE=InnoDB DEFAULT CHARSET=utf8;

--
-- Table structure for table `inventory_reservation`
--

CREATE TABLE `inventory_reservation` (
  `reservation_id` int(10) unsigned NOT NULL AUTO_INCREMENT,
  `stock_id` int(10) unsigned NOT NULL,
  `sku` varchar(64) NOT NULL,
  `quantity` decimal(10,4) NOT NULL DEFAULT 0.0000,
  `metadata` varchar(255) DEFAULT NULL,
  PRIMARY KEY (`reservation_id`),
  KEY `INVENTORY_RESERVATION_STOCK_ID_SKU_QUANTITY` (`stock_id`,`sku`,`quantity`)
) ENGINE=InnoDB AUTO_INCREMENT=170 DEFAULT CHARSET=utf8;

--
-- Dumping data for table `inventory_reservation`
--

INSERT INTO `inventory_reservation` VALUES ('1','1','24-MB01','-9.0000','{\"event_type\":\"order_placed\",\"object_type\":\"order\",\"object_id\":\"9\"}'),('2','1','24-MB03','-1.0000','{\"event_type\":\"order_placed\",\"object_type\":\"order\",\"object_id\":\"9\"}'),('3','1','24-MB06','-1.0000','{\"event_type\":\"order_placed\",\"object_type\":\"order\",\"object_id\":\"9\"}'),('4','1','24-MB14','-2.0000','{\"event_type\":\"order_placed\",\"object_type\":\"order\",\"object_id\":\"9\"}'),('5','1','24-MB19-Brown-XS','-1.0000','{\"event_type\":\"order_placed\",\"object_type\":\"order\",\"object_id\":\"9\"}'),('6','1','24-MB26','-1.0000','{\"event_type\":\"order_placed\",\"object_type\":\"order\",\"object_id\":\"9\"}'),('7','1','layout4','-2.0000','{\"event_type\":\"order_placed\",\"object_type\":\"order\",\"object_id\":\"9\"}'),('8','1','layout5','-1.0000','{\"event_type\":\"order_placed\",\"object_type\":\"order\",\"object_id\":\"9\"}'),('9','1','fashion-full-width','-2.0000','{\"event_type\":\"order_placed\",\"object_type\":\"order\",\"object_id\":\"9\"}'),('10','1','accordions','-1.0000','{\"event_type\":\"order_placed\",\"object_type\":\"order\",\"object_id\":\"9\"}'),('11','1','24-MB19-Green-XS','-1.0000','{\"event_type\":\"order_placed\",\"object_type\":\"order\",\"object_id\":\"10\"}'),('12','1','kelyna','-5.0000','{\"event_type\":\"order_placed\",\"object_type\":\"order\",\"object_id\":\"11\"}'),('13','1','miraculous','-5.0000','{\"event_type\":\"order_placed\",\"object_type\":\"order\",\"object_id\":\"11\"}'),('14','1','stylish-off-the-shoulder','-5.0000','{\"event_type\":\"order_placed\",\"object_type\":\"order\",\"object_id\":\"11\"}'),('15','1','see-through-gauze-Black-M','-5.0000','{\"event_type\":\"order_placed\",\"object_type\":\"order\",\"object_id\":\"11\"}'),('16','1','alina','-5.0000','{\"event_type\":\"order_placed\",\"object_type\":\"order\",\"object_id\":\"12\"}'),('17','1','belle-fa','-5.0000','{\"event_type\":\"order_placed\",\"object_type\":\"order\",\"object_id\":\"12\"}'),('18','1','danity-M','-5.0000','{\"event_type\":\"order_placed\",\"object_type\":\"order\",\"object_id\":\"12\"}'),('19','1','pansygal-XS','-5.0000','{\"event_type\":\"order_placed\",\"object_type\":\"order\",\"object_id\":\"12\"}'),('20','1','pierced-tassel-side','-5.0000','{\"event_type\":\"order_placed\",\"object_type\":\"order\",\"object_id\":\"12\"}'),('21','1','stylish-off-the-shoulder','-5.0000','{\"event_type\":\"order_placed\",\"object_type\":\"order\",\"object_id\":\"12\"}'),('22','1','emi-jo','-5.0000','{\"event_type\":\"order_placed\",\"object_type\":\"order\",\"object_id\":\"13\"}'),('23','1','nina-na','-5.0000','{\"event_type\":\"order_placed\",\"object_type\":\"order\",\"object_id\":\"13\"}'),('24','1','calie-paris','-5.0000','{\"event_type\":\"order_placed\",\"object_type\":\"order\",\"object_id\":\"13\"}'),('25','1','lilie-rose','-5.0000','{\"event_type\":\"order_placed\",\"object_type\":\"order\",\"object_id\":\"13\"}'),('26','1','for-her-paris','-5.0000','{\"event_type\":\"order_placed\",\"object_type\":\"order\",\"object_id\":\"13\"}'),('27','1','danity-M','-1.0000','{\"event_type\":\"order_placed\",\"object_type\":\"order\",\"object_id\":\"14\"}'),('28','1','belle-fa','-1.0000','{\"event_type\":\"order_placed\",\"object_type\":\"order\",\"object_id\":\"15\"}'),('29','1','jasminah-paris','-5.0000','{\"event_type\":\"order_placed\",\"object_type\":\"order\",\"object_id\":\"16\"}'),('30','1','chana-mod','-5.0000','{\"event_type\":\"order_placed\",\"object_type\":\"order\",\"object_id\":\"16\"}'),('31','1','chic-shop','-5.0000','{\"event_type\":\"order_placed\",\"object_type\":\"order\",\"object_id\":\"16\"}'),('32','1','carla-giannini','-5.0000','{\"event_type\":\"order_placed\",\"object_type\":\"order\",\"object_id\":\"16\"}'),('33','1','daphnea','-5.0000','{\"event_type\":\"order_placed\",\"object_type\":\"order\",\"object_id\":\"16\"}'),('34','1','nina-na','-5.0000','{\"event_type\":\"order_placed\",\"object_type\":\"order\",\"object_id\":\"16\"}'),('35','1','calie-paris','-5.0000','{\"event_type\":\"order_placed\",\"object_type\":\"order\",\"object_id\":\"16\"}'),('36','1','lilie-rose','-5.0000','{\"event_type\":\"order_placed\",\"object_type\":\"order\",\"object_id\":\"16\"}'),('37','1','for-her-paris','-5.0000','{\"event_type\":\"order_placed\",\"object_type\":\"order\",\"object_id\":\"16\"}'),('38','1','24-MB01','-4.0000','{\"event_type\":\"order_placed\",\"object_type\":\"order\",\"object_id\":\"17\"}'),('39','1','24-MB06','-1.0000','{\"event_type\":\"order_placed\",\"object_type\":\"order\",\"object_id\":\"17\"}'),('40','1','24-MB13','-1.0000','{\"event_type\":\"order_placed\",\"object_type\":\"order\",\"object_id\":\"17\"}'),('41','1','24-MB14','-4.0000','{\"event_type\":\"order_placed\",\"object_type\":\"order\",\"object_id\":\"17\"}'),('42','1','24-MB19-Brown-XS','-1.0000','{\"event_type\":\"order_placed\",\"object_type\":\"order\",\"object_id\":\"17\"}'),('43','1','24-MB20-Brown-M','-1.0000','{\"event_type\":\"order_placed\",\"object_type\":\"order\",\"object_id\":\"17\"}'),('44','1','layout3','-1.0000','{\"event_type\":\"order_placed\",\"object_type\":\"order\",\"object_id\":\"17\"}'),('45','1','layout4','-1.0000','{\"event_type\":\"order_placed\",\"object_type\":\"order\",\"object_id\":\"17\"}'),('46','1','fashion-2column-left','-1.0000','{\"event_type\":\"order_placed\",\"object_type\":\"order\",\"object_id\":\"17\"}'),('47','1','fashion-full-width','-2.0000','{\"event_type\":\"order_placed\",\"object_type\":\"order\",\"object_id\":\"17\"}'),('48','1','accordions','-1.0000','{\"event_type\":\"order_placed\",\"object_type\":\"order\",\"object_id\":\"17\"}'),('49','1','Chic-shop','-1.0000','{\"event_type\":\"order_placed\",\"object_type\":\"order\",\"object_id\":\"18\"}'),('50','1','Carla-giannini','-1.0000','{\"event_type\":\"order_placed\",\"object_type\":\"order\",\"object_id\":\"18\"}'),('51','1','Calie-paris','-2.0000','{\"event_type\":\"order_placed\",\"object_type\":\"order\",\"object_id\":\"18\"}'),('52','1','For-her-paris','-1.0000','{\"event_type\":\"order_placed\",\"object_type\":\"order\",\"object_id\":\"18\"}'),('53','1','Belle-fa','-1.0000','{\"event_type\":\"order_placed\",\"object_type\":\"order\",\"object_id\":\"18\"}'),('54','1','Stylish-off-the-shoulder','-2.0000','{\"event_type\":\"order_placed\",\"object_type\":\"order\",\"object_id\":\"18\"}'),('55','1','accordions','-1.0000','{\"event_type\":\"order_placed\",\"object_type\":\"order\",\"object_id\":\"19\"}'),('56','1','Calie-paris','-1.0000','{\"event_type\":\"order_placed\",\"object_type\":\"order\",\"object_id\":\"19\"}'),('57','1','Lilie-rose','-1.0000','{\"event_type\":\"order_placed\",\"object_type\":\"order\",\"object_id\":\"19\"}'),('58','1','Stylish-off-the-shoulder','-1.0000','{\"event_type\":\"order_placed\",\"object_type\":\"order\",\"object_id\":\"19\"}'),('59','1','Chic-shop','-1.0000','{\"event_type\":\"order_placed\",\"object_type\":\"order\",\"object_id\":\"20\"}'),('60','1','Lilie-rose','-1.0000','{\"event_type\":\"order_placed\",\"object_type\":\"order\",\"object_id\":\"20\"}'),('61','1','Stylish-off-the-shoulder','-1.0000','{\"event_type\":\"order_placed\",\"object_type\":\"order\",\"object_id\":\"20\"}'),('62','1','For-her-paris','-1.0000','{\"event_type\":\"order_placed\",\"object_type\":\"order\",\"object_id\":\"21\"}'),('63','1','Nova-fashion','-1.0000','{\"event_type\":\"order_placed\",\"object_type\":\"order\",\"object_id\":\"21\"}'),('64','1','Elenza','-1.0000','{\"event_type\":\"order_placed\",\"object_type\":\"order\",\"object_id\":\"21\"}'),('65','1','For-her-paris','-1.0000','{\"event_type\":\"order_placed\",\"object_type\":\"order\",\"object_id\":\"22\"}'),('66','1','Alina','-1.0000','{\"event_type\":\"order_placed\",\"object_type\":\"order\",\"object_id\":\"22\"}'),('67','1','Miraculous','-1.0000','{\"event_type\":\"order_placed\",\"object_type\":\"order\",\"object_id\":\"23\"}'),('68','1','Striped-Polo-Shirt-Blue-XS','-8.0000','{\"event_type\":\"order_placed\",\"object_type\":\"order\",\"object_id\":\"23\"}'),('69','1','Miraculous','-1.0000','{\"event_type\":\"order_placed\",\"object_type\":\"order\",\"object_id\":\"24\"}'),('70','1','Sun-medallion-gold-necklace','-2.0000','{\"event_type\":\"order_placed\",\"object_type\":\"order\",\"object_id\":\"24\"}'),('71','1','24-MB06','-1.0000','{\"event_type\":\"order_placed\",\"object_type\":\"order\",\"object_id\":\"\",\"object_increment_id\":\"000000017\"}'),('72','1','SPMOC-01-350ml','-1.0000','{\"event_type\":\"order_placed\",\"object_type\":\"order\",\"object_id\":\"\",\"object_increment_id\":\"000000017\"}'),('73','1','3PTCNT-01-Leather-Gray','-1.0000','{\"event_type\":\"order_placed\",\"object_type\":\"order\",\"object_id\":\"\",\"object_increment_id\":\"000000018\"}'),('74','1','TTSS-01','-1.0000','{\"event_type\":\"order_placed\",\"object_type\":\"order\",\"object_id\":\"\",\"object_increment_id\":\"000000019\"}'),('75','1','24-MB10','-1.0000','{\"event_type\":\"order_placed\",\"object_type\":\"order\",\"object_id\":\"\",\"object_increment_id\":\"000000020\"}'),('76','1','3PTCNT-01-Leather-Black','-1.0000','{\"event_type\":\"order_placed\",\"object_type\":\"order\",\"object_id\":\"\",\"object_increment_id\":\"000000021\"}'),('77','1','24-MB01','-1.0000','{\"event_type\":\"order_placed\",\"object_type\":\"order\",\"object_id\":\"\",\"object_increment_id\":\"000000022\"}'),('78','1','24-MB01','-1.0000','{\"event_type\":\"order_placed\",\"object_type\":\"order\",\"object_id\":\"\",\"object_increment_id\":\"000000023\"}'),('79','1','TTSS-01','-1.0000','{\"event_type\":\"order_placed\",\"object_type\":\"order\",\"object_id\":\"\",\"object_increment_id\":\"000000024\"}'),('80','1','24-MB02','-2.0000','{\"event_type\":\"order_placed\",\"object_type\":\"order\",\"object_id\":\"\",\"object_increment_id\":\"000000025\"}'),('81','1','24-MB04','-1.0000','{\"event_type\":\"order_placed\",\"object_type\":\"order\",\"object_id\":\"\",\"object_increment_id\":\"000000025\"}'),('82','1','24-MB01','-1.0000','{\"event_type\":\"order_placed\",\"object_type\":\"order\",\"object_id\":\"\",\"object_increment_id\":\"000000026\"}'),('83','1','24-MB02','-1.0000','{\"event_type\":\"order_placed\",\"object_type\":\"order\",\"object_id\":\"\",\"object_increment_id\":\"000000026\"}'),('84','1','24-BTBO','-1.0000','{\"event_type\":\"order_placed\",\"object_type\":\"order\",\"object_id\":\"\",\"object_increment_id\":\"000000026\"}'),('85','1','24-MB04','-1.0000','{\"event_type\":\"order_placed\",\"object_type\":\"order\",\"object_id\":\"\",\"object_increment_id\":\"000000026\"}'),('86','1','SPMOC-01-350ml','-1.0000','{\"event_type\":\"order_placed\",\"object_type\":\"order\",\"object_id\":\"\",\"object_increment_id\":\"000000027\"}'),('87','1','3PTCNT-01-Leather-Black','-1.0000','{\"event_type\":\"order_placed\",\"object_type\":\"order\",\"object_id\":\"\",\"object_increment_id\":\"000000027\"}'),('88','1','24-MB06','-1.0000','{\"event_type\":\"order_placed\",\"object_type\":\"order\",\"object_id\":\"\",\"object_increment_id\":\"11000000001\"}'),('89','1','TR003','-1.0000','{\"event_type\":\"order_placed\",\"object_type\":\"order\",\"object_id\":\"\",\"object_increment_id\":\"11000000001\"}'),('90','1','24-MB06','-3.0000','{\"event_type\":\"order_placed\",\"object_type\":\"order\",\"object_id\":\"\",\"object_increment_id\":\"000000028\"}'),('91','1','24-MB07','-5.0000','{\"event_type\":\"order_placed\",\"object_type\":\"order\",\"object_id\":\"\",\"object_increment_id\":\"000000028\"}'),('92','1','30MB-18','-1.0000','{\"event_type\":\"order_placed\",\"object_type\":\"order\",\"object_id\":\"\",\"object_increment_id\":\"000000029\"}'),('93','1','30MB-30-1','-1.0000','{\"event_type\":\"order_placed\",\"object_type\":\"order\",\"object_id\":\"\",\"object_increment_id\":\"000000029\"}'),('94','1','30MB-37-Purple-L','-1.0000','{\"event_type\":\"order_placed\",\"object_type\":\"order\",\"object_id\":\"\",\"object_increment_id\":\"000000029\"}'),('95','1','30MB-18','-2.0000','{\"event_type\":\"order_placed\",\"object_type\":\"order\",\"object_id\":\"\",\"object_increment_id\":\"000000030\"}'),('96','1','30MB-30','-2.0000','{\"event_type\":\"order_placed\",\"object_type\":\"order\",\"object_id\":\"\",\"object_increment_id\":\"000000030\"}'),('97','1','30MB-22','-4.0000','{\"event_type\":\"order_placed\",\"object_type\":\"order\",\"object_id\":\"\",\"object_increment_id\":\"000000030\"}'),('98','1','30MB-23','-5.0000','{\"event_type\":\"order_placed\",\"object_type\":\"order\",\"object_id\":\"\",\"object_increment_id\":\"000000030\"}'),('99','1','30MB-30-1','-1.0000','{\"event_type\":\"order_placed\",\"object_type\":\"order\",\"object_id\":\"\",\"object_increment_id\":\"000000030\"}'),('100','1','30MB-31','-1.0000','{\"event_type\":\"order_placed\",\"object_type\":\"order\",\"object_id\":\"\",\"object_increment_id\":\"000000030\"}'),('101','1','30MB-37-Green-M','-2.0000','{\"event_type\":\"order_placed\",\"object_type\":\"order\",\"object_id\":\"\",\"object_increment_id\":\"000000030\"}'),('102','1','30MB-18','-1.0000','{\"event_type\":\"order_placed\",\"object_type\":\"order\",\"object_id\":\"\",\"object_increment_id\":\"000000031\"}'),('103','1','30MB-30','-1.0000','{\"event_type\":\"order_placed\",\"object_type\":\"order\",\"object_id\":\"\",\"object_increment_id\":\"000000031\"}'),('104','1','30MB-22','-1.0000','{\"event_type\":\"order_placed\",\"object_type\":\"order\",\"object_id\":\"\",\"object_increment_id\":\"000000031\"}'),('105','1','30MB-07','-1.0000','{\"event_type\":\"order_placed\",\"object_type\":\"order\",\"object_id\":\"\",\"object_increment_id\":\"000000032\"}'),('106','1','30MB-13','-1.0000','{\"event_type\":\"order_placed\",\"object_type\":\"order\",\"object_id\":\"\",\"object_increment_id\":\"000000032\"}'),('107','1','30MB-21','-1.0000','{\"event_type\":\"order_placed\",\"object_type\":\"order\",\"object_id\":\"\",\"object_increment_id\":\"000000032\"}'),('108','1','30MB-18','-10.0000','{\"event_type\":\"order_placed\",\"object_type\":\"order\",\"object_id\":\"\",\"object_increment_id\":\"9000000001\"}'),('109','1','30MB-30','-14.0000','{\"event_type\":\"order_placed\",\"object_type\":\"order\",\"object_id\":\"\",\"object_increment_id\":\"9000000001\"}'),('110','1','30MB-22','-26.0000','{\"event_type\":\"order_placed\",\"object_type\":\"order\",\"object_id\":\"\",\"object_increment_id\":\"9000000001\"}'),('111','1','30MB-23','-28.0000','{\"event_type\":\"order_placed\",\"object_type\":\"order\",\"object_id\":\"\",\"object_increment_id\":\"9000000001\"}'),('112','1','30MB-30-1','-10.0000','{\"event_type\":\"order_placed\",\"object_type\":\"order\",\"object_id\":\"\",\"object_increment_id\":\"9000000001\"}'),('113','1','30MB-31','-6.0000','{\"event_type\":\"order_placed\",\"object_type\":\"order\",\"object_id\":\"\",\"object_increment_id\":\"9000000001\"}'),('114','1','30MB-37-Green-M','-13.0000','{\"event_type\":\"order_placed\",\"object_type\":\"order\",\"object_id\":\"\",\"object_increment_id\":\"9000000001\"}'),('115','1','50FS-04','-200.0000','{\"event_type\":\"order_placed\",\"object_type\":\"order\",\"object_id\":\"\",\"object_increment_id\":\"9000000001\"}'),('116','1','50FS-10','-200.0000','{\"event_type\":\"order_placed\",\"object_type\":\"order\",\"object_id\":\"\",\"object_increment_id\":\"9000000001\"}'),('117','1','50CO-02','-200.0000','{\"event_type\":\"order_placed\",\"object_type\":\"order\",\"object_id\":\"\",\"object_increment_id\":\"9000000001\"}'),('118','1','50CO-06-1','-200.0000','{\"event_type\":\"order_placed\",\"object_type\":\"order\",\"object_id\":\"\",\"object_increment_id\":\"9000000001\"}'),('119','1','50CO-12','-200.0000','{\"event_type\":\"order_placed\",\"object_type\":\"order\",\"object_id\":\"\",\"object_increment_id\":\"9000000001\"}'),('120','1','50TL-05','-201.0000','{\"event_type\":\"order_placed\",\"object_type\":\"order\",\"object_id\":\"\",\"object_increment_id\":\"9000000001\"}'),('121','1','24-BTBO','-1.0000','{\"event_type\":\"order_placed\",\"object_type\":\"order\",\"object_id\":\"\",\"object_increment_id\":\"000000033\"}'),('122','1','24-MB11','-1.0000','{\"event_type\":\"order_placed\",\"object_type\":\"order\",\"object_id\":\"\",\"object_increment_id\":\"000000033\"}'),('123','1','24-MB21','-1.0000','{\"event_type\":\"order_placed\",\"object_type\":\"order\",\"object_id\":\"\",\"object_increment_id\":\"000000033\"}'),('124','1','24-MB23','-1.0000','{\"event_type\":\"order_placed\",\"object_type\":\"order\",\"object_id\":\"\",\"object_increment_id\":\"000000033\"}'),('125','1','30MB-37-Yellow-XL','-1.0000','{\"event_type\":\"order_placed\",\"object_type\":\"order\",\"object_id\":\"\",\"object_increment_id\":\"000000033\"}'),('126','1','30MB-30-1','-1.0000','{\"event_type\":\"order_placed\",\"object_type\":\"order\",\"object_id\":\"\",\"object_increment_id\":\"000000034\"}'),('127','1','30MB-22','-2.0000','{\"event_type\":\"order_placed\",\"object_type\":\"order\",\"object_id\":\"\",\"object_increment_id\":\"000000035\"}'),('128','1','30MB-30-1','-1.0000','{\"event_type\":\"order_placed\",\"object_type\":\"order\",\"object_id\":\"\",\"object_increment_id\":\"000000035\"}'),('129','1','50FS-03','-1.0000','{\"event_type\":\"order_placed\",\"object_type\":\"order\",\"object_id\":\"\",\"object_increment_id\":\"000000035\"}'),('130','1','30MB-18','-1.0000','{\"event_type\":\"order_placed\",\"object_type\":\"order\",\"object_id\":\"\",\"object_increment_id\":\"000000036\"}'),('131','1','30MB-22','-1.0000','{\"event_type\":\"order_placed\",\"object_type\":\"order\",\"object_id\":\"\",\"object_increment_id\":\"000000036\"}'),('132','1','30MB-22','-1.0000','{\"event_type\":\"order_placed\",\"object_type\":\"order\",\"object_id\":\"\",\"object_increment_id\":\"000000037\"}'),('133','1','30MB-30','-1.0000','{\"event_type\":\"order_placed\",\"object_type\":\"order\",\"object_id\":\"\",\"object_increment_id\":\"000000038\"}'),('134','1','30MB-30','-1.0000','{\"event_type\":\"order_placed\",\"object_type\":\"order\",\"object_id\":\"\",\"object_increment_id\":\"000000039\"}'),('135','1','30MB-22','-7.0000','{\"event_type\":\"order_placed\",\"object_type\":\"order\",\"object_id\":\"\",\"object_increment_id\":\"000000039\"}'),('136','1','30MB-30-1','-5.0000','{\"event_type\":\"order_placed\",\"object_type\":\"order\",\"object_id\":\"\",\"object_increment_id\":\"000000039\"}'),('137','1','30MB-30-1','-2.0000','{\"event_type\":\"order_placed\",\"object_type\":\"order\",\"object_id\":\"\",\"object_increment_id\":\"000000040\"}'),('138','1','24-BTBO','-1.0000','{\"event_type\":\"order_placed\",\"object_type\":\"order\",\"object_id\":\"\",\"object_increment_id\":\"000000041\"}'),('139','1','24-MB11','-1.0000','{\"event_type\":\"order_placed\",\"object_type\":\"order\",\"object_id\":\"\",\"object_increment_id\":\"000000041\"}'),('140','1','24-MB21','-1.0000','{\"event_type\":\"order_placed\",\"object_type\":\"order\",\"object_id\":\"\",\"object_increment_id\":\"000000041\"}'),('141','1','24-MB01','-1.0000','{\"event_type\":\"order_placed\",\"object_type\":\"order\",\"object_id\":\"\",\"object_increment_id\":\"000000041\"}'),('142','1','50FS-10','-1.0000','{\"event_type\":\"order_placed\",\"object_type\":\"order\",\"object_id\":\"\",\"object_increment_id\":\"11000000002\"}'),('143','1','30MB-23','-1.0000','{\"event_type\":\"order_placed\",\"object_type\":\"order\",\"object_id\":\"\",\"object_increment_id\":\"000000042\"}'),('144','1','30MB-18','-1.0000','{\"event_type\":\"order_placed\",\"object_type\":\"order\",\"object_id\":\"\",\"object_increment_id\":\"000000042\"}'),('145','1','30MB-30','-1.0000','{\"event_type\":\"order_placed\",\"object_type\":\"order\",\"object_id\":\"\",\"object_increment_id\":\"5000000001\"}'),('146','1','30MB-31','-1.0000','{\"event_type\":\"order_placed\",\"object_type\":\"order\",\"object_id\":\"\",\"object_increment_id\":\"5000000001\"}'),('147','1','24-BTBO','-1.0000','{\"event_type\":\"order_placed\",\"object_type\":\"order\",\"object_id\":\"\",\"object_increment_id\":\"000000043\"}'),('148','1','TR003','-1.0000','{\"event_type\":\"order_placed\",\"object_type\":\"order\",\"object_id\":\"\",\"object_increment_id\":\"000000044\"}'),('149','1','24-MB11','-1.0000','{\"event_type\":\"order_placed\",\"object_type\":\"order\",\"object_id\":\"\",\"object_increment_id\":\"5000000002\"}'),('150','1','26MB-41','-2.0000','{\"event_type\":\"order_placed\",\"object_type\":\"order\",\"object_id\":\"\",\"object_increment_id\":\"12000000001\"}'),('151','1','24-MB23','-2.0000','{\"event_type\":\"order_placed\",\"object_type\":\"order\",\"object_id\":\"\",\"object_increment_id\":\"000000045\"}'),('152','1','24-BTBO','-1.0000','{\"event_type\":\"order_placed\",\"object_type\":\"order\",\"object_id\":\"\",\"object_increment_id\":\"5000000003\"}'),('153','1','24-MB23','-1.0000','{\"event_type\":\"order_placed\",\"object_type\":\"order\",\"object_id\":\"\",\"object_increment_id\":\"5000000004\"}'),('154','1','24-BTBO','-1.0000','{\"event_type\":\"order_placed\",\"object_type\":\"order\",\"object_id\":\"\",\"object_increment_id\":\"000000046\"}'),('155','1','30MB-37-Purple-L','-1.0000','{\"event_type\":\"order_placed\",\"object_type\":\"order\",\"object_id\":\"\",\"object_increment_id\":\"000000047\"}'),('156','1','24-MB01','-2.0000','{\"event_type\":\"order_placed\",\"object_type\":\"order\",\"object_id\":\"\",\"object_increment_id\":\"000000048\"}'),('157','1','50CO-01','-1.0000','{\"event_type\":\"order_placed\",\"object_type\":\"order\",\"object_id\":\"\",\"object_increment_id\":\"9000000002\"}'),('158','1','26MB-41','-1.0000','{\"event_type\":\"order_placed\",\"object_type\":\"order\",\"object_id\":\"\",\"object_increment_id\":\"9000000002\"}'),('159','1','50CO-12','-2.0000','{\"event_type\":\"order_placed\",\"object_type\":\"order\",\"object_id\":\"\",\"object_increment_id\":\"000000049\"}'),('160','1','24-MB01','-1.0000','{\"event_type\":\"order_placed\",\"object_type\":\"order\",\"object_id\":\"\",\"object_increment_id\":\"7000000001\"}'),('161','1','24-BTBO','-1.0000','{\"event_type\":\"order_placed\",\"object_type\":\"order\",\"object_id\":\"\",\"object_increment_id\":\"000000050\"}'),('162','1','24-MB01','-1.0000','{\"event_type\":\"order_placed\",\"object_type\":\"order\",\"object_id\":\"\",\"object_increment_id\":\"7000000002\"}'),('163','1','24-MB11','-1.0000','{\"event_type\":\"order_placed\",\"object_type\":\"order\",\"object_id\":\"\",\"object_increment_id\":\"7000000003\"}'),('164','1','24-MB01','-1.0000','{\"event_type\":\"order_placed\",\"object_type\":\"order\",\"object_id\":\"\",\"object_increment_id\":\"7000000004\"}'),('165','1','30MB-05','-1.0000','{\"event_type\":\"order_placed\",\"object_type\":\"order\",\"object_id\":\"\",\"object_increment_id\":\"5000000005\"}'),('166','1','24-BTBO','-1.0000','{\"event_type\":\"order_placed\",\"object_type\":\"order\",\"object_id\":\"\",\"object_increment_id\":\"5000000006\"}'),('167','1','30MB-23','-1.0000','{\"event_type\":\"order_placed\",\"object_type\":\"order\",\"object_id\":\"\",\"object_increment_id\":\"13000000001\"}'),('168','1','50MB-03','-1.0000','{\"event_type\":\"order_placed\",\"object_type\":\"order\",\"object_id\":\"\",\"object_increment_id\":\"13000000001\"}'),('169','1','26MB-41','-1.0000','{\"event_type\":\"order_placed\",\"object_type\":\"order\",\"object_id\":\"\",\"object_increment_id\":\"13000000001\"}');

--
-- Table structure for table `inventory_shipment_source`
--

CREATE TABLE `inventory_shipment_source` (
  `shipment_id` int(10) unsigned NOT NULL,
  `source_code` varchar(255) NOT NULL,
  PRIMARY KEY (`shipment_id`)
) ENGINE=InnoDB DEFAULT CHARSET=utf8;

--
-- Table structure for table `inventory_source`
--

CREATE TABLE `inventory_source` (
  `source_code` varchar(255) NOT NULL,
  `name` varchar(255) NOT NULL,
  `enabled` smallint(5) unsigned NOT NULL DEFAULT 1,
  `description` text DEFAULT NULL,
  `latitude` decimal(8,6) DEFAULT NULL,
  `longitude` decimal(9,6) DEFAULT NULL,
  `country_id` varchar(2) NOT NULL,
  `region_id` int(10) unsigned DEFAULT NULL,
  `region` varchar(255) DEFAULT NULL,
  `city` varchar(255) DEFAULT NULL,
  `street` varchar(255) DEFAULT NULL,
  `postcode` varchar(255) NOT NULL,
  `contact_name` varchar(255) DEFAULT NULL,
  `email` varchar(255) DEFAULT NULL,
  `phone` varchar(255) DEFAULT NULL,
  `fax` varchar(255) DEFAULT NULL,
  `use_default_carrier_config` smallint(5) unsigned NOT NULL DEFAULT 1,
  `is_pickup_location_active` tinyint(1) NOT NULL DEFAULT 0,
  `frontend_name` varchar(255) DEFAULT '',
  `frontend_description` text DEFAULT NULL,
  PRIMARY KEY (`source_code`)
) ENGINE=InnoDB DEFAULT CHARSET=utf8;

--
-- Dumping data for table `inventory_source`
--

INSERT INTO `inventory_source` VALUES ('default','Default Source',1,'Default Source','0.000000','0.000000','US',NULL,NULL,NULL,NULL,'00000',NULL,NULL,NULL,NULL,1,0,'',NULL);

--
-- Table structure for table `inventory_source_carrier_link`
--

CREATE TABLE `inventory_source_carrier_link` (
  `link_id` int(10) unsigned NOT NULL AUTO_INCREMENT,
  `source_code` varchar(255) NOT NULL,
  `carrier_code` varchar(255) NOT NULL,
  `position` smallint(5) unsigned DEFAULT NULL,
  PRIMARY KEY (`link_id`),
  KEY `INV_SOURCE_CARRIER_LNK_SOURCE_CODE_INV_SOURCE_SOURCE_CODE` (`source_code`)
) ENGINE=InnoDB DEFAULT CHARSET=utf8;

--
-- Table structure for table `inventory_source_item`
--

CREATE TABLE `inventory_source_item` (
  `source_item_id` int(10) unsigned NOT NULL AUTO_INCREMENT,
  `source_code` varchar(255) NOT NULL,
  `sku` varchar(64) NOT NULL,
  `quantity` decimal(12,4) NOT NULL DEFAULT 0.0000,
  `status` smallint(5) unsigned NOT NULL DEFAULT 0,
  PRIMARY KEY (`source_item_id`),
  UNIQUE KEY `INVENTORY_SOURCE_ITEM_SOURCE_CODE_SKU` (`source_code`,`sku`),
  KEY `INVENTORY_SOURCE_ITEM_SKU_SOURCE_CODE_QUANTITY` (`sku`,`source_code`,`quantity`)
) ENGINE=InnoDB AUTO_INCREMENT=2443 DEFAULT CHARSET=utf8;

--
-- Dumping data for table `inventory_source_item`
--

INSERT INTO `inventory_source_item` VALUES ('1','default','24-MB01','495.0000',1),('2','default','24-MB02','499.0000',1),('3','default','24-MB03','499.0000',1),('4','default','24-MB04','500.0000',1),('5','default','24-MB05','96.0000',1),('6','default','24-MB06','596.0000',1),('7','default','24-MB07','600.0000',1),('8','default','24-MB08','597.0000',1),('9','default','24-MB09','798.0000',1),('10','default','24-MB10','800.0000',1),('11','default','24-MB11','798.0000',1),('12','default','24-MB12','595.0000',1),('13','default','24-MB13','798.0000',1),('14','default','24-MB14','597.0000',1),('15','default','24-MB15','800.0000',0),('16','default','24-MB19-Black-S','500.0000',1),('17','default','24-MB19-Black-XS','500.0000',1),('18','default','24-MB19-Black-M','500.0000',1),('19','default','24-MB19-Black-L','500.0000',1),('20','default','24-MB19-Black-XL','500.0000',1),('21','default','24-MB19-Blue-S','600.0000',1),('22','default','24-MB19-Blue-XS','600.0000',1),('23','default','24-MB19-Blue-M','600.0000',1),('24','default','24-MB19-Blue-L','600.0000',1),('25','default','24-MB19-Blue-XL','600.0000',1),('26','default','24-MB19-Green-S','700.0000',1),('27','default','24-MB19-Green-XS','700.0000',1),('28','default','24-MB19-Green-M','700.0000',1),('29','default','24-MB19-Green-L','700.0000',1),('30','default','24-MB19-Green-XL','700.0000',1),('31','default','24-MB19-Brown-S','799.0000',1),('32','default','24-MB19-Brown-XS','800.0000',1),('33','default','24-MB19-Brown-M','800.0000',1),('34','default','24-MB19-Brown-L','800.0000',1),('35','default','24-MB19-Brown-XL','800.0000',1),('36','default','24-MB19-Red-S','900.0000',1),('37','default','24-MB19-Red-XS','900.0000',1),('38','default','24-MB19-Red-M','900.0000',1),('39','default','24-MB19-Red-L','900.0000',1),('40','default','24-MB19-Red-XL','900.0000',1),('41','default','24-MB19','0.0000',1),('42','default','24-MB20','0.0000',0),('43','default','24-MB20-Black-S','500.0000',1),('44','default','24-MB20-Black-XS','500.0000',1),('45','default','24-MB20-Black-L','500.0000',1),('46','default','24-MB20-Black-M','500.0000',1),('47','default','24-MB20-Black-XL','500.0000',1),('48','default','24-MB20-Blue-S','600.0000',1),('49','default','24-MB20-Blue-XS','600.0000',1),('50','default','24-MB20-Blue-L','600.0000',1),('51','default','24-MB20-Blue-M','600.0000',1),('52','default','24-MB20-Blue-XL','600.0000',1),('53','default','24-MB20-Brown-S','700.0000',1),('54','default','24-MB20-Brown-XS','700.0000',1),('55','default','24-MB20-Brown-L','700.0000',1),('56','default','24-MB20-Brown-M','700.0000',1),('57','default','24-MB20-Brown-XL','700.0000',1),('58','default','24-MB20-Green-S','800.0000',1),('59','default','24-MB20-Green-XS','800.0000',1),('60','default','24-MB20-Green-L','800.0000',1),('61','default','24-MB20-Green-M','800.0000',1),('62','default','24-MB20-Green-XL','800.0000',1),('63','default','24-MB20-Gray-S','900.0000',1),('64','default','24-MB20-Gray-XS','900.0000',1),('65','default','24-MB20-Gray-L','900.0000',1),('66','default','24-MB20-Gray-M','900.0000',1),('67','default','24-MB20-Gray-XL','900.0000',1),('68','default','24-MB21','600.0000',1),('69','default','24-MB22','600.0000',0),('70','default','24-MB22-1','599.0000',1),('71','default','24-MB23','500.0000',1),('72','default','24-MB24','598.0000',1),('73','default','24-MB25','600.0000',1),('74','default','24-MB26','796.0000',1),('75','default','24-MB27','0.0000',1),('76','default','24-MB27-Black-XS','600.0000',1),('77','default','24-MB27-Black-S','599.0000',1),('78','default','24-MB27-Black-L','600.0000',1),('79','default','24-MB27-Black-M','600.0000',1),('80','default','24-MB27-Black-XL','600.0000',1),('81','default','24-MB27-Blue-XS','600.0000',1),('82','default','24-MB27-Blue-S','597.0000',1),('83','default','24-MB27-Blue-L','600.0000',1),('84','default','24-MB27-Blue-M','600.0000',1),('85','default','24-MB27-Blue-XL','600.0000',1),('86','default','24-MB27-Brown-XS','600.0000',1),('87','default','24-MB27-Brown-S','600.0000',1),('88','default','24-MB27-Brown-L','599.0000',1),('89','default','24-MB27-Brown-M','600.0000',1),('90','default','24-MB27-Brown-XL','600.0000',1),('91','default','24-MB27-Gray-XS','600.0000',1),('92','default','24-MB27-Gray-S','600.0000',1),('93','default','24-MB27-Gray-L','600.0000',1),('94','default','24-MB27-Gray-M','600.0000',1),('95','default','24-MB27-Gray-XL','599.0000',1),('96','default','24-MB27-Green-XS','600.0000',1),('97','default','24-MB27-Green-S','600.0000',1),('98','default','24-MB27-Green-L','600.0000',1),('99','default','24-MB27-Green-M','600.0000',1),('100','default','24-MB27-Green-XL','600.0000',1),('101','default','24-MB29','0.0000',1),('102','default','24-MB30','0.0000',1),('103','default','24-MB31','0.0000',1),('104','default','24-MB32','794.0000',1),('105','default','24-MB35-S-Black','100.0000',1),('106','default','24-MB35-S-Blue','100.0000',1),('107','default','24-MB35-S-Green','100.0000',1),('108','default','24-MB35-S-Gray','100.0000',1),('109','default','24-MB35-S-Red','100.0000',1),('110','default','24-MB35-XS-Black','100.0000',1),('111','default','24-MB35-XS-Blue','100.0000',1),('112','default','24-MB35-XS-Green','100.0000',1),('113','default','24-MB35-XS-Gray','100.0000',1),('114','default','24-MB35-XS-Red','100.0000',1),('115','default','24-MB35-M-Black','100.0000',1),('116','default','24-MB35-M-Blue','100.0000',1),('117','default','24-MB35-M-Green','100.0000',1),('118','default','24-MB35-M-Gray','100.0000',1),('119','default','24-MB35-M-Red','100.0000',1),('120','default','24-MB35-L-Black','100.0000',1),('121','default','24-MB35-L-Blue','100.0000',1),('122','default','24-MB35-L-Green','100.0000',1),('123','default','24-MB35-L-Gray','100.0000',1),('124','default','24-MB35-L-Red','100.0000',1),('125','default','24-MB35-XL-Black','100.0000',1),('126','default','24-MB35-XL-Blue','100.0000',1),('127','default','24-MB35-XL-Green','100.0000',1),('128','default','24-MB35-XL-Gray','100.0000',1),('129','default','24-MB35-XL-Red','100.0000',1),('130','default','24-MB35','0.0000',1),('142','default','2columns-right','500.0000',1),('145','default','2columns-right-1','500.0000',0),('147','default','2columns-layout','500.0000',0),('148','default','layout2','500.0000',1),('149','default','layout2-1','500.0000',1),('151','default','layout3','500.0000',1),('153','default','layout4','400.0000',1),('155','default','layout5','500.0000',1),('440','default','Fashion-2column-left','600.0000',1),('446','default','fashion-full-width','600.0000',1),('464','default','24-MB06-1','596.0000',1),('468','default','accordions','596.0000',1),('486','default','Test','100.0000',1),('508','default','furniture-01','600.0000',1),('512','default','furniture-01-1','600.0000',1),('516','default','furniture-01-1-1','600.0000',1),('518','default','furniture-02','600.0000',1),('519','default','jasminah-paris','200.0000',1),('523','default','chana-mod','500.0000',1),('525','default','chic-shop','500.0000',1),('531','default','lucky-jewel','200.0000',1),('533','default','carla-giannini','200.0000',1),('535','default','macmax','495.0000',1),('537','default','jaune-rouge','495.0000',1),('539','default','northvalley','495.0000',1),('541','default','go-pomelo','495.0000',1),('543','default','daphnea','495.0000',1),('547','default','coraline','495.0000',1),('549','default','revd\'elle','495.0000',1),('553','default','sophyline','495.0000',1),('555','default','frilivin','495.0000',1),('557','default','kelyna','495.0000',1),('559','default','emi-jo','495.0000',1),('561','default','nina-na','495.0000',1),('565','default','calie-paris','495.0000',1),('566','default','lilie-rose','495.0000',1),('568','default','for-her-paris','495.0000',1),('572','default','nova-fashion','495.0000',1),('574','default','elenza','495.0000',1),('577','default','ciminy','400.0000',1),('580','default','alina','495.0000',1),('582','default','belle-fa','495.0000',1),('584','default','danity-S','200.0000',1),('585','default','danity-M','200.0000',1),('586','default','danity-L','200.0000',1),('587','default','danity-XL','200.0000',1),('589','default','little-marcel','500.0000',1),('590','default','miraculous','495.0000',1),('592','default','pansygal-L','200.0000',1),('593','default','pansygal-S','200.0000',1),('594','default','pansygal-XS','200.0000',1),('595','default','pansygal-M','200.0000',1),('596','default','pierced-tassel-side','495.0000',1),('598','default','stylish-off-the-shoulder','495.0000',1),('606','default','striped-multicolor-Green','200.0000',1),('607','default','striped-multicolor-Blue','200.0000',1),('608','default','see-through-gauze-Black-S','200.0000',1),('609','default','see-through-gauze-Black-L','200.0000',1),('610','default','see-through-gauze-Black-M','200.0000',1),('611','default','see-through-gauze-Black-XL','200.0000',1),('612','default','see-through-gauze-White-S','200.0000',1),('613','default','see-through-gauze-White-L','200.0000',1),('614','default','see-through-gauze-White-M','200.0000',1),('615','default','see-through-gauze-White-XL','200.0000',1),('766','default','Sideways-Initial-Necklace','495.0000',1),('770','default','Unicorn-Necklace','495.0000',1),('774','default','Personalized-Necklace-Orange','400.0000',1),('775','default','Personalized-Necklace-Brown','400.0000',1),('776','default','Personalized-Necklace-Yellow','400.0000',1),('779','default','Strong-Scented-Candle','495.0000',1),('781','default','Rustic-Textured-Candle','495.0000',1),('783','default','Butterbeer-Soy-Candle-Gray','400.0000',1),('784','default','Butterbeer-Soy-Candle-Blue','400.0000',1),('785','default','Butterbeer-Soy-Candle-Purple','400.0000',1),('786','default','Book-Lovers-Soy-Candle','495.0000',1),('788','default','Black-Mudcloth-Pillow','495.0000',1),('790','default','Triangle-African-Pillow','495.0000',1),('792','default','Sterling-silver-moon-earrings','495.0000',1),('794','default','Pair-of-triangle-earrings','495.0000',1),('796','default','Small-Fan-Tassel-Earrings','495.0000',1),('798','default','Grilled-Cheese-Earrings','495.0000',1),('800','default','Crystal-Fairy-Necklace','495.0000',1),('802','default','Vertical-Bar-Necklace-with-Name-Necklace','495.0000',1),('804','default','Mermaid-Locket-Necklace','495.0000',1),('806','default','Dainty-Initial-Necklace','495.0000',1),('844','default','Sun-medallion-gold-necklace','495.0000',1),('996','default','See-through-gauze-Blue-S','400.0000',1),('997','default','See-through-gauze-Blue-M','400.0000',1),('998','default','See-through-gauze-Blue-L','400.0000',1),('999','default','See-through-gauze-Purple-S','400.0000',1),('1000','default','See-through-gauze-Purple-M','400.0000',1),('1001','default','See-through-gauze-Purple-L','400.0000',1),('1002','default','See-through-gauze-Orange-S','400.0000',1),('1003','default','See-through-gauze-Orange-M','400.0000',1),('1004','default','See-through-gauze-Orange-L','400.0000',1),('1057','default','Danity-Red','500.0000',1),('1058','default','Danity-Blue','500.0000',1),('1059','default','Danity-Lavender','500.0000',1),('1066','default','Striped-Polo-Shirt-Orange-XS','500.0000',1),('1067','default','Striped-Polo-Shirt-Orange-M','500.0000',1),('1068','default','Striped-Polo-Shirt-Orange-L','500.0000',1),('1069','default','Striped-Polo-Shirt-Brown-XS','400.0000',1),('1070','default','Striped-Polo-Shirt-Brown-M','500.0000',1),('1071','default','Striped-Polo-Shirt-Brown-L','500.0000',1),('1072','default','Striped-Polo-Shirt-Blue-XS','500.0000',1),('1073','default','Striped-Polo-Shirt-Blue-M','500.0000',1),('1074','default','Striped-Polo-Shirt-Blue-L','500.0000',1),('1089','default','Nina-Leonard-Jacquard-Fit','495.0000',1),('1091','default','Billy-T-Plaid-Print-Button-Down-Shirt','495.0000',1),('1093','default','Merlyn-Matte-Jersey-Dress','495.0000',1),('1097','default','Jenny-Long-Sleeve-Dress','495.0000',1),('1099','default','Billy-Maxi-Shirt-Dress','495.0000',1),('1101','default','Summer-Love-Linen-Tunic-Dress','495.0000',1),('1103','default','Bold-Stripe-Tie-Front-Shirt-Dress','495.0000',1),('1105','default','Colleen-Long-Sleeve-Beaded-Ruffle-Top','495.0000',1),('1107','default','Printed-Shadow-Stripe-Ruffle-Blouse','495.0000',1),('1111','default','Giuliana-Printed-Chiffon-Blouse','495.0000',1),('1113','default','Slinky-Velvet-Tunic','495.0000',1),('1115','default','Classic-Stretch-Skinny-Jean','495.0000',1),('1117','default','Twill-Knit-Pull-On-Skinny-Jegging','495.0000',1),('1119','default','Jessica-Textured-Leather-Pointed-Toe-Pump','495.0000',1),('1121','default','Touch-Ups-Peyton-Sandal','495.0000',1),('1123','default','Colorful-Spiral-Seamed-Crepe-Skirt-Brown','500.0000',1),('1124','default','Colorful-Spiral-Seamed-Crepe-Skirt-Orange','500.0000',1),('1125','default','Colorful-Spiral-Seamed-Crepe-Skirt-Gray','500.0000',1),('1129','default','Giuliana-Black-Label-Eyelash-Feather-Skirt-S','500.0000',1),('1130','default','Giuliana-Black-Label-Eyelash-Feather-Skirt-L','500.0000',1),('1131','default','Giuliana-Black-Label-Eyelash-Feather-Skirt-M','500.0000',1),('1166','default','Touch-Ups-Peyton-Sundals','495.0000',1),('1167','default','24-BTBO','499.0000',1),('1204','default','TR001','600.0000',1),('1206','default','TR002','500.0000',1),('1208','default','TR003','600.0000',1),('1210','default','TR004','600.0000',1),('1216','default','Video001','900.0000',1),('1241','default','mint-eucalyptus','495.0000',1),('1243','default','mint-eucalyptus-beard-oil','495.0000',1),('1265','default','SPMOC-01-150ml','80.0000',1),('1266','default','SPMOC-01-350ml','100.0000',1),('1275','default','3PTCNT-01','0.0000',1),('1277','default','3PTCNT-01-Leather-Black','130.0000',1),('1278','default','3PTCNT-01-Leather-Gray','70.0000',1),('1279','default','3PTCNT-01-Jean-Black','130.0000',1),('1280','default','3PTCNT-01-Jean-Gray','70.0000',1),('1281','default','3PTCNT-01-Cotton-Black','130.0000',1),('1282','default','3PTCNT-01-Cotton-Gray','70.0000',1),('1283','default','3PTCNT-01-Denim-Black','130.0000',1),('1284','default','3PTCNT-01-Denim-Gray','70.0000',1),('1290','default','TTSS-01','200.0000',1),('1378','default','CTSRF-01','300.0000',1),('1388','default','NLNB-01-XS','100.0000',1),('1389','default','NLNB-01-L','200.0000',1),('1390','default','NLNB-01-M','300.0000',1),('1391','default','NLNB-01-XL','400.0000',1),('1392','default','RBD-01','1000.0000',1),('1408','default','26MB-800','495.0000',1),('1412','default','28MB-01','130.0000',1),('1468','default','temp','0.0000',0),('1475','default','29MB-01','600.0000',1),('1477','default','29MB-99','800.0000',1),('1479','default','29MB-88','800.0000',1),('1481','default','30MB-01','900.0000',1),('1483','default','30MB-02','900.0000',1),('1485','default','30MB-03','800.0000',1),('1490','default','30MB-09','500.0000',1),('1496','default','30MB-05','500.0000',1),('1502','default','30MB-05-1','500.0000',1),('1508','default','30MB-07','800.0000',1),('1510','default','30MB-11','800.0000',1),('1517','default','30MB-12','0.0000',0),('1520','default','30MB-13','400.0000',1),('1522','default','30MB-14','600.0000',1),('1526','default','30MB-16','600.0000',1),('1530','default','30MB-18','450.0000',1),('1534','default','30MB-19','600.0000',1),('1538','default','30MB-30','500.0000',1),('1542','default','30MB-21','500.0000',1),('1546','default','30MB-22','500.0000',1),('1550','default','30MB-23','800.0000',1),('1554','default','30MB-30-1','500.0000',1),('1558','default','30MB-31','600.0000',1),('1565','default','30MB-36-Blue-S','600.0000',1),('1566','default','30MB-36-Blue-L','600.0000',1),('1567','default','30MB-36-Blue-M','600.0000',1),('1568','default','30MB-36-Green-S','600.0000',1),('1569','default','30MB-36-Green-L','600.0000',1),('1570','default','30MB-36-Green-M','600.0000',1),('1571','default','30MB-36-Black-S','600.0000',1),('1572','default','30MB-36-Black-L','600.0000',1),('1573','default','30MB-36-Black-M','600.0000',1),('1574','default','30MB-36-Black-S-1','600.0000',1),('1575','default','30MB-36-Black-L-1','600.0000',1),('1576','default','30MB-36-Black-M-1','600.0000',1),('1577','default','30MB-36-Blue-S-1','600.0000',1),('1578','default','30MB-36-Blue-L-1','600.0000',1),('1579','default','30MB-36-Blue-M-1','600.0000',1),('1580','default','30MB-36-Green-S-1','600.0000',1),('1581','default','30MB-36-Green-L-1','600.0000',1),('1582','default','30MB-36-Green-M-1','600.0000',1),('1583','default','30MB-37','0.0000',1),('1585','default','30MB-37-Green-XL','600.0000',1),('1586','default','30MB-37-Green-M','600.0000',1),('1587','default','30MB-37-Green-L','600.0000',1),('1588','default','30MB-37-Purple-XL','600.0000',1),('1589','default','30MB-37-Purple-M','600.0000',1),('1590','default','30MB-37-Purple-L','600.0000',1),('1591','default','30MB-37-Yellow-XL','600.0000',1),('1592','default','30MB-37-Yellow-M','600.0000',1),('1593','default','30MB-37-Yellow-L','600.0000',1),('1826','default','26MB-42','991.0000',1),('1827','default','26MB-41','993.0000',1),('1828','default','26MB-40','995.0000',1),('1829','default','26MB-39','999.0000',1),('1830','default','26MB-38','992.0000',1),('1831','default','26MB-37','976.0000',1),('1832','default','26MB-36','1000.0000',1),('1833','default','26MB-35','96.0000',1),('1834','default','26MB-01','220.0000',1),('1835','default','26MB-33','1000.0000',0),('1836','default','26MB-02','1000.0000',1),('1843','default','20MB-03','100.0000',1),('1844','default','26MB-05','100.0000',1),('1845','default','26MB-06','197.0000',1),('1846','default','26MB-07','200.0000',1),('1847','default','26MB-08','185.0000',1),('1848','default','26MB-09','150.0000',1),('1849','default','26MB-10','150.0000',1),('1850','default','26MB-31','150.0000',1),('1851','default','26MB-11','342.0000',1),('1852','default','26MB-14','342.0000',1),('1853','default','26MB-15','120.0000',1),('1854','default','26MB-16','500.0000',1),('1855','default','26MB-17','599.0000',1),('1856','default','26MB-43','400.0000',1),('1857','default','26MB-18','200.0000',0),('1858','default','26MB-19','500.0000',1),('1859','default','console3s','455.0000',1),('1860','default','26MB-20','100.0000',1),('1861','default','26MB-21','300.0000',1),('1862','default','26MB-22','100.0000',1),('1863','default','26MB-23','99.0000',1),('1864','default','26MB-24','100.0000',1),('1865','default','26MB-25','100.0000',1),('1866','default','26MB-26','97.0000',1),('1867','default','26MB-27','100.0000',1),('1868','default','26MB-28','495.0000',1),('1869','default','26MB-29','495.0000',1),('1919','default','40MB-01','500.0000',1),('1923','default','40MB-02','500.0000',1),('1927','default','40MB-03','495.0000',1),('1931','default','40MB-04','500.0000',1),('1933','default','40MB-05','500.0000',1),('1935','default','40MB-05-1','500.0000',1),('1938','default','40MB-06','0.0000',0),('1940','default','40MB-07','0.0000',0),('1942','default','40MB-08','0.0000',0),('1943','default','40MB-09','500.0000',1),('1945','default','40MB-10','500.0000',1),('1947','default','40MB-11','500.0000',1),('1949','default','40MB-12','500.0000',1),('1951','default','50MB-01','400.0000',1),('1953','default','50MB-02','800.0000',1),('1955','default','50MB-03','500.0000',1),('1957','default','50MB-04','500.0000',1),('1959','default','50MB-05','500.0000',1),('1961','default','50MB-06','500.0000',1),('1963','default','50MB-06-1','500.0000',1),('1965','default','50MB-06-2','500.0000',1),('1967','default','50MB-07','500.0000',1),('1969','default','50MB-08','0.0000',0),('1974','default','50MB-09','0.0000',0),('1975','default','50MB-10','500.0000',1),('1977','default','50MB-11','500.0000',1),('1979','default','50MB-12','500.0000',1),('1981','default','50MB-12-1','500.0000',1),('1984','default','50MB-13','0.0000',0),('1986','default','60FS-01','0.0000',0),('1987','default','50FS-02','500.0000',1),('1989','default','50FS-03','500.0000',1),('1991','default','50FS-04','500.0000',1),('1993','default','50FS-05','500.0000',1),('1995','default','50FS-06','500.0000',1),('1997','default','50FS-07','500.0000',1),('1999','default','50FS-08','500.0000',1),('2001','default','50FS-09','500.0000',1),('2003','default','50FS-10','500.0000',1),('2006','default','50FS-11','0.0000',0),('2007','default','50FS-12','500.0000',1),('2009','default','50FS-13','500.0000',1),('2011','default','50FS-14','500.0000',1),('2013','default','50CO-01','500.0000',1),('2015','default','50CO-02','500.0000',1),('2017','default','50CO-03','800.0000',1),('2019','default','50CO-04','500.0000',1),('2021','default','50CO-05','500.0000',1),('2023','default','50CO-06','500.0000',1),('2025','default','50CO-06-1','500.0000',1),('2027','default','50CO-07','500.0000',1),('2029','default','50CO-08','500.0000',1),('2031','default','50CO-09','500.0000',1),('2034','default','50CO-11','0.0000',0),('2035','default','50CO-12','500.0000',1),('2037','default','50CO-13','500.0000',1),('2039','default','Apple Cinema 360','500.0000',1),('2041','default','50TL-01','500.0000',1),('2045','default','50TL-02','500.0000',1),('2047','default','50TL-03','500.0000',1),('2049','default','50TL-04','500.0000',1),('2051','default','50TL-05','500.0000',1),('2055','default','50TL-06','500.0000',1),('2057','default','50TL-07','500.0000',1),('2059','default','50TL-08','500.0000',1),('2061','default','50TL-09','500.0000',1),('2064','default','50TL-10','0.0000',0),('2065','default','50TL-11','500.0000',1),('2067','default','50TL-12','500.0000',1),('2069','default','50TL-13','500.0000',1),('2071','default','50TL-14','500.0000',1),('2075','default','50HO-01','500.0000',1),('2078','default','50HO-02','0.0000',0),('2081','default','50HO-03','500.0000',1),('2083','default','50HO-04','500.0000',1),('2087','default','50HO-06','0.0000',0),('2091','default','50HO-06-1','0.0000',0),('2092','default','50HO-07','500.0000',1),('2094','default','50HO-08','500.0000',1),('2098','default','50HO-09','500.0000',1),('2100','default','50HO-10','500.0000',1),('2104','default','50HO-11','500.0000',1),('2106','default','50HO-12','500.0000',1),('2108','default','50HO-13','500.0000',1),('2112','default','60CF-01','0.0000',1),('2114','default','60CF-01-S-Black','600.0000',1),('2115','default','60CF-01-S-Blue','600.0000',1),('2116','default','60CF-01-S-Purple','600.0000',1),('2117','default','60CF-01-M-Black','600.0000',1),('2118','default','60CF-01-M-Blue','600.0000',1),('2119','default','60CF-01-M-Purple','600.0000',1),('2120','default','60CF-01-L-Black','600.0000',1),('2121','default','60CF-01-L-Blue','600.0000',1),('2122','default','60CF-01-L-Purple','600.0000',1),('2247','default','50MB-08-1','0.0000',0),('2435','default','24-BTBT','500.0000',1);

--
-- Table structure for table `inventory_source_stock_link`
--

CREATE TABLE `inventory_source_stock_link` (
  `link_id` int(10) unsigned NOT NULL AUTO_INCREMENT,
  `stock_id` int(10) unsigned NOT NULL,
  `source_code` varchar(255) NOT NULL,
  `priority` smallint(5) unsigned NOT NULL,
  PRIMARY KEY (`link_id`),
  UNIQUE KEY `INVENTORY_SOURCE_STOCK_LINK_STOCK_ID_SOURCE_CODE` (`stock_id`,`source_code`),
  KEY `INV_SOURCE_STOCK_LNK_SOURCE_CODE_INV_SOURCE_SOURCE_CODE` (`source_code`),
  KEY `INVENTORY_SOURCE_STOCK_LINK_STOCK_ID_PRIORITY` (`stock_id`,`priority`)
) ENGINE=InnoDB AUTO_INCREMENT=2 DEFAULT CHARSET=utf8;

--
-- Dumping data for table `inventory_source_stock_link`
--

INSERT INTO `inventory_source_stock_link` VALUES ('1','1','default',1);

--
-- Table structure for table `inventory_stock`
--

CREATE TABLE `inventory_stock` (
  `stock_id` int(10) unsigned NOT NULL AUTO_INCREMENT,
  `name` varchar(255) NOT NULL,
  PRIMARY KEY (`stock_id`)
) ENGINE=InnoDB AUTO_INCREMENT=2 DEFAULT CHARSET=utf8;

--
-- Dumping data for table `inventory_stock`
--

INSERT INTO `inventory_stock` VALUES ('1','Default Stock');

--
-- Table structure for table `inventory_stock_sales_channel`
--

CREATE TABLE `inventory_stock_sales_channel` (
  `type` varchar(64) NOT NULL,
  `code` varchar(64) NOT NULL,
  `stock_id` int(10) unsigned NOT NULL,
  PRIMARY KEY (`type`,`code`),
  KEY `INVENTORY_STOCK_SALES_CHANNEL_STOCK_ID_INVENTORY_STOCK_STOCK_ID` (`stock_id`)
) ENGINE=InnoDB DEFAULT CHARSET=utf8;

--
-- Dumping data for table `inventory_stock_sales_channel`
--

INSERT INTO `inventory_stock_sales_channel` VALUES ('website','base','1');

--
-- Table structure for table `jwt_auth_revoked`
--

CREATE TABLE `jwt_auth_revoked` (
  `user_type_id` int(10) unsigned NOT NULL COMMENT 'User Type ID',
  `user_id` int(10) unsigned NOT NULL COMMENT 'User ID',
  `revoke_before` bigint(20) unsigned NOT NULL COMMENT 'Not accepting tokens issued before this timestamp',
  PRIMARY KEY (`user_type_id`,`user_id`)
) ENGINE=InnoDB DEFAULT CHARSET=utf8 COMMENT='Holds revoked JWT authentication data';

--
-- Table structure for table `klarna_core_order`
--

CREATE TABLE `klarna_core_order` (
  `id` int(10) unsigned NOT NULL AUTO_INCREMENT COMMENT 'Entity Id',
  `klarna_order_id` varchar(255) DEFAULT NULL COMMENT 'Klarna Order Id',
  `session_id` varchar(255) DEFAULT NULL COMMENT 'Session Id',
  `reservation_id` varchar(255) DEFAULT NULL COMMENT 'Reservation Id',
  `order_id` int(10) unsigned NOT NULL COMMENT 'Order Id',
  `is_acknowledged` smallint(6) NOT NULL DEFAULT 0 COMMENT 'Is Acknowledged',
  PRIMARY KEY (`id`),
  KEY `KLARNA_CORE_ORDER_ORDER_ID_SALES_ORDER_ENTITY_ID` (`order_id`),
  KEY `KLARNA_CORE_ORDER_IS_ACKNOWLEDGED` (`is_acknowledged`),
  KEY `KLARNA_CORE_ORDER_ORDER_ID` (`order_id`)
) ENGINE=InnoDB DEFAULT CHARSET=utf8 COMMENT='Klarna Order';

--
-- Table structure for table `klarna_logs`
--

CREATE TABLE `klarna_logs` (
  `log_id` smallint(6) NOT NULL AUTO_INCREMENT COMMENT 'Log Id',
  `status` varchar(255) NOT NULL COMMENT 'Status',
  `action` varchar(255) DEFAULT NULL COMMENT 'Action',
  `klarna_id` varchar(255) DEFAULT NULL COMMENT 'Klarna Id',
  `increment_id` varchar(255) DEFAULT NULL COMMENT 'Increment Id',
  `url` varchar(255) NOT NULL COMMENT 'Url',
  `method` varchar(255) NOT NULL COMMENT 'Method',
  `service` varchar(255) NOT NULL COMMENT 'Service',
  `request` text DEFAULT NULL COMMENT 'Request',
  `response` text DEFAULT NULL COMMENT 'Response',
  `created_at` datetime NOT NULL DEFAULT current_timestamp() COMMENT 'Created at',
  PRIMARY KEY (`log_id`),
  KEY `KLARNA_LOGS_KLARNA_ID` (`klarna_id`),
  FULLTEXT KEY `KLARNA_LOGS_ACTION_KLARNA_ID_INCREMENT_ID_URL` (`action`,`klarna_id`,`increment_id`,`url`)
) ENGINE=InnoDB DEFAULT CHARSET=utf8 COMMENT='Klarna Logs';

--
-- Table structure for table `klarna_payments_quote`
--

CREATE TABLE `klarna_payments_quote` (
  `payments_quote_id` int(10) unsigned NOT NULL AUTO_INCREMENT COMMENT 'Payments Id',
  `session_id` varchar(255) DEFAULT NULL COMMENT 'Klarna Session Id',
  `client_token` text DEFAULT NULL COMMENT 'Klarna Client Token',
  `authorization_token` varchar(255) DEFAULT NULL COMMENT 'Authorization Token',
  `is_active` smallint(6) NOT NULL DEFAULT 0 COMMENT 'Is Active',
  `quote_id` int(10) unsigned NOT NULL COMMENT 'Quote Id',
  `payment_methods` varchar(255) DEFAULT NULL COMMENT 'Payment Method Categories',
  `payment_method_info` text DEFAULT NULL COMMENT 'Payment Method Category Info',
  PRIMARY KEY (`payments_quote_id`),
  KEY `KLARNA_PAYMENTS_QUOTE_QUOTE_ID_QUOTE_ENTITY_ID` (`quote_id`),
  KEY `KLARNA_PAYMENTS_QUOTE_QUOTE_ID` (`quote_id`),
  KEY `KLARNA_PAYMENTS_QUOTE_SESSION_ID` (`session_id`)
) ENGINE=InnoDB DEFAULT CHARSET=utf8 COMMENT='Klarna Payments Quote';

--
-- Table structure for table `layout_link`
--

CREATE TABLE `layout_link` (
  `layout_link_id` int(10) unsigned NOT NULL AUTO_INCREMENT COMMENT 'Link ID',
  `store_id` smallint(5) unsigned NOT NULL DEFAULT 0 COMMENT 'Store ID',
  `theme_id` int(10) unsigned NOT NULL COMMENT 'Theme ID',
  `layout_update_id` int(10) unsigned NOT NULL DEFAULT 0 COMMENT 'Layout Update ID',
  `is_temporary` tinyint(1) NOT NULL DEFAULT 0 COMMENT 'Defines whether Layout Update is Temporary',
  PRIMARY KEY (`layout_link_id`),
  KEY `LAYOUT_LINK_LAYOUT_UPDATE_ID` (`layout_update_id`),
  KEY `LAYOUT_LINK_STORE_ID_THEME_ID_LAYOUT_UPDATE_ID_IS_TEMPORARY` (`store_id`,`theme_id`,`layout_update_id`,`is_temporary`),
  KEY `LAYOUT_LINK_THEME_ID_THEME_THEME_ID` (`theme_id`)
) ENGINE=InnoDB AUTO_INCREMENT=5 DEFAULT CHARSET=utf8 COMMENT='Layout Link';

--
-- Table structure for table `layout_update`
--

CREATE TABLE `layout_update` (
  `layout_update_id` int(10) unsigned NOT NULL AUTO_INCREMENT COMMENT 'Layout Update ID',
  `handle` varchar(255) DEFAULT NULL COMMENT 'Handle',
  `xml` text DEFAULT NULL COMMENT 'Xml',
  `sort_order` smallint(6) NOT NULL DEFAULT 0 COMMENT 'Sort Order',
  `updated_at` timestamp NULL DEFAULT '0000-00-00 00:00:00' ON UPDATE current_timestamp() COMMENT 'Last Update Timestamp',
  PRIMARY KEY (`layout_update_id`),
  KEY `LAYOUT_UPDATE_HANDLE` (`handle`)
) ENGINE=InnoDB AUTO_INCREMENT=5 DEFAULT CHARSET=utf8 COMMENT='Layout Updates';

--
-- Table structure for table `login_as_customer`
--

CREATE TABLE `login_as_customer` (
  `secret` varchar(64) NOT NULL COMMENT 'Login Secret',
  `customer_id` int(11) NOT NULL COMMENT 'Customer ID',
  `admin_id` int(11) NOT NULL COMMENT 'Admin ID',
  `created_at` timestamp NULL DEFAULT NULL COMMENT 'Creation Time',
  PRIMARY KEY (`secret`),
  KEY `LOGIN_AS_CUSTOMER_CREATED_AT` (`created_at`)
) ENGINE=InnoDB DEFAULT CHARSET=utf8 COMMENT='Magento Login as Customer Table';

--
-- Table structure for table `login_as_customer_assistance_allowed`
--

CREATE TABLE `login_as_customer_assistance_allowed` (
  `customer_id` int(10) unsigned NOT NULL COMMENT 'Customer ID',
  PRIMARY KEY (`customer_id`)
) ENGINE=InnoDB DEFAULT CHARSET=utf8 COMMENT='Magento Login as Customer Assistance Allowed Table';

--
-- Table structure for table `magefan_blog_category`
--

CREATE TABLE `magefan_blog_category` (
  `category_id` int(11) NOT NULL AUTO_INCREMENT COMMENT 'Category ID',
  `title` varchar(255) DEFAULT NULL COMMENT 'Category Title',
  `meta_title` varchar(255) DEFAULT NULL COMMENT 'Category Meta Title',
  `meta_keywords` text DEFAULT NULL COMMENT 'Category Meta Keywords',
  `meta_description` text DEFAULT NULL COMMENT 'Category Meta Description',
  `identifier` varchar(100) DEFAULT NULL COMMENT 'Category String Identifier',
  `content_heading` varchar(255) DEFAULT NULL COMMENT 'Category Content Heading',
  `content` mediumtext DEFAULT NULL COMMENT 'Category Content',
  `path` varchar(255) DEFAULT NULL COMMENT 'Category Path',
  `position` smallint(6) NOT NULL COMMENT 'Category Position',
  `posts_sort_by` smallint(6) NOT NULL DEFAULT 0 COMMENT 'Post Sort By',
  `include_in_menu` smallint(6) DEFAULT NULL COMMENT 'Category In Menu',
  `is_active` smallint(6) NOT NULL DEFAULT 1 COMMENT 'Is Category Active',
  `display_mode` smallint(6) NOT NULL DEFAULT 0 COMMENT 'Display Mode',
  `page_layout` varchar(255) DEFAULT NULL COMMENT 'Post Layout',
  `layout_update_xml` text DEFAULT NULL COMMENT 'Post Layout Update Content',
  `custom_theme` varchar(100) DEFAULT NULL COMMENT 'Post Custom Theme',
  `custom_layout` varchar(255) DEFAULT NULL COMMENT 'Post Custom Template',
  `custom_layout_update_xml` text DEFAULT NULL COMMENT 'Post Custom Layout Update Content',
  `custom_theme_from` date DEFAULT NULL COMMENT 'Post Custom Theme Active From Date',
  `custom_theme_to` date DEFAULT NULL COMMENT 'Post Custom Theme Active To Date',
  `posts_per_page` int(11) DEFAULT NULL COMMENT 'Posts Per Page',
  `posts_list_template` varchar(100) DEFAULT NULL COMMENT 'Posts List Template',
  PRIMARY KEY (`category_id`),
  KEY `MAGEFAN_BLOG_CATEGORY_IDENTIFIER` (`identifier`),
  KEY `MAGEFAN_BLOG_CATEGORY_INCLUDE_IN_MENU` (`include_in_menu`),
  FULLTEXT KEY `FTI_B76AD11A0A06CC3327BA3A86A016134F` (`title`,`meta_keywords`,`meta_description`,`identifier`,`content`)
) ENGINE=InnoDB AUTO_INCREMENT=13 DEFAULT CHARSET=utf8 COMMENT='Magefan Blog Category Table';

--
-- Dumping data for table `magefan_blog_category`
--

INSERT INTO `magefan_blog_category` VALUES ('1','News',NULL,NULL,NULL,'news',NULL,NULL,NULL,0,0,0,1,0,'1column',NULL,NULL,NULL,NULL,NULL,NULL,NULL,NULL),('2','Decorating Guides',NULL,NULL,NULL,'decorating-guides',NULL,NULL,NULL,0,0,0,1,0,'2columns-right',NULL,NULL,NULL,NULL,NULL,NULL,NULL,NULL),('3','Life Style',NULL,NULL,NULL,'life-style',NULL,NULL,NULL,0,0,0,1,0,'2columns-left',NULL,NULL,NULL,NULL,NULL,NULL,NULL,NULL),('4','Mattresses',NULL,NULL,NULL,'mattresses',NULL,NULL,NULL,0,0,0,1,0,NULL,NULL,NULL,NULL,NULL,NULL,NULL,NULL,NULL),('5','Headboards',NULL,NULL,NULL,'headboards',NULL,NULL,NULL,0,0,0,1,0,NULL,NULL,NULL,NULL,NULL,NULL,NULL,NULL,NULL),('6','Sofas',NULL,NULL,NULL,'sofas',NULL,NULL,NULL,0,0,0,1,0,NULL,NULL,NULL,NULL,NULL,NULL,NULL,NULL,NULL),('7','Bedroom',NULL,NULL,NULL,'bedroom',NULL,NULL,NULL,0,0,0,1,0,NULL,NULL,NULL,NULL,NULL,NULL,NULL,NULL,NULL),('8','Living room',NULL,NULL,NULL,'living-room',NULL,NULL,NULL,0,0,0,1,0,NULL,NULL,NULL,NULL,NULL,NULL,NULL,NULL,NULL),('9','Organic',NULL,NULL,NULL,'organic',NULL,NULL,NULL,0,0,0,1,0,'2columns-right',NULL,NULL,NULL,NULL,NULL,NULL,'0',NULL),('10','Jewelry',NULL,NULL,NULL,'jewelry',NULL,NULL,NULL,0,0,0,1,0,NULL,NULL,NULL,NULL,NULL,NULL,NULL,'0',NULL),('11','Fashion',NULL,NULL,NULL,'fashion',NULL,NULL,NULL,0,0,0,1,0,'2columns-left',NULL,NULL,NULL,NULL,NULL,NULL,'0',NULL),('12','Digital',NULL,NULL,NULL,'digital',NULL,NULL,NULL,0,0,0,1,0,'1column',NULL,NULL,NULL,NULL,NULL,NULL,'0',NULL);

--
-- Table structure for table `magefan_blog_category_store`
--

CREATE TABLE `magefan_blog_category_store` (
  `category_id` int(11) NOT NULL COMMENT 'Category ID',
  `store_id` smallint(5) unsigned NOT NULL COMMENT 'Store ID',
  PRIMARY KEY (`category_id`,`store_id`),
  KEY `MAGEFAN_BLOG_CATEGORY_STORE_STORE_ID` (`store_id`)
) ENGINE=InnoDB DEFAULT CHARSET=utf8 COMMENT='Magefan Blog Category To Store Linkage Table';

--
-- Dumping data for table `magefan_blog_category_store`
--

INSERT INTO `magefan_blog_category_store` VALUES ('1',1),('1',2),('1',3),('1',4),('1',5),('1',6),('1',7),('1',8),('2',1),('2',2),('2',3),('2',4),('2',5),('2',6),('2',7),('2',8),('3',1),('3',2),('3',3),('3',4),('3',5),('3',6),('3',7),('3',8),('4',1),('4',2),('4',3),('4',4),('4',5),('4',6),('4',7),('4',8),('5',1),('5',2),('5',3),('5',4),('5',5),('5',6),('5',7),('5',8),('6',1),('6',2),('6',3),('6',4),('6',5),('6',6),('6',7),('6',8),('7',1),('7',2),('7',3),('7',4),('7',5),('7',6),('7',7),('7',8),('8',1),('8',2),('8',3),('8',4),('8',5),('8',6),('8',7),('8',8),('9',9),('9',10),('9',11),('9',12),('9',13),('9',14),('9',15),('9',16),('9',17),('9',18),('9',19),('9',20),('10',9),('10',10),('10',11),('10',12),('10',13),('10',14),('10',15),('10',16),('10',17),('10',18),('10',19),('10',20),('11',9),('11',10),('11',11),('11',12),('11',13),('11',14),('11',15),('11',16),('11',17),('11',18),('11',19),('11',20),('12',9),('12',10),('12',11),('12',12),('12',13),('12',14),('12',15),('12',16),('12',17),('12',18),('12',19),('12',20);

--
-- Table structure for table `magefan_blog_comment`
--

CREATE TABLE `magefan_blog_comment` (
  `comment_id` int(11) NOT NULL AUTO_INCREMENT COMMENT 'Comment ID',
  `parent_id` int(11) NOT NULL COMMENT 'Parent Comment ID',
  `post_id` int(11) NOT NULL COMMENT 'Post ID',
  `customer_id` int(11) DEFAULT NULL COMMENT 'Customer ID',
  `admin_id` int(11) DEFAULT NULL COMMENT 'Admin User ID',
  `status` smallint(6) NOT NULL COMMENT 'Comment status',
  `author_type` smallint(6) NOT NULL COMMENT 'Author Type',
  `author_nickname` varchar(255) NOT NULL COMMENT 'Comment Author Nickname',
  `author_email` varchar(255) DEFAULT NULL COMMENT 'Comment Author Email',
  `text` mediumtext DEFAULT NULL COMMENT 'Text',
  `creation_time` timestamp NOT NULL DEFAULT current_timestamp() ON UPDATE current_timestamp() COMMENT 'Comment Creation Time',
  `update_time` timestamp NOT NULL DEFAULT '0000-00-00 00:00:00' COMMENT 'Comment Update Time',
  PRIMARY KEY (`comment_id`),
  KEY `MAGEFAN_BLOG_COMMENT_PARENT_ID` (`parent_id`),
  KEY `MAGEFAN_BLOG_COMMENT_POST_ID` (`post_id`),
  KEY `MAGEFAN_BLOG_COMMENT_CUSTOMER_ID` (`customer_id`),
  KEY `MAGEFAN_BLOG_COMMENT_ADMIN_ID` (`admin_id`),
  KEY `MAGEFAN_BLOG_COMMENT_STATUS` (`status`)
) ENGINE=InnoDB AUTO_INCREMENT=2 DEFAULT CHARSET=utf8 COMMENT='magefan_blog_comment';

--
-- Dumping data for table `magefan_blog_comment`
--

INSERT INTO `magefan_blog_comment` VALUES ('1','0','7','0',NULL,0,0,'tony','dongbinhbg@gmail.com','Lorem ipsum dolor sit amet, an munere tibique consequat mel, congue albucius no qui, at everti meliore erroribus sea. Vero graeco cotidieque ea duo, in eirmod insolens interpretaris nam. Pro at nostrud percipit definitiones, eu tale porro cum. Sea ne accusata voluptatibus. Ne cum falli dolor voluptua, duo ei sonet choro facilisis, labores officiis torquatos cum ei.','2021-05-18 01:57:16','2021-05-18 01:57:16');

--
-- Table structure for table `magefan_blog_post`
--

CREATE TABLE `magefan_blog_post` (
  `post_id` int(11) NOT NULL AUTO_INCREMENT COMMENT 'Post ID',
  `title` varchar(255) DEFAULT NULL COMMENT 'Post Title',
  `meta_title` varchar(255) DEFAULT NULL COMMENT 'Post Meta Title',
  `meta_keywords` text DEFAULT NULL COMMENT 'Post Meta Keywords',
  `meta_description` text DEFAULT NULL COMMENT 'Post Meta Description',
  `identifier` varchar(100) DEFAULT NULL COMMENT 'Post String Identifier',
  `og_title` varchar(255) DEFAULT NULL COMMENT 'Post OG Title',
  `og_description` varchar(255) DEFAULT NULL COMMENT 'Post OG Description',
  `og_img` varchar(255) DEFAULT NULL COMMENT 'Post OG Img',
  `og_type` varchar(255) DEFAULT NULL COMMENT 'Post OG Type',
  `content_heading` varchar(255) DEFAULT NULL COMMENT 'Post Content Heading',
  `content` mediumtext DEFAULT NULL COMMENT 'Post Content',
  `creation_time` timestamp NULL DEFAULT NULL COMMENT 'Post Creation Time',
  `update_time` timestamp NULL DEFAULT NULL COMMENT 'Post Modification Time',
  `publish_time` timestamp NULL DEFAULT NULL COMMENT 'Post Publish Time',
  `is_active` smallint(6) NOT NULL DEFAULT 1 COMMENT 'Is Post Active',
  `include_in_recent` smallint(6) NOT NULL DEFAULT 1 COMMENT 'Include in Recent Posts',
  `position` smallint(6) NOT NULL DEFAULT 0 COMMENT 'Position',
  `featured_img` varchar(255) DEFAULT NULL COMMENT 'Thumbnail Image',
  `featured_img_alt` varchar(255) DEFAULT NULL COMMENT 'Featured Image Alt',
  `author_id` int(11) DEFAULT NULL COMMENT 'Author ID',
  `page_layout` varchar(255) DEFAULT NULL COMMENT 'Post Layout',
  `layout_update_xml` text DEFAULT NULL COMMENT 'Post Layout Update Content',
  `custom_theme` varchar(100) DEFAULT NULL COMMENT 'Post Custom Theme',
  `custom_layout` varchar(255) DEFAULT NULL COMMENT 'Post Custom Template',
  `custom_layout_update_xml` text DEFAULT NULL COMMENT 'Post Custom Layout Update Content',
  `custom_theme_from` date DEFAULT NULL COMMENT 'Post Custom Theme Active From Date',
  `custom_theme_to` date DEFAULT NULL COMMENT 'Post Custom Theme Active To Date',
  `media_gallery` mediumtext DEFAULT NULL COMMENT 'Media Gallery',
  `secret` varchar(32) DEFAULT NULL COMMENT 'Post Secret',
  `views_count` int(11) DEFAULT NULL COMMENT 'Post Views Count',
  `is_recent_posts_skip` smallint(6) DEFAULT NULL COMMENT 'Is Post Skipped From Recent Posts',
  `short_content` mediumtext DEFAULT NULL COMMENT 'Post Short Content',
  `comments_count` int(11) DEFAULT NULL COMMENT 'Post Comment Counts',
  PRIMARY KEY (`post_id`),
  KEY `MAGEFAN_BLOG_POST_IDENTIFIER` (`identifier`),
  KEY `MAGEFAN_BLOG_POST_AUTHOR_ID` (`author_id`),
  KEY `MAGEFAN_BLOG_POST_VIEWS_COUNT` (`views_count`),
  KEY `MAGEFAN_BLOG_POST_IS_RECENT_POSTS_SKIP` (`is_recent_posts_skip`),
  FULLTEXT KEY `FTI_A5DB7871E89B230F74EDFBECEB4659FA` (`title`,`meta_keywords`,`meta_description`,`identifier`,`content`)
) ENGINE=InnoDB AUTO_INCREMENT=24 DEFAULT CHARSET=utf8 COMMENT='Magefan Blog Post Table';

--
-- Dumping data for table `magefan_blog_post`
--

INSERT INTO `magefan_blog_post` VALUES ('1','Hello world!',NULL,'magento 2 blog','Magento 2 blog default post.','hello-world',NULL,NULL,NULL,NULL,'Hello world!','<p>Welcome to <a title=\"Magento 2 Blog extension\" href=\"https://magefan.com/magento2-blog-extension\" target=\"_blank\">Magento 2 Blog extension</a> by <a title=\"Magento 2 Extensions\" href=\"https://magefan.com/magento2-extensions\" target=\"_blank\">Magefan</a>. This is your first post. Edit or delete it, then start blogging!</p>\r\n<p><!-- pagebreak --></p>\r\n<p>Please also read <a title=\"Magento 2 Blog online documentation\" href=\"https://magefan.com/blog/magento-2-blog-extension-documentation/\" target=\"_blank\">Online documentation</a> and <a href=\"https://magefan.com/blog/add-read-more-tag-to-blog-post-content/\" target=\"_blank\">How to add \"read more\" tag to post content</a></p>\r\n<p>Follow Magefan on:</p>\r\n<p><a title=\"Blog Extension for Magento 2 code\" href=\"https://github.com/magefan/module-blog\" target=\"_blank\">GitHub</a> | <a href=\"https://twitter.com/magento2fan\" target=\"_blank\">Twitter</a> | <a href=\"https://www.facebook.com/magefan/\" target=\"_blank\">Facebook</a> | <a href=\"https://plus.google.com/+Magefan_Magento_2/posts/\" target=\"_blank\">Google +</a></p>','2019-02-22 03:32:48','2021-04-20 02:00:07','2019-02-22 00:00:00',0,1,0,NULL,NULL,'5',NULL,NULL,NULL,NULL,NULL,NULL,NULL,NULL,NULL,'0',NULL,NULL,NULL),('2',' Celebrity Daughter Opens Up About Having Her ',NULL,NULL,NULL,'blog_1',NULL,NULL,NULL,NULL,NULL,'<p>Diga, Koma and Torus are three kitchen utensils designed for Ommo, a new design-oriented brand introduced at the Ambiente show in February 2016. Minimalist approach, bright colors, stainless steel and matte plastic, abstract shapes and curved lines are the defining features of these products designed to be extremely functional, user-friendly and fun.</p>\r\n<p>&nbsp;</p>\r\n<p>Diga is a two-color melamine salad bowl where vegetables can be washed, drained and served. The disk at the bottom of the bowl can be turned counterclockwise to drain water when washing vegetables and it can be turned clockwise to lock the drain and hold condiments in the bowl when serving.</p>\r\n<p>&nbsp;</p>\r\n<blockquote class=\"blockquote\">\r\n<p>Many desktop publishing packages and web page editors now use Lorem Ipsum as their default model text, and a search for \'lorem ipsum\' will uncover many web sites still in their infancy.&nbsp;</p>\r\n</blockquote>\r\n<p>&nbsp;</p>\r\n<p>&nbsp;</p>\r\n<div class=\"row content-bolog-mage\">\r\n<div class=\"col-xl-3 col-lg-3 col-md-6 col-sm-6 col-12\"><a href=\"#\"><img src=\"{{media url=\"wysiwyg/alothemes/furniture-11.jpg\"}}\" alt=\"\" width=\"550\" height=\"550\"></a></div>\r\n<div class=\"col-xl-3 col-lg-3 col-md-6 col-sm-6 col-12\"><a href=\"#\"><img src=\"{{media url=\"wysiwyg/alothemes/furniture-20.jpg\"}}\" alt=\"\" width=\"550\" height=\"550\"></a></div>\r\n<div class=\"col-xl-3 col-lg-3 col-md-6 col-sm-6 col-12\"><a href=\"#\"><img src=\"{{media url=\"wysiwyg/alothemes/furniture-19.jpg\"}}\" alt=\"\" width=\"550\" height=\"550\"></a></div>\r\n<div class=\"col-xl-3 col-lg-3 col-md-6 col-sm-6 col-12\"><a href=\"#\"><img src=\"{{media url=\"wysiwyg/alothemes/furniture-15.jpg\"}}\" alt=\"\" width=\"550\" height=\"550\"></a></div>\r\n</div>\r\n<p>&nbsp;</p>\r\n<p>&nbsp;</p>\r\n<p>Koma and Torus are two tea infusers, each with an original design and a concealed function. Koma has a round base and a long stainless steel-trimmed handle which offers a comfortable grip and allows.</p>\r\n<p>&nbsp;</p>\r\n<p>And the brushed steel cover opens and closes at the touch of a finger to easily fill and empty the infuser. The perfect way to enjoy brewing tea. Torus is donut-shaped and can cling to any cup. It is accompanied by a case that can contain up to three different diffusers and can be used for dry storage of loose tea.</p>','2019-02-25 09:49:40','2021-05-17 22:52:16','2020-01-03 00:00:00',1,1,0,'magefan_blog/Blog05_03.jpg',NULL,'5',NULL,NULL,NULL,NULL,NULL,NULL,NULL,NULL,NULL,'0',NULL,'<p>People are constantly changing things about themselves--- from their hair styles to their clothes, to even the way they physically look.</p>','0'),('3',' Celebrity Opens Up About Having Her Daughter ',NULL,NULL,NULL,'blog_2',NULL,NULL,'magefan_blog/8NHBORBRVR.jpg',NULL,NULL,'<p>Everyone has their own unique sleeping position and as a result, there is no ‘perfect mattress’ for everyone. Whether you are someone who sleeps on their back, their side or their stomach, there is a mattress out there for your sleeping position. By finding this mattress, you can avoid sleepless nights, whilst also reducing any back pain that you are experiencing. However, where do you start? We have created a mattress guide in order to help you find the best mattress for your sleeping position.</p>\r\n<h2 style=\"margin-bottom:10px;margin-top: 30px;\">The Best Mattress Options for Back Sleepers</h2>\r\n<p>According to medical professionals, sleeping on your back is the best possible position for your spine. When using a mattress designed for back sleepers, it will work to cradle your spine in alignment, helping to remove weight off your joints and allowing for a better night’s sleep. On the other hand, a worn-out mattress can do the opposite. An old mattress can leave your back improperly aligned. In the short term, this will result in lower quality sleep and in the long term, can cause severe back problems. So, which mattress is best for back sleepers?</p>\r\n<p>The ideal option is a medium, firm mattress. This will work to balance your spinal cord, providing you with support whilst you sleep.</p>\r\n<h2 style=\"margin-bottom:10px;margin-top: 30px;\">The Best Mattress Options for Side Sleepers</h2>\r\n<p>Although not harmful, sleeping on your side can cause back pain and injuries as a result of pressure on your joints whilst you sleep. These are caused by the curves on your body, and risk of injury can be increased by a poor mattress. Choosing the right mattress for your sleeping position will provide you with the required support, whilst cradling your hips and shoulders to reduce pressure on your joints.</p>\r\n<p>The best option for side sleepers is a soft mattress, which is why latex foam is increasingly popular. Such mattresses provide the sleeper with the perfect level of give, and also circulate better than memory foam, ensuring the highest level of comfort throughout the night. This will allow you to alleviate pressure on your joints, reducing the risk of developing back pains.</p>\r\n<h2 style=\"margin-bottom:10px;margin-top: 30px;\">The Best Mattress Options for Stomach Sleepers</h2>\r\n<p>Stomach sleeping can cause a wide number of problems as the spinal cord is not able to align whilst you sleep. As a result, there is significant pressure on both your thoracic and lumbar spine, which is why it is common for stomach sleepers to wake up with a slight aching pain in their back and shoulders.</p>\r\n<p>The best option for stomach sleepers is a firm mattress. A firm mattress will reduce the give from your hips, which will work to reduce the overall pressure on your back. Additionally, it also reduces the risk of nerve and joint pain the shoulders, which is commonly found among stomach sleepers who sleep with their arms extended.</p>\r\n<p>We hope these tips help you to pick the best mattress for your sleeping position and wish you the very best sleep for the future!</p>\r\n<div class=\"clear\">&nbsp;</div>','2019-02-25 10:32:16','2021-06-03 14:53:36','2020-01-03 00:00:00',1,1,0,'magefan_blog/blog-furniture2.jpg',NULL,'5',NULL,NULL,NULL,NULL,NULL,NULL,NULL,NULL,NULL,'0',NULL,'<p>People are constantly changing things about themselves--- from their hair styles to their clothes, to even the way they physically look.</p>','0'),('4','Daughter Opens Up About Having Her  Celebrity ',NULL,NULL,NULL,'blog_3',NULL,NULL,NULL,NULL,NULL,'<p>Diga, Koma and Torus are three kitchen utensils designed for Ommo, a new design-oriented brand introduced at the Ambiente show in February 2016. Minimalist approach, bright colors, stainless steel and matte plastic, abstract shapes and curved lines are the defining features of these products designed to be extremely functional, user-friendly and fun.</p>\r\n<p>&nbsp;</p>\r\n<p>Diga is a two-color melamine salad bowl where vegetables can be washed, drained and served. The disk at the bottom of the bowl can be turned counterclockwise to drain water when washing vegetables and it can be turned clockwise to lock the drain and hold condiments in the bowl when serving.</p>\r\n<p>&nbsp;</p>\r\n<blockquote class=\"blockquote\">\r\n<p>Many desktop publishing packages and web page editors now use Lorem Ipsum as their default model text, and a search for \'lorem ipsum\' will uncover many web sites still in their infancy.&nbsp;</p>\r\n</blockquote>\r\n<p>&nbsp;</p>\r\n<p>&nbsp;</p>\r\n<div class=\"row content-bolog-mage\">\r\n<div class=\"col-xl-3 col-lg-3 col-md-6 col-sm-6 col-12\"><a href=\"#\"><img src=\"{{media url=\"wysiwyg/alothemes/furniture-11.jpg\"}}\" alt=\"\" width=\"550\" height=\"550\"></a></div>\r\n<div class=\"col-xl-3 col-lg-3 col-md-6 col-sm-6 col-12\"><a href=\"#\"><img src=\"{{media url=\"wysiwyg/alothemes/furniture-20.jpg\"}}\" alt=\"\" width=\"550\" height=\"550\"></a></div>\r\n<div class=\"col-xl-3 col-lg-3 col-md-6 col-sm-6 col-12\"><a href=\"#\"><img src=\"{{media url=\"wysiwyg/alothemes/furniture-19.jpg\"}}\" alt=\"\" width=\"550\" height=\"550\"></a></div>\r\n<div class=\"col-xl-3 col-lg-3 col-md-6 col-sm-6 col-12\"><a href=\"#\"><img src=\"{{media url=\"wysiwyg/alothemes/furniture-15.jpg\"}}\" alt=\"\" width=\"550\" height=\"550\"></a></div>\r\n</div>\r\n<p>&nbsp;</p>\r\n<p>&nbsp;</p>\r\n<p>Koma and Torus are two tea infusers, each with an original design and a concealed function. Koma has a round base and a long stainless steel-trimmed handle which offers a comfortable grip and allows.</p>\r\n<p>&nbsp;</p>\r\n<p>And the brushed steel cover opens and closes at the touch of a finger to easily fill and empty the infuser. The perfect way to enjoy brewing tea. Torus is donut-shaped and can cling to any cup. It is accompanied by a case that can contain up to three different diffusers and can be used for dry storage of loose tea.</p>','2019-02-25 13:22:58','2021-05-17 23:00:29','2020-01-03 00:00:00',1,1,0,'magefan_blog/blog_12_01.jpg',NULL,'5',NULL,NULL,NULL,NULL,NULL,NULL,NULL,NULL,NULL,'0',NULL,'<p>People are constantly changing things about themselves--- from their hair styles to their clothes, to even the way they physically look.</p>','0'),('5',' Having Celebrity Daughter Opens Up About Her ',NULL,NULL,NULL,'blog_4',NULL,NULL,NULL,NULL,NULL,'<p>Diga, Koma and Torus are three kitchen utensils designed for Ommo, a new design-oriented brand introduced at the Ambiente show in February 2016. Minimalist approach, bright colors, stainless steel and matte plastic, abstract shapes and curved lines are the defining features of these products designed to be extremely functional, user-friendly and fun.</p>\r\n<p>&nbsp;</p>\r\n<p>Diga is a two-color melamine salad bowl where vegetables can be washed, drained and served. The disk at the bottom of the bowl can be turned counterclockwise to drain water when washing vegetables and it can be turned clockwise to lock the drain and hold condiments in the bowl when serving.</p>\r\n<p>&nbsp;</p>\r\n<blockquote class=\"blockquote\">\r\n<p>Many desktop publishing packages and web page editors now use Lorem Ipsum as their default model text, and a search for \'lorem ipsum\' will uncover many web sites still in their infancy.&nbsp;</p>\r\n</blockquote>\r\n<p>&nbsp;</p>\r\n<p>&nbsp;</p>\r\n<div class=\"row content-bolog-mage\">\r\n<div class=\"col-xl-3 col-lg-3 col-md-6 col-sm-6 col-12\"><a href=\"#\"><img src=\"{{media url=\"wysiwyg/alothemes/furniture-11.jpg\"}}\" alt=\"\" width=\"550\" height=\"550\"></a></div>\r\n<div class=\"col-xl-3 col-lg-3 col-md-6 col-sm-6 col-12\"><a href=\"#\"><img src=\"{{media url=\"wysiwyg/alothemes/furniture-20.jpg\"}}\" alt=\"\" width=\"550\" height=\"550\"></a></div>\r\n<div class=\"col-xl-3 col-lg-3 col-md-6 col-sm-6 col-12\"><a href=\"#\"><img src=\"{{media url=\"wysiwyg/alothemes/furniture-19.jpg\"}}\" alt=\"\" width=\"550\" height=\"550\"></a></div>\r\n<div class=\"col-xl-3 col-lg-3 col-md-6 col-sm-6 col-12\"><a href=\"#\"><img src=\"{{media url=\"wysiwyg/alothemes/furniture-15.jpg\"}}\" alt=\"\" width=\"550\" height=\"550\"></a></div>\r\n</div>\r\n<p>&nbsp;</p>\r\n<p>&nbsp;</p>\r\n<p>Koma and Torus are two tea infusers, each with an original design and a concealed function. Koma has a round base and a long stainless steel-trimmed handle which offers a comfortable grip and allows.</p>\r\n<p>&nbsp;</p>\r\n<p>And the brushed steel cover opens and closes at the touch of a finger to easily fill and empty the infuser. The perfect way to enjoy brewing tea. Torus is donut-shaped and can cling to any cup. It is accompanied by a case that can contain up to three different diffusers and can be used for dry storage of loose tea.</p>','2019-02-25 13:36:05','2021-05-17 22:59:58','2020-01-03 00:00:00',1,1,0,'magefan_blog/blog-furniture.jpg',NULL,'5',NULL,NULL,NULL,NULL,NULL,NULL,NULL,NULL,NULL,'0',NULL,'<p>People are constantly changing things about themselves--- from their hair styles to their clothes, to even the way they physically look.</p>','0'),('6','Opens Celebrity Daughter Up About Having Her ',NULL,NULL,NULL,'blog_5',NULL,NULL,NULL,NULL,NULL,'<p>Diga, Koma and Torus are three kitchen utensils designed for Ommo, a new design-oriented brand introduced at the Ambiente show in February 2016. Minimalist approach, bright colors, stainless steel and matte plastic, abstract shapes and curved lines are the defining features of these products designed to be extremely functional, user-friendly and fun.</p>\r\n<p>&nbsp;</p>\r\n<p>Diga is a two-color melamine salad bowl where vegetables can be washed, drained and served. The disk at the bottom of the bowl can be turned counterclockwise to drain water when washing vegetables and it can be turned clockwise to lock the drain and hold condiments in the bowl when serving.</p>\r\n<p>&nbsp;</p>\r\n<blockquote class=\"blockquote\">\r\n<p>Many desktop publishing packages and web page editors now use Lorem Ipsum as their default model text, and a search for \'lorem ipsum\' will uncover many web sites still in their infancy.&nbsp;</p>\r\n</blockquote>\r\n<p>&nbsp;</p>\r\n<p>&nbsp;</p>\r\n<div class=\"row content-bolog-mage\">\r\n<div class=\"col-xl-3 col-lg-3 col-md-6 col-sm-6 col-12\"><a href=\"#\"><img src=\"{{media url=\"wysiwyg/alothemes/furniture-11.jpg\"}}\" alt=\"\" width=\"550\" height=\"550\"></a></div>\r\n<div class=\"col-xl-3 col-lg-3 col-md-6 col-sm-6 col-12\"><a href=\"#\"><img src=\"{{media url=\"wysiwyg/alothemes/furniture-20.jpg\"}}\" alt=\"\" width=\"550\" height=\"550\"></a></div>\r\n<div class=\"col-xl-3 col-lg-3 col-md-6 col-sm-6 col-12\"><a href=\"#\"><img src=\"{{media url=\"wysiwyg/alothemes/furniture-19.jpg\"}}\" alt=\"\" width=\"550\" height=\"550\"></a></div>\r\n<div class=\"col-xl-3 col-lg-3 col-md-6 col-sm-6 col-12\"><a href=\"#\"><img src=\"{{media url=\"wysiwyg/alothemes/furniture-15.jpg\"}}\" alt=\"\" width=\"550\" height=\"550\"></a></div>\r\n</div>\r\n<p>&nbsp;</p>\r\n<p>&nbsp;</p>\r\n<p>Koma and Torus are two tea infusers, each with an original design and a concealed function. Koma has a round base and a long stainless steel-trimmed handle which offers a comfortable grip and allows.</p>\r\n<p>&nbsp;</p>\r\n<p>And the brushed steel cover opens and closes at the touch of a finger to easily fill and empty the infuser. The perfect way to enjoy brewing tea. Torus is donut-shaped and can cling to any cup. It is accompanied by a case that can contain up to three different diffusers and can be used for dry storage of loose tea.</p>','2019-02-25 13:41:11','2021-05-17 22:59:20','2020-01-03 00:00:00',1,1,0,'magefan_blog/32.jpg',NULL,'5',NULL,NULL,NULL,NULL,NULL,NULL,NULL,NULL,NULL,'0',NULL,'<p>People are constantly changing things about themselves--- from their hair styles to their clothes, to even the way they physically look.</p>','0'),('7',' About Celebrity Daughter Opens Up Having Her ',NULL,NULL,NULL,'blog_6',NULL,NULL,NULL,NULL,NULL,'<p>Diga, Koma and Torus are three kitchen utensils designed for Ommo, a new design-oriented brand introduced at the Ambiente show in February 2016. Minimalist approach, bright colors, stainless steel and matte plastic, abstract shapes and curved lines are the defining features of these products designed to be extremely functional, user-friendly and fun.</p>\r\n<p>&nbsp;</p>\r\n<p>Diga is a two-color melamine salad bowl where vegetables can be washed, drained and served. The disk at the bottom of the bowl can be turned counterclockwise to drain water when washing vegetables and it can be turned clockwise to lock the drain and hold condiments in the bowl when serving.</p>\r\n<p>&nbsp;</p>\r\n<blockquote class=\"blockquote\">\r\n<p>Many desktop publishing packages and web page editors now use Lorem Ipsum as their default model text, and a search for \'lorem ipsum\' will uncover many web sites still in their infancy.&nbsp;</p>\r\n</blockquote>\r\n<p>&nbsp;</p>\r\n<p>&nbsp;</p>\r\n<div class=\"row content-bolog-mage\">\r\n<div class=\"col-xl-3 col-lg-3 col-md-6 col-sm-6 col-12\"><a href=\"#\"><img src=\"{{media url=\"wysiwyg/alothemes/furniture-11.jpg\"}}\" alt=\"\" width=\"550\" height=\"550\"></a></div>\r\n<div class=\"col-xl-3 col-lg-3 col-md-6 col-sm-6 col-12\"><a href=\"#\"><img src=\"{{media url=\"wysiwyg/alothemes/furniture-20.jpg\"}}\" alt=\"\" width=\"550\" height=\"550\"></a></div>\r\n<div class=\"col-xl-3 col-lg-3 col-md-6 col-sm-6 col-12\"><a href=\"#\"><img src=\"{{media url=\"wysiwyg/alothemes/furniture-19.jpg\"}}\" alt=\"\" width=\"550\" height=\"550\"></a></div>\r\n<div class=\"col-xl-3 col-lg-3 col-md-6 col-sm-6 col-12\"><a href=\"#\"><img src=\"{{media url=\"wysiwyg/alothemes/furniture-15.jpg\"}}\" alt=\"\" width=\"550\" height=\"550\"></a></div>\r\n</div>\r\n<p>&nbsp;</p>\r\n<p>&nbsp;</p>\r\n<p>Koma and Torus are two tea infusers, each with an original design and a concealed function. Koma has a round base and a long stainless steel-trimmed handle which offers a comfortable grip and allows.</p>\r\n<p>&nbsp;</p>\r\n<p>And the brushed steel cover opens and closes at the touch of a finger to easily fill and empty the infuser. The perfect way to enjoy brewing tea. Torus is donut-shaped and can cling to any cup. It is accompanied by a case that can contain up to three different diffusers and can be used for dry storage of loose tea.</p>','2019-02-25 13:52:21','2021-05-17 22:58:35','2020-01-03 00:00:00',1,1,0,'magefan_blog/blog-furniture-2.jpg',NULL,'5',NULL,NULL,NULL,NULL,NULL,NULL,NULL,NULL,NULL,'0',NULL,'<p>People are constantly changing things about themselves--- from their hair styles to their clothes, to even the way they physically look.</p>','0'),('8',' Having Celebrity Daughter Opens Up About Her ',NULL,NULL,NULL,'blog_7',NULL,NULL,NULL,NULL,NULL,'<p>Diga, Koma and Torus are three kitchen utensils designed for Ommo, a new design-oriented brand introduced at the Ambiente show in February 2016. Minimalist approach, bright colors, stainless steel and matte plastic, abstract shapes and curved lines are the defining features of these products designed to be extremely functional, user-friendly and fun.</p>\r\n<p>&nbsp;</p>\r\n<p>Diga is a two-color melamine salad bowl where vegetables can be washed, drained and served. The disk at the bottom of the bowl can be turned counterclockwise to drain water when washing vegetables and it can be turned clockwise to lock the drain and hold condiments in the bowl when serving.</p>\r\n<p>&nbsp;</p>\r\n<blockquote class=\"blockquote\">\r\n<p>Many desktop publishing packages and web page editors now use Lorem Ipsum as their default model text, and a search for \'lorem ipsum\' will uncover many web sites still in their infancy.&nbsp;</p>\r\n</blockquote>\r\n<p>&nbsp;</p>\r\n<p>&nbsp;</p>\r\n<div class=\"row content-bolog-mage\">\r\n<div class=\"col-xl-3 col-lg-3 col-md-6 col-sm-6 col-12\"><a href=\"#\"><img src=\"{{media url=&quot;wysiwyg/alothemes/furniture-11.jpg&quot;}}\" alt=\"\" width=\"550\" height=\"550\"></a></div>\r\n<div class=\"col-xl-3 col-lg-3 col-md-6 col-sm-6 col-12\"><a href=\"#\"><img src=\"{{media url=&quot;wysiwyg/alothemes/furniture-20.jpg&quot;}}\" alt=\"\" width=\"550\" height=\"550\"></a></div>\r\n<div class=\"col-xl-3 col-lg-3 col-md-6 col-sm-6 col-12\"><a href=\"#\"><img src=\"{{media url=&quot;wysiwyg/alothemes/furniture-19.jpg&quot;}}\" alt=\"\" width=\"550\" height=\"550\"></a></div>\r\n<div class=\"col-xl-3 col-lg-3 col-md-6 col-sm-6 col-12\"><a href=\"#\"><img src=\"{{media url=&quot;wysiwyg/alothemes/furniture-15.jpg&quot;}}\" alt=\"\" width=\"550\" height=\"550\"></a></div>\r\n</div>\r\n<p>&nbsp;</p>\r\n<p>&nbsp;</p>\r\n<p>Koma and Torus are two tea infusers, each with an original design and a concealed function. Koma has a round base and a long stainless steel-trimmed handle which offers a comfortable grip and allows.</p>\r\n<p>&nbsp;</p>\r\n<p>And the brushed steel cover opens and closes at the touch of a finger to easily fill and empty the infuser. The perfect way to enjoy brewing tea. Torus is donut-shaped and can cling to any cup. It is accompanied by a case that can contain up to three different diffusers and can be used for dry storage of loose tea.</p>','2021-03-19 07:00:59','2021-05-17 22:58:09','2021-01-03 00:00:00',1,1,0,'magefan_blog/blog-furniture-4.jpg','image feature','5',NULL,NULL,NULL,NULL,NULL,NULL,NULL,NULL,NULL,'0',NULL,'<p>People are constantly changing things about themselves--- from their hair styles to their clothes, to even the way they physically look.</p>',NULL),('9',' Daughter Celebrity Opens Up About Having Her ',NULL,NULL,NULL,'blog_8',NULL,NULL,NULL,NULL,NULL,'<p>Diga, Koma and Torus are three kitchen utensils designed for Ommo, a new design-oriented brand introduced at the Ambiente show in February 2016. Minimalist approach, bright colors, stainless steel and matte plastic, abstract shapes and curved lines are the defining features of these products designed to be extremely functional, user-friendly and fun.</p>\r\n<p>&nbsp;</p>\r\n<p>Diga is a two-color melamine salad bowl where vegetables can be washed, drained and served. The disk at the bottom of the bowl can be turned counterclockwise to drain water when washing vegetables and it can be turned clockwise to lock the drain and hold condiments in the bowl when serving.</p>\r\n<p>&nbsp;</p>\r\n<blockquote class=\"blockquote\">\r\n<p>Many desktop publishing packages and web page editors now use Lorem Ipsum as their default model text, and a search for \'lorem ipsum\' will uncover many web sites still in their infancy.&nbsp;</p>\r\n</blockquote>\r\n<p>&nbsp;</p>\r\n<p>&nbsp;</p>\r\n<div class=\"row content-bolog-mage\">\r\n<div class=\"col-xl-3 col-lg-3 col-md-6 col-sm-6 col-12\"><a href=\"#\"><img src=\"{{media url=\"wysiwyg/alothemes/furniture-11.jpg\"}}\" alt=\"\" width=\"550\" height=\"550\"></a></div>\r\n<div class=\"col-xl-3 col-lg-3 col-md-6 col-sm-6 col-12\"><a href=\"#\"><img src=\"{{media url=\"wysiwyg/alothemes/furniture-20.jpg\"}}\" alt=\"\" width=\"550\" height=\"550\"></a></div>\r\n<div class=\"col-xl-3 col-lg-3 col-md-6 col-sm-6 col-12\"><a href=\"#\"><img src=\"{{media url=\"wysiwyg/alothemes/furniture-19.jpg\"}}\" alt=\"\" width=\"550\" height=\"550\"></a></div>\r\n<div class=\"col-xl-3 col-lg-3 col-md-6 col-sm-6 col-12\"><a href=\"#\"><img src=\"{{media url=\"wysiwyg/alothemes/furniture-15.jpg\"}}\" alt=\"\" width=\"550\" height=\"550\"></a></div>\r\n</div>\r\n<p>&nbsp;</p>\r\n<p>&nbsp;</p>\r\n<p>Koma and Torus are two tea infusers, each with an original design and a concealed function. Koma has a round base and a long stainless steel-trimmed handle which offers a comfortable grip and allows.</p>\r\n<p>&nbsp;</p>\r\n<p>And the brushed steel cover opens and closes at the touch of a finger to easily fill and empty the infuser. The perfect way to enjoy brewing tea. Torus is donut-shaped and can cling to any cup. It is accompanied by a case that can contain up to three different diffusers and can be used for dry storage of loose tea.</p>','2021-03-19 07:04:18','2021-05-17 22:57:21','2021-01-03 00:00:00',1,1,0,'magefan_blog/blog-furniture-3.jpg',NULL,'5',NULL,NULL,NULL,NULL,NULL,NULL,NULL,NULL,NULL,'0',NULL,'<p>People are constantly changing things about themselves--- from their hair styles to their clothes, to even the way they physically look.</p>',NULL),('10','Lotto Winner Offering Up Money To Any Man That Will Date Her',NULL,NULL,NULL,'blog_10',NULL,NULL,NULL,NULL,NULL,'<p>Everyone has their own unique sleeping position and as a result, there is no ‘perfect mattress’ for everyone. Whether you are someone who sleeps on their back, their side or their stomach, there is a mattress out there for your sleeping position. By finding this mattress, you can avoid sleepless nights, whilst also reducing any back pain that you are experiencing. However, where do you start? We have created a mattress guide in order to help you find the best mattress for your sleeping position.</p>\r\n<h2 style=\"margin-bottom: 10px; margin-top: 30px;\">The Best Mattress Options for Back Sleepers</h2>\r\n<p>According to medical professionals, sleeping on your back is the best possible position for your spine. When using a mattress designed for back sleepers, it will work to cradle your spine in alignment, helping to remove weight off your joints and allowing for a better night’s sleep. On the other hand, a worn-out mattress can do the opposite. An old mattress can leave your back improperly aligned. In the short term, this will result in lower quality sleep and in the long term, can cause severe back problems. So, which mattress is best for back sleepers?</p>\r\n<p>The ideal option is a medium, firm mattress. This will work to balance your spinal cord, providing you with support whilst you sleep.</p>\r\n<h2 style=\"margin-bottom: 10px; margin-top: 30px;\">The Best Mattress Options for Side Sleepers</h2>\r\n<p>Although not harmful, sleeping on your side can cause back pain and injuries as a result of pressure on your joints whilst you sleep. These are caused by the curves on your body, and risk of injury can be increased by a poor mattress. Choosing the right mattress for your sleeping position will provide you with the required support, whilst cradling your hips and shoulders to reduce pressure on your joints.</p>\r\n<p>The best option for side sleepers is a soft mattress, which is why latex foam is increasingly popular. Such mattresses provide the sleeper with the perfect level of give, and also circulate better than memory foam, ensuring the highest level of comfort throughout the night. This will allow you to alleviate pressure on your joints, reducing the risk of developing back pains.</p>\r\n<h2 style=\"margin-bottom: 10px; margin-top: 30px;\">The Best Mattress Options for Stomach Sleepers</h2>\r\n<p>Stomach sleeping can cause a wide number of problems as the spinal cord is not able to align whilst you sleep. As a result, there is significant pressure on both your thoracic and lumbar spine, which is why it is common for stomach sleepers to wake up with a slight aching pain in their back and shoulders.</p>\r\n<p>The best option for stomach sleepers is a firm mattress. A firm mattress will reduce the give from your hips, which will work to reduce the overall pressure on your back. Additionally, it also reduces the risk of nerve and joint pain the shoulders, which is commonly found among stomach sleepers who sleep with their arms extended.</p>\r\n<p>We hope these tips help you to pick the best mattress for your sleeping position and wish you the very best sleep for the future!</p>\r\n<div class=\"clear\">&nbsp;</div>','2021-06-03 13:00:30','2021-06-03 14:54:05','2020-01-03 00:00:00',1,1,0,'magefan_blog/1-1410x868.jpg',NULL,'5',NULL,NULL,NULL,NULL,NULL,NULL,NULL,NULL,NULL,'0',NULL,'<p>People are constantly changing things about themselves--- from their hair styles to their clothes, to even the way they physically look.</p>',NULL),('11','Winner Offering Up Money To Any Man That Will Date Her Lotto',NULL,NULL,NULL,'blog_11',NULL,NULL,NULL,NULL,NULL,'<p>Diga, Koma and Torus are three kitchen utensils designed for Ommo, a new design-oriented brand introduced at the Ambiente show in February 2016. Minimalist approach, bright colors, stainless steel and matte plastic, abstract shapes and curved lines are the defining features of these products designed to be extremely functional, user-friendly and fun.</p>\r\n<p>&nbsp;</p>\r\n<p>Diga is a two-color melamine salad bowl where vegetables can be washed, drained and served. The disk at the bottom of the bowl can be turned counterclockwise to drain water when washing vegetables and it can be turned clockwise to lock the drain and hold condiments in the bowl when serving.</p>\r\n<p>&nbsp;</p>\r\n<blockquote class=\"blockquote\">\r\n<p>Many desktop publishing packages and web page editors now use Lorem Ipsum as their default model text, and a search for \'lorem ipsum\' will uncover many web sites still in their infancy.&nbsp;</p>\r\n</blockquote>\r\n<p>&nbsp;</p>\r\n<p>&nbsp;</p>\r\n<div class=\"row content-bolog-mage\">\r\n<div class=\"col-xl-3 col-lg-3 col-md-6 col-sm-6 col-12\"><a href=\"#\"><img src=\"{{media url=\"wysiwyg/alothemes/furniture-11.jpg\"}}\" alt=\"\" width=\"550\" height=\"550\"></a></div>\r\n<div class=\"col-xl-3 col-lg-3 col-md-6 col-sm-6 col-12\"><a href=\"#\"><img src=\"{{media url=\"wysiwyg/alothemes/furniture-20.jpg\"}}\" alt=\"\" width=\"550\" height=\"550\"></a></div>\r\n<div class=\"col-xl-3 col-lg-3 col-md-6 col-sm-6 col-12\"><a href=\"#\"><img src=\"{{media url=\"wysiwyg/alothemes/furniture-19.jpg\"}}\" alt=\"\" width=\"550\" height=\"550\"></a></div>\r\n<div class=\"col-xl-3 col-lg-3 col-md-6 col-sm-6 col-12\"><a href=\"#\"><img src=\"{{media url=\"wysiwyg/alothemes/furniture-15.jpg\"}}\" alt=\"\" width=\"550\" height=\"550\"></a></div>\r\n</div>\r\n<p>&nbsp;</p>\r\n<p>&nbsp;</p>\r\n<p>Koma and Torus are two tea infusers, each with an original design and a concealed function. Koma has a round base and a long stainless steel-trimmed handle which offers a comfortable grip and allows.</p>\r\n<p>&nbsp;</p>\r\n<p>And the brushed steel cover opens and closes at the touch of a finger to easily fill and empty the infuser. The perfect way to enjoy brewing tea. Torus is donut-shaped and can cling to any cup. It is accompanied by a case that can contain up to three different diffusers and can be used for dry storage of loose tea.</p>','2021-06-03 15:00:42','2021-06-03 15:00:42','2020-01-03 00:00:00',1,1,0,'magefan_blog/Blog05_032.jpg',NULL,'5',NULL,NULL,NULL,NULL,NULL,NULL,NULL,NULL,NULL,'0',NULL,'<p>People are constantly changing things about themselves--- from their hair styles to their clothes, to even the way they physically look.</p>',NULL),('12','Offering Up Money To Any Man That Will Date Her Lotto Winner ',NULL,NULL,NULL,'blog_12',NULL,NULL,NULL,NULL,NULL,'<p>Diga, Koma and Torus are three kitchen utensils designed for Ommo, a new design-oriented brand introduced at the Ambiente show in February 2016. Minimalist approach, bright colors, stainless steel and matte plastic, abstract shapes and curved lines are the defining features of these products designed to be extremely functional, user-friendly and fun.</p>\r\n<p>&nbsp;</p>\r\n<p>Diga is a two-color melamine salad bowl where vegetables can be washed, drained and served. The disk at the bottom of the bowl can be turned counterclockwise to drain water when washing vegetables and it can be turned clockwise to lock the drain and hold condiments in the bowl when serving.</p>\r\n<p>&nbsp;</p>\r\n<blockquote class=\"blockquote\">\r\n<p>Many desktop publishing packages and web page editors now use Lorem Ipsum as their default model text, and a search for \'lorem ipsum\' will uncover many web sites still in their infancy.&nbsp;</p>\r\n</blockquote>\r\n<p>&nbsp;</p>\r\n<p>&nbsp;</p>\r\n<div class=\"row content-bolog-mage\">\r\n<div class=\"col-xl-3 col-lg-3 col-md-6 col-sm-6 col-12\"><a href=\"#\"><img src=\"{{media url=\"wysiwyg/alothemes/furniture-11.jpg\"}}\" alt=\"\" width=\"550\" height=\"550\"></a></div>\r\n<div class=\"col-xl-3 col-lg-3 col-md-6 col-sm-6 col-12\"><a href=\"#\"><img src=\"{{media url=\"wysiwyg/alothemes/furniture-20.jpg\"}}\" alt=\"\" width=\"550\" height=\"550\"></a></div>\r\n<div class=\"col-xl-3 col-lg-3 col-md-6 col-sm-6 col-12\"><a href=\"#\"><img src=\"{{media url=\"wysiwyg/alothemes/furniture-19.jpg\"}}\" alt=\"\" width=\"550\" height=\"550\"></a></div>\r\n<div class=\"col-xl-3 col-lg-3 col-md-6 col-sm-6 col-12\"><a href=\"#\"><img src=\"{{media url=\"wysiwyg/alothemes/furniture-15.jpg\"}}\" alt=\"\" width=\"550\" height=\"550\"></a></div>\r\n</div>\r\n<p>&nbsp;</p>\r\n<p>&nbsp;</p>\r\n<p>Koma and Torus are two tea infusers, each with an original design and a concealed function. Koma has a round base and a long stainless steel-trimmed handle which offers a comfortable grip and allows.</p>\r\n<p>&nbsp;</p>\r\n<p>And the brushed steel cover opens and closes at the touch of a finger to easily fill and empty the infuser. The perfect way to enjoy brewing tea. Torus is donut-shaped and can cling to any cup. It is accompanied by a case that can contain up to three different diffusers and can be used for dry storage of loose tea.</p>','2021-06-03 15:05:35','2021-06-03 15:05:35','2020-01-03 00:00:00',1,1,0,'magefan_blog/2-1410x868_1.jpg',NULL,'5',NULL,NULL,NULL,NULL,NULL,NULL,NULL,NULL,NULL,'0',NULL,'<p>People are constantly changing things about themselves--- from their hair styles to their clothes, to even the way they physically look.</p>',NULL),('13','Up Money To Any Man That Will Date Her Lotto Winner Offering ',NULL,NULL,NULL,'blog_13',NULL,NULL,NULL,NULL,NULL,'<p>Diga, Koma and Torus are three kitchen utensils designed for Ommo, a new design-oriented brand introduced at the Ambiente show in February 2016. Minimalist approach, bright colors, stainless steel and matte plastic, abstract shapes and curved lines are the defining features of these products designed to be extremely functional, user-friendly and fun.</p>\r\n<p>&nbsp;</p>\r\n<p>Diga is a two-color melamine salad bowl where vegetables can be washed, drained and served. The disk at the bottom of the bowl can be turned counterclockwise to drain water when washing vegetables and it can be turned clockwise to lock the drain and hold condiments in the bowl when serving.</p>\r\n<p>&nbsp;</p>\r\n<blockquote class=\"blockquote\">\r\n<p>Many desktop publishing packages and web page editors now use Lorem Ipsum as their default model text, and a search for \'lorem ipsum\' will uncover many web sites still in their infancy.&nbsp;</p>\r\n</blockquote>\r\n<p>&nbsp;</p>\r\n<p>&nbsp;</p>\r\n<div class=\"row content-bolog-mage\">\r\n<div class=\"col-xl-3 col-lg-3 col-md-6 col-sm-6 col-12\"><a href=\"#\"><img src=\"{{media url=\"wysiwyg/alothemes/furniture-11.jpg\"}}\" alt=\"\" width=\"550\" height=\"550\"></a></div>\r\n<div class=\"col-xl-3 col-lg-3 col-md-6 col-sm-6 col-12\"><a href=\"#\"><img src=\"{{media url=\"wysiwyg/alothemes/furniture-20.jpg\"}}\" alt=\"\" width=\"550\" height=\"550\"></a></div>\r\n<div class=\"col-xl-3 col-lg-3 col-md-6 col-sm-6 col-12\"><a href=\"#\"><img src=\"{{media url=\"wysiwyg/alothemes/furniture-19.jpg\"}}\" alt=\"\" width=\"550\" height=\"550\"></a></div>\r\n<div class=\"col-xl-3 col-lg-3 col-md-6 col-sm-6 col-12\"><a href=\"#\"><img src=\"{{media url=\"wysiwyg/alothemes/furniture-15.jpg\"}}\" alt=\"\" width=\"550\" height=\"550\"></a></div>\r\n</div>\r\n<p>&nbsp;</p>\r\n<p>&nbsp;</p>\r\n<p>Koma and Torus are two tea infusers, each with an original design and a concealed function. Koma has a round base and a long stainless steel-trimmed handle which offers a comfortable grip and allows.</p>\r\n<p>&nbsp;</p>\r\n<p>And the brushed steel cover opens and closes at the touch of a finger to easily fill and empty the infuser. The perfect way to enjoy brewing tea. Torus is donut-shaped and can cling to any cup. It is accompanied by a case that can contain up to three different diffusers and can be used for dry storage of loose tea.</p>','2021-06-03 15:09:37','2021-06-03 15:09:37','2020-01-03 00:00:00',1,1,0,'magefan_blog/8-1410x868_1.jpg',NULL,'5',NULL,NULL,NULL,NULL,NULL,NULL,NULL,NULL,NULL,'0',NULL,'<p>People are constantly changing things about themselves--- from their hair styles to their clothes, to even the way they physically look.</p>',NULL),('14','Winner Offering Up To Any Man That Will Date Her Lotto Money ',NULL,NULL,NULL,'blog_14',NULL,NULL,NULL,NULL,NULL,'<p>Diga, Koma and Torus are three kitchen utensils designed for Ommo, a new design-oriented brand introduced at the Ambiente show in February 2016. Minimalist approach, bright colors, stainless steel and matte plastic, abstract shapes and curved lines are the defining features of these products designed to be extremely functional, user-friendly and fun.</p>\r\n<p>&nbsp;</p>\r\n<p>Diga is a two-color melamine salad bowl where vegetables can be washed, drained and served. The disk at the bottom of the bowl can be turned counterclockwise to drain water when washing vegetables and it can be turned clockwise to lock the drain and hold condiments in the bowl when serving.</p>\r\n<p>&nbsp;</p>\r\n<blockquote class=\"blockquote\">\r\n<p>Many desktop publishing packages and web page editors now use Lorem Ipsum as their default model text, and a search for \'lorem ipsum\' will uncover many web sites still in their infancy.&nbsp;</p>\r\n</blockquote>\r\n<p>&nbsp;</p>\r\n<p>&nbsp;</p>\r\n<div class=\"row content-bolog-mage\">\r\n<div class=\"col-xl-3 col-lg-3 col-md-6 col-sm-6 col-12\"><a href=\"#\"><img src=\"{{media url=\"wysiwyg/alothemes/furniture-11.jpg\"}}\" alt=\"\" width=\"550\" height=\"550\"></a></div>\r\n<div class=\"col-xl-3 col-lg-3 col-md-6 col-sm-6 col-12\"><a href=\"#\"><img src=\"{{media url=\"wysiwyg/alothemes/furniture-20.jpg\"}}\" alt=\"\" width=\"550\" height=\"550\"></a></div>\r\n<div class=\"col-xl-3 col-lg-3 col-md-6 col-sm-6 col-12\"><a href=\"#\"><img src=\"{{media url=\"wysiwyg/alothemes/furniture-19.jpg\"}}\" alt=\"\" width=\"550\" height=\"550\"></a></div>\r\n<div class=\"col-xl-3 col-lg-3 col-md-6 col-sm-6 col-12\"><a href=\"#\"><img src=\"{{media url=\"wysiwyg/alothemes/furniture-15.jpg\"}}\" alt=\"\" width=\"550\" height=\"550\"></a></div>\r\n</div>\r\n<p>&nbsp;</p>\r\n<p>&nbsp;</p>\r\n<p>Koma and Torus are two tea infusers, each with an original design and a concealed function. Koma has a round base and a long stainless steel-trimmed handle which offers a comfortable grip and allows.</p>\r\n<p>&nbsp;</p>\r\n<p>And the brushed steel cover opens and closes at the touch of a finger to easily fill and empty the infuser. The perfect way to enjoy brewing tea. Torus is donut-shaped and can cling to any cup. It is accompanied by a case that can contain up to three different diffusers and can be used for dry storage of loose tea.</p>','2021-06-03 15:13:29','2021-06-03 15:13:29','2020-01-03 00:00:00',1,1,0,'magefan_blog/322.jpg',NULL,'5',NULL,NULL,NULL,NULL,NULL,NULL,NULL,NULL,NULL,'0',NULL,'<p>People are constantly changing things about themselves--- from their hair styles to their clothes, to even the way they physically look.</p>',NULL),('15','Winner Offering Up Money To Any Man That Will Date Her Lotto',NULL,NULL,NULL,'blog_15',NULL,NULL,NULL,NULL,NULL,'<p>Diga, Koma and Torus are three kitchen utensils designed for Ommo, a new design-oriented brand introduced at the Ambiente show in February 2016. Minimalist approach, bright colors, stainless steel and matte plastic, abstract shapes and curved lines are the defining features of these products designed to be extremely functional, user-friendly and fun.</p>\r\n<p>&nbsp;</p>\r\n<p>Diga is a two-color melamine salad bowl where vegetables can be washed, drained and served. The disk at the bottom of the bowl can be turned counterclockwise to drain water when washing vegetables and it can be turned clockwise to lock the drain and hold condiments in the bowl when serving.</p>\r\n<p>&nbsp;</p>\r\n<blockquote class=\"blockquote\">\r\n<p>Many desktop publishing packages and web page editors now use Lorem Ipsum as their default model text, and a search for \'lorem ipsum\' will uncover many web sites still in their infancy.&nbsp;</p>\r\n</blockquote>\r\n<p>&nbsp;</p>\r\n<p>&nbsp;</p>\r\n<div class=\"row content-bolog-mage\">\r\n<div class=\"col-xl-3 col-lg-3 col-md-6 col-sm-6 col-12\"><a href=\"#\"><img src=\"{{media url=\"wysiwyg/alothemes/furniture-11.jpg\"}}\" alt=\"\" width=\"550\" height=\"550\"></a></div>\r\n<div class=\"col-xl-3 col-lg-3 col-md-6 col-sm-6 col-12\"><a href=\"#\"><img src=\"{{media url=\"wysiwyg/alothemes/furniture-20.jpg\"}}\" alt=\"\" width=\"550\" height=\"550\"></a></div>\r\n<div class=\"col-xl-3 col-lg-3 col-md-6 col-sm-6 col-12\"><a href=\"#\"><img src=\"{{media url=\"wysiwyg/alothemes/furniture-19.jpg\"}}\" alt=\"\" width=\"550\" height=\"550\"></a></div>\r\n<div class=\"col-xl-3 col-lg-3 col-md-6 col-sm-6 col-12\"><a href=\"#\"><img src=\"{{media url=\"wysiwyg/alothemes/furniture-15.jpg\"}}\" alt=\"\" width=\"550\" height=\"550\"></a></div>\r\n</div>\r\n<p>&nbsp;</p>\r\n<p>&nbsp;</p>\r\n<p>Koma and Torus are two tea infusers, each with an original design and a concealed function. Koma has a round base and a long stainless steel-trimmed handle which offers a comfortable grip and allows.</p>\r\n<p>&nbsp;</p>\r\n<p>And the brushed steel cover opens and closes at the touch of a finger to easily fill and empty the infuser. The perfect way to enjoy brewing tea. Torus is donut-shaped and can cling to any cup. It is accompanied by a case that can contain up to three different diffusers and can be used for dry storage of loose tea.</p>','2021-06-03 15:16:34','2021-06-03 15:16:34','2020-01-03 00:00:00',1,1,0,'magefan_blog/blog_12_012.jpg',NULL,'5',NULL,NULL,NULL,NULL,NULL,NULL,NULL,NULL,NULL,'0',NULL,'<p>People are constantly changing things about themselves--- from their hair styles to their clothes, to even the way they physically look.</p>',NULL),('16','Winner Offering Up Money To Any Man That Will Date Her Lotto',NULL,NULL,NULL,'blog_16',NULL,NULL,NULL,NULL,NULL,'<p>Diga, Koma and Torus are three kitchen utensils designed for Ommo, a new design-oriented brand introduced at the Ambiente show in February 2016. Minimalist approach, bright colors, stainless steel and matte plastic, abstract shapes and curved lines are the defining features of these products designed to be extremely functional, user-friendly and fun.</p>\r\n<p>&nbsp;</p>\r\n<p>Diga is a two-color melamine salad bowl where vegetables can be washed, drained and served. The disk at the bottom of the bowl can be turned counterclockwise to drain water when washing vegetables and it can be turned clockwise to lock the drain and hold condiments in the bowl when serving.</p>\r\n<p>&nbsp;</p>\r\n<blockquote class=\"blockquote\">\r\n<p>Many desktop publishing packages and web page editors now use Lorem Ipsum as their default model text, and a search for \'lorem ipsum\' will uncover many web sites still in their infancy.&nbsp;</p>\r\n</blockquote>\r\n<p>&nbsp;</p>\r\n<p>&nbsp;</p>\r\n<div class=\"row content-bolog-mage\">\r\n<div class=\"col-xl-3 col-lg-3 col-md-6 col-sm-6 col-12\"><a href=\"#\"><img src=\"{{media url=\"wysiwyg/alothemes/furniture-11.jpg\"}}\" alt=\"\" width=\"550\" height=\"550\"></a></div>\r\n<div class=\"col-xl-3 col-lg-3 col-md-6 col-sm-6 col-12\"><a href=\"#\"><img src=\"{{media url=\"wysiwyg/alothemes/furniture-20.jpg\"}}\" alt=\"\" width=\"550\" height=\"550\"></a></div>\r\n<div class=\"col-xl-3 col-lg-3 col-md-6 col-sm-6 col-12\"><a href=\"#\"><img src=\"{{media url=\"wysiwyg/alothemes/furniture-19.jpg\"}}\" alt=\"\" width=\"550\" height=\"550\"></a></div>\r\n<div class=\"col-xl-3 col-lg-3 col-md-6 col-sm-6 col-12\"><a href=\"#\"><img src=\"{{media url=\"wysiwyg/alothemes/furniture-15.jpg\"}}\" alt=\"\" width=\"550\" height=\"550\"></a></div>\r\n</div>\r\n<p>&nbsp;</p>\r\n<p>&nbsp;</p>\r\n<p>Koma and Torus are two tea infusers, each with an original design and a concealed function. Koma has a round base and a long stainless steel-trimmed handle which offers a comfortable grip and allows.</p>\r\n<p>&nbsp;</p>\r\n<p>And the brushed steel cover opens and closes at the touch of a finger to easily fill and empty the infuser. The perfect way to enjoy brewing tea. Torus is donut-shaped and can cling to any cup. It is accompanied by a case that can contain up to three different diffusers and can be used for dry storage of loose tea.</p>','2021-06-03 15:20:12','2021-06-03 15:20:12','2020-01-03 00:00:00',1,1,0,'magefan_blog/blog-furniture-22.jpg',NULL,'5',NULL,NULL,NULL,NULL,NULL,NULL,NULL,NULL,NULL,'0',NULL,'<p>People are constantly changing things about themselves--- from their hair styles to their clothes, to even the way they physically look.</p>',NULL),('17','Winner Offering Up Money To Man That Will Date Her Lotto Any ',NULL,NULL,NULL,'blog_17',NULL,NULL,NULL,NULL,NULL,'<p>Diga, Koma and Torus are three kitchen utensils designed for Ommo, a new design-oriented brand introduced at the Ambiente show in February 2016. Minimalist approach, bright colors, stainless steel and matte plastic, abstract shapes and curved lines are the defining features of these products designed to be extremely functional, user-friendly and fun.</p>\r\n<p>&nbsp;</p>\r\n<p>Diga is a two-color melamine salad bowl where vegetables can be washed, drained and served. The disk at the bottom of the bowl can be turned counterclockwise to drain water when washing vegetables and it can be turned clockwise to lock the drain and hold condiments in the bowl when serving.</p>\r\n<p>&nbsp;</p>\r\n<blockquote class=\"blockquote\">\r\n<p>Many desktop publishing packages and web page editors now use Lorem Ipsum as their default model text, and a search for \'lorem ipsum\' will uncover many web sites still in their infancy.&nbsp;</p>\r\n</blockquote>\r\n<p>&nbsp;</p>\r\n<p>&nbsp;</p>\r\n<div class=\"row content-bolog-mage\">\r\n<div class=\"col-xl-3 col-lg-3 col-md-6 col-sm-6 col-12\"><a href=\"#\"><img src=\"{{media url=\"wysiwyg/alothemes/furniture-11.jpg\"}}\" alt=\"\" width=\"550\" height=\"550\"></a></div>\r\n<div class=\"col-xl-3 col-lg-3 col-md-6 col-sm-6 col-12\"><a href=\"#\"><img src=\"{{media url=\"wysiwyg/alothemes/furniture-20.jpg\"}}\" alt=\"\" width=\"550\" height=\"550\"></a></div>\r\n<div class=\"col-xl-3 col-lg-3 col-md-6 col-sm-6 col-12\"><a href=\"#\"><img src=\"{{media url=\"wysiwyg/alothemes/furniture-19.jpg\"}}\" alt=\"\" width=\"550\" height=\"550\"></a></div>\r\n<div class=\"col-xl-3 col-lg-3 col-md-6 col-sm-6 col-12\"><a href=\"#\"><img src=\"{{media url=\"wysiwyg/alothemes/furniture-15.jpg\"}}\" alt=\"\" width=\"550\" height=\"550\"></a></div>\r\n</div>\r\n<p>&nbsp;</p>\r\n<p>&nbsp;</p>\r\n<p>Koma and Torus are two tea infusers, each with an original design and a concealed function. Koma has a round base and a long stainless steel-trimmed handle which offers a comfortable grip and allows.</p>\r\n<p>&nbsp;</p>\r\n<p>And the brushed steel cover opens and closes at the touch of a finger to easily fill and empty the infuser. The perfect way to enjoy brewing tea. Torus is donut-shaped and can cling to any cup. It is accompanied by a case that can contain up to three different diffusers and can be used for dry storage of loose tea.</p>','2021-06-03 15:25:36','2021-06-03 15:25:36','2020-01-03 00:00:00',1,1,0,'magefan_blog/blog-furniture-3_1.jpg',NULL,'5',NULL,NULL,NULL,NULL,NULL,NULL,NULL,NULL,NULL,'0',NULL,'<p>People are constantly changing things about themselves--- from their hair styles to their clothes, to even the way they physically look.</p>',NULL),('18','Winner Offering Up Money To Any Man That Will Date Her Lotto',NULL,NULL,NULL,'blog_18',NULL,NULL,NULL,NULL,NULL,'<p>Diga, Koma and Torus are three kitchen utensils designed for Ommo, a new design-oriented brand introduced at the Ambiente show in February 2016. Minimalist approach, bright colors, stainless steel and matte plastic, abstract shapes and curved lines are the defining features of these products designed to be extremely functional, user-friendly and fun.</p>\r\n<p>&nbsp;</p>\r\n<p>Diga is a two-color melamine salad bowl where vegetables can be washed, drained and served. The disk at the bottom of the bowl can be turned counterclockwise to drain water when washing vegetables and it can be turned clockwise to lock the drain and hold condiments in the bowl when serving.</p>\r\n<p>&nbsp;</p>\r\n<blockquote class=\"blockquote\">\r\n<p>Many desktop publishing packages and web page editors now use Lorem Ipsum as their default model text, and a search for \'lorem ipsum\' will uncover many web sites still in their infancy.&nbsp;</p>\r\n</blockquote>\r\n<p>&nbsp;</p>\r\n<p>&nbsp;</p>\r\n<div class=\"row content-bolog-mage\">\r\n<div class=\"col-xl-3 col-lg-3 col-md-6 col-sm-6 col-12\"><a href=\"#\"><img src=\"{{media url=\"wysiwyg/alothemes/furniture-11.jpg\"}}\" alt=\"\" width=\"550\" height=\"550\"></a></div>\r\n<div class=\"col-xl-3 col-lg-3 col-md-6 col-sm-6 col-12\"><a href=\"#\"><img src=\"{{media url=\"wysiwyg/alothemes/furniture-20.jpg\"}}\" alt=\"\" width=\"550\" height=\"550\"></a></div>\r\n<div class=\"col-xl-3 col-lg-3 col-md-6 col-sm-6 col-12\"><a href=\"#\"><img src=\"{{media url=\"wysiwyg/alothemes/furniture-19.jpg\"}}\" alt=\"\" width=\"550\" height=\"550\"></a></div>\r\n<div class=\"col-xl-3 col-lg-3 col-md-6 col-sm-6 col-12\"><a href=\"#\"><img src=\"{{media url=\"wysiwyg/alothemes/furniture-15.jpg\"}}\" alt=\"\" width=\"550\" height=\"550\"></a></div>\r\n</div>\r\n<p>&nbsp;</p>\r\n<p>&nbsp;</p>\r\n<p>Koma and Torus are two tea infusers, each with an original design and a concealed function. Koma has a round base and a long stainless steel-trimmed handle which offers a comfortable grip and allows.</p>\r\n<p>&nbsp;</p>\r\n<p>And the brushed steel cover opens and closes at the touch of a finger to easily fill and empty the infuser. The perfect way to enjoy brewing tea. Torus is donut-shaped and can cling to any cup. It is accompanied by a case that can contain up to three different diffusers and can be used for dry storage of loose tea.</p>','2021-06-03 15:28:18','2021-06-03 15:28:18','2020-01-03 00:00:00',1,1,0,'magefan_blog/blog-furniture-42.jpg',NULL,'5',NULL,NULL,NULL,NULL,NULL,NULL,NULL,NULL,NULL,'0',NULL,'<p>People are constantly changing things about themselves--- from their hair styles to their clothes, to even the way they physically look.</p>',NULL),('19','Winner Offering Up Money To Any Man That Will Date Her Lotto',NULL,NULL,NULL,'blog_19',NULL,NULL,NULL,NULL,NULL,'<p>Diga, Koma and Torus are three kitchen utensils designed for Ommo, a new design-oriented brand introduced at the Ambiente show in February 2016. Minimalist approach, bright colors, stainless steel and matte plastic, abstract shapes and curved lines are the defining features of these products designed to be extremely functional, user-friendly and fun.</p>\r\n<p>&nbsp;</p>\r\n<p>Diga is a two-color melamine salad bowl where vegetables can be washed, drained and served. The disk at the bottom of the bowl can be turned counterclockwise to drain water when washing vegetables and it can be turned clockwise to lock the drain and hold condiments in the bowl when serving.</p>\r\n<p>&nbsp;</p>\r\n<blockquote class=\"blockquote\">\r\n<p>Many desktop publishing packages and web page editors now use Lorem Ipsum as their default model text, and a search for \'lorem ipsum\' will uncover many web sites still in their infancy.&nbsp;</p>\r\n</blockquote>\r\n<p>&nbsp;</p>\r\n<p>&nbsp;</p>\r\n<div class=\"row content-bolog-mage\">\r\n<div class=\"col-xl-3 col-lg-3 col-md-6 col-sm-6 col-12\"><a href=\"#\"><img src=\"{{media url=\"wysiwyg/alothemes/furniture-11.jpg\"}}\" alt=\"\" width=\"550\" height=\"550\"></a></div>\r\n<div class=\"col-xl-3 col-lg-3 col-md-6 col-sm-6 col-12\"><a href=\"#\"><img src=\"{{media url=\"wysiwyg/alothemes/furniture-20.jpg\"}}\" alt=\"\" width=\"550\" height=\"550\"></a></div>\r\n<div class=\"col-xl-3 col-lg-3 col-md-6 col-sm-6 col-12\"><a href=\"#\"><img src=\"{{media url=\"wysiwyg/alothemes/furniture-19.jpg\"}}\" alt=\"\" width=\"550\" height=\"550\"></a></div>\r\n<div class=\"col-xl-3 col-lg-3 col-md-6 col-sm-6 col-12\"><a href=\"#\"><img src=\"{{media url=\"wysiwyg/alothemes/furniture-15.jpg\"}}\" alt=\"\" width=\"550\" height=\"550\"></a></div>\r\n</div>\r\n<p>&nbsp;</p>\r\n<p>&nbsp;</p>\r\n<p>Koma and Torus are two tea infusers, each with an original design and a concealed function. Koma has a round base and a long stainless steel-trimmed handle which offers a comfortable grip and allows.</p>\r\n<p>&nbsp;</p>\r\n<p>And the brushed steel cover opens and closes at the touch of a finger to easily fill and empty the infuser. The perfect way to enjoy brewing tea. Torus is donut-shaped and can cling to any cup. It is accompanied by a case that can contain up to three different diffusers and can be used for dry storage of loose tea.</p>','2021-06-03 15:30:45','2021-06-03 15:30:45','2020-01-03 00:00:00',1,1,0,'magefan_blog/blog-furniture-43.jpg',NULL,'5',NULL,NULL,NULL,NULL,NULL,NULL,NULL,NULL,NULL,'0',NULL,'<p>People are constantly changing things about themselves--- from their hair styles to their clothes, to even the way they physically look.</p>',NULL),('20','Winner Offering Up Money To Any Man That Will Her Lotto Date ',NULL,NULL,NULL,'blog_20',NULL,NULL,NULL,NULL,NULL,'<p>Diga, Koma and Torus are three kitchen utensils designed for Ommo, a new design-oriented brand introduced at the Ambiente show in February 2016. Minimalist approach, bright colors, stainless steel and matte plastic, abstract shapes and curved lines are the defining features of these products designed to be extremely functional, user-friendly and fun.</p>\r\n<p>&nbsp;</p>\r\n<p>Diga is a two-color melamine salad bowl where vegetables can be washed, drained and served. The disk at the bottom of the bowl can be turned counterclockwise to drain water when washing vegetables and it can be turned clockwise to lock the drain and hold condiments in the bowl when serving.</p>\r\n<p>&nbsp;</p>\r\n<blockquote class=\"blockquote\">\r\n<p>Many desktop publishing packages and web page editors now use Lorem Ipsum as their default model text, and a search for \'lorem ipsum\' will uncover many web sites still in their infancy.&nbsp;</p>\r\n</blockquote>\r\n<p>&nbsp;</p>\r\n<p>&nbsp;</p>\r\n<div class=\"row content-bolog-mage\">\r\n<div class=\"col-xl-3 col-lg-3 col-md-6 col-sm-6 col-12\"><a href=\"#\"><img src=\"{{media url=\"wysiwyg/alothemes/furniture-11.jpg\"}}\" alt=\"\" width=\"550\" height=\"550\"></a></div>\r\n<div class=\"col-xl-3 col-lg-3 col-md-6 col-sm-6 col-12\"><a href=\"#\"><img src=\"{{media url=\"wysiwyg/alothemes/furniture-20.jpg\"}}\" alt=\"\" width=\"550\" height=\"550\"></a></div>\r\n<div class=\"col-xl-3 col-lg-3 col-md-6 col-sm-6 col-12\"><a href=\"#\"><img src=\"{{media url=\"wysiwyg/alothemes/furniture-19.jpg\"}}\" alt=\"\" width=\"550\" height=\"550\"></a></div>\r\n<div class=\"col-xl-3 col-lg-3 col-md-6 col-sm-6 col-12\"><a href=\"#\"><img src=\"{{media url=\"wysiwyg/alothemes/furniture-15.jpg\"}}\" alt=\"\" width=\"550\" height=\"550\"></a></div>\r\n</div>\r\n<p>&nbsp;</p>\r\n<p>&nbsp;</p>\r\n<p>Koma and Torus are two tea infusers, each with an original design and a concealed function. Koma has a round base and a long stainless steel-trimmed handle which offers a comfortable grip and allows.</p>\r\n<p>&nbsp;</p>\r\n<p>And the brushed steel cover opens and closes at the touch of a finger to easily fill and empty the infuser. The perfect way to enjoy brewing tea. Torus is donut-shaped and can cling to any cup. It is accompanied by a case that can contain up to three different diffusers and can be used for dry storage of loose tea.</p>','2021-06-03 15:33:20','2021-06-03 15:33:20','2020-01-03 00:00:00',1,1,0,'magefan_blog/blog-furniture3.jpg',NULL,'5',NULL,NULL,NULL,NULL,NULL,NULL,NULL,NULL,NULL,'0',NULL,'<p>People are constantly changing things about themselves--- from their hair styles to their clothes, to even the way they physically look.</p>',NULL),('21','Winner Offering To Any Man That Will Date Her Lotto Up Money ',NULL,NULL,NULL,'blog_21',NULL,NULL,NULL,NULL,NULL,'<p>Diga, Koma and Torus are three kitchen utensils designed for Ommo, a new design-oriented brand introduced at the Ambiente show in February 2016. Minimalist approach, bright colors, stainless steel and matte plastic, abstract shapes and curved lines are the defining features of these products designed to be extremely functional, user-friendly and fun.</p>\r\n<p>&nbsp;</p>\r\n<p>Diga is a two-color melamine salad bowl where vegetables can be washed, drained and served. The disk at the bottom of the bowl can be turned counterclockwise to drain water when washing vegetables and it can be turned clockwise to lock the drain and hold condiments in the bowl when serving.</p>\r\n<p>&nbsp;</p>\r\n<blockquote class=\"blockquote\">\r\n<p>Many desktop publishing packages and web page editors now use Lorem Ipsum as their default model text, and a search for \'lorem ipsum\' will uncover many web sites still in their infancy.&nbsp;</p>\r\n</blockquote>\r\n<p>&nbsp;</p>\r\n<p>&nbsp;</p>\r\n<div class=\"row content-bolog-mage\">\r\n<div class=\"col-xl-3 col-lg-3 col-md-6 col-sm-6 col-12\"><a href=\"#\"><img src=\"{{media url=\"wysiwyg/alothemes/furniture-11.jpg\"}}\" alt=\"\" width=\"550\" height=\"550\"></a></div>\r\n<div class=\"col-xl-3 col-lg-3 col-md-6 col-sm-6 col-12\"><a href=\"#\"><img src=\"{{media url=\"wysiwyg/alothemes/furniture-20.jpg\"}}\" alt=\"\" width=\"550\" height=\"550\"></a></div>\r\n<div class=\"col-xl-3 col-lg-3 col-md-6 col-sm-6 col-12\"><a href=\"#\"><img src=\"{{media url=\"wysiwyg/alothemes/furniture-19.jpg\"}}\" alt=\"\" width=\"550\" height=\"550\"></a></div>\r\n<div class=\"col-xl-3 col-lg-3 col-md-6 col-sm-6 col-12\"><a href=\"#\"><img src=\"{{media url=\"wysiwyg/alothemes/furniture-15.jpg\"}}\" alt=\"\" width=\"550\" height=\"550\"></a></div>\r\n</div>\r\n<p>&nbsp;</p>\r\n<p>&nbsp;</p>\r\n<p>Koma and Torus are two tea infusers, each with an original design and a concealed function. Koma has a round base and a long stainless steel-trimmed handle which offers a comfortable grip and allows.</p>\r\n<p>&nbsp;</p>\r\n<p>And the brushed steel cover opens and closes at the touch of a finger to easily fill and empty the infuser. The perfect way to enjoy brewing tea. Torus is donut-shaped and can cling to any cup. It is accompanied by a case that can contain up to three different diffusers and can be used for dry storage of loose tea.</p>','2021-06-03 15:35:56','2021-06-03 15:35:56','2020-01-03 00:00:00',1,1,0,'magefan_blog/Blog05_033.jpg',NULL,'5',NULL,NULL,NULL,NULL,NULL,NULL,NULL,NULL,NULL,'0',NULL,'<p>People are constantly changing things about themselves--- from their hair styles to their clothes, to even the way they physically look.</p>',NULL),('22','Winner Offering Up Money To Any Will Date Her Lotto Man That ',NULL,NULL,NULL,'blog_22',NULL,NULL,NULL,NULL,NULL,'<p>Diga, Koma and Torus are three kitchen utensils designed for Ommo, a new design-oriented brand introduced at the Ambiente show in February 2016. Minimalist approach, bright colors, stainless steel and matte plastic, abstract shapes and curved lines are the defining features of these products designed to be extremely functional, user-friendly and fun.</p>\r\n<p>&nbsp;</p>\r\n<p>Diga is a two-color melamine salad bowl where vegetables can be washed, drained and served. The disk at the bottom of the bowl can be turned counterclockwise to drain water when washing vegetables and it can be turned clockwise to lock the drain and hold condiments in the bowl when serving.</p>\r\n<p>&nbsp;</p>\r\n<blockquote class=\"blockquote\">\r\n<p>Many desktop publishing packages and web page editors now use Lorem Ipsum as their default model text, and a search for \'lorem ipsum\' will uncover many web sites still in their infancy.&nbsp;</p>\r\n</blockquote>\r\n<p>&nbsp;</p>\r\n<p>&nbsp;</p>\r\n<div class=\"row content-bolog-mage\">\r\n<div class=\"col-xl-3 col-lg-3 col-md-6 col-sm-6 col-12\"><a href=\"#\"><img src=\"{{media url=\"wysiwyg/alothemes/furniture-11.jpg\"}}\" alt=\"\" width=\"550\" height=\"550\"></a></div>\r\n<div class=\"col-xl-3 col-lg-3 col-md-6 col-sm-6 col-12\"><a href=\"#\"><img src=\"{{media url=\"wysiwyg/alothemes/furniture-20.jpg\"}}\" alt=\"\" width=\"550\" height=\"550\"></a></div>\r\n<div class=\"col-xl-3 col-lg-3 col-md-6 col-sm-6 col-12\"><a href=\"#\"><img src=\"{{media url=\"wysiwyg/alothemes/furniture-19.jpg\"}}\" alt=\"\" width=\"550\" height=\"550\"></a></div>\r\n<div class=\"col-xl-3 col-lg-3 col-md-6 col-sm-6 col-12\"><a href=\"#\"><img src=\"{{media url=\"wysiwyg/alothemes/furniture-15.jpg\"}}\" alt=\"\" width=\"550\" height=\"550\"></a></div>\r\n</div>\r\n<p>&nbsp;</p>\r\n<p>&nbsp;</p>\r\n<p>Koma and Torus are two tea infusers, each with an original design and a concealed function. Koma has a round base and a long stainless steel-trimmed handle which offers a comfortable grip and allows.</p>\r\n<p>&nbsp;</p>\r\n<p>And the brushed steel cover opens and closes at the touch of a finger to easily fill and empty the infuser. The perfect way to enjoy brewing tea. Torus is donut-shaped and can cling to any cup. It is accompanied by a case that can contain up to three different diffusers and can be used for dry storage of loose tea.</p>','2021-06-03 15:38:31','2021-06-03 15:38:31','2020-01-03 00:00:00',1,1,0,'magefan_blog/blog-furniture-23.jpg',NULL,'5',NULL,NULL,NULL,NULL,NULL,NULL,NULL,NULL,NULL,'0',NULL,'<p>People are constantly changing things about themselves--- from their hair styles to their clothes, to even the way they physically look.</p>',NULL),('23','Money To Any Man That Will Date Her Lotto Winner Offering Up ',NULL,NULL,NULL,'blog_23',NULL,NULL,NULL,NULL,NULL,'<p>Diga, Koma and Torus are three kitchen utensils designed for Ommo, a new design-oriented brand introduced at the Ambiente show in February 2016. Minimalist approach, bright colors, stainless steel and matte plastic, abstract shapes and curved lines are the defining features of these products designed to be extremely functional, user-friendly and fun.</p>\r\n<p>&nbsp;</p>\r\n<p>Diga is a two-color melamine salad bowl where vegetables can be washed, drained and served. The disk at the bottom of the bowl can be turned counterclockwise to drain water when washing vegetables and it can be turned clockwise to lock the drain and hold condiments in the bowl when serving.</p>\r\n<p>&nbsp;</p>\r\n<blockquote class=\"blockquote\">\r\n<p>Many desktop publishing packages and web page editors now use Lorem Ipsum as their default model text, and a search for \'lorem ipsum\' will uncover many web sites still in their infancy.&nbsp;</p>\r\n</blockquote>\r\n<p>&nbsp;</p>\r\n<p>&nbsp;</p>\r\n<div class=\"row content-bolog-mage\">\r\n<div class=\"col-xl-3 col-lg-3 col-md-6 col-sm-6 col-12\"><a href=\"#\"><img src=\"{{media url=\"wysiwyg/alothemes/furniture-11.jpg\"}}\" alt=\"\" width=\"550\" height=\"550\"></a></div>\r\n<div class=\"col-xl-3 col-lg-3 col-md-6 col-sm-6 col-12\"><a href=\"#\"><img src=\"{{media url=\"wysiwyg/alothemes/furniture-20.jpg\"}}\" alt=\"\" width=\"550\" height=\"550\"></a></div>\r\n<div class=\"col-xl-3 col-lg-3 col-md-6 col-sm-6 col-12\"><a href=\"#\"><img src=\"{{media url=\"wysiwyg/alothemes/furniture-19.jpg\"}}\" alt=\"\" width=\"550\" height=\"550\"></a></div>\r\n<div class=\"col-xl-3 col-lg-3 col-md-6 col-sm-6 col-12\"><a href=\"#\"><img src=\"{{media url=\"wysiwyg/alothemes/furniture-15.jpg\"}}\" alt=\"\" width=\"550\" height=\"550\"></a></div>\r\n</div>\r\n<p>&nbsp;</p>\r\n<p>&nbsp;</p>\r\n<p>Koma and Torus are two tea infusers, each with an original design and a concealed function. Koma has a round base and a long stainless steel-trimmed handle which offers a comfortable grip and allows.</p>\r\n<p>&nbsp;</p>\r\n<p>And the brushed steel cover opens and closes at the touch of a finger to easily fill and empty the infuser. The perfect way to enjoy brewing tea. Torus is donut-shaped and can cling to any cup. It is accompanied by a case that can contain up to three different diffusers and can be used for dry storage of loose tea.</p>','2021-06-03 15:41:39','2021-06-03 15:41:39','2020-01-03 00:00:00',1,1,0,'magefan_blog/2-1410x868_12.jpg',NULL,'5',NULL,NULL,NULL,NULL,NULL,NULL,NULL,NULL,NULL,'0',NULL,'<p>People are constantly changing things about themselves--- from their hair styles to their clothes, to even the way they physically look.</p>',NULL);

--
-- Table structure for table `magefan_blog_post_category`
--

CREATE TABLE `magefan_blog_post_category` (
  `post_id` int(11) NOT NULL COMMENT 'Post ID',
  `category_id` int(11) NOT NULL COMMENT 'Category ID',
  PRIMARY KEY (`post_id`,`category_id`),
  KEY `MAGEFAN_BLOG_POST_CATEGORY_CATEGORY_ID` (`category_id`)
) ENGINE=InnoDB DEFAULT CHARSET=utf8 COMMENT='Magefan Blog Post To Category Linkage Table';

--
-- Dumping data for table `magefan_blog_post_category`
--

INSERT INTO `magefan_blog_post_category` VALUES ('2','1'),('2','2'),('2','3'),('2','4'),('2','5'),('2','6'),('2','7'),('2','8'),('3','1'),('3','2'),('3','3'),('3','4'),('3','5'),('3','6'),('3','7'),('3','8'),('4','1'),('4','2'),('4','3'),('4','4'),('4','5'),('4','6'),('4','7'),('4','8'),('5','1'),('5','2'),('5','3'),('5','4'),('5','5'),('5','6'),('5','7'),('5','8'),('6','1'),('6','2'),('6','3'),('6','4'),('6','5'),('6','6'),('6','7'),('6','8'),('7','1'),('7','2'),('7','3'),('7','4'),('7','5'),('7','6'),('7','7'),('7','8'),('8','1'),('8','2'),('8','3'),('8','4'),('8','5'),('8','6'),('8','7'),('8','8'),('9','1'),('9','2'),('9','3'),('9','4'),('9','5'),('9','6'),('9','7'),('9','8'),('10','9'),('10','10'),('10','11'),('10','12'),('11','9'),('11','10'),('11','11'),('11','12'),('12','9'),('12','10'),('12','11'),('12','12'),('13','9'),('13','10'),('13','11'),('13','12'),('14','9'),('14','10'),('14','11'),('14','12'),('15','9'),('15','10'),('15','11'),('15','12'),('16','9'),('16','10'),('16','11'),('16','12'),('17','9'),('17','10'),('17','11'),('17','12'),('18','9'),('18','10'),('18','11'),('18','12'),('19','9'),('19','10'),('19','11'),('19','12'),('20','9'),('20','10'),('20','11'),('20','12'),('21','9'),('21','10'),('21','11'),('21','12'),('22','9'),('22','10'),('22','11'),('22','12'),('23','9'),('23','10'),('23','11'),('23','12');

--
-- Table structure for table `magefan_blog_post_relatedpost`
--

CREATE TABLE `magefan_blog_post_relatedpost` (
  `post_id` int(11) NOT NULL COMMENT 'Post ID',
  `related_id` int(11) NOT NULL COMMENT 'Related Post ID',
  `position` int(11) NOT NULL COMMENT 'Position',
  PRIMARY KEY (`post_id`,`related_id`),
  KEY `MAGEFAN_BLOG_POST_RELATEDPRODUCT_RELATED_ID` (`related_id`)
) ENGINE=InnoDB DEFAULT CHARSET=utf8 COMMENT='Magefan Blog Post To Post Linkage Table';

--
-- Dumping data for table `magefan_blog_post_relatedpost`
--

INSERT INTO `magefan_blog_post_relatedpost` VALUES ('2','4','1'),('2','5','2'),('2','6','3'),('3','2','3'),('3','8','1'),('3','9','2'),('4','2','1'),('4','3','2'),('4','8','3'),('5','2','1'),('5','3','2'),('5','4','3'),('6','2','4'),('6','3','1'),('6','4','2'),('6','5','3'),('7','3','1'),('7','4','2'),('7','5','3'),('7','6','4'),('8','1','1'),('8','2','2'),('8','3','3'),('9','4','1'),('9','5','2'),('9','6','3');

--
-- Table structure for table `magefan_blog_post_relatedproduct`
--

CREATE TABLE `magefan_blog_post_relatedproduct` (
  `post_id` int(11) NOT NULL COMMENT 'Post ID',
  `related_id` int(10) unsigned NOT NULL COMMENT 'Related Product ID',
  `position` int(11) NOT NULL COMMENT 'Position',
  PRIMARY KEY (`post_id`,`related_id`),
  KEY `MAGEFAN_BLOG_POST_RELATEDPRODUCT_RELATED_ID` (`related_id`)
) ENGINE=InnoDB DEFAULT CHARSET=utf8 COMMENT='Magefan Blog Post To Product Linkage Table';

--
-- Table structure for table `magefan_blog_post_store`
--

CREATE TABLE `magefan_blog_post_store` (
  `post_id` int(11) NOT NULL COMMENT 'Post ID',
  `store_id` smallint(5) unsigned NOT NULL COMMENT 'Store ID',
  PRIMARY KEY (`post_id`,`store_id`),
  KEY `MAGEFAN_BLOG_POST_STORE_STORE_ID` (`store_id`)
) ENGINE=InnoDB DEFAULT CHARSET=utf8 COMMENT='Magefan Blog Post To Store Linkage Table';

--
-- Dumping data for table `magefan_blog_post_store`
--

INSERT INTO `magefan_blog_post_store` VALUES ('1',0),('2',1),('2',2),('2',3),('2',4),('2',5),('2',6),('2',7),('2',8),('3',1),('3',2),('3',3),('3',4),('3',5),('3',6),('3',7),('3',8),('4',1),('4',2),('4',3),('4',4),('4',5),('4',6),('4',7),('4',8),('5',1),('5',2),('5',3),('5',4),('5',5),('5',6),('5',7),('5',8),('6',1),('6',2),('6',3),('6',4),('6',5),('6',6),('6',7),('6',8),('7',1),('7',2),('7',3),('7',4),('7',5),('7',6),('7',7),('7',8),('8',1),('8',2),('8',3),('8',4),('8',5),('8',6),('8',7),('8',8),('9',1),('9',2),('9',3),('9',4),('9',5),('9',6),('9',7),('9',8),('10',9),('10',10),('10',11),('10',12),('10',13),('10',14),('10',15),('10',16),('10',17),('10',18),('10',19),('10',20),('11',9),('11',10),('11',11),('11',12),('11',13),('11',14),('11',15),('11',16),('11',17),('11',18),('11',19),('11',20),('12',9),('12',10),('12',11),('12',12),('12',13),('12',14),('12',15),('12',16),('12',17),('12',18),('12',19),('12',20),('13',9),('13',10),('13',11),('13',12),('13',13),('13',14),('13',15),('13',16),('13',17),('13',18),('13',19),('13',20),('14',9),('14',10),('14',11),('14',12),('14',13),('14',14),('14',15),('14',16),('14',17),('14',18),('14',19),('14',20),('15',9),('15',10),('15',11),('15',12),('15',13),('15',14),('15',15),('15',16),('15',17),('15',18),('15',19),('15',20),('16',9),('16',10),('16',11),('16',12),('16',13),('16',14),('16',15),('16',16),('16',17),('16',18),('16',19),('16',20),('17',9),('17',10),('17',11),('17',12),('17',13),('17',14),('17',15),('17',16),('17',17),('17',18),('17',19),('17',20),('18',9),('18',10),('18',11),('18',12),('18',13),('18',14),('18',15),('18',16),('18',17),('18',18),('18',19),('18',20),('19',9),('19',10),('19',11),('19',12),('19',13),('19',14),('19',15),('19',16),('19',17),('19',18),('19',19),('19',20),('20',9),('20',10),('20',11),('20',12),('20',13),('20',14),('20',15),('20',16),('20',17),('20',18),('20',19),('20',20),('21',9),('21',10),('21',11),('21',12),('21',13),('21',14),('21',15),('21',16),('21',17),('21',18),('21',19),('21',20),('22',9),('22',10),('22',11),('22',12),('22',13),('22',14),('22',15),('22',16),('22',17),('22',18),('22',19),('22',20),('23',9),('23',10),('23',11),('23',12),('23',13),('23',14),('23',15),('23',16),('23',17),('23',18),('23',19),('23',20);

--
-- Table structure for table `magefan_blog_post_tag`
--

CREATE TABLE `magefan_blog_post_tag` (
  `post_id` int(11) NOT NULL COMMENT 'Post ID',
  `tag_id` int(11) NOT NULL COMMENT 'Tag ID',
  PRIMARY KEY (`post_id`,`tag_id`),
  KEY `MAGEFAN_BLOG_POST_TAG_TAG_ID` (`tag_id`)
) ENGINE=InnoDB DEFAULT CHARSET=utf8 COMMENT='Magefan Blog Post To Category Linkage Table';

--
-- Dumping data for table `magefan_blog_post_tag`
--

INSERT INTO `magefan_blog_post_tag` VALUES ('2','7'),('3','2'),('3','7'),('4','4'),('4','6'),('4','7'),('5','4'),('5','5'),('5','6'),('6','3'),('6','4'),('6','7'),('7','1'),('7','2'),('7','7'),('8','2'),('8','3'),('8','5'),('8','6'),('8','9'),('9','1'),('9','3'),('9','4'),('9','7'),('9','9'),('10','2'),('10','14'),('11','10'),('11','11'),('11','13'),('11','14'),('12','10'),('12','11'),('12','13'),('13','10'),('13','11'),('13','12'),('13','14'),('14','10'),('14','11'),('14','12'),('14','14'),('15','2'),('15','10'),('15','11'),('15','12'),('15','14'),('16','2'),('16','10'),('16','11'),('16','12'),('16','14'),('17','10'),('17','11'),('17','12'),('17','14'),('18','10'),('18','11'),('18','12'),('18','14'),('19','10'),('19','11'),('19','12'),('19','14'),('20','10'),('20','11'),('20','12'),('20','14'),('21','10'),('21','11'),('21','12'),('21','14'),('22','2'),('22','10'),('22','11'),('22','12'),('22','13'),('23','10'),('23','11'),('23','13'),('23','14');

--
-- Table structure for table `magefan_blog_tag`
--

CREATE TABLE `magefan_blog_tag` (
  `tag_id` int(11) NOT NULL AUTO_INCREMENT COMMENT 'Tag ID',
  `title` varchar(255) DEFAULT NULL COMMENT 'Tag Title',
  `meta_robots` varchar(255) DEFAULT NULL COMMENT 'Tag Degault Robots',
  `meta_description` varchar(255) DEFAULT NULL COMMENT 'Tag Meta Description',
  `meta_keywords` varchar(255) DEFAULT NULL COMMENT 'Tag Meta Keywords',
  `meta_title` varchar(255) DEFAULT NULL COMMENT 'Tag Meta Title',
  `identifier` varchar(100) DEFAULT NULL COMMENT 'Tag String Identifier',
  `page_layout` varchar(255) DEFAULT NULL COMMENT 'Tag Layout',
  `is_active` smallint(6) NOT NULL DEFAULT 1 COMMENT 'Is Tag Active',
  `content` mediumtext DEFAULT NULL COMMENT 'Tag Content',
  `layout_update_xml` text DEFAULT NULL COMMENT 'Tag Layout Update Content',
  `custom_theme` varchar(100) DEFAULT NULL COMMENT 'Tag Custom Theme',
  `custom_layout` varchar(255) DEFAULT NULL COMMENT 'Tag Custom Template',
  `custom_layout_update_xml` text DEFAULT NULL COMMENT 'Tag Custom Layout Update Content',
  `custom_theme_from` date DEFAULT NULL COMMENT 'Tag Custom Theme Active From Date',
  `custom_theme_to` date DEFAULT NULL COMMENT 'Tag Custom Theme Active To Date',
  `posts_per_page` int(11) DEFAULT NULL COMMENT 'Posts Per Page',
  `posts_list_template` varchar(100) DEFAULT NULL COMMENT 'Posts List Template',
  PRIMARY KEY (`tag_id`),
  KEY `MAGEFAN_BLOG_TAG_IDENTIFIER` (`identifier`),
  KEY `MAGEFAN_BLOG_TAG_IS_ACTIVE` (`is_active`)
) ENGINE=InnoDB AUTO_INCREMENT=15 DEFAULT CHARSET=utf8 COMMENT='Magefan Blog Tag Table';

--
-- Dumping data for table `magefan_blog_tag`
--

INSERT INTO `magefan_blog_tag` VALUES ('1','beauty',NULL,NULL,NULL,NULL,'beauty',NULL,1,NULL,NULL,NULL,NULL,NULL,NULL,NULL,'0',NULL),('2','fashion',NULL,NULL,NULL,NULL,'fashion',NULL,1,NULL,NULL,NULL,NULL,NULL,NULL,NULL,'0',NULL),('3','food',NULL,NULL,NULL,NULL,'food',NULL,1,NULL,NULL,NULL,NULL,NULL,NULL,NULL,'0',NULL),('4','street style',NULL,NULL,NULL,NULL,'street-style',NULL,1,NULL,NULL,NULL,NULL,NULL,NULL,NULL,'0',NULL),('5','style',NULL,NULL,NULL,NULL,'style',NULL,1,NULL,NULL,NULL,NULL,NULL,NULL,NULL,'0',NULL),('6','travel',NULL,NULL,NULL,NULL,'travel',NULL,1,NULL,NULL,NULL,NULL,NULL,NULL,NULL,'0',NULL),('7','trending',NULL,NULL,NULL,NULL,'trending',NULL,1,NULL,NULL,NULL,NULL,NULL,NULL,NULL,'0',NULL),('9','forest',NULL,NULL,NULL,NULL,'forest',NULL,1,NULL,NULL,NULL,NULL,NULL,NULL,NULL,'0',NULL),('10','electronics',NULL,NULL,NULL,NULL,'electronics',NULL,1,NULL,NULL,NULL,NULL,NULL,NULL,NULL,'0',NULL),('11','organic',NULL,NULL,NULL,NULL,'organic',NULL,1,NULL,NULL,NULL,NULL,NULL,NULL,NULL,'0',NULL),('12','jewelry',NULL,NULL,NULL,NULL,'jewelry',NULL,1,NULL,NULL,NULL,NULL,NULL,NULL,NULL,'0',NULL),('13','autopart',NULL,NULL,NULL,NULL,'autopart',NULL,1,NULL,NULL,NULL,NULL,NULL,NULL,NULL,'0',NULL),('14','digital',NULL,NULL,NULL,NULL,'digital',NULL,1,NULL,NULL,NULL,NULL,NULL,NULL,NULL,'0',NULL);

--
-- Table structure for table `magefan_blog_tag_store`
--

CREATE TABLE `magefan_blog_tag_store` (
  `tag_id` int(11) NOT NULL COMMENT 'Tag ID',
  `store_id` smallint(5) unsigned NOT NULL COMMENT 'Store ID',
  PRIMARY KEY (`tag_id`,`store_id`),
  KEY `MAGEFAN_BLOG_TAG_STORE_STORE_ID` (`store_id`)
) ENGINE=InnoDB DEFAULT CHARSET=utf8 COMMENT='Magefan Blog Tag To Store Linkage Table';

--
-- Dumping data for table `magefan_blog_tag_store`
--

INSERT INTO `magefan_blog_tag_store` VALUES ('1',1),('1',2),('1',3),('1',4),('1',5),('1',6),('1',7),('1',8),('2',1),('2',2),('2',3),('2',4),('2',5),('2',6),('2',7),('2',8),('3',1),('3',2),('3',3),('3',4),('3',5),('3',6),('3',7),('3',8),('4',1),('4',2),('4',3),('4',4),('4',5),('4',6),('4',7),('4',8),('5',1),('5',2),('5',3),('5',4),('5',5),('5',6),('5',7),('5',8),('6',1),('6',2),('6',3),('6',4),('6',5),('6',6),('6',7),('6',8),('7',1),('7',2),('7',3),('7',4),('7',5),('7',6),('7',7),('7',8),('9',1),('9',2),('9',3),('9',4),('9',5),('9',6),('9',7),('9',8),('10',9),('10',10),('10',11),('10',12),('10',13),('10',14),('10',15),('10',16),('10',17),('10',18),('10',19),('10',20),('11',9),('11',10),('11',11),('11',12),('11',13),('11',14),('11',15),('11',16),('11',17),('11',18),('11',19),('11',20),('12',9),('12',10),('12',11),('12',12),('12',13),('12',14),('12',15),('12',16),('12',17),('12',18),('12',19),('12',20),('13',9),('13',10),('13',11),('13',12),('13',13),('13',14),('13',15),('13',16),('13',17),('13',18),('13',19),('13',20),('14',9),('14',10),('14',11),('14',12),('14',13),('14',14),('14',15),('14',16),('14',17),('14',18),('14',19),('14',20);

--
-- Table structure for table `magento_acknowledged_bulk`
--

CREATE TABLE `magento_acknowledged_bulk` (
  `id` int(10) unsigned NOT NULL AUTO_INCREMENT COMMENT 'Internal ID',
  `bulk_uuid` varbinary(39) DEFAULT NULL COMMENT 'Related Bulk UUID',
  PRIMARY KEY (`id`),
  UNIQUE KEY `MAGENTO_ACKNOWLEDGED_BULK_BULK_UUID` (`bulk_uuid`)
) ENGINE=InnoDB DEFAULT CHARSET=utf8 COMMENT='Bulk that was viewed by user from notification area';

--
-- Table structure for table `magento_bulk`
--

CREATE TABLE `magento_bulk` (
  `id` int(10) unsigned NOT NULL AUTO_INCREMENT COMMENT 'Bulk Internal ID (must not be exposed)',
  `uuid` varbinary(39) DEFAULT NULL COMMENT 'Bulk UUID (can be exposed to reference bulk entity)',
  `user_id` int(10) unsigned DEFAULT NULL COMMENT 'ID of the WebAPI user that performed an action',
  `user_type` int(11) DEFAULT NULL COMMENT 'Which type of user',
  `description` varchar(255) DEFAULT NULL COMMENT 'Bulk Description',
  `operation_count` int(10) unsigned NOT NULL COMMENT 'Total number of operations scheduled within this bulk',
  `start_time` timestamp NOT NULL DEFAULT current_timestamp() COMMENT 'Bulk start time',
  PRIMARY KEY (`id`),
  UNIQUE KEY `MAGENTO_BULK_UUID` (`uuid`),
  KEY `MAGENTO_BULK_USER_ID` (`user_id`),
  KEY `MAGENTO_BULK_START_TIME` (`start_time`)
) ENGINE=InnoDB DEFAULT CHARSET=utf8 COMMENT='Bulk entity that represents set of related asynchronous operations';

--
-- Table structure for table `magento_login_as_customer_log`
--

CREATE TABLE `magento_login_as_customer_log` (
  `log_id` int(11) NOT NULL AUTO_INCREMENT COMMENT 'Log Id',
  `time` timestamp NULL DEFAULT NULL COMMENT 'Event Date',
  `user_id` int(10) unsigned DEFAULT NULL COMMENT 'User Id',
  `user_name` varchar(40) DEFAULT NULL COMMENT 'User Name',
  `customer_id` int(10) unsigned DEFAULT NULL COMMENT 'Customer Id',
  `customer_email` varchar(40) DEFAULT NULL COMMENT 'Customer email',
  PRIMARY KEY (`log_id`),
  KEY `MAGENTO_LOGIN_AS_CUSTOMER_LOG_USER_ID` (`user_id`)
) ENGINE=InnoDB DEFAULT CHARSET=utf8 COMMENT='Login as Customer Logging';

--
-- Table structure for table `magento_operation`
--

CREATE TABLE `magento_operation` (
  `id` int(10) unsigned NOT NULL AUTO_INCREMENT COMMENT 'Operation ID',
  `bulk_uuid` varbinary(39) DEFAULT NULL COMMENT 'Related Bulk UUID',
  `topic_name` varchar(255) DEFAULT NULL COMMENT 'Name of the related message queue topic',
  `serialized_data` blob DEFAULT NULL COMMENT 'Data (serialized) required to perform an operation',
  `result_serialized_data` blob DEFAULT NULL COMMENT 'Result data (serialized) after perform an operation',
  `status` smallint(6) DEFAULT 0 COMMENT 'Operation status (OPEN | COMPLETE | RETRIABLY_FAILED | NOT_RETRIABLY_FAILED)',
  `error_code` smallint(6) DEFAULT NULL COMMENT 'Code of the error that appeared during operation execution (used to aggregate related failed operations)',
  `result_message` varchar(255) DEFAULT NULL COMMENT 'Operation result message',
  `operation_key` int(10) unsigned DEFAULT NULL COMMENT 'Operation Key',
  `started_at` timestamp NULL DEFAULT NULL COMMENT 'Datetime the operation started processing',
  PRIMARY KEY (`id`),
  KEY `MAGENTO_OPERATION_BULK_UUID_ERROR_CODE` (`bulk_uuid`,`error_code`),
  KEY `MAGENTO_OPERATION_STATUS_STARTED_AT` (`status`,`started_at`)
) ENGINE=InnoDB DEFAULT CHARSET=utf8 COMMENT='Operation entity';

--
-- Table structure for table `magepow_producttags_product`
--

CREATE TABLE `magepow_producttags_product` (
  `tag_id` int(10) unsigned NOT NULL COMMENT 'Tag ID',
  `product_id` int(10) unsigned NOT NULL DEFAULT 0 COMMENT 'Product ID',
  `position` int(11) NOT NULL DEFAULT 0 COMMENT 'Position'
) ENGINE=InnoDB DEFAULT CHARSET=utf8 COMMENT='products tags Table';

--
-- Dumping data for table `magepow_producttags_product`
--

INSERT INTO `magepow_producttags_product` VALUES ('1','340','0'),('1','341','0'),('1','342','0'),('1','343','0'),('1','344','0'),('1','345','0'),('1','346','0'),('1','347','0'),('1','368','0'),('2','337','0'),('2','338','0'),('2','339','0'),('2','340','0'),('2','341','0'),('2','342','0'),('2','343','0'),('2','344','0'),('2','345','0'),('3','1','0'),('3','3','0'),('3','12','0'),('3','70','0'),('3','73','0'),('3','105','0'),('4','328','0'),('4','329','0'),('4','330','0'),('4','331','0'),('4','332','0'),('4','334','0'),('4','335','0'),('5','335','0'),('5','336','0'),('5','337','0'),('5','338','0'),('5','339','0'),('5','340','0'),('5','341','0'),('5','342','0'),('5','343','0'),('6','330','0'),('6','331','0'),('6','332','0'),('6','334','0'),('6','335','0'),('6','336','0'),('6','337','0'),('6','338','0'),('6','339','0'),('7','331','0'),('7','332','0'),('7','334','0'),('7','335','0'),('7','336','0'),('7','337','0'),('7','338','0'),('7','339','0'),('7','340','0'),('8','1','0'),('8','3','0'),('8','12','0'),('8','70','0'),('8','73','0'),('8','105','0'),('8','138','0'),('8','139','0'),('9','322','0'),('9','323','0'),('9','328','0'),('9','329','0'),('9','343','0'),('9','344','0'),('9','345','0'),('9','346','0'),('9','347','0');

--
-- Table structure for table `magepow_producttags_store`
--

CREATE TABLE `magepow_producttags_store` (
  `tag_id` int(10) unsigned NOT NULL COMMENT 'Tag ID',
  `store_id` int(10) unsigned NOT NULL DEFAULT 0 COMMENT 'Store ID'
) ENGINE=InnoDB DEFAULT CHARSET=utf8 COMMENT='Product Tags Store Table';

--
-- Dumping data for table `magepow_producttags_store`
--

INSERT INTO `magepow_producttags_store` VALUES ('1','0'),('2','0'),('3','0'),('4','0'),('5','0'),('6','0'),('7','0'),('8','0'),('9','0');

--
-- Table structure for table `magepow_producttags_tag`
--

CREATE TABLE `magepow_producttags_tag` (
  `tag_id` int(10) unsigned NOT NULL AUTO_INCREMENT COMMENT 'Tag ID',
  `status` smallint(6) NOT NULL DEFAULT 0 COMMENT 'Status',
  `tag_title` text NOT NULL DEFAULT '' COMMENT 'Tag Title',
  `identifier` text NOT NULL DEFAULT '' COMMENT 'Identifier',
  `customer_id` int(10) unsigned NOT NULL DEFAULT 0 COMMENT 'Customer Id',
  `number_products` int(11) NOT NULL DEFAULT 0 COMMENT 'Number of products for the tag',
  `created_at` timestamp NOT NULL DEFAULT current_timestamp() COMMENT 'Created At',
  `modified_at` timestamp NOT NULL DEFAULT current_timestamp() COMMENT 'Modified At',
  PRIMARY KEY (`tag_id`),
  FULLTEXT KEY `MAGEPOW_PRODUCTTAGS_TAG_TAG_TITLE_IDENTIFIER` (`tag_title`,`identifier`)
) ENGINE=InnoDB AUTO_INCREMENT=10 DEFAULT CHARSET=utf8 COMMENT='Product Tags Table';

--
-- Dumping data for table `magepow_producttags_tag`
--

INSERT INTO `magepow_producttags_tag` VALUES ('1',1,'Amazon','amazon','0','9','2021-04-14 07:31:31','2021-04-14 07:31:31'),('2',1,'Apple','apple','0','9','2021-04-14 07:33:03','2021-04-14 07:33:03'),('3',1,'IPhone','iphone','0','6','2021-04-14 07:34:02','2021-04-14 07:34:02'),('4',1,'Mattresses','mattresses','0','7','2021-04-14 07:35:13','2021-04-14 07:35:13'),('5',1,'Beds','beds','0','9','2021-04-14 07:35:49','2021-04-14 07:35:49'),('6',1,'Sofas','sofas','0','9','2021-04-14 07:36:29','2021-04-14 07:36:29'),('7',1,'Headboards','headboards','0','9','2021-04-14 07:37:32','2021-04-14 07:37:32'),('8',1,'Beats','beats','0','8','2021-04-14 07:37:59','2021-04-14 07:37:59'),('9',1,'Speaker','speaker','0','9','2021-04-14 07:38:27','2021-04-14 07:38:27');

--
-- Table structure for table `magiccart_lookbook`
--

CREATE TABLE `magiccart_lookbook` (
  `lookbook_id` int(11) NOT NULL AUTO_INCREMENT COMMENT 'Lookbook ID',
  `title` varchar(255) DEFAULT NULL COMMENT 'Title',
  `identifier` varchar(255) DEFAULT NULL COMMENT 'Identifier',
  `type_id` smallint(6) NOT NULL DEFAULT 1 COMMENT 'Type',
  `link` varchar(255) DEFAULT NULL COMMENT 'Link',
  `image` varchar(255) DEFAULT NULL COMMENT 'Image',
  `options` text DEFAULT NULL COMMENT 'options',
  `stores` varchar(255) DEFAULT NULL COMMENT 'Stores',
  `order` int(11) NOT NULL DEFAULT 0 COMMENT 'Order',
  `status` smallint(6) NOT NULL DEFAULT 1 COMMENT 'Status',
  `description` varchar(255) DEFAULT NULL COMMENT 'Description',
  `config` mediumtext DEFAULT NULL COMMENT 'Config',
  PRIMARY KEY (`lookbook_id`)
) ENGINE=InnoDB DEFAULT CHARSET=utf8 COMMENT='Magiccart Lookbook';

--
-- Table structure for table `magiccart_magicmenu`
--

CREATE TABLE `magiccart_magicmenu` (
  `magicmenu_id` int(11) NOT NULL AUTO_INCREMENT COMMENT 'Magicmenu ID',
  `cat_id` varchar(255) DEFAULT NULL COMMENT 'Category Id',
  `cat_col` varchar(255) DEFAULT NULL COMMENT 'Columns category',
  `cat_proportion` int(11) NOT NULL DEFAULT 0 COMMENT 'Proportion category',
  `top` varchar(255) DEFAULT NULL COMMENT 'Category content top',
  `right` varchar(255) DEFAULT NULL COMMENT 'Category content right',
  `right_proportion` int(11) NOT NULL DEFAULT 0 COMMENT 'Proportion category content right',
  `bottom` varchar(255) DEFAULT NULL COMMENT 'Category content bottom',
  `left` varchar(255) DEFAULT NULL COMMENT 'Category content right',
  `left_proportion` int(11) NOT NULL DEFAULT 0 COMMENT 'Proportion category content left',
  `name` varchar(255) DEFAULT NULL COMMENT 'Extra menu name',
  `magic_label` varchar(255) DEFAULT NULL COMMENT 'Extra menu label',
  `link` varchar(255) DEFAULT NULL COMMENT 'Extra menu link',
  `ext_content` text DEFAULT NULL COMMENT 'Extra menu content',
  `extra` smallint(6) NOT NULL DEFAULT 0 COMMENT 'Is Extra',
  `stores` varchar(255) DEFAULT NULL COMMENT 'Stores',
  `order` int(11) NOT NULL DEFAULT 0 COMMENT 'Order',
  `status` smallint(6) NOT NULL DEFAULT 1 COMMENT 'Status',
  PRIMARY KEY (`magicmenu_id`)
) ENGINE=InnoDB AUTO_INCREMENT=22 DEFAULT CHARSET=utf8 COMMENT='Magiccart Magicmenu';

--
-- Dumping data for table `magiccart_magicmenu`
--

INSERT INTO `magiccart_magicmenu` VALUES ('1',NULL,'shop','0',NULL,NULL,'0',NULL,NULL,'0','Shop','Sale','relax.html',NULL,1,'1,2','1',2),('3',NULL,NULL,'0',NULL,NULL,'0',NULL,NULL,'0','Portfolio',NULL,'portfolio',NULL,1,'0','0',2),('4',NULL,NULL,'0',NULL,NULL,'0',NULL,NULL,'0','Lookbook','New','lookbook',NULL,1,'0','2',2),('5',NULL,NULL,'0',NULL,NULL,'0',NULL,NULL,'0','Blog','Hot','blog','menu-blog',1,'1,2,3,4,5,6,7,8','5',1),('7',NULL,'page extra-menu','0',NULL,NULL,'0',NULL,NULL,'0','Pages','New','accessories.html',NULL,1,'0','2',2),('12',NULL,'about-us','0',NULL,NULL,'0',NULL,NULL,'0','About Us',NULL,'about-us',NULL,1,'0','4',1),('14',NULL,'dropdown','0',NULL,NULL,'0',NULL,NULL,'0','Store','Sale','clothing.html',NULL,1,'19,20,3,4,5,6,7,8,9,10,11,12,13,14,15,16,17,18','1',2),('15',NULL,'dropdown','0',NULL,NULL,'0',NULL,NULL,'0','Contact Us',NULL,'contact',NULL,1,'0','0',1),('16','256','4','0',NULL,NULL,'0','block-category-shop-bottom',NULL,'0',NULL,NULL,NULL,NULL,0,'1,2,3,4,5,6,7,8','0',1),('17','293','3','0',NULL,NULL,'0','block-category-living-room-bottom',NULL,'0',NULL,NULL,NULL,NULL,0,'1,2,3,4,5,6,7,8','0',1),('18','320','2','0',NULL,NULL,'0','block-category-bathroom-bottom',NULL,'0',NULL,NULL,NULL,NULL,0,'1,2,3,4,5,6,7,8','0',1),('19',NULL,NULL,'0',NULL,NULL,'0',NULL,NULL,'0','Blog','Hot','blog','menu-blog',1,'9,10,11,12,13,14,15,16','5',1),('20','339','3','0',NULL,NULL,'0','block-category-home-electronics',NULL,'0',NULL,NULL,NULL,NULL,0,'9,10,11,12,13,14,15,16','0',1),('21','341','2','0',NULL,NULL,'0','block-category-smartphones-tablets',NULL,'0',NULL,NULL,NULL,NULL,0,'9,10,11,12,13,14,15,16','0',1);

--
-- Table structure for table `magiccart_magicproduct`
--

CREATE TABLE `magiccart_magicproduct` (
  `magicproduct_id` int(11) NOT NULL AUTO_INCREMENT COMMENT 'Magicproduct ID',
  `title` varchar(255) NOT NULL COMMENT 'Title',
  `identifier` varchar(255) DEFAULT NULL COMMENT 'Identifier',
  `type_id` smallint(6) NOT NULL DEFAULT 1 COMMENT 'Type',
  `config` mediumtext DEFAULT NULL COMMENT 'Config',
  `status` smallint(6) NOT NULL DEFAULT 1 COMMENT 'Status',
  PRIMARY KEY (`magicproduct_id`),
  KEY `MAGICPRODUCT_IDENTIFIER_IDENTIFIER` (`identifier`)
) ENGINE=InnoDB AUTO_INCREMENT=64 DEFAULT CHARSET=utf8 COMMENT='Magiccart Magicproduct';

--
-- Dumping data for table `magiccart_magicproduct`
--

INSERT INTO `magiccart_magicproduct` VALUES ('34','#New Arrivable','cms-product-8-2',3,'a:37:{s:15:\"magicproduct_id\";s:2:\"34\";s:5:\"title\";s:14:\"#New Arrivable\";s:10:\"identifier\";s:15:\"cms-product-8-2\";s:4:\"ajax\";s:1:\"1\";s:5:\"types\";a:1:{i:0;s:3:\"new\";}s:9:\"activated\";s:3:\"new\";s:5:\"limit\";s:2:\"10\";s:6:\"status\";s:1:\"1\";s:10:\"parameters\";a:1:{s:10:\"conditions\";a:1:{i:1;a:4:{s:4:\"type\";s:50:\"Magento\\CatalogWidget\\Model\\Rule\\Condition\\Combine\";s:10:\"aggregator\";s:3:\"all\";s:5:\"value\";s:1:\"1\";s:9:\"new_child\";s:0:\"\";}}}s:11:\"category_id\";s:1:\"0\";s:12:\"category_ids\";a:2:{i:0;s:1:\"0\";i:1;s:1:\"0\";}s:6:\"mobile\";s:1:\"1\";s:8:\"portrait\";s:1:\"1\";s:9:\"landscape\";s:1:\"2\";s:6:\"tablet\";s:1:\"2\";s:8:\"notebook\";s:1:\"2\";s:6:\"laptop\";s:1:\"2\";s:7:\"desktop\";s:1:\"3\";s:10:\"widescreen\";s:1:\"3\";s:7:\"visible\";s:1:\"3\";s:5:\"timer\";s:1:\"0\";s:5:\"slide\";s:1:\"1\";s:8:\"vertical\";s:5:\"false\";s:8:\"infinite\";s:4:\"true\";s:8:\"autoplay\";s:5:\"false\";s:6:\"arrows\";s:4:\"true\";s:4:\"dots\";s:5:\"false\";s:4:\"fade\";s:5:\"false\";s:11:\"center-Mode\";s:5:\"false\";s:4:\"rows\";s:1:\"1\";s:5:\"speed\";s:3:\"300\";s:14:\"autoplay-Speed\";s:4:\"3000\";s:7:\"padding\";s:2:\"15\";s:4:\"cart\";s:1:\"1\";s:7:\"compare\";s:1:\"1\";s:8:\"wishlist\";s:1:\"1\";s:6:\"review\";s:1:\"1\";}',1),('35','#Weekly Feature','cms-block-product-8-1',3,'a:36:{s:5:\"title\";s:15:\"#Weekly Feature\";s:10:\"identifier\";s:21:\"cms-block-product-8-1\";s:4:\"ajax\";s:1:\"1\";s:5:\"types\";a:1:{i:0;s:8:\"featured\";}s:9:\"activated\";s:8:\"featured\";s:5:\"limit\";s:2:\"10\";s:6:\"status\";s:1:\"1\";s:10:\"parameters\";a:1:{s:10:\"conditions\";a:1:{i:1;a:4:{s:4:\"type\";s:50:\"Magento\\CatalogWidget\\Model\\Rule\\Condition\\Combine\";s:10:\"aggregator\";s:3:\"all\";s:5:\"value\";s:1:\"1\";s:9:\"new_child\";s:0:\"\";}}}s:11:\"category_id\";s:1:\"0\";s:12:\"category_ids\";a:1:{i:0;s:1:\"0\";}s:6:\"mobile\";s:1:\"1\";s:8:\"portrait\";s:1:\"1\";s:9:\"landscape\";s:1:\"2\";s:6:\"tablet\";s:1:\"2\";s:8:\"notebook\";s:1:\"2\";s:6:\"laptop\";s:1:\"2\";s:7:\"desktop\";s:1:\"3\";s:10:\"widescreen\";s:1:\"3\";s:7:\"visible\";s:1:\"3\";s:5:\"timer\";s:1:\"0\";s:5:\"slide\";s:1:\"1\";s:8:\"vertical\";s:5:\"false\";s:8:\"infinite\";s:4:\"true\";s:8:\"autoplay\";s:5:\"false\";s:6:\"arrows\";s:4:\"true\";s:4:\"dots\";s:5:\"false\";s:4:\"fade\";s:5:\"false\";s:11:\"center-Mode\";s:5:\"false\";s:4:\"rows\";s:1:\"1\";s:5:\"speed\";s:3:\"300\";s:14:\"autoplay-Speed\";s:4:\"3000\";s:7:\"padding\";s:2:\"15\";s:4:\"cart\";s:1:\"1\";s:7:\"compare\";s:1:\"1\";s:8:\"wishlist\";s:1:\"1\";s:6:\"review\";s:1:\"1\";}',1),('37','New Arrivals home1','new-arrivals',1,'a:38:{s:8:\"form_key\";s:16:\"EbnLyaBAS4GWpD3r\";s:15:\"magicproduct_id\";s:2:\"37\";s:9:\"countdown\";s:0:\"\";s:5:\"title\";s:18:\"New Arrivals home1\";s:8:\"subtitle\";s:0:\"\";s:4:\"ajax\";s:1:\"1\";s:8:\"loadmore\";s:1:\"0\";s:5:\"types\";a:1:{i:0;s:6:\"latest\";}s:9:\"activated\";s:6:\"latest\";s:5:\"limit\";s:2:\"24\";s:6:\"status\";s:1:\"1\";s:10:\"parameters\";a:1:{s:10:\"conditions\";a:2:{i:1;a:4:{s:4:\"type\";s:50:\"Magento\\CatalogWidget\\Model\\Rule\\Condition\\Combine\";s:10:\"aggregator\";s:3:\"all\";s:5:\"value\";s:1:\"1\";s:9:\"new_child\";s:0:\"\";}s:4:\"1--1\";a:4:{s:4:\"type\";s:50:\"Magento\\CatalogWidget\\Model\\Rule\\Condition\\Product\";s:9:\"attribute\";s:16:\"attribute_set_id\";s:8:\"operator\";s:2:\"==\";s:5:\"value\";s:1:\"4\";}}}s:6:\"mobile\";s:1:\"1\";s:8:\"portrait\";s:1:\"2\";s:9:\"landscape\";s:1:\"2\";s:6:\"tablet\";s:1:\"2\";s:8:\"notebook\";s:1:\"3\";s:6:\"laptop\";s:1:\"3\";s:7:\"desktop\";s:1:\"4\";s:10:\"widescreen\";s:1:\"5\";s:7:\"visible\";s:1:\"5\";s:5:\"timer\";s:1:\"0\";s:5:\"slide\";s:1:\"1\";s:8:\"vertical\";s:5:\"false\";s:8:\"infinite\";s:4:\"true\";s:8:\"autoplay\";s:5:\"false\";s:6:\"arrows\";s:4:\"true\";s:4:\"dots\";s:5:\"false\";s:4:\"fade\";s:5:\"false\";s:11:\"center-Mode\";s:5:\"false\";s:4:\"rows\";s:1:\"2\";s:5:\"speed\";s:3:\"300\";s:14:\"autoplay-Speed\";s:4:\"3000\";s:7:\"padding\";s:2:\"15\";s:4:\"cart\";s:1:\"1\";s:7:\"compare\";s:1:\"1\";s:8:\"wishlist\";s:1:\"1\";s:6:\"review\";s:1:\"1\";}',1),('38','Hot Deals Home 1','hot-deals-home1',1,'a:37:{s:8:\"form_key\";s:16:\"KrkrKxP8ILzDfNXH\";s:15:\"magicproduct_id\";s:2:\"38\";s:9:\"countdown\";s:0:\"\";s:5:\"title\";s:16:\"Hot Deals Home 1\";s:4:\"ajax\";s:1:\"1\";s:8:\"loadmore\";s:1:\"0\";s:5:\"types\";a:1:{i:0;s:4:\"sale\";}s:9:\"activated\";s:4:\"sale\";s:5:\"limit\";s:1:\"6\";s:6:\"status\";s:1:\"1\";s:10:\"parameters\";a:1:{s:10:\"conditions\";a:2:{i:1;a:4:{s:4:\"type\";s:50:\"Magento\\CatalogWidget\\Model\\Rule\\Condition\\Combine\";s:10:\"aggregator\";s:3:\"all\";s:5:\"value\";s:1:\"1\";s:9:\"new_child\";s:0:\"\";}s:4:\"1--1\";a:4:{s:4:\"type\";s:50:\"Magento\\CatalogWidget\\Model\\Rule\\Condition\\Product\";s:9:\"attribute\";s:16:\"attribute_set_id\";s:8:\"operator\";s:2:\"==\";s:5:\"value\";s:1:\"4\";}}}s:6:\"mobile\";s:1:\"1\";s:8:\"portrait\";s:1:\"1\";s:9:\"landscape\";s:1:\"2\";s:6:\"tablet\";s:1:\"2\";s:8:\"notebook\";s:1:\"1\";s:6:\"laptop\";s:1:\"1\";s:7:\"desktop\";s:1:\"2\";s:10:\"widescreen\";s:1:\"2\";s:7:\"visible\";s:1:\"2\";s:5:\"timer\";s:1:\"1\";s:5:\"slide\";s:1:\"1\";s:8:\"vertical\";s:5:\"false\";s:8:\"infinite\";s:4:\"true\";s:8:\"autoplay\";s:5:\"false\";s:6:\"arrows\";s:4:\"true\";s:4:\"dots\";s:5:\"false\";s:4:\"fade\";s:5:\"false\";s:11:\"center-Mode\";s:5:\"false\";s:4:\"rows\";s:1:\"1\";s:5:\"speed\";s:3:\"300\";s:14:\"autoplay-Speed\";s:4:\"3000\";s:7:\"padding\";s:2:\"15\";s:4:\"cart\";s:1:\"1\";s:7:\"compare\";s:1:\"1\";s:8:\"wishlist\";s:1:\"1\";s:6:\"review\";s:1:\"1\";}',1),('39','Featured Product Home1','featured-product-home1',1,'a:37:{s:8:\"form_key\";s:16:\"KrkrKxP8ILzDfNXH\";s:15:\"magicproduct_id\";s:2:\"39\";s:9:\"countdown\";s:0:\"\";s:5:\"title\";s:22:\"Featured Product Home1\";s:4:\"ajax\";s:1:\"1\";s:8:\"loadmore\";s:1:\"0\";s:5:\"types\";a:1:{i:0;s:8:\"featured\";}s:9:\"activated\";s:8:\"featured\";s:5:\"limit\";s:2:\"12\";s:6:\"status\";s:1:\"1\";s:10:\"parameters\";a:1:{s:10:\"conditions\";a:2:{i:1;a:4:{s:4:\"type\";s:50:\"Magento\\CatalogWidget\\Model\\Rule\\Condition\\Combine\";s:10:\"aggregator\";s:3:\"all\";s:5:\"value\";s:1:\"1\";s:9:\"new_child\";s:0:\"\";}s:4:\"1--1\";a:4:{s:4:\"type\";s:50:\"Magento\\CatalogWidget\\Model\\Rule\\Condition\\Product\";s:9:\"attribute\";s:16:\"attribute_set_id\";s:8:\"operator\";s:2:\"==\";s:5:\"value\";s:1:\"4\";}}}s:6:\"mobile\";s:1:\"1\";s:8:\"portrait\";s:1:\"1\";s:9:\"landscape\";s:1:\"1\";s:6:\"tablet\";s:1:\"1\";s:8:\"notebook\";s:1:\"2\";s:6:\"laptop\";s:1:\"3\";s:7:\"desktop\";s:1:\"3\";s:10:\"widescreen\";s:1:\"4\";s:7:\"visible\";s:1:\"4\";s:5:\"timer\";s:1:\"0\";s:5:\"slide\";s:1:\"1\";s:8:\"vertical\";s:5:\"false\";s:8:\"infinite\";s:4:\"true\";s:8:\"autoplay\";s:5:\"false\";s:6:\"arrows\";s:4:\"true\";s:4:\"dots\";s:5:\"false\";s:4:\"fade\";s:5:\"false\";s:11:\"center-Mode\";s:5:\"false\";s:4:\"rows\";s:1:\"2\";s:5:\"speed\";s:3:\"300\";s:14:\"autoplay-Speed\";s:4:\"3000\";s:7:\"padding\";s:2:\"15\";s:4:\"cart\";s:1:\"1\";s:7:\"compare\";s:1:\"1\";s:8:\"wishlist\";s:1:\"1\";s:6:\"review\";s:1:\"1\";}',1),('40','New Arrivals home2','new-arrivals2',1,'a:37:{s:8:\"form_key\";s:16:\"KrkrKxP8ILzDfNXH\";s:15:\"magicproduct_id\";s:2:\"40\";s:9:\"countdown\";s:0:\"\";s:5:\"title\";s:18:\"New Arrivals home2\";s:4:\"ajax\";s:1:\"1\";s:8:\"loadmore\";s:1:\"0\";s:5:\"types\";a:1:{i:0;s:6:\"latest\";}s:9:\"activated\";s:6:\"latest\";s:5:\"limit\";s:2:\"24\";s:6:\"status\";s:1:\"1\";s:10:\"parameters\";a:1:{s:10:\"conditions\";a:2:{i:1;a:4:{s:4:\"type\";s:50:\"Magento\\CatalogWidget\\Model\\Rule\\Condition\\Combine\";s:10:\"aggregator\";s:3:\"all\";s:5:\"value\";s:1:\"1\";s:9:\"new_child\";s:0:\"\";}s:4:\"1--1\";a:4:{s:4:\"type\";s:50:\"Magento\\CatalogWidget\\Model\\Rule\\Condition\\Product\";s:9:\"attribute\";s:16:\"attribute_set_id\";s:8:\"operator\";s:2:\"==\";s:5:\"value\";s:1:\"4\";}}}s:6:\"mobile\";s:1:\"1\";s:8:\"portrait\";s:1:\"2\";s:9:\"landscape\";s:1:\"2\";s:6:\"tablet\";s:1:\"2\";s:8:\"notebook\";s:1:\"3\";s:6:\"laptop\";s:1:\"4\";s:7:\"desktop\";s:1:\"5\";s:10:\"widescreen\";s:1:\"5\";s:7:\"visible\";s:1:\"5\";s:5:\"timer\";s:1:\"0\";s:5:\"slide\";s:1:\"1\";s:8:\"vertical\";s:5:\"false\";s:8:\"infinite\";s:4:\"true\";s:8:\"autoplay\";s:5:\"false\";s:6:\"arrows\";s:4:\"true\";s:4:\"dots\";s:5:\"false\";s:4:\"fade\";s:5:\"false\";s:11:\"center-Mode\";s:5:\"false\";s:4:\"rows\";s:1:\"2\";s:5:\"speed\";s:3:\"300\";s:14:\"autoplay-Speed\";s:4:\"3000\";s:7:\"padding\";s:2:\"15\";s:4:\"cart\";s:1:\"1\";s:7:\"compare\";s:1:\"1\";s:8:\"wishlist\";s:1:\"1\";s:6:\"review\";s:1:\"1\";}',1),('41','Featured Product Home2','featured-product-home2',1,'a:37:{s:8:\"form_key\";s:16:\"NNdV4Z05MMD1tAoP\";s:15:\"magicproduct_id\";s:2:\"41\";s:9:\"countdown\";s:0:\"\";s:5:\"title\";s:22:\"Featured Product Home2\";s:4:\"ajax\";s:1:\"1\";s:8:\"loadmore\";s:1:\"0\";s:5:\"types\";a:1:{i:0;s:8:\"featured\";}s:9:\"activated\";s:8:\"featured\";s:5:\"limit\";s:1:\"9\";s:6:\"status\";s:1:\"1\";s:10:\"parameters\";a:1:{s:10:\"conditions\";a:2:{i:1;a:4:{s:4:\"type\";s:50:\"Magento\\CatalogWidget\\Model\\Rule\\Condition\\Combine\";s:10:\"aggregator\";s:3:\"all\";s:5:\"value\";s:1:\"1\";s:9:\"new_child\";s:0:\"\";}s:4:\"1--1\";a:4:{s:4:\"type\";s:50:\"Magento\\CatalogWidget\\Model\\Rule\\Condition\\Product\";s:9:\"attribute\";s:16:\"attribute_set_id\";s:8:\"operator\";s:2:\"==\";s:5:\"value\";s:1:\"4\";}}}s:6:\"mobile\";s:1:\"1\";s:8:\"portrait\";s:1:\"1\";s:9:\"landscape\";s:1:\"1\";s:6:\"tablet\";s:1:\"2\";s:8:\"notebook\";s:1:\"2\";s:6:\"laptop\";s:1:\"2\";s:7:\"desktop\";s:1:\"1\";s:10:\"widescreen\";s:1:\"1\";s:7:\"visible\";s:1:\"1\";s:5:\"timer\";s:1:\"0\";s:5:\"slide\";s:1:\"1\";s:8:\"vertical\";s:5:\"false\";s:8:\"infinite\";s:4:\"true\";s:8:\"autoplay\";s:5:\"false\";s:6:\"arrows\";s:5:\"false\";s:4:\"dots\";s:5:\"false\";s:4:\"fade\";s:5:\"false\";s:11:\"center-Mode\";s:5:\"false\";s:4:\"rows\";s:1:\"3\";s:5:\"speed\";s:3:\"300\";s:14:\"autoplay-Speed\";s:4:\"3000\";s:7:\"padding\";s:2:\"15\";s:4:\"cart\";s:1:\"0\";s:7:\"compare\";s:1:\"0\";s:8:\"wishlist\";s:1:\"0\";s:6:\"review\";s:1:\"1\";}',1),('42','Sale Product Home2','sale-product-home2',1,'a:37:{s:8:\"form_key\";s:16:\"NNdV4Z05MMD1tAoP\";s:15:\"magicproduct_id\";s:2:\"42\";s:9:\"countdown\";s:0:\"\";s:5:\"title\";s:18:\"Sale Product Home2\";s:4:\"ajax\";s:1:\"1\";s:8:\"loadmore\";s:1:\"0\";s:5:\"types\";a:1:{i:0;s:4:\"sale\";}s:9:\"activated\";s:4:\"sale\";s:5:\"limit\";s:1:\"9\";s:6:\"status\";s:1:\"1\";s:10:\"parameters\";a:1:{s:10:\"conditions\";a:2:{i:1;a:4:{s:4:\"type\";s:50:\"Magento\\CatalogWidget\\Model\\Rule\\Condition\\Combine\";s:10:\"aggregator\";s:3:\"all\";s:5:\"value\";s:1:\"1\";s:9:\"new_child\";s:0:\"\";}s:4:\"1--1\";a:4:{s:4:\"type\";s:50:\"Magento\\CatalogWidget\\Model\\Rule\\Condition\\Product\";s:9:\"attribute\";s:16:\"attribute_set_id\";s:8:\"operator\";s:2:\"==\";s:5:\"value\";s:1:\"4\";}}}s:6:\"mobile\";s:1:\"1\";s:8:\"portrait\";s:1:\"1\";s:9:\"landscape\";s:1:\"1\";s:6:\"tablet\";s:1:\"1\";s:8:\"notebook\";s:1:\"1\";s:6:\"laptop\";s:1:\"2\";s:7:\"desktop\";s:1:\"1\";s:10:\"widescreen\";s:1:\"1\";s:7:\"visible\";s:1:\"1\";s:5:\"timer\";s:1:\"0\";s:5:\"slide\";s:1:\"1\";s:8:\"vertical\";s:5:\"false\";s:8:\"infinite\";s:4:\"true\";s:8:\"autoplay\";s:5:\"false\";s:6:\"arrows\";s:5:\"false\";s:4:\"dots\";s:5:\"false\";s:4:\"fade\";s:5:\"false\";s:11:\"center-Mode\";s:5:\"false\";s:4:\"rows\";s:1:\"3\";s:5:\"speed\";s:3:\"300\";s:14:\"autoplay-Speed\";s:4:\"3000\";s:7:\"padding\";s:2:\"15\";s:4:\"cart\";s:1:\"0\";s:7:\"compare\";s:1:\"0\";s:8:\"wishlist\";s:1:\"0\";s:6:\"review\";s:1:\"1\";}',1),('43','Random Product Home2','random-product-home2',1,'a:37:{s:8:\"form_key\";s:16:\"NNdV4Z05MMD1tAoP\";s:15:\"magicproduct_id\";s:2:\"43\";s:9:\"countdown\";s:0:\"\";s:5:\"title\";s:20:\"Random Product Home2\";s:4:\"ajax\";s:1:\"1\";s:8:\"loadmore\";s:1:\"0\";s:5:\"types\";a:1:{i:0;s:6:\"random\";}s:9:\"activated\";s:6:\"random\";s:5:\"limit\";s:1:\"9\";s:6:\"status\";s:1:\"1\";s:10:\"parameters\";a:1:{s:10:\"conditions\";a:2:{i:1;a:4:{s:4:\"type\";s:50:\"Magento\\CatalogWidget\\Model\\Rule\\Condition\\Combine\";s:10:\"aggregator\";s:3:\"all\";s:5:\"value\";s:1:\"1\";s:9:\"new_child\";s:0:\"\";}s:4:\"1--1\";a:4:{s:4:\"type\";s:50:\"Magento\\CatalogWidget\\Model\\Rule\\Condition\\Product\";s:9:\"attribute\";s:16:\"attribute_set_id\";s:8:\"operator\";s:2:\"==\";s:5:\"value\";s:1:\"4\";}}}s:6:\"mobile\";s:1:\"1\";s:8:\"portrait\";s:1:\"1\";s:9:\"landscape\";s:1:\"1\";s:6:\"tablet\";s:1:\"1\";s:8:\"notebook\";s:1:\"1\";s:6:\"laptop\";s:1:\"2\";s:7:\"desktop\";s:1:\"1\";s:10:\"widescreen\";s:1:\"1\";s:7:\"visible\";s:1:\"1\";s:5:\"timer\";s:1:\"0\";s:5:\"slide\";s:1:\"1\";s:8:\"vertical\";s:5:\"false\";s:8:\"infinite\";s:4:\"true\";s:8:\"autoplay\";s:5:\"false\";s:6:\"arrows\";s:5:\"false\";s:4:\"dots\";s:5:\"false\";s:4:\"fade\";s:5:\"false\";s:11:\"center-Mode\";s:5:\"false\";s:4:\"rows\";s:1:\"3\";s:5:\"speed\";s:3:\"300\";s:14:\"autoplay-Speed\";s:4:\"3000\";s:7:\"padding\";s:2:\"15\";s:4:\"cart\";s:1:\"0\";s:7:\"compare\";s:1:\"0\";s:8:\"wishlist\";s:1:\"0\";s:6:\"review\";s:1:\"1\";}',1),('44','New Arrivals Home3','new-arrivals-home3',2,'a:37:{s:9:\"countdown\";s:0:\"\";s:5:\"title\";s:18:\"New Arrivals Home3\";s:8:\"subtitle\";s:0:\"\";s:4:\"ajax\";s:1:\"1\";s:8:\"loadmore\";s:1:\"0\";s:5:\"types\";s:6:\"latest\";s:5:\"limit\";s:2:\"24\";s:6:\"status\";s:1:\"1\";s:10:\"parameters\";a:1:{s:10:\"conditions\";a:2:{i:1;a:4:{s:4:\"type\";s:50:\"Magento\\CatalogWidget\\Model\\Rule\\Condition\\Combine\";s:10:\"aggregator\";s:3:\"all\";s:5:\"value\";s:1:\"1\";s:9:\"new_child\";s:0:\"\";}s:4:\"1--1\";a:4:{s:4:\"type\";s:50:\"Magento\\CatalogWidget\\Model\\Rule\\Condition\\Product\";s:9:\"attribute\";s:16:\"attribute_set_id\";s:8:\"operator\";s:2:\"==\";s:5:\"value\";s:1:\"4\";}}}s:12:\"category_ids\";a:4:{i:0;s:3:\"256\";i:1;s:3:\"262\";i:2;s:3:\"270\";i:3;s:3:\"335\";}s:9:\"activated\";s:3:\"256\";s:6:\"mobile\";s:1:\"1\";s:8:\"portrait\";s:1:\"2\";s:9:\"landscape\";s:1:\"2\";s:6:\"tablet\";s:1:\"2\";s:8:\"notebook\";s:1:\"3\";s:6:\"laptop\";s:1:\"4\";s:7:\"desktop\";s:1:\"5\";s:10:\"widescreen\";s:1:\"5\";s:7:\"visible\";s:1:\"5\";s:5:\"timer\";s:1:\"0\";s:5:\"slide\";s:1:\"1\";s:8:\"vertical\";s:5:\"false\";s:8:\"infinite\";s:4:\"true\";s:8:\"autoplay\";s:5:\"false\";s:6:\"arrows\";s:4:\"true\";s:4:\"dots\";s:5:\"false\";s:4:\"fade\";s:5:\"false\";s:11:\"center-Mode\";s:5:\"false\";s:4:\"rows\";s:1:\"2\";s:5:\"speed\";s:3:\"300\";s:14:\"autoplay-Speed\";s:4:\"3000\";s:7:\"padding\";s:2:\"15\";s:4:\"cart\";s:1:\"1\";s:7:\"compare\";s:1:\"1\";s:8:\"wishlist\";s:1:\"1\";s:6:\"review\";s:1:\"1\";}',1),('45','New Arrivals','new-arrivals-home4',2,'a:38:{s:9:\"countdown\";s:0:\"\";s:5:\"title\";s:12:\"New Arrivals\";s:8:\"subtitle\";s:0:\"\";s:10:\"identifier\";s:18:\"new-arrivals-home4\";s:4:\"ajax\";s:1:\"1\";s:8:\"loadmore\";s:1:\"0\";s:5:\"types\";s:6:\"latest\";s:5:\"limit\";s:1:\"8\";s:6:\"status\";s:1:\"1\";s:10:\"parameters\";a:1:{s:10:\"conditions\";a:2:{i:1;a:4:{s:4:\"type\";s:50:\"Magento\\CatalogWidget\\Model\\Rule\\Condition\\Combine\";s:10:\"aggregator\";s:3:\"all\";s:5:\"value\";s:1:\"1\";s:9:\"new_child\";s:0:\"\";}s:4:\"1--1\";a:4:{s:4:\"type\";s:50:\"Magento\\CatalogWidget\\Model\\Rule\\Condition\\Product\";s:9:\"attribute\";s:16:\"attribute_set_id\";s:8:\"operator\";s:2:\"==\";s:5:\"value\";s:1:\"4\";}}}s:12:\"category_ids\";a:4:{i:0;s:3:\"256\";i:1;s:3:\"262\";i:2;s:3:\"270\";i:3;s:3:\"335\";}s:9:\"activated\";s:3:\"256\";s:6:\"mobile\";s:1:\"1\";s:8:\"portrait\";s:1:\"2\";s:9:\"landscape\";s:1:\"2\";s:6:\"tablet\";s:1:\"2\";s:8:\"notebook\";s:1:\"3\";s:6:\"laptop\";s:1:\"4\";s:7:\"desktop\";s:1:\"5\";s:10:\"widescreen\";s:1:\"5\";s:7:\"visible\";s:1:\"5\";s:5:\"timer\";s:1:\"0\";s:5:\"slide\";s:1:\"1\";s:8:\"vertical\";s:5:\"false\";s:8:\"infinite\";s:4:\"true\";s:8:\"autoplay\";s:5:\"false\";s:6:\"arrows\";s:4:\"true\";s:4:\"dots\";s:5:\"false\";s:4:\"fade\";s:5:\"false\";s:11:\"center-Mode\";s:5:\"false\";s:4:\"rows\";s:1:\"1\";s:5:\"speed\";s:3:\"300\";s:14:\"autoplay-Speed\";s:4:\"3000\";s:7:\"padding\";s:2:\"15\";s:4:\"cart\";s:1:\"1\";s:7:\"compare\";s:1:\"1\";s:8:\"wishlist\";s:1:\"1\";s:6:\"review\";s:1:\"1\";}',1),('46','New Arrivals home4','new-arrivals4',1,'a:38:{s:8:\"form_key\";s:16:\"ias25PtVpIxtxQyD\";s:9:\"countdown\";s:0:\"\";s:5:\"title\";s:18:\"New Arrivals home4\";s:8:\"subtitle\";s:0:\"\";s:10:\"identifier\";s:13:\"new-arrivals4\";s:4:\"ajax\";s:1:\"1\";s:8:\"loadmore\";s:1:\"0\";s:5:\"types\";a:1:{i:0;s:6:\"latest\";}s:9:\"activated\";s:6:\"latest\";s:5:\"limit\";s:2:\"10\";s:6:\"status\";s:1:\"1\";s:10:\"parameters\";a:1:{s:10:\"conditions\";a:2:{i:1;a:4:{s:4:\"type\";s:50:\"Magento\\CatalogWidget\\Model\\Rule\\Condition\\Combine\";s:10:\"aggregator\";s:3:\"all\";s:5:\"value\";s:1:\"1\";s:9:\"new_child\";s:0:\"\";}s:4:\"1--1\";a:4:{s:4:\"type\";s:50:\"Magento\\CatalogWidget\\Model\\Rule\\Condition\\Product\";s:9:\"attribute\";s:16:\"attribute_set_id\";s:8:\"operator\";s:2:\"==\";s:5:\"value\";s:1:\"4\";}}}s:6:\"mobile\";s:1:\"1\";s:8:\"portrait\";s:1:\"2\";s:9:\"landscape\";s:1:\"2\";s:6:\"tablet\";s:1:\"2\";s:8:\"notebook\";s:1:\"3\";s:6:\"laptop\";s:1:\"4\";s:7:\"desktop\";s:1:\"5\";s:10:\"widescreen\";s:1:\"5\";s:7:\"visible\";s:1:\"5\";s:5:\"timer\";s:1:\"0\";s:5:\"slide\";s:1:\"1\";s:8:\"vertical\";s:5:\"false\";s:8:\"infinite\";s:4:\"true\";s:8:\"autoplay\";s:5:\"false\";s:6:\"arrows\";s:4:\"true\";s:4:\"dots\";s:5:\"false\";s:4:\"fade\";s:5:\"false\";s:11:\"center-Mode\";s:5:\"false\";s:4:\"rows\";s:1:\"1\";s:5:\"speed\";s:3:\"300\";s:14:\"autoplay-Speed\";s:4:\"3000\";s:7:\"padding\";s:2:\"15\";s:4:\"cart\";s:1:\"1\";s:7:\"compare\";s:1:\"1\";s:8:\"wishlist\";s:1:\"1\";s:6:\"review\";s:1:\"1\";}',1),('47','Deals of the days','deals-of-the-days-home5',1,'a:38:{s:8:\"form_key\";s:16:\"C8tuOSWNP4kdfFpm\";s:15:\"magicproduct_id\";s:2:\"47\";s:9:\"countdown\";s:14:\"6/1/23 5:42 AM\";s:5:\"title\";s:17:\"Deals of the days\";s:8:\"subtitle\";s:0:\"\";s:4:\"ajax\";s:1:\"1\";s:8:\"loadmore\";s:1:\"0\";s:5:\"types\";a:1:{i:0;s:4:\"sale\";}s:9:\"activated\";s:4:\"sale\";s:5:\"limit\";s:2:\"10\";s:6:\"status\";s:1:\"1\";s:10:\"parameters\";a:1:{s:10:\"conditions\";a:2:{i:1;a:4:{s:4:\"type\";s:50:\"Magento\\CatalogWidget\\Model\\Rule\\Condition\\Combine\";s:10:\"aggregator\";s:3:\"all\";s:5:\"value\";s:1:\"1\";s:9:\"new_child\";s:0:\"\";}s:4:\"1--1\";a:4:{s:4:\"type\";s:50:\"Magento\\CatalogWidget\\Model\\Rule\\Condition\\Product\";s:9:\"attribute\";s:16:\"attribute_set_id\";s:8:\"operator\";s:2:\"==\";s:5:\"value\";s:2:\"13\";}}}s:6:\"mobile\";s:1:\"1\";s:8:\"portrait\";s:1:\"2\";s:9:\"landscape\";s:1:\"2\";s:6:\"tablet\";s:1:\"2\";s:8:\"notebook\";s:1:\"3\";s:6:\"laptop\";s:1:\"4\";s:7:\"desktop\";s:1:\"4\";s:10:\"widescreen\";s:1:\"5\";s:7:\"visible\";s:1:\"6\";s:5:\"timer\";s:1:\"0\";s:5:\"slide\";s:1:\"1\";s:8:\"vertical\";s:5:\"false\";s:8:\"infinite\";s:4:\"true\";s:8:\"autoplay\";s:5:\"false\";s:6:\"arrows\";s:4:\"true\";s:4:\"dots\";s:5:\"false\";s:4:\"fade\";s:5:\"false\";s:11:\"center-Mode\";s:5:\"false\";s:4:\"rows\";s:1:\"1\";s:5:\"speed\";s:3:\"300\";s:14:\"autoplay-Speed\";s:4:\"3000\";s:7:\"padding\";s:2:\"15\";s:4:\"cart\";s:1:\"1\";s:7:\"compare\";s:1:\"1\";s:8:\"wishlist\";s:1:\"1\";s:6:\"review\";s:1:\"1\";}',1),('48','Bestseller home5','bestseller-home5',1,'a:38:{s:8:\"form_key\";s:16:\"SX6o0nC2kEyBPcT7\";s:15:\"magicproduct_id\";s:2:\"48\";s:9:\"countdown\";s:0:\"\";s:5:\"title\";s:16:\"Bestseller home5\";s:8:\"subtitle\";s:0:\"\";s:4:\"ajax\";s:1:\"1\";s:8:\"loadmore\";s:1:\"0\";s:5:\"types\";a:1:{i:0;s:6:\"random\";}s:9:\"activated\";s:6:\"random\";s:5:\"limit\";s:2:\"12\";s:6:\"status\";s:1:\"1\";s:10:\"parameters\";a:1:{s:10:\"conditions\";a:2:{i:1;a:4:{s:4:\"type\";s:50:\"Magento\\CatalogWidget\\Model\\Rule\\Condition\\Combine\";s:10:\"aggregator\";s:3:\"all\";s:5:\"value\";s:1:\"1\";s:9:\"new_child\";s:0:\"\";}s:4:\"1--1\";a:4:{s:4:\"type\";s:50:\"Magento\\CatalogWidget\\Model\\Rule\\Condition\\Product\";s:9:\"attribute\";s:16:\"attribute_set_id\";s:8:\"operator\";s:2:\"==\";s:5:\"value\";s:2:\"13\";}}}s:6:\"mobile\";s:1:\"1\";s:8:\"portrait\";s:1:\"1\";s:9:\"landscape\";s:1:\"1\";s:6:\"tablet\";s:1:\"1\";s:8:\"notebook\";s:1:\"2\";s:6:\"laptop\";s:1:\"3\";s:7:\"desktop\";s:1:\"3\";s:10:\"widescreen\";s:1:\"4\";s:7:\"visible\";s:1:\"4\";s:5:\"timer\";s:1:\"0\";s:5:\"slide\";s:1:\"1\";s:8:\"vertical\";s:5:\"false\";s:8:\"infinite\";s:4:\"true\";s:8:\"autoplay\";s:5:\"false\";s:6:\"arrows\";s:4:\"true\";s:4:\"dots\";s:5:\"false\";s:4:\"fade\";s:5:\"false\";s:11:\"center-Mode\";s:5:\"false\";s:4:\"rows\";s:1:\"2\";s:5:\"speed\";s:3:\"300\";s:14:\"autoplay-Speed\";s:4:\"3000\";s:7:\"padding\";s:2:\"15\";s:4:\"cart\";s:1:\"0\";s:7:\"compare\";s:1:\"0\";s:8:\"wishlist\";s:1:\"0\";s:6:\"review\";s:1:\"1\";}',1),('49','Home Electronics','home-electronics-home5',2,'a:38:{s:9:\"countdown\";s:0:\"\";s:5:\"title\";s:16:\"Home Electronics\";s:8:\"subtitle\";s:0:\"\";s:5:\"image\";s:42:\"magiccart/magicproduct/category//4/_/4.png\";s:4:\"ajax\";s:1:\"1\";s:8:\"loadmore\";s:1:\"0\";s:5:\"types\";s:1:\"0\";s:5:\"limit\";s:2:\"10\";s:6:\"status\";s:1:\"1\";s:10:\"parameters\";a:1:{s:10:\"conditions\";a:2:{i:1;a:4:{s:4:\"type\";s:50:\"Magento\\CatalogWidget\\Model\\Rule\\Condition\\Combine\";s:10:\"aggregator\";s:3:\"all\";s:5:\"value\";s:1:\"1\";s:9:\"new_child\";s:0:\"\";}s:4:\"1--1\";a:4:{s:4:\"type\";s:50:\"Magento\\CatalogWidget\\Model\\Rule\\Condition\\Product\";s:9:\"attribute\";s:16:\"attribute_set_id\";s:8:\"operator\";s:2:\"==\";s:5:\"value\";s:2:\"13\";}}}s:12:\"category_ids\";a:1:{i:0;s:3:\"339\";}s:9:\"activated\";s:3:\"339\";s:6:\"mobile\";s:1:\"1\";s:8:\"portrait\";s:1:\"2\";s:9:\"landscape\";s:1:\"2\";s:6:\"tablet\";s:1:\"2\";s:8:\"notebook\";s:1:\"1\";s:6:\"laptop\";s:1:\"2\";s:7:\"desktop\";s:1:\"3\";s:10:\"widescreen\";s:1:\"4\";s:7:\"visible\";s:1:\"5\";s:5:\"timer\";s:1:\"0\";s:5:\"slide\";s:1:\"1\";s:8:\"vertical\";s:5:\"false\";s:8:\"infinite\";s:4:\"true\";s:8:\"autoplay\";s:5:\"false\";s:6:\"arrows\";s:4:\"true\";s:4:\"dots\";s:5:\"false\";s:4:\"fade\";s:5:\"false\";s:11:\"center-Mode\";s:5:\"false\";s:4:\"rows\";s:1:\"1\";s:5:\"speed\";s:3:\"300\";s:14:\"autoplay-Speed\";s:4:\"3000\";s:7:\"padding\";s:2:\"15\";s:4:\"cart\";s:1:\"1\";s:7:\"compare\";s:1:\"1\";s:8:\"wishlist\";s:1:\"1\";s:6:\"review\";s:1:\"1\";}',1),('50','Decor & Furniture','decor-furniture-home5',2,'a:38:{s:9:\"countdown\";s:0:\"\";s:5:\"title\";s:17:\"Decor & Furniture\";s:8:\"subtitle\";s:0:\"\";s:5:\"image\";s:42:\"magiccart/magicproduct/category//5/_/5.png\";s:4:\"ajax\";s:1:\"1\";s:8:\"loadmore\";s:1:\"0\";s:5:\"types\";s:1:\"0\";s:5:\"limit\";s:2:\"10\";s:6:\"status\";s:1:\"1\";s:10:\"parameters\";a:1:{s:10:\"conditions\";a:2:{i:1;a:4:{s:4:\"type\";s:50:\"Magento\\CatalogWidget\\Model\\Rule\\Condition\\Combine\";s:10:\"aggregator\";s:3:\"all\";s:5:\"value\";s:1:\"1\";s:9:\"new_child\";s:0:\"\";}s:4:\"1--1\";a:4:{s:4:\"type\";s:50:\"Magento\\CatalogWidget\\Model\\Rule\\Condition\\Product\";s:9:\"attribute\";s:16:\"attribute_set_id\";s:8:\"operator\";s:2:\"==\";s:5:\"value\";s:2:\"13\";}}}s:12:\"category_ids\";a:1:{i:0;s:3:\"340\";}s:9:\"activated\";s:3:\"340\";s:6:\"mobile\";s:1:\"1\";s:8:\"portrait\";s:1:\"2\";s:9:\"landscape\";s:1:\"2\";s:6:\"tablet\";s:1:\"2\";s:8:\"notebook\";s:1:\"1\";s:6:\"laptop\";s:1:\"2\";s:7:\"desktop\";s:1:\"3\";s:10:\"widescreen\";s:1:\"4\";s:7:\"visible\";s:1:\"5\";s:5:\"timer\";s:1:\"0\";s:5:\"slide\";s:1:\"1\";s:8:\"vertical\";s:5:\"false\";s:8:\"infinite\";s:4:\"true\";s:8:\"autoplay\";s:5:\"false\";s:6:\"arrows\";s:4:\"true\";s:4:\"dots\";s:5:\"false\";s:4:\"fade\";s:5:\"false\";s:11:\"center-Mode\";s:5:\"false\";s:4:\"rows\";s:1:\"1\";s:5:\"speed\";s:3:\"300\";s:14:\"autoplay-Speed\";s:4:\"3000\";s:7:\"padding\";s:2:\"15\";s:4:\"cart\";s:1:\"1\";s:7:\"compare\";s:1:\"1\";s:8:\"wishlist\";s:1:\"1\";s:6:\"review\";s:1:\"1\";}',1),('51','Fashion & Accessories','fashion-accessories-home5',2,'a:38:{s:9:\"countdown\";s:0:\"\";s:5:\"title\";s:21:\"Fashion & Accessories\";s:8:\"subtitle\";s:0:\"\";s:5:\"image\";s:42:\"magiccart/magicproduct/category//6/_/6.png\";s:4:\"ajax\";s:1:\"1\";s:8:\"loadmore\";s:1:\"0\";s:5:\"types\";s:1:\"0\";s:5:\"limit\";s:2:\"10\";s:6:\"status\";s:1:\"1\";s:10:\"parameters\";a:1:{s:10:\"conditions\";a:2:{i:1;a:4:{s:4:\"type\";s:50:\"Magento\\CatalogWidget\\Model\\Rule\\Condition\\Combine\";s:10:\"aggregator\";s:3:\"all\";s:5:\"value\";s:1:\"1\";s:9:\"new_child\";s:0:\"\";}s:4:\"1--1\";a:4:{s:4:\"type\";s:50:\"Magento\\CatalogWidget\\Model\\Rule\\Condition\\Product\";s:9:\"attribute\";s:16:\"attribute_set_id\";s:8:\"operator\";s:2:\"==\";s:5:\"value\";s:2:\"13\";}}}s:12:\"category_ids\";a:1:{i:0;s:3:\"373\";}s:9:\"activated\";s:3:\"373\";s:6:\"mobile\";s:1:\"1\";s:8:\"portrait\";s:1:\"2\";s:9:\"landscape\";s:1:\"2\";s:6:\"tablet\";s:1:\"2\";s:8:\"notebook\";s:1:\"1\";s:6:\"laptop\";s:1:\"2\";s:7:\"desktop\";s:1:\"3\";s:10:\"widescreen\";s:1:\"4\";s:7:\"visible\";s:1:\"5\";s:5:\"timer\";s:1:\"0\";s:5:\"slide\";s:1:\"1\";s:8:\"vertical\";s:5:\"false\";s:8:\"infinite\";s:4:\"true\";s:8:\"autoplay\";s:5:\"false\";s:6:\"arrows\";s:4:\"true\";s:4:\"dots\";s:5:\"false\";s:4:\"fade\";s:5:\"false\";s:11:\"center-Mode\";s:5:\"false\";s:4:\"rows\";s:1:\"1\";s:5:\"speed\";s:3:\"300\";s:14:\"autoplay-Speed\";s:4:\"3000\";s:7:\"padding\";s:2:\"15\";s:4:\"cart\";s:1:\"1\";s:7:\"compare\";s:1:\"1\";s:8:\"wishlist\";s:1:\"1\";s:6:\"review\";s:1:\"1\";}',1),('52','Deals of the days','deals-of-the-days-home6',1,'a:38:{s:8:\"form_key\";s:16:\"ias25PtVpIxtxQyD\";s:9:\"countdown\";s:0:\"\";s:5:\"title\";s:17:\"Deals of the days\";s:8:\"subtitle\";s:0:\"\";s:10:\"identifier\";s:23:\"deals-of-the-days-home6\";s:4:\"ajax\";s:1:\"1\";s:8:\"loadmore\";s:1:\"0\";s:5:\"types\";a:1:{i:0;s:4:\"sale\";}s:9:\"activated\";s:4:\"sale\";s:5:\"limit\";s:2:\"10\";s:6:\"status\";s:1:\"1\";s:10:\"parameters\";a:1:{s:10:\"conditions\";a:2:{i:1;a:4:{s:4:\"type\";s:50:\"Magento\\CatalogWidget\\Model\\Rule\\Condition\\Combine\";s:10:\"aggregator\";s:3:\"all\";s:5:\"value\";s:1:\"1\";s:9:\"new_child\";s:0:\"\";}s:4:\"1--1\";a:4:{s:4:\"type\";s:50:\"Magento\\CatalogWidget\\Model\\Rule\\Condition\\Product\";s:9:\"attribute\";s:16:\"attribute_set_id\";s:8:\"operator\";s:2:\"==\";s:5:\"value\";s:2:\"13\";}}}s:6:\"mobile\";s:1:\"1\";s:8:\"portrait\";s:1:\"1\";s:9:\"landscape\";s:1:\"1\";s:6:\"tablet\";s:1:\"1\";s:8:\"notebook\";s:1:\"1\";s:6:\"laptop\";s:1:\"1\";s:7:\"desktop\";s:1:\"1\";s:10:\"widescreen\";s:1:\"1\";s:7:\"visible\";s:1:\"1\";s:5:\"timer\";s:1:\"1\";s:5:\"slide\";s:1:\"1\";s:8:\"vertical\";s:5:\"false\";s:8:\"infinite\";s:4:\"true\";s:8:\"autoplay\";s:5:\"false\";s:6:\"arrows\";s:4:\"true\";s:4:\"dots\";s:5:\"false\";s:4:\"fade\";s:5:\"false\";s:11:\"center-Mode\";s:5:\"false\";s:4:\"rows\";s:1:\"1\";s:5:\"speed\";s:3:\"300\";s:14:\"autoplay-Speed\";s:4:\"3000\";s:7:\"padding\";s:2:\"15\";s:4:\"cart\";s:1:\"1\";s:7:\"compare\";s:1:\"0\";s:8:\"wishlist\";s:1:\"0\";s:6:\"review\";s:1:\"1\";}',1),('53','New Arrivals home6','new-arrivals-home6',1,'a:38:{s:8:\"form_key\";s:16:\"ias25PtVpIxtxQyD\";s:15:\"magicproduct_id\";s:2:\"53\";s:9:\"countdown\";s:0:\"\";s:5:\"title\";s:18:\"New Arrivals home6\";s:8:\"subtitle\";s:0:\"\";s:4:\"ajax\";s:1:\"1\";s:8:\"loadmore\";s:1:\"0\";s:5:\"types\";a:1:{i:0;s:6:\"latest\";}s:9:\"activated\";s:6:\"latest\";s:5:\"limit\";s:2:\"10\";s:6:\"status\";s:1:\"1\";s:10:\"parameters\";a:1:{s:10:\"conditions\";a:2:{i:1;a:4:{s:4:\"type\";s:50:\"Magento\\CatalogWidget\\Model\\Rule\\Condition\\Combine\";s:10:\"aggregator\";s:3:\"all\";s:5:\"value\";s:1:\"1\";s:9:\"new_child\";s:0:\"\";}s:4:\"1--1\";a:4:{s:4:\"type\";s:50:\"Magento\\CatalogWidget\\Model\\Rule\\Condition\\Product\";s:9:\"attribute\";s:16:\"attribute_set_id\";s:8:\"operator\";s:2:\"==\";s:5:\"value\";s:2:\"13\";}}}s:6:\"mobile\";s:1:\"1\";s:8:\"portrait\";s:1:\"2\";s:9:\"landscape\";s:1:\"2\";s:6:\"tablet\";s:1:\"2\";s:8:\"notebook\";s:1:\"2\";s:6:\"laptop\";s:1:\"3\";s:7:\"desktop\";s:1:\"2\";s:10:\"widescreen\";s:1:\"3\";s:7:\"visible\";s:1:\"3\";s:5:\"timer\";s:1:\"0\";s:5:\"slide\";s:1:\"1\";s:8:\"vertical\";s:5:\"false\";s:8:\"infinite\";s:4:\"true\";s:8:\"autoplay\";s:5:\"false\";s:6:\"arrows\";s:4:\"true\";s:4:\"dots\";s:5:\"false\";s:4:\"fade\";s:5:\"false\";s:11:\"center-Mode\";s:5:\"false\";s:4:\"rows\";s:1:\"1\";s:5:\"speed\";s:3:\"300\";s:14:\"autoplay-Speed\";s:4:\"3000\";s:7:\"padding\";s:2:\"15\";s:4:\"cart\";s:1:\"1\";s:7:\"compare\";s:1:\"0\";s:8:\"wishlist\";s:1:\"0\";s:6:\"review\";s:1:\"1\";}',1),('54','Our products','our-product-product-sold-home6',1,'a:38:{s:8:\"form_key\";s:16:\"ias25PtVpIxtxQyD\";s:15:\"magicproduct_id\";s:2:\"54\";s:9:\"countdown\";s:0:\"\";s:5:\"title\";s:12:\"Our products\";s:8:\"subtitle\";s:0:\"\";s:4:\"ajax\";s:1:\"1\";s:8:\"loadmore\";s:1:\"0\";s:5:\"types\";a:1:{i:0;s:6:\"random\";}s:9:\"activated\";s:6:\"random\";s:5:\"limit\";s:2:\"10\";s:6:\"status\";s:1:\"1\";s:10:\"parameters\";a:1:{s:10:\"conditions\";a:2:{i:1;a:4:{s:4:\"type\";s:50:\"Magento\\CatalogWidget\\Model\\Rule\\Condition\\Combine\";s:10:\"aggregator\";s:3:\"all\";s:5:\"value\";s:1:\"1\";s:9:\"new_child\";s:0:\"\";}s:4:\"1--1\";a:4:{s:4:\"type\";s:50:\"Magento\\CatalogWidget\\Model\\Rule\\Condition\\Product\";s:9:\"attribute\";s:16:\"attribute_set_id\";s:8:\"operator\";s:2:\"==\";s:5:\"value\";s:2:\"13\";}}}s:6:\"mobile\";s:1:\"1\";s:8:\"portrait\";s:1:\"1\";s:9:\"landscape\";s:1:\"1\";s:6:\"tablet\";s:1:\"1\";s:8:\"notebook\";s:1:\"1\";s:6:\"laptop\";s:1:\"1\";s:7:\"desktop\";s:1:\"1\";s:10:\"widescreen\";s:1:\"1\";s:7:\"visible\";s:1:\"1\";s:5:\"timer\";s:1:\"0\";s:5:\"slide\";s:1:\"1\";s:8:\"vertical\";s:5:\"false\";s:8:\"infinite\";s:4:\"true\";s:8:\"autoplay\";s:5:\"false\";s:6:\"arrows\";s:5:\"false\";s:4:\"dots\";s:5:\"false\";s:4:\"fade\";s:5:\"false\";s:11:\"center-Mode\";s:5:\"false\";s:4:\"rows\";s:1:\"1\";s:5:\"speed\";s:3:\"300\";s:14:\"autoplay-Speed\";s:4:\"3000\";s:7:\"padding\";s:2:\"15\";s:4:\"cart\";s:1:\"1\";s:7:\"compare\";s:1:\"0\";s:8:\"wishlist\";s:1:\"0\";s:6:\"review\";s:1:\"1\";}',1),('55','Our product side right home6','our-product-side-right-home6',1,'a:38:{s:8:\"form_key\";s:16:\"ias25PtVpIxtxQyD\";s:15:\"magicproduct_id\";s:2:\"55\";s:9:\"countdown\";s:0:\"\";s:5:\"title\";s:28:\"Our product side right home6\";s:8:\"subtitle\";s:0:\"\";s:4:\"ajax\";s:1:\"1\";s:8:\"loadmore\";s:1:\"0\";s:5:\"types\";a:2:{i:0;s:8:\"featured\";i:1;s:6:\"random\";}s:9:\"activated\";s:8:\"featured\";s:5:\"limit\";s:2:\"20\";s:6:\"status\";s:1:\"1\";s:10:\"parameters\";a:1:{s:10:\"conditions\";a:2:{i:1;a:4:{s:4:\"type\";s:50:\"Magento\\CatalogWidget\\Model\\Rule\\Condition\\Combine\";s:10:\"aggregator\";s:3:\"all\";s:5:\"value\";s:1:\"1\";s:9:\"new_child\";s:0:\"\";}s:4:\"1--1\";a:4:{s:4:\"type\";s:50:\"Magento\\CatalogWidget\\Model\\Rule\\Condition\\Product\";s:9:\"attribute\";s:16:\"attribute_set_id\";s:8:\"operator\";s:2:\"==\";s:5:\"value\";s:2:\"13\";}}}s:6:\"mobile\";s:1:\"1\";s:8:\"portrait\";s:1:\"2\";s:9:\"landscape\";s:1:\"2\";s:6:\"tablet\";s:1:\"2\";s:8:\"notebook\";s:1:\"1\";s:6:\"laptop\";s:1:\"2\";s:7:\"desktop\";s:1:\"3\";s:10:\"widescreen\";s:1:\"4\";s:7:\"visible\";s:1:\"5\";s:5:\"timer\";s:1:\"0\";s:5:\"slide\";s:1:\"1\";s:8:\"vertical\";s:5:\"false\";s:8:\"infinite\";s:4:\"true\";s:8:\"autoplay\";s:5:\"false\";s:6:\"arrows\";s:4:\"true\";s:4:\"dots\";s:5:\"false\";s:4:\"fade\";s:5:\"false\";s:11:\"center-Mode\";s:5:\"false\";s:4:\"rows\";s:1:\"2\";s:5:\"speed\";s:3:\"300\";s:14:\"autoplay-Speed\";s:4:\"3000\";s:7:\"padding\";s:2:\"15\";s:4:\"cart\";s:1:\"1\";s:7:\"compare\";s:1:\"1\";s:8:\"wishlist\";s:1:\"1\";s:6:\"review\";s:1:\"1\";}',1),('56','Home Electronics','home-electronics-home7',2,'a:37:{s:9:\"countdown\";s:0:\"\";s:5:\"title\";s:16:\"Home Electronics\";s:8:\"subtitle\";s:0:\"\";s:4:\"ajax\";s:1:\"1\";s:8:\"loadmore\";s:1:\"0\";s:5:\"types\";s:1:\"0\";s:5:\"limit\";s:2:\"10\";s:6:\"status\";s:1:\"1\";s:10:\"parameters\";a:1:{s:10:\"conditions\";a:2:{i:1;a:4:{s:4:\"type\";s:50:\"Magento\\CatalogWidget\\Model\\Rule\\Condition\\Combine\";s:10:\"aggregator\";s:3:\"all\";s:5:\"value\";s:1:\"1\";s:9:\"new_child\";s:0:\"\";}s:4:\"1--1\";a:4:{s:4:\"type\";s:50:\"Magento\\CatalogWidget\\Model\\Rule\\Condition\\Product\";s:9:\"attribute\";s:16:\"attribute_set_id\";s:8:\"operator\";s:2:\"==\";s:5:\"value\";s:2:\"13\";}}}s:12:\"category_ids\";a:3:{i:0;s:3:\"356\";i:1;s:3:\"370\";i:2;s:3:\"379\";}s:9:\"activated\";s:3:\"356\";s:6:\"mobile\";s:1:\"1\";s:8:\"portrait\";s:1:\"2\";s:9:\"landscape\";s:1:\"2\";s:6:\"tablet\";s:1:\"2\";s:8:\"notebook\";s:1:\"3\";s:6:\"laptop\";s:1:\"4\";s:7:\"desktop\";s:1:\"3\";s:10:\"widescreen\";s:1:\"4\";s:7:\"visible\";s:1:\"6\";s:5:\"timer\";s:1:\"0\";s:5:\"slide\";s:1:\"1\";s:8:\"vertical\";s:5:\"false\";s:8:\"infinite\";s:4:\"true\";s:8:\"autoplay\";s:5:\"false\";s:6:\"arrows\";s:4:\"true\";s:4:\"dots\";s:5:\"false\";s:4:\"fade\";s:5:\"false\";s:11:\"center-Mode\";s:5:\"false\";s:4:\"rows\";s:1:\"1\";s:5:\"speed\";s:3:\"300\";s:14:\"autoplay-Speed\";s:4:\"3000\";s:7:\"padding\";s:2:\"15\";s:4:\"cart\";s:1:\"1\";s:7:\"compare\";s:1:\"1\";s:8:\"wishlist\";s:1:\"1\";s:6:\"review\";s:1:\"1\";}',1),('57','Decor & Furniture','decor-furniture-home7',2,'a:37:{s:9:\"countdown\";s:0:\"\";s:5:\"title\";s:17:\"Decor & Furniture\";s:8:\"subtitle\";s:0:\"\";s:4:\"ajax\";s:1:\"1\";s:8:\"loadmore\";s:1:\"0\";s:5:\"types\";s:1:\"0\";s:5:\"limit\";s:2:\"10\";s:6:\"status\";s:1:\"1\";s:10:\"parameters\";a:1:{s:10:\"conditions\";a:2:{i:1;a:4:{s:4:\"type\";s:50:\"Magento\\CatalogWidget\\Model\\Rule\\Condition\\Combine\";s:10:\"aggregator\";s:3:\"all\";s:5:\"value\";s:1:\"1\";s:9:\"new_child\";s:0:\"\";}s:4:\"1--1\";a:4:{s:4:\"type\";s:50:\"Magento\\CatalogWidget\\Model\\Rule\\Condition\\Product\";s:9:\"attribute\";s:16:\"attribute_set_id\";s:8:\"operator\";s:2:\"==\";s:5:\"value\";s:2:\"13\";}}}s:12:\"category_ids\";a:3:{i:0;s:3:\"362\";i:1;s:3:\"363\";i:2;s:3:\"398\";}s:9:\"activated\";s:3:\"362\";s:6:\"mobile\";s:1:\"1\";s:8:\"portrait\";s:1:\"2\";s:9:\"landscape\";s:1:\"2\";s:6:\"tablet\";s:1:\"2\";s:8:\"notebook\";s:1:\"3\";s:6:\"laptop\";s:1:\"4\";s:7:\"desktop\";s:1:\"3\";s:10:\"widescreen\";s:1:\"4\";s:7:\"visible\";s:1:\"6\";s:5:\"timer\";s:1:\"0\";s:5:\"slide\";s:1:\"1\";s:8:\"vertical\";s:5:\"false\";s:8:\"infinite\";s:4:\"true\";s:8:\"autoplay\";s:5:\"false\";s:6:\"arrows\";s:4:\"true\";s:4:\"dots\";s:5:\"false\";s:4:\"fade\";s:5:\"false\";s:11:\"center-Mode\";s:5:\"false\";s:4:\"rows\";s:1:\"1\";s:5:\"speed\";s:3:\"300\";s:14:\"autoplay-Speed\";s:4:\"3000\";s:7:\"padding\";s:2:\"15\";s:4:\"cart\";s:1:\"1\";s:7:\"compare\";s:1:\"1\";s:8:\"wishlist\";s:1:\"1\";s:6:\"review\";s:1:\"1\";}',1),('58','Recommended','recommended-home7',2,'a:37:{s:9:\"countdown\";s:0:\"\";s:5:\"title\";s:11:\"Recommended\";s:8:\"subtitle\";s:0:\"\";s:4:\"ajax\";s:1:\"1\";s:8:\"loadmore\";s:1:\"0\";s:5:\"types\";s:1:\"0\";s:5:\"limit\";s:2:\"10\";s:6:\"status\";s:1:\"1\";s:10:\"parameters\";a:1:{s:10:\"conditions\";a:2:{i:1;a:4:{s:4:\"type\";s:50:\"Magento\\CatalogWidget\\Model\\Rule\\Condition\\Combine\";s:10:\"aggregator\";s:3:\"all\";s:5:\"value\";s:1:\"1\";s:9:\"new_child\";s:0:\"\";}s:4:\"1--1\";a:4:{s:4:\"type\";s:50:\"Magento\\CatalogWidget\\Model\\Rule\\Condition\\Product\";s:9:\"attribute\";s:16:\"attribute_set_id\";s:8:\"operator\";s:2:\"==\";s:5:\"value\";s:2:\"13\";}}}s:12:\"category_ids\";a:1:{i:0;s:3:\"340\";}s:9:\"activated\";s:3:\"340\";s:6:\"mobile\";s:1:\"1\";s:8:\"portrait\";s:1:\"1\";s:9:\"landscape\";s:1:\"1\";s:6:\"tablet\";s:1:\"1\";s:8:\"notebook\";s:1:\"2\";s:6:\"laptop\";s:1:\"2\";s:7:\"desktop\";s:1:\"2\";s:10:\"widescreen\";s:1:\"3\";s:7:\"visible\";s:1:\"4\";s:5:\"timer\";s:1:\"0\";s:5:\"slide\";s:1:\"1\";s:8:\"vertical\";s:5:\"false\";s:8:\"infinite\";s:4:\"true\";s:8:\"autoplay\";s:5:\"false\";s:6:\"arrows\";s:4:\"true\";s:4:\"dots\";s:5:\"false\";s:4:\"fade\";s:5:\"false\";s:11:\"center-Mode\";s:5:\"false\";s:4:\"rows\";s:1:\"1\";s:5:\"speed\";s:3:\"300\";s:14:\"autoplay-Speed\";s:4:\"3000\";s:7:\"padding\";s:2:\"15\";s:4:\"cart\";s:1:\"0\";s:7:\"compare\";s:1:\"0\";s:8:\"wishlist\";s:1:\"0\";s:6:\"review\";s:1:\"1\";}',1),('59','Cosmetics','cosmetics-home7',2,'a:38:{s:9:\"countdown\";s:0:\"\";s:5:\"title\";s:9:\"Cosmetics\";s:8:\"subtitle\";s:0:\"\";s:5:\"image\";s:60:\"magiccart/magicproduct/category//i/m/img-module4-460x355.jpg\";s:4:\"ajax\";s:1:\"1\";s:8:\"loadmore\";s:1:\"0\";s:5:\"types\";s:1:\"0\";s:5:\"limit\";s:2:\"10\";s:6:\"status\";s:1:\"1\";s:10:\"parameters\";a:1:{s:10:\"conditions\";a:2:{i:1;a:4:{s:4:\"type\";s:50:\"Magento\\CatalogWidget\\Model\\Rule\\Condition\\Combine\";s:10:\"aggregator\";s:3:\"all\";s:5:\"value\";s:1:\"1\";s:9:\"new_child\";s:0:\"\";}s:4:\"1--1\";a:4:{s:4:\"type\";s:50:\"Magento\\CatalogWidget\\Model\\Rule\\Condition\\Product\";s:9:\"attribute\";s:16:\"attribute_set_id\";s:8:\"operator\";s:2:\"==\";s:5:\"value\";s:2:\"13\";}}}s:12:\"category_ids\";a:1:{i:0;s:3:\"371\";}s:9:\"activated\";s:3:\"371\";s:6:\"mobile\";s:1:\"1\";s:8:\"portrait\";s:1:\"2\";s:9:\"landscape\";s:1:\"2\";s:6:\"tablet\";s:1:\"2\";s:8:\"notebook\";s:1:\"1\";s:6:\"laptop\";s:1:\"2\";s:7:\"desktop\";s:1:\"2\";s:10:\"widescreen\";s:1:\"3\";s:7:\"visible\";s:1:\"4\";s:5:\"timer\";s:1:\"0\";s:5:\"slide\";s:1:\"1\";s:8:\"vertical\";s:5:\"false\";s:8:\"infinite\";s:4:\"true\";s:8:\"autoplay\";s:5:\"false\";s:6:\"arrows\";s:4:\"true\";s:4:\"dots\";s:5:\"false\";s:4:\"fade\";s:5:\"false\";s:11:\"center-Mode\";s:5:\"false\";s:4:\"rows\";s:1:\"1\";s:5:\"speed\";s:3:\"300\";s:14:\"autoplay-Speed\";s:4:\"3000\";s:7:\"padding\";s:2:\"15\";s:4:\"cart\";s:1:\"1\";s:7:\"compare\";s:1:\"1\";s:8:\"wishlist\";s:1:\"1\";s:6:\"review\";s:1:\"1\";}',1),('60','Power Tools','power-tools-home7',2,'a:38:{s:9:\"countdown\";s:0:\"\";s:5:\"title\";s:11:\"Power Tools\";s:8:\"subtitle\";s:0:\"\";s:5:\"image\";s:60:\"magiccart/magicproduct/category//i/m/img-module5-460x355.jpg\";s:4:\"ajax\";s:1:\"1\";s:8:\"loadmore\";s:1:\"0\";s:5:\"types\";s:1:\"0\";s:5:\"limit\";s:2:\"10\";s:6:\"status\";s:1:\"1\";s:10:\"parameters\";a:1:{s:10:\"conditions\";a:2:{i:1;a:4:{s:4:\"type\";s:50:\"Magento\\CatalogWidget\\Model\\Rule\\Condition\\Combine\";s:10:\"aggregator\";s:3:\"all\";s:5:\"value\";s:1:\"1\";s:9:\"new_child\";s:0:\"\";}s:4:\"1--1\";a:4:{s:4:\"type\";s:50:\"Magento\\CatalogWidget\\Model\\Rule\\Condition\\Product\";s:9:\"attribute\";s:16:\"attribute_set_id\";s:8:\"operator\";s:2:\"==\";s:5:\"value\";s:2:\"13\";}}}s:12:\"category_ids\";a:1:{i:0;s:3:\"388\";}s:9:\"activated\";s:3:\"388\";s:6:\"mobile\";s:1:\"1\";s:8:\"portrait\";s:1:\"2\";s:9:\"landscape\";s:1:\"2\";s:6:\"tablet\";s:1:\"2\";s:8:\"notebook\";s:1:\"1\";s:6:\"laptop\";s:1:\"2\";s:7:\"desktop\";s:1:\"2\";s:10:\"widescreen\";s:1:\"3\";s:7:\"visible\";s:1:\"4\";s:5:\"timer\";s:1:\"0\";s:5:\"slide\";s:1:\"1\";s:8:\"vertical\";s:5:\"false\";s:8:\"infinite\";s:4:\"true\";s:8:\"autoplay\";s:5:\"false\";s:6:\"arrows\";s:4:\"true\";s:4:\"dots\";s:5:\"false\";s:4:\"fade\";s:5:\"false\";s:11:\"center-Mode\";s:5:\"false\";s:4:\"rows\";s:1:\"1\";s:5:\"speed\";s:3:\"300\";s:14:\"autoplay-Speed\";s:4:\"3000\";s:7:\"padding\";s:2:\"15\";s:4:\"cart\";s:1:\"1\";s:7:\"compare\";s:1:\"1\";s:8:\"wishlist\";s:1:\"1\";s:6:\"review\";s:1:\"1\";}',1),('61','Hot Deals','hot-deals-home7',1,'a:38:{s:8:\"form_key\";s:16:\"ias25PtVpIxtxQyD\";s:15:\"magicproduct_id\";s:2:\"61\";s:9:\"countdown\";s:0:\"\";s:5:\"title\";s:9:\"Hot Deals\";s:8:\"subtitle\";s:0:\"\";s:4:\"ajax\";s:1:\"1\";s:8:\"loadmore\";s:1:\"0\";s:5:\"types\";a:1:{i:0;s:4:\"sale\";}s:9:\"activated\";s:4:\"sale\";s:5:\"limit\";s:2:\"10\";s:6:\"status\";s:1:\"1\";s:10:\"parameters\";a:1:{s:10:\"conditions\";a:2:{i:1;a:4:{s:4:\"type\";s:50:\"Magento\\CatalogWidget\\Model\\Rule\\Condition\\Combine\";s:10:\"aggregator\";s:3:\"all\";s:5:\"value\";s:1:\"1\";s:9:\"new_child\";s:0:\"\";}s:4:\"1--1\";a:4:{s:4:\"type\";s:50:\"Magento\\CatalogWidget\\Model\\Rule\\Condition\\Product\";s:9:\"attribute\";s:16:\"attribute_set_id\";s:8:\"operator\";s:2:\"==\";s:5:\"value\";s:2:\"13\";}}}s:6:\"mobile\";s:1:\"1\";s:8:\"portrait\";s:1:\"1\";s:9:\"landscape\";s:1:\"2\";s:6:\"tablet\";s:1:\"2\";s:8:\"notebook\";s:1:\"2\";s:6:\"laptop\";s:1:\"3\";s:7:\"desktop\";s:1:\"1\";s:10:\"widescreen\";s:1:\"1\";s:7:\"visible\";s:1:\"1\";s:5:\"timer\";s:1:\"1\";s:5:\"slide\";s:1:\"1\";s:8:\"vertical\";s:5:\"false\";s:8:\"infinite\";s:4:\"true\";s:8:\"autoplay\";s:5:\"false\";s:6:\"arrows\";s:5:\"false\";s:4:\"dots\";s:5:\"false\";s:4:\"fade\";s:5:\"false\";s:11:\"center-Mode\";s:5:\"false\";s:4:\"rows\";s:1:\"1\";s:5:\"speed\";s:3:\"300\";s:14:\"autoplay-Speed\";s:4:\"3000\";s:7:\"padding\";s:2:\"15\";s:4:\"cart\";s:1:\"1\";s:7:\"compare\";s:1:\"1\";s:8:\"wishlist\";s:1:\"1\";s:6:\"review\";s:1:\"1\";}',1),('62','Best Sellers','best-sellers-home7',1,'a:38:{s:8:\"form_key\";s:16:\"ias25PtVpIxtxQyD\";s:15:\"magicproduct_id\";s:2:\"62\";s:9:\"countdown\";s:0:\"\";s:5:\"title\";s:12:\"Best Sellers\";s:8:\"subtitle\";s:0:\"\";s:4:\"ajax\";s:1:\"1\";s:8:\"loadmore\";s:1:\"0\";s:5:\"types\";a:1:{i:0;s:6:\"random\";}s:9:\"activated\";s:6:\"random\";s:5:\"limit\";s:2:\"10\";s:6:\"status\";s:1:\"1\";s:10:\"parameters\";a:1:{s:10:\"conditions\";a:2:{i:1;a:4:{s:4:\"type\";s:50:\"Magento\\CatalogWidget\\Model\\Rule\\Condition\\Combine\";s:10:\"aggregator\";s:3:\"all\";s:5:\"value\";s:1:\"1\";s:9:\"new_child\";s:0:\"\";}s:4:\"1--1\";a:4:{s:4:\"type\";s:50:\"Magento\\CatalogWidget\\Model\\Rule\\Condition\\Product\";s:9:\"attribute\";s:16:\"attribute_set_id\";s:8:\"operator\";s:2:\"==\";s:5:\"value\";s:2:\"13\";}}}s:6:\"mobile\";s:1:\"1\";s:8:\"portrait\";s:1:\"1\";s:9:\"landscape\";s:1:\"1\";s:6:\"tablet\";s:1:\"1\";s:8:\"notebook\";s:1:\"2\";s:6:\"laptop\";s:1:\"2\";s:7:\"desktop\";s:1:\"1\";s:10:\"widescreen\";s:1:\"1\";s:7:\"visible\";s:1:\"1\";s:5:\"timer\";s:1:\"0\";s:5:\"slide\";s:1:\"1\";s:8:\"vertical\";s:5:\"false\";s:8:\"infinite\";s:4:\"true\";s:8:\"autoplay\";s:5:\"false\";s:6:\"arrows\";s:5:\"false\";s:4:\"dots\";s:5:\"false\";s:4:\"fade\";s:5:\"false\";s:11:\"center-Mode\";s:5:\"false\";s:4:\"rows\";s:1:\"4\";s:5:\"speed\";s:3:\"300\";s:14:\"autoplay-Speed\";s:4:\"3000\";s:7:\"padding\";s:2:\"15\";s:4:\"cart\";s:1:\"0\";s:7:\"compare\";s:1:\"0\";s:8:\"wishlist\";s:1:\"0\";s:6:\"review\";s:1:\"1\";}',1),('63','Sale Products','sale-products-home7',1,'a:38:{s:8:\"form_key\";s:16:\"ias25PtVpIxtxQyD\";s:15:\"magicproduct_id\";s:2:\"63\";s:9:\"countdown\";s:0:\"\";s:5:\"title\";s:13:\"Sale Products\";s:8:\"subtitle\";s:0:\"\";s:4:\"ajax\";s:1:\"1\";s:8:\"loadmore\";s:1:\"0\";s:5:\"types\";a:1:{i:0;s:4:\"sale\";}s:9:\"activated\";s:4:\"sale\";s:5:\"limit\";s:2:\"10\";s:6:\"status\";s:1:\"1\";s:10:\"parameters\";a:1:{s:10:\"conditions\";a:2:{i:1;a:4:{s:4:\"type\";s:50:\"Magento\\CatalogWidget\\Model\\Rule\\Condition\\Combine\";s:10:\"aggregator\";s:3:\"all\";s:5:\"value\";s:1:\"1\";s:9:\"new_child\";s:0:\"\";}s:4:\"1--1\";a:4:{s:4:\"type\";s:50:\"Magento\\CatalogWidget\\Model\\Rule\\Condition\\Product\";s:9:\"attribute\";s:16:\"attribute_set_id\";s:8:\"operator\";s:2:\"==\";s:5:\"value\";s:2:\"13\";}}}s:6:\"mobile\";s:1:\"1\";s:8:\"portrait\";s:1:\"1\";s:9:\"landscape\";s:1:\"1\";s:6:\"tablet\";s:1:\"1\";s:8:\"notebook\";s:1:\"2\";s:6:\"laptop\";s:1:\"2\";s:7:\"desktop\";s:1:\"1\";s:10:\"widescreen\";s:1:\"1\";s:7:\"visible\";s:1:\"1\";s:5:\"timer\";s:1:\"0\";s:5:\"slide\";s:1:\"1\";s:8:\"vertical\";s:5:\"false\";s:8:\"infinite\";s:4:\"true\";s:8:\"autoplay\";s:5:\"false\";s:6:\"arrows\";s:5:\"false\";s:4:\"dots\";s:5:\"false\";s:4:\"fade\";s:5:\"false\";s:11:\"center-Mode\";s:5:\"false\";s:4:\"rows\";s:1:\"4\";s:5:\"speed\";s:3:\"300\";s:14:\"autoplay-Speed\";s:4:\"3000\";s:7:\"padding\";s:2:\"15\";s:4:\"cart\";s:1:\"0\";s:7:\"compare\";s:1:\"0\";s:8:\"wishlist\";s:1:\"0\";s:6:\"review\";s:1:\"1\";}',1);

--
-- Table structure for table `magiccart_magicslider`
--

CREATE TABLE `magiccart_magicslider` (
  `magicslider_id` int(11) NOT NULL AUTO_INCREMENT COMMENT 'Magicslider ID',
  `title` varchar(255) NOT NULL COMMENT 'Title',
  `identifier` varchar(255) DEFAULT NULL COMMENT 'Identifier',
  `config` mediumtext DEFAULT NULL COMMENT 'Config',
  `status` smallint(6) NOT NULL DEFAULT 1 COMMENT 'Status',
  `created_time` datetime DEFAULT NULL COMMENT 'Created Time',
  `update_time` datetime DEFAULT NULL COMMENT 'Update Time',
  `stores` varchar(255) NOT NULL DEFAULT '0' COMMENT 'Stores',
  PRIMARY KEY (`magicslider_id`),
  KEY `MAGICSLIDER_ID_MAGICSLIDER_ID` (`magicslider_id`)
) ENGINE=InnoDB AUTO_INCREMENT=20 DEFAULT CHARSET=utf8 COMMENT='Magiccart Magicslider';

--
-- Dumping data for table `magiccart_magicslider`
--

INSERT INTO `magiccart_magicslider` VALUES ('1','Slide Demo 1','slide','{\"magicslider_id\":\"1\",\"title\":\"Slide Demo 1\",\"exclude_lazyload_visible\":\"1\",\"background-image\":\"0\",\"useIntersectionObserver\":\"0\",\"image-class\":\"loaded\",\"stores\":\"0\",\"status\":\"1\",\"mobile\":\"1\",\"portrait\":\"1\",\"landscape\":\"1\",\"tablet\":\"1\",\"notebook\":\"1\",\"laptop\":\"1\",\"desktop\":\"1\",\"widescreen\":\"1\",\"visible\":\"1\",\"vertical\":\"false\",\"infinite\":\"true\",\"autoplay\":\"false\",\"arrows\":\"true\",\"dots\":\"true\",\"adaptive-height\":\"false\",\"fade\":\"false\",\"rows\":\"1\",\"speed\":\"500\",\"autoplay-Speed\":\"6000\",\"padding\":\"0\",\"media_gallery\":{\"images\":{\"tp3tl9iotl7\":{\"position\":\"4\",\"media_type\":\"image\",\"video_provider\":\"\",\"file\":\"\\/s\\/l\\/slider1-store1-1920x800.jpg\",\"value_id\":\"\",\"label\":\"\",\"link\":\"\",\"caption\":\"<div class=\\\"figcaption\\\">\\r\\n<div class=\\\"container\\\">\\r\\n<div class=\\\"container-caption\\\">\\r\\n\\t<div class=\\\"text-slide text-slide1\\\">\\r\\n\\t\\t<h3 class=\\\"caption1\\\">Furniture New Chair<\\/h3> \\r\\n\\t\\t<h3 class=\\\"caption2\\\">Minimal Living Room<\\/h3> \\r\\n\\t\\t<h4 class=\\\"caption3\\\">Brillant White Couch Regarding Sofa Set Living Room<br\\/>\\r\\nFurniture Moder High Quality Gargeous Inspirations\\r\\n               <\\/h4> \\r\\n\\t\\t<div class=\\\"actions\\\">\\r\\n\\t\\t\\t<a class=\\\"action\\\" href=\\\"#\\\" tabindex=\\\"0\\\">Shop now<\\/a>\\r\\n\\t\\t\\t\\r\\n\\t\\t<\\/div>\\r\\n\\t<\\/div>\\r\\n<\\/div>\\r\\n<\\/div>\\r\\n<\\/div>\\r\\n\",\"disabled\":\"0\",\"removed\":\"\",\"video_url\":\"\",\"video_title\":\"\",\"video_description\":\"\",\"video_metadata\":\"\",\"role\":\"\"},\"gvvgs422oke\":{\"position\":\"5\",\"media_type\":\"image\",\"video_provider\":\"\",\"file\":\"\\/s\\/l\\/slider2-store1-1920x800.jpg\",\"value_id\":\"\",\"label\":\"\",\"link\":\"\",\"caption\":\"\\r\\n<div class=\\\"figcaption\\\">\\r\\n<div class=\\\"container\\\">\\r\\n<div class=\\\"container-caption\\\">\\r\\n\\t<div class=\\\"text-slide text-slide1\\\">\\r\\n\\t\\t<h3 class=\\\"caption1\\\">New Collection<\\/h3> \\r\\n\\t\\t<h3 class=\\\"caption2\\\">Stained Beech Stool<\\/h3> \\r\\n\\t\\t<h4 class=\\\"caption3\\\">The new Danish classic, the Dark Stained Beech Stool <br\\/>\\r\\nhas an elegant, organic design\\r\\n               <\\/h4> \\r\\n\\t\\t<div class=\\\"actions\\\">\\r\\n\\t\\t\\t<a class=\\\"action\\\" href=\\\"#\\\" tabindex=\\\"0\\\">Shop now<\\/a>\\r\\n\\t\\t\\t\\r\\n\\t\\t<\\/div>\\r\\n\\t<\\/div>\\r\\n<\\/div>\\r\\n<\\/div>\\r\\n<\\/div>\\r\\n\",\"disabled\":\"0\",\"removed\":\"\",\"video_url\":\"\",\"video_title\":\"\",\"video_description\":\"\",\"video_metadata\":\"\",\"role\":\"\"}}},\"media_gallery_mobile\":{\"images\":{\"qw8j1s2fs49\":{\"position\":\"4\",\"media_type\":\"image\",\"video_provider\":\"\",\"file\":\"\\/mobile\\/s\\/l\\/slider1-store1-1920x800_03.jpg\",\"value_id\":\"\",\"label\":\"\",\"link\":\"\",\"caption\":\"<div class=\\\"figcaption\\\">\\r\\n<div class=\\\"container\\\">\\r\\n<div class=\\\"container-caption\\\">\\r\\n\\t<div class=\\\"text-slide text-slide1\\\">\\r\\n\\t\\t<h3 class=\\\"caption1\\\">Furniture New Chair<\\/h3> \\r\\n\\t\\t<h3 class=\\\"caption2\\\">Minimal Living Room<\\/h3> \\r\\n\\t\\t<h4 class=\\\"caption3\\\">Brillant White Couch Regarding Sofa Set Living Room<br\\/>\\r\\nFurniture Moder High Quality Gargeous Inspirations\\r\\n               <\\/h4> \\r\\n\\t\\t<div class=\\\"actions\\\">\\r\\n\\t\\t\\t<a class=\\\"action\\\" href=\\\"#\\\" tabindex=\\\"0\\\">Shop now<\\/a>\\r\\n\\t\\t\\t\\r\\n\\t\\t<\\/div>\\r\\n\\t<\\/div>\\r\\n<\\/div>\\r\\n<\\/div>\\r\\n<\\/div>\\r\\n\",\"disabled\":\"0\",\"removed\":\"\",\"video_url\":\"\",\"video_title\":\"\",\"video_description\":\"\",\"video_metadata\":\"\",\"role\":\"\"},\"oeddj4uq8go\":{\"position\":\"5\",\"media_type\":\"image\",\"video_provider\":\"\",\"file\":\"\\/mobile\\/s\\/l\\/slider2-store1-1920x800_02.jpg\",\"value_id\":\"\",\"label\":\"\",\"link\":\"\",\"caption\":\"<div class=\\\"figcaption\\\">\\r\\n<div class=\\\"container\\\">\\r\\n<div class=\\\"container-caption\\\">\\r\\n\\t<div class=\\\"text-slide text-slide1\\\">\\r\\n\\t\\t<h3 class=\\\"caption1\\\">New Collection<\\/h3> \\r\\n\\t\\t<h3 class=\\\"caption2\\\">Stained Beech Stool<\\/h3> \\r\\n\\t\\t<h4 class=\\\"caption3\\\">The new Danish classic, the Dark Stained Beech Stool <br\\/>\\r\\nhas an elegant, organic design\\r\\n               <\\/h4> \\r\\n\\t\\t<div class=\\\"actions\\\">\\r\\n\\t\\t\\t<a class=\\\"action\\\" href=\\\"#\\\" tabindex=\\\"0\\\">Shop now<\\/a>\\r\\n\\t\\t\\t\\r\\n\\t\\t<\\/div>\\r\\n\\t<\\/div>\\r\\n<\\/div>\\r\\n<\\/div>\\r\\n<\\/div>\\r\\n\",\"disabled\":\"0\",\"removed\":\"\",\"video_url\":\"\",\"video_title\":\"\",\"video_description\":\"\",\"video_metadata\":\"\",\"role\":\"\"}}}}',1,NULL,NULL,'0'),('7','About Us','about-us','{\"magicslider_id\":\"7\",\"title\":\"About Us\",\"image-class\":\"loaded\",\"stores\":\"0\",\"status\":\"1\",\"mobile\":\"1\",\"portrait\":\"1\",\"landscape\":\"1\",\"tablet\":\"1\",\"notebook\":\"1\",\"laptop\":\"1\",\"desktop\":\"1\",\"widescreen\":\"1\",\"visible\":\"1\",\"vertical\":\"false\",\"infinite\":\"true\",\"autoplay\":\"true\",\"arrows\":\"false\",\"dots\":\"true\",\"adaptive-height\":\"false\",\"fade\":\"false\",\"rows\":\"1\",\"speed\":\"300\",\"autoplay-Speed\":\"3000\",\"padding\":\"0\",\"media_gallery\":{\"images\":{\"lrwmdwnagpd\":{\"position\":\"2\",\"media_type\":\"image\",\"video_provider\":\"\",\"file\":\"\\/a\\/b\\/about-us_1.jpg\",\"value_id\":\"\",\"label\":\"\",\"link\":\"\",\"caption\":\"<div class=\\\"figcaption\\\">\\r\\n\\t<div class=\\\"text-slide\\\">\\r\\n\\t\\t<h2 class=\\\"caption1\\\">Urban Outfit<br> Clothing, Grooming &<br> Accessories for Men<\\/h2>\\r\\n\\t\\t<h3 class=\\\"caption2\\\">Shop the latest products right from your home with<br> UrbanOutfit. We have beard supplies, clothing & accessories<br> from top brands.<\\/h3> \\r\\n\\t\\t<div class=\\\"actions\\\">\\r\\n\\t\\t\\t<a href=\\\"#\\\" class=\\\"action\\\">Let\'s shopping<\\/a>\\r\\n\\t\\t<\\/div>\\r\\n\\t<\\/div>\\r\\n<\\/div>\",\"disabled\":\"0\",\"removed\":\"\",\"video_url\":\"\",\"video_title\":\"\",\"video_description\":\"\",\"video_metadata\":\"\",\"role\":\"\"}}},\"media_gallery_mobile\":{\"images\":{\"9seowhwp03g\":{\"position\":\"3\",\"media_type\":\"image\",\"video_provider\":\"\",\"file\":\"\\/mobile\\/a\\/b\\/about-us-mobile.jpg\",\"value_id\":\"\",\"label\":\"\",\"link\":\"\",\"caption\":\"<div class=\\\"figcaption\\\">\\r\\n\\t<div class=\\\"text-slide\\\">\\r\\n\\t\\t<h2 class=\\\"caption1\\\">Urban Outfit<br> Clothing, Grooming &<br> Accessories for Men<\\/h2>\\r\\n\\t\\t<div class=\\\"actions\\\">\\r\\n\\t\\t\\t<a href=\\\"#\\\" class=\\\"action\\\">Let\'s shopping<\\/a>\\r\\n\\t\\t<\\/div>\\r\\n\\t<\\/div>\\r\\n<\\/div>\",\"disabled\":\"0\",\"removed\":\"\",\"video_url\":\"\",\"video_title\":\"\",\"video_description\":\"\",\"video_metadata\":\"\",\"role\":\"\"}}}}',1,NULL,NULL,'0'),('8','Employees','employees','{\"magicslider_id\":\"8\",\"title\":\"Employees\",\"image-class\":\"loaded\",\"stores\":\"0\",\"status\":\"1\",\"mobile\":\"1\",\"portrait\":\"1\",\"landscape\":\"2\",\"tablet\":\"2\",\"notebook\":\"2\",\"laptop\":\"3\",\"desktop\":\"3\",\"widescreen\":\"3\",\"visible\":\"3\",\"vertical\":\"false\",\"infinite\":\"true\",\"autoplay\":\"false\",\"arrows\":\"false\",\"dots\":\"false\",\"adaptive-height\":\"false\",\"fade\":\"false\",\"rows\":\"1\",\"speed\":\"300\",\"autoplay-Speed\":\"3000\",\"padding\":\"15\",\"media_gallery\":{\"images\":{\"h7rota0ldbj\":{\"position\":\"3\",\"media_type\":\"image\",\"video_provider\":\"\",\"file\":\"\\/e\\/m\\/employee.png\",\"value_id\":\"\",\"label\":\"\",\"link\":\"\",\"caption\":\"<div class=\\\"employee-title\\\">\\r\\n\\t<div class=\\\"name\\\">Mr Claudio<\\/div>\\r\\n\\t<div class=\\\"position\\\">CEO & Founder Urban Outfit<\\/div>\\r\\n<\\/div>\",\"disabled\":\"0\",\"removed\":\"\",\"video_url\":\"\",\"video_title\":\"\",\"video_description\":\"\",\"video_metadata\":\"\",\"role\":\"\"},\"a0s9wib1dud\":{\"position\":\"4\",\"media_type\":\"image\",\"video_provider\":\"\",\"file\":\"\\/e\\/m\\/employee-2.png\",\"value_id\":\"\",\"label\":\"\",\"link\":\"\",\"caption\":\"<div class=\\\"employee-title\\\">\\r\\n\\t<div class=\\\"name\\\">Mr Albert<\\/div>\\r\\n\\t<div class=\\\"position\\\">Founder Urban Outfit<\\/div>\\r\\n<\\/div>\",\"disabled\":\"0\",\"removed\":\"\",\"video_url\":\"\",\"video_title\":\"\",\"video_description\":\"\",\"video_metadata\":\"\",\"role\":\"\"},\"7divhr271e4\":{\"position\":\"5\",\"media_type\":\"image\",\"video_provider\":\"\",\"file\":\"\\/e\\/m\\/employee-3.png\",\"value_id\":\"\",\"label\":\"\",\"link\":\"\",\"caption\":\"<div class=\\\"employee-title\\\">\\r\\n\\t<div class=\\\"name\\\">Ms Christina<\\/div>\\r\\n\\t<div class=\\\"position\\\">Design Manager Urban Outfit<\\/div>\\r\\n<\\/div>\",\"disabled\":\"0\",\"removed\":\"\",\"video_url\":\"\",\"video_title\":\"\",\"video_description\":\"\",\"video_metadata\":\"\",\"role\":\"\"}}}}',1,NULL,NULL,'0'),('9','Slide Demo 2','slider2','{\"magicslider_id\":\"9\",\"title\":\"Slide Demo 2\",\"exclude_lazyload_visible\":\"1\",\"background-image\":\"0\",\"useIntersectionObserver\":\"0\",\"image-class\":\"loaded\",\"stores\":\"3,4\",\"status\":\"1\",\"mobile\":\"1\",\"portrait\":\"1\",\"landscape\":\"1\",\"tablet\":\"1\",\"notebook\":\"1\",\"laptop\":\"1\",\"desktop\":\"1\",\"widescreen\":\"1\",\"visible\":\"1\",\"vertical\":\"false\",\"infinite\":\"true\",\"autoplay\":\"true\",\"arrows\":\"true\",\"dots\":\"true\",\"adaptive-height\":\"false\",\"fade\":\"false\",\"rows\":\"1\",\"speed\":\"300\",\"autoplay-Speed\":\"3000\",\"padding\":\"0\",\"media_gallery\":{\"images\":{\"jdq75fcsfen\":{\"position\":\"0\",\"media_type\":\"image\",\"video_provider\":\"\",\"file\":\"\\/s\\/l\\/slider05-1920x630.jpg\",\"value_id\":\"\",\"label\":\"image slider\",\"link\":\"\",\"caption\":\"<div class=\\\"figcaption\\\">\\r\\n<div class=\\\"container\\\">\\r\\n<div class=\\\"container-caption\\\">\\r\\n\\t<div class=\\\"text-slide text-slide1\\\">\\r\\n                <h4 class=\\\"caption3\\\">Great place. great mind.<\\/h4> \\r\\n\\t\\t<h3 class=\\\"caption1\\\">New Designer Furniture<\\/h3> \\r\\n\\t\\t<h3 class=\\\"caption2\\\">Elite Collections!<\\/h3> \\r\\n\\r\\n\\t\\t<div class=\\\"actions\\\">\\r\\n\\t\\t\\t<a class=\\\"action\\\" href=\\\"#\\\" tabindex=\\\"0\\\">Shop now<\\/a>\\r\\n\\t\\t\\t\\r\\n\\t\\t<\\/div>\\r\\n\\t<\\/div>\\r\\n<\\/div>\\r\\n<\\/div>\\r\\n<\\/div>\\r\\n\",\"disabled\":\"0\",\"removed\":\"\",\"video_url\":\"\",\"video_title\":\"\",\"video_description\":\"\",\"video_metadata\":\"\",\"role\":\"\"},\"dp3gdlkl29m\":{\"position\":\"1\",\"media_type\":\"image\",\"video_provider\":\"\",\"file\":\"\\/s\\/l\\/slider06-1920x630.jpg\",\"value_id\":\"\",\"label\":\"image slider\",\"link\":\"\",\"caption\":\"<div class=\\\"figcaption\\\">\\r\\n<div class=\\\"container\\\">\\r\\n<div class=\\\"container-caption\\\">\\r\\n\\t<div class=\\\"text-slide text-slide1\\\">\\r\\n                <h4 class=\\\"caption3\\\">Outdoor & Indoor design<\\/h4> \\r\\n\\t\\t<h3 class=\\\"caption1\\\">New Collection<\\/h3> \\r\\n\\t\\t<h3 class=\\\"caption2\\\">Home Relaxing Chair<\\/h3> \\r\\n\\r\\n\\t\\t<div class=\\\"actions\\\">\\r\\n\\t\\t\\t<a class=\\\"action\\\" href=\\\"#\\\" tabindex=\\\"0\\\">Shop now<\\/a>\\r\\n\\t\\t\\t\\r\\n\\t\\t<\\/div>\\r\\n\\t<\\/div>\\r\\n<\\/div>\\r\\n<\\/div>\\r\\n<\\/div>\\r\\n\",\"disabled\":\"0\",\"removed\":\"\",\"video_url\":\"\",\"video_title\":\"\",\"video_description\":\"\",\"video_metadata\":\"\",\"role\":\"\"},\"ng32usawves\":{\"position\":\"2\",\"media_type\":\"image\",\"video_provider\":\"\",\"file\":\"\\/s\\/l\\/slider1-store2-1920x630.jpg\",\"value_id\":\"\",\"label\":\"image slider\",\"link\":\"\",\"caption\":\"<div class=\\\"figcaption\\\">\\r\\n<div class=\\\"container\\\">\\r\\n<div class=\\\"container-caption\\\">\\r\\n\\t<div class=\\\"text-slide text-slide1\\\">\\r\\n                <h4 class=\\\"caption3\\\">Great place. great mind.<\\/h4> \\r\\n\\t\\t<h3 class=\\\"caption1\\\">New Designer Furniture<\\/h3> \\r\\n\\t\\t<h3 class=\\\"caption2\\\">Elite Collections!<\\/h3> \\r\\n\\r\\n\\t\\t<div class=\\\"actions\\\">\\r\\n\\t\\t\\t<a class=\\\"action\\\" href=\\\"#\\\" tabindex=\\\"0\\\">Shop now<\\/a>\\r\\n\\t\\t\\t\\r\\n\\t\\t<\\/div>\\r\\n\\t<\\/div>\\r\\n<\\/div>\\r\\n<\\/div>\\r\\n<\\/div>\\r\\n\",\"disabled\":\"0\",\"removed\":\"\",\"video_url\":\"\",\"video_title\":\"\",\"video_description\":\"\",\"video_metadata\":\"\",\"role\":\"\"},\"k36ljwv1u2\":{\"position\":\"3\",\"media_type\":\"image\",\"video_provider\":\"\",\"file\":\"\\/s\\/l\\/slider2-store2-1920x630.jpg\",\"value_id\":\"\",\"label\":\"image slider\",\"link\":\"\",\"caption\":\"<div class=\\\"figcaption\\\">\\r\\n<div class=\\\"container\\\">\\r\\n<div class=\\\"container-caption\\\">\\r\\n\\t<div class=\\\"text-slide text-slide1\\\">\\r\\n                <h4 class=\\\"caption3\\\">Outdoor & Indoor design<\\/h4> \\r\\n\\t\\t<h3 class=\\\"caption1\\\">New Collection<\\/h3> \\r\\n\\t\\t<h3 class=\\\"caption2\\\">Home Relaxing Chair<\\/h3> \\r\\n\\r\\n\\t\\t<div class=\\\"actions\\\">\\r\\n\\t\\t\\t<a class=\\\"action\\\" href=\\\"#\\\" tabindex=\\\"0\\\">Shop now<\\/a>\\r\\n\\t\\t\\t\\r\\n\\t\\t<\\/div>\\r\\n\\t<\\/div>\\r\\n<\\/div>\\r\\n<\\/div>\\r\\n<\\/div>\\r\\n\",\"disabled\":\"0\",\"removed\":\"\",\"video_url\":\"\",\"video_title\":\"\",\"video_description\":\"\",\"video_metadata\":\"\",\"role\":\"\"},\"pf2m3qk2p4o\":{\"position\":\"4\",\"media_type\":\"image\",\"video_provider\":\"\",\"file\":\"\\/s\\/l\\/slider03-1920x630_01.jpg\",\"value_id\":\"\",\"label\":\"image slider\",\"link\":\"\",\"caption\":\"<div class=\\\"figcaption\\\">\\r\\n<div class=\\\"container\\\">\\r\\n<div class=\\\"container-caption\\\">\\r\\n\\t<div class=\\\"text-slide text-slide1\\\">\\r\\n                <h4 class=\\\"caption3\\\">Great place. great mind.<\\/h4> \\r\\n\\t\\t<h3 class=\\\"caption1\\\">New Designer Furniture<\\/h3> \\r\\n\\t\\t<h3 class=\\\"caption2\\\">Elite Collections!<\\/h3> \\r\\n\\r\\n\\t\\t<div class=\\\"actions\\\">\\r\\n\\t\\t\\t<a class=\\\"action\\\" href=\\\"#\\\" tabindex=\\\"0\\\">Shop now<\\/a>\\r\\n\\t\\t\\t\\r\\n\\t\\t<\\/div>\\r\\n\\t<\\/div>\\r\\n<\\/div>\\r\\n<\\/div>\\r\\n<\\/div>\\r\\n\",\"disabled\":\"1\",\"removed\":\"\",\"video_url\":\"\",\"video_title\":\"\",\"video_description\":\"\",\"video_metadata\":\"\",\"role\":\"\"},\"h3am3g2boq6\":{\"position\":\"5\",\"media_type\":\"image\",\"video_provider\":\"\",\"file\":\"\\/s\\/l\\/slider04-1920x630_01.jpg\",\"value_id\":\"\",\"label\":\"image slider\",\"link\":\"\",\"caption\":\"<div class=\\\"figcaption\\\">\\r\\n<div class=\\\"container\\\">\\r\\n<div class=\\\"container-caption\\\">\\r\\n\\t<div class=\\\"text-slide text-slide1\\\">\\r\\n                <h4 class=\\\"caption3\\\">Outdoor & Indoor design<\\/h4> \\r\\n\\t\\t<h3 class=\\\"caption1\\\">New Collection<\\/h3> \\r\\n\\t\\t<h3 class=\\\"caption2\\\">Home Relaxing Chair<\\/h3> \\r\\n\\r\\n\\t\\t<div class=\\\"actions\\\">\\r\\n\\t\\t\\t<a class=\\\"action\\\" href=\\\"#\\\" tabindex=\\\"0\\\">Shop now<\\/a>\\r\\n\\t\\t\\t\\r\\n\\t\\t<\\/div>\\r\\n\\t<\\/div>\\r\\n<\\/div>\\r\\n<\\/div>\\r\\n<\\/div>\\r\\n\",\"disabled\":\"1\",\"removed\":\"\",\"video_url\":\"\",\"video_title\":\"\",\"video_description\":\"\",\"video_metadata\":\"\",\"role\":\"\"}}},\"media_gallery_mobile\":{\"images\":{\"1kjub0m2kru\":{\"position\":\"0\",\"media_type\":\"image\",\"video_provider\":\"\",\"file\":\"\\/mobile\\/s\\/l\\/slider05-480x422_02.jpg\",\"value_id\":\"\",\"label\":\"image slider\",\"link\":\"\",\"caption\":\"<div class=\\\"figcaption\\\">\\r\\n<div class=\\\"container\\\">\\r\\n<div class=\\\"container-caption\\\">\\r\\n\\t<div class=\\\"text-slide text-slide1\\\">\\r\\n                <h4 class=\\\"caption3\\\">Great place. great mind.<\\/h4> \\r\\n\\t\\t<h3 class=\\\"caption1\\\">New Designer Furniture<\\/h3> \\r\\n\\t\\t<h3 class=\\\"caption2\\\">Elite Collections!<\\/h3> \\r\\n\\r\\n\\t\\t<div class=\\\"actions\\\">\\r\\n\\t\\t\\t<a class=\\\"action\\\" href=\\\"#\\\" tabindex=\\\"0\\\">Shop now<\\/a>\\r\\n\\t\\t\\t\\r\\n\\t\\t<\\/div>\\r\\n\\t<\\/div>\\r\\n<\\/div>\\r\\n<\\/div>\\r\\n<\\/div>\\r\\n\",\"disabled\":\"0\",\"removed\":\"\",\"video_url\":\"\",\"video_title\":\"\",\"video_description\":\"\",\"video_metadata\":\"\",\"role\":\"\"},\"h0onjkt57e\":{\"position\":\"1\",\"media_type\":\"image\",\"video_provider\":\"\",\"file\":\"\\/mobile\\/s\\/l\\/slider06-480x422_02.jpg\",\"value_id\":\"\",\"label\":\"image slider\",\"link\":\"\",\"caption\":\"<div class=\\\"figcaption\\\">\\r\\n<div class=\\\"container\\\">\\r\\n<div class=\\\"container-caption\\\">\\r\\n\\t<div class=\\\"text-slide text-slide1\\\">\\r\\n                <h4 class=\\\"caption3\\\">Outdoor & Indoor design<\\/h4> \\r\\n\\t\\t<h3 class=\\\"caption1\\\">New Collection<\\/h3> \\r\\n\\t\\t<h3 class=\\\"caption2\\\">Home Relaxing Chair<\\/h3> \\r\\n\\r\\n\\t\\t<div class=\\\"actions\\\">\\r\\n\\t\\t\\t<a class=\\\"action\\\" href=\\\"#\\\" tabindex=\\\"0\\\">Shop now<\\/a>\\r\\n\\t\\t\\t\\r\\n\\t\\t<\\/div>\\r\\n\\t<\\/div>\\r\\n<\\/div>\\r\\n<\\/div>\\r\\n<\\/div>\\r\\n\",\"disabled\":\"0\",\"removed\":\"\",\"video_url\":\"\",\"video_title\":\"\",\"video_description\":\"\",\"video_metadata\":\"\",\"role\":\"\"},\"sfbu455hq8u\":{\"position\":\"2\",\"media_type\":\"image\",\"video_provider\":\"\",\"file\":\"\\/mobile\\/s\\/l\\/slider1-store2-480x422.jpg\",\"value_id\":\"\",\"label\":\"image slider\",\"link\":\"\",\"caption\":\"<div class=\\\"figcaption\\\">\\r\\n<div class=\\\"container\\\">\\r\\n<div class=\\\"container-caption\\\">\\r\\n\\t<div class=\\\"text-slide text-slide1\\\">\\r\\n                <h4 class=\\\"caption3\\\">Great place. great mind.<\\/h4> \\r\\n\\t\\t<h3 class=\\\"caption1\\\">New Designer Furniture<\\/h3> \\r\\n\\t\\t<h3 class=\\\"caption2\\\">Elite Collections!<\\/h3> \\r\\n\\r\\n\\t\\t<div class=\\\"actions\\\">\\r\\n\\t\\t\\t<a class=\\\"action\\\" href=\\\"#\\\" tabindex=\\\"0\\\">Shop now<\\/a>\\r\\n\\t\\t\\t\\r\\n\\t\\t<\\/div>\\r\\n\\t<\\/div>\\r\\n<\\/div>\\r\\n<\\/div>\\r\\n<\\/div>\\r\\n\",\"disabled\":\"0\",\"removed\":\"\",\"video_url\":\"\",\"video_title\":\"\",\"video_description\":\"\",\"video_metadata\":\"\",\"role\":\"\"},\"g40hl1wbkpt\":{\"position\":\"3\",\"media_type\":\"image\",\"video_provider\":\"\",\"file\":\"\\/mobile\\/s\\/l\\/slider2-store2-480x422.jpg\",\"value_id\":\"\",\"label\":\"image slider\",\"link\":\"\",\"caption\":\"<div class=\\\"figcaption\\\">\\r\\n<div class=\\\"container\\\">\\r\\n<div class=\\\"container-caption\\\">\\r\\n\\t<div class=\\\"text-slide text-slide1\\\">\\r\\n                <h4 class=\\\"caption3\\\">Outdoor & Indoor design<\\/h4> \\r\\n\\t\\t<h3 class=\\\"caption1\\\">New Collection<\\/h3> \\r\\n\\t\\t<h3 class=\\\"caption2\\\">Home Relaxing Chair<\\/h3> \\r\\n\\r\\n\\t\\t<div class=\\\"actions\\\">\\r\\n\\t\\t\\t<a class=\\\"action\\\" href=\\\"#\\\" tabindex=\\\"0\\\">Shop now<\\/a>\\r\\n\\t\\t\\t\\r\\n\\t\\t<\\/div>\\r\\n\\t<\\/div>\\r\\n<\\/div>\\r\\n<\\/div>\\r\\n<\\/div>\\r\\n\",\"disabled\":\"0\",\"removed\":\"\",\"video_url\":\"\",\"video_title\":\"\",\"video_description\":\"\",\"video_metadata\":\"\",\"role\":\"\"},\"3iktqh33449l\":{\"position\":\"4\",\"media_type\":\"image\",\"video_provider\":\"\",\"file\":\"\\/mobile\\/s\\/l\\/slider03-480x422.jpg\",\"value_id\":\"\",\"label\":\"image slider\",\"link\":\"\",\"caption\":\"<div class=\\\"figcaption\\\">\\r\\n<div class=\\\"container\\\">\\r\\n<div class=\\\"container-caption\\\">\\r\\n\\t<div class=\\\"text-slide text-slide1\\\">\\r\\n                <h4 class=\\\"caption3\\\">Great place. great mind.<\\/h4> \\r\\n\\t\\t<h3 class=\\\"caption1\\\">New Designer Furniture<\\/h3> \\r\\n\\t\\t<h3 class=\\\"caption2\\\">Elite Collections!<\\/h3> \\r\\n\\r\\n\\t\\t<div class=\\\"actions\\\">\\r\\n\\t\\t\\t<a class=\\\"action\\\" href=\\\"#\\\" tabindex=\\\"0\\\">Shop now<\\/a>\\r\\n\\t\\t\\t\\r\\n\\t\\t<\\/div>\\r\\n\\t<\\/div>\\r\\n<\\/div>\\r\\n<\\/div>\\r\\n<\\/div>\\r\\n\",\"disabled\":\"1\",\"removed\":\"\",\"video_url\":\"\",\"video_title\":\"\",\"video_description\":\"\",\"video_metadata\":\"\",\"role\":\"\"},\"mw0lhg40fi6\":{\"position\":\"5\",\"media_type\":\"image\",\"video_provider\":\"\",\"file\":\"\\/mobile\\/s\\/l\\/slider04-480x422.jpg\",\"value_id\":\"\",\"label\":\"image slider\",\"link\":\"\",\"caption\":\"<div class=\\\"figcaption\\\">\\r\\n<div class=\\\"container\\\">\\r\\n<div class=\\\"container-caption\\\">\\r\\n\\t<div class=\\\"text-slide text-slide1\\\">\\r\\n                <h4 class=\\\"caption3\\\">Outdoor & Indoor design<\\/h4> \\r\\n\\t\\t<h3 class=\\\"caption1\\\">New Collection<\\/h3> \\r\\n\\t\\t<h3 class=\\\"caption2\\\">Home Relaxing Chair<\\/h3> \\r\\n\\r\\n\\t\\t<div class=\\\"actions\\\">\\r\\n\\t\\t\\t<a class=\\\"action\\\" href=\\\"#\\\" tabindex=\\\"0\\\">Shop now<\\/a>\\r\\n\\t\\t\\t\\r\\n\\t\\t<\\/div>\\r\\n\\t<\\/div>\\r\\n<\\/div>\\r\\n<\\/div>\\r\\n<\\/div>\\r\\n\",\"disabled\":\"1\",\"removed\":\"\",\"video_url\":\"\",\"video_title\":\"\",\"video_description\":\"\",\"video_metadata\":\"\",\"role\":\"\"}}}}',1,NULL,NULL,'3,4'),('10','Slide Home 3 Video','slide3-video','{\"magicslider_id\":\"10\",\"title\":\"Slide Home 3 Video\",\"image-class\":\"loaded\",\"stores\":\"0\",\"status\":\"1\",\"mobile\":\"1\",\"portrait\":\"1\",\"landscape\":\"1\",\"tablet\":\"1\",\"notebook\":\"1\",\"laptop\":\"1\",\"desktop\":\"1\",\"widescreen\":\"1\",\"visible\":\"1\",\"vertical\":\"false\",\"infinite\":\"true\",\"autoplay\":\"false\",\"arrows\":\"true\",\"dots\":\"false\",\"adaptive-height\":\"false\",\"fade\":\"false\",\"rows\":\"1\",\"speed\":\"300\",\"autoplay-Speed\":\"3000\",\"padding\":\"0\",\"media_gallery\":{\"images\":{\"ge6m0i56vn3\":{\"position\":\"4\",\"media_type\":\"external-video\",\"video_provider\":\"\",\"file\":\"\\/c\\/m\\/cms-static-img-4.jpg\",\"value_id\":\"\",\"label\":\"\",\"link\":\"\",\"caption\":\"\",\"disabled\":\"0\",\"removed\":\"\",\"video_url\":\"https:\\/\\/www.youtube.com\\/watch?v=SwZynNzqBys&t=41s\",\"video_title\":\"Most Attractive Outfits For Men | STYLISH Outfits For Guys 2020 | Men\'s Fashion & Style 2020!\",\"video_description\":\"Most Attractive Outfits For Men | STYLISH Outfits For Guys 2020 | Men\'s Fashion & Style 2020 - Most Attractive Outfit for Men\'s 2020 | Stylish Fashion for Young Guys | Men\'s Fashion and Style - MOST Attractive Outfits For Young Guys | Most Stylish Outfits For Men | ATTRACTIVE Outfits For Guys 2020 | Men\'s Fashion & Style 2020 - Most ATTRACTIVE Casual Outfits For Men 2020 | Stylish Fashion For Young Guys | Men\'s Fashion & Style - How to Dress in 2020 + New Fashion Trends 2020\\r\\n\\r\\nhttps:\\/\\/youtu.be\\/SwZynNzqBys\\r\\n\\r\\nCheck out the latest video of Most Attractive Outfits For Men 2020.\\r\\n\\r\\nThanks For Watching.\\r\\n\\r\\nDo Share & Subscribe For More Videos...\\r\\n\\r\\nOfficial Website: https:\\/\\/www.menshealthandfitnesstips.com\\/\\r\\n\\r\\nDo Subscribe Us on YouTube: \\r\\nhttps:\\/\\/www.youtube.com\\/channel\\/UCYi4JJcjDYtNGLX0N6e7g5A\\r\\n\\r\\nLike us on Facebook: Hairstyles Page For Men\\r\\nhttps:\\/\\/www.facebook.com\\/NewHaircutsForMen\\/\\r\\n\\r\\nHairstyles Channel On YouTube:\\r\\nhttps:\\/\\/www.youtube.com\\/channel\\/UCjj_348rqMfPGbVwsBE_4PQ\\r\\n\\r\\n====================================\\r\\n\\r\\nRelated Videos To Watch:\\r\\n\\r\\nLatest Winter Fashion For Men 2020\\r\\nhttps:\\/\\/youtu.be\\/fIX_Pu2Gw78\\r\\n\\r\\nMOST ATTRACTIVE Outfit For Indian Guys 2020\\r\\nhttps:\\/\\/youtu.be\\/H7c8Gu44VZ4\\r\\n\\r\\n100+ Latest Men\'s Formal & Semi-Formal Outfits \\r\\nhttps:\\/\\/youtu.be\\/NfI8a0KWuqM\\r\\n\\r\\nMen\'s Shorts Style 2020\\r\\nhttps:\\/\\/youtu.be\\/SIojfzJTFPo\\r\\n\\r\\nLatest Stylish T-Shirts For Men 2020 \\r\\nhttps:\\/\\/youtu.be\\/JP7vD7_7Jmc\\r\\n\\r\\nMen\'s T-Shirt Jeans Style\\r\\nhttps:\\/\\/youtu.be\\/mVdriWzkoVo\\r\\n\\r\\nMen\'s Shirt with Jeans Style 2020\\r\\nhttps:\\/\\/youtu.be\\/TcU_dvRT-F0\\r\\n\\r\\n85+ Dashing Formal Outfits For Men 2020\\r\\nhttps:\\/\\/youtu.be\\/ooj434uaS08\\r\\n\\r\\n#MostAttractive #OutfitsForMen #StylishOutfits #MensWear #MensClothing #Mensfashion2020 #Mensfashionandstyle\",\"video_metadata\":\"\",\"role\":\"Most Attractive Outfits For Men | STYLISH Outfits For Guys 2020 | Men\'s Fashion & Style 2020 - Most Attractive Outfit for Men\'s 2020 | Stylish Fashion for Young Guys | Men\'s Fashion and Style - MOST Attractive Outfits For Young Guys | Most Stylish Outfits For Men | ATTRACTIVE Outfits For Guys 2020 | Men\'s Fashion & Style 2020 - Most ATTRACTIVE Casual Outfits For Men 2020 | Stylish Fashion For Young Guys | Men\'s Fashion & Style - How to Dress in 2020 + New Fashion Trends 2020\\r\\n\\r\\nhttps:\\/\\/youtu.be\\/SwZynNzqBys\\r\\n\\r\\nCheck out the latest video of Most Attractive Outfits For Men 2020.\\r\\n\\r\\nThanks For Watching.\\r\\n\\r\\nDo Share & Subscribe For More Videos...\\r\\n\\r\\nOfficial Website: https:\\/\\/www.menshealthandfitnesstips.com\\/\\r\\n\\r\\nDo Subscribe Us on YouTube: \\r\\nhttps:\\/\\/www.youtube.com\\/channel\\/UCYi4JJcjDYtNGLX0N6e7g5A\\r\\n\\r\\nLike us on Facebook: Hairstyles Page For Men\\r\\nhttps:\\/\\/www.facebook.com\\/NewHaircutsForMen\\/\\r\\n\\r\\nHairstyles Channel On YouTube:\\r\\nhttps:\\/\\/www.youtube.com\\/channel\\/UCjj_348rqMfPGbVwsBE_4PQ\\r\\n\\r\\n====================================\\r\\n\\r\\nRelated Videos To Watch:\\r\\n\\r\\nLatest Winter Fashion For Men 2020\\r\\nhttps:\\/\\/youtu.be\\/fIX_Pu2Gw78\\r\\n\\r\\nMOST ATTRACTIVE Outfit For Indian Guys 2020\\r\\nhttps:\\/\\/youtu.be\\/H7c8Gu44VZ4\\r\\n\\r\\n100+ Latest Men\'s Formal & Semi-Formal Outfits \\r\\nhttps:\\/\\/youtu.be\\/NfI8a0KWuqM\\r\\n\\r\\nMen\'s Shorts Style 2020\\r\\nhttps:\\/\\/youtu.be\\/SIojfzJTFPo\\r\\n\\r\\nLatest Stylish T-Shirts For Men 2020 \\r\\nhttps:\\/\\/youtu.be\\/JP7vD7_7Jmc\\r\\n\\r\\nMen\'s T-Shirt Jeans Style\\r\\nhttps:\\/\\/youtu.be\\/mVdriWzkoVo\\r\\n\\r\\nMen\'s Shirt with Jeans Style 2020\\r\\nhttps:\\/\\/youtu.be\\/TcU_dvRT-F0\\r\\n\\r\\n85+ Dashing Formal Outfits For Men 2020\\r\\nhttps:\\/\\/youtu.be\\/ooj434uaS08\\r\\n\\r\\n#MostAttractive #OutfitsForMen #StylishOutfits #MensWear #MensClothing #Mensfashion2020 #Mensfashionandstyle\"}}}}',1,NULL,NULL,'0'),('11','Slide Demo 3','slide3','{\"magicslider_id\":\"11\",\"title\":\"Slide Demo 3\",\"exclude_lazyload_visible\":\"1\",\"background-image\":\"0\",\"image-class\":\"loaded\",\"stores\":\"5,6\",\"status\":\"1\",\"mobile\":\"1\",\"portrait\":\"1\",\"landscape\":\"1\",\"tablet\":\"1\",\"notebook\":\"1\",\"laptop\":\"1\",\"desktop\":\"1\",\"widescreen\":\"1\",\"visible\":\"1\",\"vertical\":\"false\",\"infinite\":\"true\",\"autoplay\":\"true\",\"arrows\":\"true\",\"dots\":\"false\",\"adaptive-height\":\"false\",\"fade\":\"false\",\"rows\":\"1\",\"speed\":\"300\",\"autoplay-Speed\":\"3000\",\"padding\":\"0\",\"media_gallery\":{\"images\":{\"kb7uw4mu8kt\":{\"position\":\"4\",\"media_type\":\"image\",\"video_provider\":\"\",\"file\":\"\\/s\\/l\\/slider1-store3-1920x816.jpg\",\"value_id\":\"\",\"label\":\"\",\"link\":\"\",\"caption\":\"<div class=\\\"figcaption\\\">\\r\\n<div class=\\\"container-fluid-slide\\\">\\r\\n<div class=\\\"container-caption\\\">\\r\\n\\t<div class=\\\"text-slide text-slide1\\\">\\r\\n\\t\\t<h3 class=\\\"caption1\\\">XECH T5 Sleek Desk Lamp<\\/h3> \\r\\n\\t\\t<h3 class=\\\"caption2\\\">With Wireless Charger<\\/h3> \\r\\n\\t\\t<h4 class=\\\"caption3\\\">Wireless Charging Output: 5V\\/1A<br\\/>\\r\\nLamp Arm Rotation Angle: 90 Degree\\r\\n               <\\/h4> \\r\\n\\t\\t<div class=\\\"actions\\\">\\r\\n\\t\\t\\t<a class=\\\"action\\\" href=\\\"#\\\" tabindex=\\\"0\\\">Shop now<\\/a>\\r\\n\\t\\t\\t\\r\\n\\t\\t<\\/div>\\r\\n\\t<\\/div>\\r\\n<\\/div>\\r\\n<\\/div>\\r\\n<\\/div>\\r\\n\",\"disabled\":\"1\",\"removed\":\"\",\"video_url\":\"\",\"video_title\":\"\",\"video_description\":\"\",\"video_metadata\":\"\",\"role\":\"\"},\"d5j0wlwu9qb\":{\"position\":\"5\",\"media_type\":\"image\",\"video_provider\":\"\",\"file\":\"\\/s\\/l\\/slider2-store3-1920x816.jpg\",\"value_id\":\"\",\"label\":\"\",\"link\":\"\",\"caption\":\"<div class=\\\"figcaption\\\">\\r\\n<div class=\\\"container-fluid-slide\\\">\\r\\n<div class=\\\"container-caption\\\">\\r\\n\\t<div class=\\\"text-slide text-slide2\\\">\\r\\n\\t\\t<h3 class=\\\"caption1\\\">Interior Design Furniture<\\/h3> \\r\\n\\t\\t<h3 class=\\\"caption2\\\">For Your Dream Room<\\/h3> \\r\\n\\t\\t<h4 class=\\\"caption3\\\">Kiln-dried hardwood frame. Apartment friendly design<br\\/>\\r\\nSinuous Spring suspension system\\r\\n               <\\/h4> \\r\\n\\t\\t<div class=\\\"actions\\\">\\r\\n\\t\\t\\t<a class=\\\"action\\\" href=\\\"#\\\" tabindex=\\\"0\\\">Shop now<\\/a>\\r\\n\\t\\t\\t\\r\\n\\t\\t<\\/div>\\r\\n\\t<\\/div>\\r\\n<\\/div>\\r\\n<\\/div>\\r\\n<\\/div>\\r\\n\",\"disabled\":\"1\",\"removed\":\"\",\"video_url\":\"\",\"video_title\":\"\",\"video_description\":\"\",\"video_metadata\":\"\",\"role\":\"\"},\"wrau3m9h2cb\":{\"position\":\"6\",\"media_type\":\"image\",\"video_provider\":\"\",\"file\":\"\\/i\\/m\\/img4-6-1.jpg\",\"value_id\":\"\",\"label\":\"\",\"link\":\"\",\"caption\":\"<div class=\\\"figcaption\\\">\\r\\n<div class=\\\"container-fluid-slide\\\">\\r\\n<div class=\\\"container-caption\\\">\\r\\n\\t<div class=\\\"text-slide text-slide1\\\">\\r\\n\\t\\t<h3 class=\\\"caption1\\\">XECH T5 Sleek Desk Lamp<\\/h3> \\r\\n\\t\\t<h3 class=\\\"caption2\\\">With Wireless Charger<\\/h3> \\r\\n\\t\\t<h4 class=\\\"caption3\\\">Wireless Charging Output: 5V\\/1A<br\\/>\\r\\nLamp Arm Rotation Angle: 90 Degree\\r\\n               <\\/h4> \\r\\n\\t\\t<div class=\\\"actions\\\">\\r\\n\\t\\t\\t<a class=\\\"action\\\" href=\\\"#\\\" tabindex=\\\"0\\\">Shop now<\\/a>\\r\\n\\t\\t\\t\\r\\n\\t\\t<\\/div>\\r\\n\\t<\\/div>\\r\\n<\\/div>\\r\\n<\\/div>\\r\\n<\\/div>\\r\\n\",\"disabled\":\"1\",\"removed\":\"\",\"video_url\":\"\",\"video_title\":\"\",\"video_description\":\"\",\"video_metadata\":\"\",\"role\":\"\"},\"iqt6497l10o\":{\"position\":\"7\",\"media_type\":\"image\",\"video_provider\":\"\",\"file\":\"\\/i\\/m\\/img3-4_01.jpg\",\"value_id\":\"\",\"label\":\"\",\"link\":\"\",\"caption\":\"<div class=\\\"figcaption\\\">\\r\\n<div class=\\\"container-fluid-slide\\\">\\r\\n<div class=\\\"container-caption\\\">\\r\\n\\t<div class=\\\"text-slide text-slide1\\\">\\r\\n\\t\\t<h3 class=\\\"caption1\\\">XECH T5 Sleek Desk Lamp<\\/h3> \\r\\n\\t\\t<h3 class=\\\"caption2\\\">With Wireless Charger<\\/h3> \\r\\n\\t\\t<h4 class=\\\"caption3\\\">Wireless Charging Output: 5V\\/1A<br\\/>\\r\\nLamp Arm Rotation Angle: 90 Degree\\r\\n               <\\/h4> \\r\\n\\t\\t<div class=\\\"actions\\\">\\r\\n\\t\\t\\t<a class=\\\"action\\\" href=\\\"#\\\" tabindex=\\\"0\\\">Shop now<\\/a>\\r\\n\\t\\t\\t\\r\\n\\t\\t<\\/div>\\r\\n\\t<\\/div>\\r\\n<\\/div>\\r\\n<\\/div>\\r\\n<\\/div>\\r\\n\",\"disabled\":\"1\",\"removed\":\"\",\"video_url\":\"\",\"video_title\":\"\",\"video_description\":\"\",\"video_metadata\":\"\",\"role\":\"\"},\"aokkmwrtfb4\":{\"position\":\"8\",\"media_type\":\"image\",\"video_provider\":\"\",\"file\":\"\\/s\\/l\\/slider1-3-1_01.jpg\",\"value_id\":\"\",\"label\":\"\",\"link\":\"\",\"caption\":\"<div class=\\\"figcaption\\\">\\r\\n<div class=\\\"container-fluid-slide\\\">\\r\\n<div class=\\\"container-caption\\\">\\r\\n\\t<div class=\\\"text-slide text-slide1\\\">\\r\\n\\t\\t<h3 class=\\\"caption1\\\">XECH T5 Sleek Desk Lamp<\\/h3> \\r\\n\\t\\t<h3 class=\\\"caption2\\\">With Wireless Charger<\\/h3> \\r\\n\\t\\t<h4 class=\\\"caption3\\\">Wireless Charging Output: 5V\\/1A<br\\/>\\r\\nLamp Arm Rotation Angle: 90 Degree\\r\\n               <\\/h4> \\r\\n\\t\\t<div class=\\\"actions\\\">\\r\\n\\t\\t\\t<a class=\\\"action\\\" href=\\\"#\\\" tabindex=\\\"0\\\">Shop now<\\/a>\\r\\n\\t\\t\\t\\r\\n\\t\\t<\\/div>\\r\\n\\t<\\/div>\\r\\n<\\/div>\\r\\n<\\/div>\\r\\n<\\/div>\\r\\n\",\"disabled\":\"0\",\"removed\":\"\",\"video_url\":\"\",\"video_title\":\"\",\"video_description\":\"\",\"video_metadata\":\"\",\"role\":\"\"},\"tck6cjiiuda\":{\"position\":\"9\",\"media_type\":\"image\",\"video_provider\":\"\",\"file\":\"\\/i\\/m\\/img8-5_01.jpg\",\"value_id\":\"\",\"label\":\"\",\"link\":\"\",\"caption\":\"<div class=\\\"figcaption\\\">\\r\\n<div class=\\\"container-fluid-slide\\\">\\r\\n<div class=\\\"container-caption\\\">\\r\\n\\t<div class=\\\"text-slide text-slide1\\\">\\r\\n\\t\\t<h3 class=\\\"caption1\\\">XECH T5 Sleek Desk Lamp<\\/h3> \\r\\n\\t\\t<h3 class=\\\"caption2\\\">With Wireless Charger<\\/h3> \\r\\n\\t\\t<h4 class=\\\"caption3\\\">Wireless Charging Output: 5V\\/1A<br\\/>\\r\\nLamp Arm Rotation Angle: 90 Degree\\r\\n               <\\/h4> \\r\\n\\t\\t<div class=\\\"actions\\\">\\r\\n\\t\\t\\t<a class=\\\"action\\\" href=\\\"#\\\" tabindex=\\\"0\\\">Shop now<\\/a>\\r\\n\\t\\t\\t\\r\\n\\t\\t<\\/div>\\r\\n\\t<\\/div>\\r\\n<\\/div>\\r\\n<\\/div>\\r\\n<\\/div>\\r\\n\",\"disabled\":\"0\",\"removed\":\"\",\"video_url\":\"\",\"video_title\":\"\",\"video_description\":\"\",\"video_metadata\":\"\",\"role\":\"\"},\"2rbuahv2u4n\":{\"position\":\"10\",\"media_type\":\"image\",\"video_provider\":\"\",\"file\":\"\\/s\\/l\\/slider7-1-1_01.jpg\",\"value_id\":\"\",\"label\":\"\",\"link\":\"\",\"caption\":\"<div class=\\\"figcaption\\\">\\r\\n<div class=\\\"container-fluid-slide\\\">\\r\\n<div class=\\\"container-caption\\\">\\r\\n\\t<div class=\\\"text-slide text-slide1\\\">\\r\\n\\t\\t<h3 class=\\\"caption1\\\">XECH T5 Sleek Desk Lamp<\\/h3> \\r\\n\\t\\t<h3 class=\\\"caption2\\\">With Wireless Charger<\\/h3> \\r\\n\\t\\t<h4 class=\\\"caption3\\\">Wireless Charging Output: 5V\\/1A<br\\/>\\r\\nLamp Arm Rotation Angle: 90 Degree\\r\\n               <\\/h4> \\r\\n\\t\\t<div class=\\\"actions\\\">\\r\\n\\t\\t\\t<a class=\\\"action\\\" href=\\\"#\\\" tabindex=\\\"0\\\">Shop now<\\/a>\\r\\n\\t\\t\\t\\r\\n\\t\\t<\\/div>\\r\\n\\t<\\/div>\\r\\n<\\/div>\\r\\n<\\/div>\\r\\n<\\/div>\\r\\n\",\"disabled\":\"0\",\"removed\":\"\",\"video_url\":\"\",\"video_title\":\"\",\"video_description\":\"\",\"video_metadata\":\"\",\"role\":\"\"},\"4d5lh8ippnj\":{\"position\":\"11\",\"media_type\":\"image\",\"video_provider\":\"\",\"file\":\"\\/s\\/l\\/slider7-2-1_01.jpg\",\"value_id\":\"\",\"label\":\"\",\"link\":\"\",\"caption\":\"<div class=\\\"figcaption\\\">\\r\\n<div class=\\\"container-fluid-slide\\\">\\r\\n<div class=\\\"container-caption\\\">\\r\\n\\t<div class=\\\"text-slide text-slide1\\\">\\r\\n\\t\\t<h3 class=\\\"caption1\\\">XECH T5 Sleek Desk Lamp<\\/h3> \\r\\n\\t\\t<h3 class=\\\"caption2\\\">With Wireless Charger<\\/h3> \\r\\n\\t\\t<h4 class=\\\"caption3\\\">Wireless Charging Output: 5V\\/1A<br\\/>\\r\\nLamp Arm Rotation Angle: 90 Degree\\r\\n               <\\/h4> \\r\\n\\t\\t<div class=\\\"actions\\\">\\r\\n\\t\\t\\t<a class=\\\"action\\\" href=\\\"#\\\" tabindex=\\\"0\\\">Shop now<\\/a>\\r\\n\\t\\t\\t\\r\\n\\t\\t<\\/div>\\r\\n\\t<\\/div>\\r\\n<\\/div>\\r\\n<\\/div>\\r\\n<\\/div>\\r\\n\",\"disabled\":\"0\",\"removed\":\"\",\"video_url\":\"\",\"video_title\":\"\",\"video_description\":\"\",\"video_metadata\":\"\",\"role\":\"\"},\"ww0ikw7j07u\":{\"position\":\"12\",\"media_type\":\"image\",\"video_provider\":\"\",\"file\":\"\\/s\\/l\\/slider1-1-1_01.jpg\",\"value_id\":\"\",\"label\":\"\",\"link\":\"\",\"caption\":\"<div class=\\\"figcaption\\\">\\r\\n<div class=\\\"container-fluid-slide\\\">\\r\\n<div class=\\\"container-caption\\\">\\r\\n\\t<div class=\\\"text-slide text-slide1\\\">\\r\\n\\t\\t<h3 class=\\\"caption1\\\">XECH T5 Sleek Desk Lamp<\\/h3> \\r\\n\\t\\t<h3 class=\\\"caption2\\\">With Wireless Charger<\\/h3> \\r\\n\\t\\t<h4 class=\\\"caption3\\\">Wireless Charging Output: 5V\\/1A<br\\/>\\r\\nLamp Arm Rotation Angle: 90 Degree\\r\\n               <\\/h4> \\r\\n\\t\\t<div class=\\\"actions\\\">\\r\\n\\t\\t\\t<a class=\\\"action\\\" href=\\\"#\\\" tabindex=\\\"0\\\">Shop now<\\/a>\\r\\n\\t\\t\\t\\r\\n\\t\\t<\\/div>\\r\\n\\t<\\/div>\\r\\n<\\/div>\\r\\n<\\/div>\\r\\n<\\/div>\\r\\n\",\"disabled\":\"0\",\"removed\":\"\",\"video_url\":\"\",\"video_title\":\"\",\"video_description\":\"\",\"video_metadata\":\"\",\"role\":\"\"},\"3iobfl1jevw\":{\"position\":\"13\",\"media_type\":\"image\",\"video_provider\":\"\",\"file\":\"\\/s\\/l\\/slider1-2-1_01.jpg\",\"value_id\":\"\",\"label\":\"\",\"link\":\"\",\"caption\":\"<div class=\\\"figcaption\\\">\\r\\n<div class=\\\"container-fluid-slide\\\">\\r\\n<div class=\\\"container-caption\\\">\\r\\n\\t<div class=\\\"text-slide text-slide1\\\">\\r\\n\\t\\t<h3 class=\\\"caption1\\\">XECH T5 Sleek Desk Lamp<\\/h3> \\r\\n\\t\\t<h3 class=\\\"caption2\\\">With Wireless Charger<\\/h3> \\r\\n\\t\\t<h4 class=\\\"caption3\\\">Wireless Charging Output: 5V\\/1A<br\\/>\\r\\nLamp Arm Rotation Angle: 90 Degree\\r\\n               <\\/h4> \\r\\n\\t\\t<div class=\\\"actions\\\">\\r\\n\\t\\t\\t<a class=\\\"action\\\" href=\\\"#\\\" tabindex=\\\"0\\\">Shop now<\\/a>\\r\\n\\t\\t\\t\\r\\n\\t\\t<\\/div>\\r\\n\\t<\\/div>\\r\\n<\\/div>\\r\\n<\\/div>\\r\\n<\\/div>\\r\\n\",\"disabled\":\"0\",\"removed\":\"\",\"video_url\":\"\",\"video_title\":\"\",\"video_description\":\"\",\"video_metadata\":\"\",\"role\":\"\"}}},\"media_gallery_mobile\":{\"images\":{\"hokdicnhopp\":{\"position\":\"1\",\"media_type\":\"image\",\"video_provider\":\"\",\"file\":\"\\/mobile\\/s\\/l\\/slider1-store3-480x422_02.jpg\",\"value_id\":\"\",\"label\":\"\",\"link\":\"\",\"caption\":\"<div class=\\\"figcaption\\\">\\r\\n<div class=\\\"container-fluid-slide\\\">\\r\\n<div class=\\\"container-caption\\\">\\r\\n\\t<div class=\\\"text-slide text-slide1\\\">\\r\\n\\t\\t<h3 class=\\\"caption1\\\">XECH T5 Sleek Desk Lamp<\\/h3> \\r\\n\\t\\t<h3 class=\\\"caption2\\\">With Wireless Charger<\\/h3> \\r\\n\\t\\t<h4 class=\\\"caption3\\\">Wireless Charging Output: 5V\\/1A<br\\/>\\r\\nLamp Arm Rotation Angle: 90 Degree\\r\\n               <\\/h4> \\r\\n\\t\\t<div class=\\\"actions\\\">\\r\\n\\t\\t\\t<a class=\\\"action\\\" href=\\\"#\\\" tabindex=\\\"0\\\">Shop now<\\/a>\\r\\n\\t\\t\\t\\r\\n\\t\\t<\\/div>\\r\\n\\t<\\/div>\\r\\n<\\/div>\\r\\n<\\/div>\\r\\n<\\/div>\\r\\n\",\"disabled\":\"1\",\"removed\":\"\",\"video_url\":\"\",\"video_title\":\"\",\"video_description\":\"\",\"video_metadata\":\"\",\"role\":\"\"},\"jej4uc5f82e\":{\"position\":\"2\",\"media_type\":\"image\",\"video_provider\":\"\",\"file\":\"\\/mobile\\/s\\/l\\/slider2-store3-480x422_02.jpg\",\"value_id\":\"\",\"label\":\"\",\"link\":\"\",\"caption\":\"<div class=\\\"figcaption\\\">\\r\\n<div class=\\\"container-fluid-slide\\\">\\r\\n<div class=\\\"container-caption\\\">\\r\\n\\t<div class=\\\"text-slide text-slide2\\\">\\r\\n\\t\\t<h3 class=\\\"caption1\\\">Interior Design Furniture<\\/h3> \\r\\n\\t\\t<h3 class=\\\"caption2\\\">For Your Dream Room<\\/h3> \\r\\n\\t\\t<h4 class=\\\"caption3\\\">Kiln-dried hardwood frame. Apartment friendly design<br\\/>\\r\\nSinuous Spring suspension system\\r\\n               <\\/h4> \\r\\n\\t\\t<div class=\\\"actions\\\">\\r\\n\\t\\t\\t<a class=\\\"action\\\" href=\\\"#\\\" tabindex=\\\"0\\\">Shop now<\\/a>\\r\\n\\t\\t\\t\\r\\n\\t\\t<\\/div>\\r\\n\\t<\\/div>\\r\\n<\\/div>\\r\\n<\\/div>\\r\\n<\\/div>\\r\\n\",\"disabled\":\"1\",\"removed\":\"\",\"video_url\":\"\",\"video_title\":\"\",\"video_description\":\"\",\"video_metadata\":\"\",\"role\":\"\"},\"45as89jt728\":{\"position\":\"3\",\"media_type\":\"image\",\"video_provider\":\"\",\"file\":\"\\/mobile\\/i\\/m\\/img4-6-1_02.jpg\",\"value_id\":\"\",\"label\":\"\",\"link\":\"\",\"caption\":\"<div class=\\\"figcaption\\\">\\r\\n<div class=\\\"container-fluid-slide\\\">\\r\\n<div class=\\\"container-caption\\\">\\r\\n\\t<div class=\\\"text-slide text-slide1\\\">\\r\\n\\t\\t<h3 class=\\\"caption1\\\">XECH T5 Sleek Desk Lamp<\\/h3> \\r\\n\\t\\t<h3 class=\\\"caption2\\\">With Wireless Charger<\\/h3> \\r\\n\\t\\t<h4 class=\\\"caption3\\\">Wireless Charging Output: 5V\\/1A<br\\/>\\r\\nLamp Arm Rotation Angle: 90 Degree\\r\\n               <\\/h4> \\r\\n\\t\\t<div class=\\\"actions\\\">\\r\\n\\t\\t\\t<a class=\\\"action\\\" href=\\\"#\\\" tabindex=\\\"0\\\">Shop now<\\/a>\\r\\n\\t\\t\\t\\r\\n\\t\\t<\\/div>\\r\\n\\t<\\/div>\\r\\n<\\/div>\\r\\n<\\/div>\\r\\n<\\/div>\\r\\n\",\"disabled\":\"1\",\"removed\":\"\",\"video_url\":\"\",\"video_title\":\"\",\"video_description\":\"\",\"video_metadata\":\"\",\"role\":\"\"},\"iiipc6karh\":{\"position\":\"4\",\"media_type\":\"image\",\"video_provider\":\"\",\"file\":\"\\/mobile\\/i\\/m\\/img3-4_01_02.jpg\",\"value_id\":\"\",\"label\":\"\",\"link\":\"\",\"caption\":\"<div class=\\\"figcaption\\\">\\r\\n<div class=\\\"container-fluid-slide\\\">\\r\\n<div class=\\\"container-caption\\\">\\r\\n\\t<div class=\\\"text-slide text-slide1\\\">\\r\\n\\t\\t<h3 class=\\\"caption1\\\">XECH T5 Sleek Desk Lamp<\\/h3> \\r\\n\\t\\t<h3 class=\\\"caption2\\\">With Wireless Charger<\\/h3> \\r\\n\\t\\t<h4 class=\\\"caption3\\\">Wireless Charging Output: 5V\\/1A<br\\/>\\r\\nLamp Arm Rotation Angle: 90 Degree\\r\\n               <\\/h4> \\r\\n\\t\\t<div class=\\\"actions\\\">\\r\\n\\t\\t\\t<a class=\\\"action\\\" href=\\\"#\\\" tabindex=\\\"0\\\">Shop now<\\/a>\\r\\n\\t\\t\\t\\r\\n\\t\\t<\\/div>\\r\\n\\t<\\/div>\\r\\n<\\/div>\\r\\n<\\/div>\\r\\n<\\/div>\\r\\n\",\"disabled\":\"1\",\"removed\":\"\",\"video_url\":\"\",\"video_title\":\"\",\"video_description\":\"\",\"video_metadata\":\"\",\"role\":\"\"},\"tn7ahct9qpb\":{\"position\":\"5\",\"media_type\":\"image\",\"video_provider\":\"\",\"file\":\"\\/mobile\\/s\\/l\\/slider1-3-1_01_02.jpg\",\"value_id\":\"\",\"label\":\"\",\"link\":\"\",\"caption\":\"<div class=\\\"figcaption\\\">\\r\\n<div class=\\\"container-fluid-slide\\\">\\r\\n<div class=\\\"container-caption\\\">\\r\\n\\t<div class=\\\"text-slide text-slide1\\\">\\r\\n\\t\\t<h3 class=\\\"caption1\\\">XECH T5 Sleek Desk Lamp<\\/h3> \\r\\n\\t\\t<h3 class=\\\"caption2\\\">With Wireless Charger<\\/h3> \\r\\n\\t\\t<h4 class=\\\"caption3\\\">Wireless Charging Output: 5V\\/1A<br\\/>\\r\\nLamp Arm Rotation Angle: 90 Degree\\r\\n               <\\/h4> \\r\\n\\t\\t<div class=\\\"actions\\\">\\r\\n\\t\\t\\t<a class=\\\"action\\\" href=\\\"#\\\" tabindex=\\\"0\\\">Shop now<\\/a>\\r\\n\\t\\t\\t\\r\\n\\t\\t<\\/div>\\r\\n\\t<\\/div>\\r\\n<\\/div>\\r\\n<\\/div>\\r\\n<\\/div>\\r\\n\",\"disabled\":\"0\",\"removed\":\"\",\"video_url\":\"\",\"video_title\":\"\",\"video_description\":\"\",\"video_metadata\":\"\",\"role\":\"\"},\"38v1em8rgmji\":{\"position\":\"6\",\"media_type\":\"image\",\"video_provider\":\"\",\"file\":\"\\/mobile\\/i\\/m\\/img8-5_01_02.jpg\",\"value_id\":\"\",\"label\":\"\",\"link\":\"\",\"caption\":\"<div class=\\\"figcaption\\\">\\r\\n<div class=\\\"container-fluid-slide\\\">\\r\\n<div class=\\\"container-caption\\\">\\r\\n\\t<div class=\\\"text-slide text-slide1\\\">\\r\\n\\t\\t<h3 class=\\\"caption1\\\">XECH T5 Sleek Desk Lamp<\\/h3> \\r\\n\\t\\t<h3 class=\\\"caption2\\\">With Wireless Charger<\\/h3> \\r\\n\\t\\t<h4 class=\\\"caption3\\\">Wireless Charging Output: 5V\\/1A<br\\/>\\r\\nLamp Arm Rotation Angle: 90 Degree\\r\\n               <\\/h4> \\r\\n\\t\\t<div class=\\\"actions\\\">\\r\\n\\t\\t\\t<a class=\\\"action\\\" href=\\\"#\\\" tabindex=\\\"0\\\">Shop now<\\/a>\\r\\n\\t\\t\\t\\r\\n\\t\\t<\\/div>\\r\\n\\t<\\/div>\\r\\n<\\/div>\\r\\n<\\/div>\\r\\n<\\/div>\\r\\n\",\"disabled\":\"0\",\"removed\":\"\",\"video_url\":\"\",\"video_title\":\"\",\"video_description\":\"\",\"video_metadata\":\"\",\"role\":\"\"},\"k9sjw4lwdrt\":{\"position\":\"7\",\"media_type\":\"image\",\"video_provider\":\"\",\"file\":\"\\/mobile\\/s\\/l\\/slider7-1-1_01_02.jpg\",\"value_id\":\"\",\"label\":\"\",\"link\":\"\",\"caption\":\"<div class=\\\"figcaption\\\">\\r\\n<div class=\\\"container-fluid-slide\\\">\\r\\n<div class=\\\"container-caption\\\">\\r\\n\\t<div class=\\\"text-slide text-slide1\\\">\\r\\n\\t\\t<h3 class=\\\"caption1\\\">XECH T5 Sleek Desk Lamp<\\/h3> \\r\\n\\t\\t<h3 class=\\\"caption2\\\">With Wireless Charger<\\/h3> \\r\\n\\t\\t<h4 class=\\\"caption3\\\">Wireless Charging Output: 5V\\/1A<br\\/>\\r\\nLamp Arm Rotation Angle: 90 Degree\\r\\n               <\\/h4> \\r\\n\\t\\t<div class=\\\"actions\\\">\\r\\n\\t\\t\\t<a class=\\\"action\\\" href=\\\"#\\\" tabindex=\\\"0\\\">Shop now<\\/a>\\r\\n\\t\\t\\t\\r\\n\\t\\t<\\/div>\\r\\n\\t<\\/div>\\r\\n<\\/div>\\r\\n<\\/div>\\r\\n<\\/div>\\r\\n\",\"disabled\":\"0\",\"removed\":\"\",\"video_url\":\"\",\"video_title\":\"\",\"video_description\":\"\",\"video_metadata\":\"\",\"role\":\"\"},\"fa1l4go4rnu\":{\"position\":\"8\",\"media_type\":\"image\",\"video_provider\":\"\",\"file\":\"\\/mobile\\/s\\/l\\/slider7-2-1_01_02.jpg\",\"value_id\":\"\",\"label\":\"\",\"link\":\"\",\"caption\":\"<div class=\\\"figcaption\\\">\\r\\n<div class=\\\"container-fluid-slide\\\">\\r\\n<div class=\\\"container-caption\\\">\\r\\n\\t<div class=\\\"text-slide text-slide1\\\">\\r\\n\\t\\t<h3 class=\\\"caption1\\\">XECH T5 Sleek Desk Lamp<\\/h3> \\r\\n\\t\\t<h3 class=\\\"caption2\\\">With Wireless Charger<\\/h3> \\r\\n\\t\\t<h4 class=\\\"caption3\\\">Wireless Charging Output: 5V\\/1A<br\\/>\\r\\nLamp Arm Rotation Angle: 90 Degree\\r\\n               <\\/h4> \\r\\n\\t\\t<div class=\\\"actions\\\">\\r\\n\\t\\t\\t<a class=\\\"action\\\" href=\\\"#\\\" tabindex=\\\"0\\\">Shop now<\\/a>\\r\\n\\t\\t\\t\\r\\n\\t\\t<\\/div>\\r\\n\\t<\\/div>\\r\\n<\\/div>\\r\\n<\\/div>\\r\\n<\\/div>\\r\\n\",\"disabled\":\"0\",\"removed\":\"\",\"video_url\":\"\",\"video_title\":\"\",\"video_description\":\"\",\"video_metadata\":\"\",\"role\":\"\"},\"fo91nuec5s4\":{\"position\":\"9\",\"media_type\":\"image\",\"video_provider\":\"\",\"file\":\"\\/mobile\\/s\\/l\\/slider1-1-1_01_02.jpg\",\"value_id\":\"\",\"label\":\"\",\"link\":\"\",\"caption\":\"<div class=\\\"figcaption\\\">\\r\\n<div class=\\\"container-fluid-slide\\\">\\r\\n<div class=\\\"container-caption\\\">\\r\\n\\t<div class=\\\"text-slide text-slide1\\\">\\r\\n\\t\\t<h3 class=\\\"caption1\\\">XECH T5 Sleek Desk Lamp<\\/h3> \\r\\n\\t\\t<h3 class=\\\"caption2\\\">With Wireless Charger<\\/h3> \\r\\n\\t\\t<h4 class=\\\"caption3\\\">Wireless Charging Output: 5V\\/1A<br\\/>\\r\\nLamp Arm Rotation Angle: 90 Degree\\r\\n               <\\/h4> \\r\\n\\t\\t<div class=\\\"actions\\\">\\r\\n\\t\\t\\t<a class=\\\"action\\\" href=\\\"#\\\" tabindex=\\\"0\\\">Shop now<\\/a>\\r\\n\\t\\t\\t\\r\\n\\t\\t<\\/div>\\r\\n\\t<\\/div>\\r\\n<\\/div>\\r\\n<\\/div>\\r\\n<\\/div>\\r\\n\",\"disabled\":\"0\",\"removed\":\"\",\"video_url\":\"\",\"video_title\":\"\",\"video_description\":\"\",\"video_metadata\":\"\",\"role\":\"\"},\"chocvm70lbf\":{\"position\":\"10\",\"media_type\":\"image\",\"video_provider\":\"\",\"file\":\"\\/mobile\\/s\\/l\\/slider1-2-1_01_02.jpg\",\"value_id\":\"\",\"label\":\"\",\"link\":\"\",\"caption\":\"<div class=\\\"figcaption\\\">\\r\\n<div class=\\\"container-fluid-slide\\\">\\r\\n<div class=\\\"container-caption\\\">\\r\\n\\t<div class=\\\"text-slide text-slide1\\\">\\r\\n\\t\\t<h3 class=\\\"caption1\\\">XECH T5 Sleek Desk Lamp<\\/h3> \\r\\n\\t\\t<h3 class=\\\"caption2\\\">With Wireless Charger<\\/h3> \\r\\n\\t\\t<h4 class=\\\"caption3\\\">Wireless Charging Output: 5V\\/1A<br\\/>\\r\\nLamp Arm Rotation Angle: 90 Degree\\r\\n               <\\/h4> \\r\\n\\t\\t<div class=\\\"actions\\\">\\r\\n\\t\\t\\t<a class=\\\"action\\\" href=\\\"#\\\" tabindex=\\\"0\\\">Shop now<\\/a>\\r\\n\\t\\t\\t\\r\\n\\t\\t<\\/div>\\r\\n\\t<\\/div>\\r\\n<\\/div>\\r\\n<\\/div>\\r\\n<\\/div>\\r\\n\",\"disabled\":\"0\",\"removed\":\"\",\"video_url\":\"\",\"video_title\":\"\",\"video_description\":\"\",\"video_metadata\":\"\",\"role\":\"\"}}}}',1,NULL,NULL,'5,6'),('12','Slide Demo 4','slide4','{\"magicslider_id\":\"12\",\"title\":\"Slide Demo 4\",\"exclude_lazyload_visible\":\"1\",\"background-image\":\"0\",\"image-class\":\"loaded\",\"stores\":\"7,8\",\"status\":\"1\",\"mobile\":\"1\",\"portrait\":\"1\",\"landscape\":\"1\",\"tablet\":\"1\",\"notebook\":\"1\",\"laptop\":\"1\",\"desktop\":\"1\",\"widescreen\":\"1\",\"visible\":\"1\",\"vertical\":\"false\",\"infinite\":\"true\",\"autoplay\":\"true\",\"arrows\":\"true\",\"dots\":\"false\",\"adaptive-height\":\"false\",\"fade\":\"false\",\"rows\":\"1\",\"speed\":\"600\",\"autoplay-Speed\":\"6000\",\"padding\":\"0\",\"media_gallery\":{\"images\":{\"64nucep1jaj\":{\"position\":\"4\",\"media_type\":\"image\",\"video_provider\":\"\",\"file\":\"\\/s\\/l\\/slider1-store4-1920x680.jpg\",\"value_id\":\"\",\"label\":\"\",\"link\":\"\",\"caption\":\"<div class=\\\"figcaption\\\">\\r\\n<div class=\\\"container\\\">\\r\\n<div class=\\\"container-caption\\\">\\r\\n\\t<div class=\\\"text-slide text-slide1\\\">\\r\\n\\t\\t<h3 class=\\\"caption1\\\">Mi Smart LED Desk Lamp<\\/h3> \\r\\n\\t\\t<h3 class=\\\"caption2\\\">Simple But Not Easy<\\/h3> \\r\\n\\t\\t<h4 class=\\\"caption3\\\">Flicker-free Lighting. Brightness & CCT Stepless Adjustment<br\\/>\\r\\nFour Lighting Modes. Minimalist Design\\r\\n               <\\/h4> \\r\\n\\t\\t<div class=\\\"actions\\\">\\r\\n\\t\\t\\t<a class=\\\"action\\\" href=\\\"#\\\">Shop now<\\/a>\\r\\n\\t\\t\\t\\r\\n\\t\\t<\\/div>\\r\\n\\t<\\/div>\\r\\n<\\/div>\\r\\n<\\/div>\\r\\n<\\/div>\\r\\n\",\"disabled\":\"0\",\"removed\":\"\",\"video_url\":\"\",\"video_title\":\"\",\"video_description\":\"\",\"video_metadata\":\"\",\"role\":\"\"},\"gkmmo2tl1p\":{\"position\":\"5\",\"media_type\":\"image\",\"video_provider\":\"\",\"file\":\"\\/s\\/l\\/slider2-store4-1920x680.jpg\",\"value_id\":\"\",\"label\":\"\",\"link\":\"\",\"caption\":\"<div class=\\\"figcaption\\\">\\r\\n<div class=\\\"container\\\">\\r\\n<div class=\\\"container-caption\\\">\\r\\n\\t<div class=\\\"text-slide text-slide2\\\">\\r\\n\\t\\t<h3 class=\\\"caption1\\\">Interior Design Furniture<\\/h3> \\r\\n\\t\\t<h3 class=\\\"caption2\\\">For Your Dream Room<\\/h3> \\r\\n\\t\\t<h4 class=\\\"caption3\\\">Kiln-dried hardwood frame. Apartment friendly design<br\\/>\\r\\nSinuous Spring suspension system\\r\\n               <\\/h4> \\r\\n\\t\\t<div class=\\\"actions\\\">\\r\\n\\t\\t\\t<a class=\\\"action\\\" href=\\\"#\\\">Shop now<\\/a>\\r\\n\\t\\t\\t\\r\\n\\t\\t<\\/div>\\r\\n\\t<\\/div>\\r\\n<\\/div>\\r\\n<\\/div>\\r\\n<\\/div>\\r\\n\",\"disabled\":\"0\",\"removed\":\"\",\"video_url\":\"\",\"video_title\":\"\",\"video_description\":\"\",\"video_metadata\":\"\",\"role\":\"\"}}},\"media_gallery_mobile\":{\"images\":{\"r503prjflqn\":{\"position\":\"4\",\"media_type\":\"image\",\"video_provider\":\"\",\"file\":\"\\/mobile\\/s\\/l\\/slider1-store4-480x422.jpg\",\"value_id\":\"\",\"label\":\"\",\"link\":\"\",\"caption\":\"<div class=\\\"figcaption\\\">\\r\\n<div class=\\\"container\\\">\\r\\n<div class=\\\"container-caption\\\">\\r\\n\\t<div class=\\\"text-slide text-slide1\\\">\\r\\n\\t\\t<h3 class=\\\"caption1\\\">Mi Smart LED Desk Lamp<\\/h3> \\r\\n\\t\\t<h3 class=\\\"caption2\\\">Simple But Not Easy<\\/h3> \\r\\n\\t\\t<h4 class=\\\"caption3\\\">Flicker-free Lighting. Brightness & CCT Stepless Adjustment<br\\/>\\r\\nFour Lighting Modes. Minimalist Design\\r\\n               <\\/h4> \\r\\n\\t\\t<div class=\\\"actions\\\">\\r\\n\\t\\t\\t<a class=\\\"action\\\" href=\\\"#\\\" tabindex=\\\"0\\\">Shop now<\\/a>\\r\\n\\t\\t\\t\\r\\n\\t\\t<\\/div>\\r\\n\\t<\\/div>\\r\\n<\\/div>\\r\\n<\\/div>\\r\\n<\\/div>\\r\\n\",\"disabled\":\"0\",\"removed\":\"\",\"video_url\":\"\",\"video_title\":\"\",\"video_description\":\"\",\"video_metadata\":\"\",\"role\":\"\"},\"uukd8opblwn\":{\"position\":\"5\",\"media_type\":\"image\",\"video_provider\":\"\",\"file\":\"\\/mobile\\/s\\/l\\/slider2-store4-480x422.jpg\",\"value_id\":\"\",\"label\":\"\",\"link\":\"\",\"caption\":\"<div class=\\\"figcaption\\\">\\r\\n<div class=\\\"container\\\">\\r\\n<div class=\\\"container-caption\\\">\\r\\n\\t<div class=\\\"text-slide text-slide2\\\">\\r\\n\\t\\t<h3 class=\\\"caption1\\\">Interior Design Furniture<\\/h3> \\r\\n\\t\\t<h3 class=\\\"caption2\\\">For Your Dream Room<\\/h3> \\r\\n\\t\\t<h4 class=\\\"caption3\\\">Kiln-dried hardwood frame. Apartment friendly design<br\\/>\\r\\nSinuous Spring suspension system\\r\\n               <\\/h4> \\r\\n\\t\\t<div class=\\\"actions\\\">\\r\\n\\t\\t\\t<a class=\\\"action\\\" href=\\\"#\\\" tabindex=\\\"0\\\">Shop now<\\/a>\\r\\n\\t\\t\\t\\r\\n\\t\\t<\\/div>\\r\\n\\t<\\/div>\\r\\n<\\/div>\\r\\n<\\/div>\\r\\n<\\/div>\\r\\n\",\"disabled\":\"0\",\"removed\":\"\",\"video_url\":\"\",\"video_title\":\"\",\"video_description\":\"\",\"video_metadata\":\"\",\"role\":\"\"}}}}',1,NULL,NULL,'7,8'),('13','Slide Demo 5','slide5','{\"magicslider_id\":\"13\",\"title\":\"Slide Demo 5\",\"exclude_lazyload_visible\":\"1\",\"background-image\":\"0\",\"image-class\":\"loaded\",\"stores\":\"9,10\",\"status\":\"1\",\"mobile\":\"1\",\"portrait\":\"1\",\"landscape\":\"1\",\"tablet\":\"1\",\"notebook\":\"1\",\"laptop\":\"1\",\"desktop\":\"1\",\"widescreen\":\"1\",\"visible\":\"1\",\"vertical\":\"false\",\"infinite\":\"true\",\"autoplay\":\"true\",\"arrows\":\"false\",\"dots\":\"true\",\"adaptive-height\":\"false\",\"fade\":\"false\",\"rows\":\"1\",\"speed\":\"300\",\"autoplay-Speed\":\"3000\",\"padding\":\"0\",\"media_gallery\":{\"images\":{\"4mlt4htg458\":{\"position\":\"4\",\"media_type\":\"image\",\"video_provider\":\"\",\"file\":\"\\/s\\/l\\/slider1-store1-1440x550.jpg\",\"value_id\":\"\",\"label\":\"\",\"link\":\"\",\"caption\":\"<div class=\\\"figcaption\\\">\\r\\n<div class=\\\"container-slide\\\">\\r\\n<div class=\\\"container-caption\\\">\\r\\n\\t<div class=\\\"text-slide text-slide1\\\">\\r\\n                <h4 class=\\\"caption4\\\">Price $1299<\\/h4>\\r\\n\\t\\t<h3 class=\\\"caption1\\\">samsung gear S3<\\/h3> \\r\\n\\t\\t<h3 class=\\\"caption2\\\">Classic & Frontier<\\/h3> \\r\\n\\t\\t<h4 class=\\\"caption3\\\">Build For A Pioneering Spirit\\r\\n               <\\/h4> \\r\\n\\t\\t<div class=\\\"actions\\\">\\r\\n\\t\\t\\t<a class=\\\"action\\\" href=\\\"#\\\">Shop now<\\/a>\\r\\n\\t\\t\\t\\r\\n\\t\\t<\\/div>\\r\\n\\t<\\/div>\\r\\n<\\/div>\\r\\n<\\/div>\\r\\n<\\/div>\\r\\n\",\"disabled\":\"0\",\"removed\":\"\",\"video_url\":\"\",\"video_title\":\"\",\"video_description\":\"\",\"video_metadata\":\"\",\"role\":\"\"},\"rvg5nh8nrg\":{\"position\":\"5\",\"media_type\":\"image\",\"video_provider\":\"\",\"file\":\"\\/s\\/l\\/slider2-store1-1440x550.jpg\",\"value_id\":\"\",\"label\":\"\",\"link\":\"\",\"caption\":\"<div class=\\\"figcaption\\\">\\r\\n<div class=\\\"container-slide\\\">\\r\\n<div class=\\\"container-caption\\\">\\r\\n\\t<div class=\\\"text-slide text-slide2\\\">\\r\\n                <h4 class=\\\"caption4\\\">Anker soundcode<\\/h4>\\r\\n\\t\\t<h3 class=\\\"caption1\\\">Spirit Mpow X2<\\/h3> \\r\\n\\t\\t<h3 class=\\\"caption2\\\">True Wireless Earbuds<\\/h3> \\r\\n\\t\\t<h4 class=\\\"caption3\\\">HD Sound Quality. Comfortable Wearing Balanced\\r\\n               <\\/h4> \\r\\n\\t\\t<div class=\\\"actions\\\">\\r\\n\\t\\t\\t<a class=\\\"action\\\" href=\\\"#\\\">Shop now<\\/a>\\r\\n\\t\\t\\t\\r\\n\\t\\t<\\/div>\\r\\n\\t<\\/div>\\r\\n<\\/div>\\r\\n<\\/div>\\r\\n<\\/div>\\r\\n\",\"disabled\":\"0\",\"removed\":\"\",\"video_url\":\"\",\"video_title\":\"\",\"video_description\":\"\",\"video_metadata\":\"\",\"role\":\"\"}}},\"media_gallery_mobile\":{\"images\":{\"hvk2bpoce2q\":{\"position\":\"4\",\"media_type\":\"image\",\"video_provider\":\"\",\"file\":\"\\/mobile\\/s\\/l\\/slider1-store1-480x422.jpg\",\"value_id\":\"\",\"label\":\"\",\"link\":\"\",\"caption\":\"<div class=\\\"figcaption\\\">\\r\\n<div class=\\\"container-slide\\\">\\r\\n<div class=\\\"container-caption\\\">\\r\\n\\t<div class=\\\"text-slide text-slide1\\\">\\r\\n                <h4 class=\\\"caption4\\\">Price $1299<\\/h4>\\r\\n\\t\\t<h3 class=\\\"caption1\\\">samsung gear S3<\\/h3> \\r\\n\\t\\t<h3 class=\\\"caption2\\\">Classic & Frontier<\\/h3> \\r\\n\\t\\t<h4 class=\\\"caption3\\\">Build For A Pioneering Spirit\\r\\n               <\\/h4> \\r\\n\\t\\t<div class=\\\"actions\\\">\\r\\n\\t\\t\\t<a class=\\\"action\\\" href=\\\"#\\\">Shop now<\\/a>\\r\\n\\t\\t\\t\\r\\n\\t\\t<\\/div>\\r\\n\\t<\\/div>\\r\\n<\\/div>\\r\\n<\\/div>\\r\\n<\\/div>\",\"disabled\":\"0\",\"removed\":\"\",\"video_url\":\"\",\"video_title\":\"\",\"video_description\":\"\",\"video_metadata\":\"\",\"role\":\"\"},\"mvbcd53b4ki\":{\"position\":\"5\",\"media_type\":\"image\",\"video_provider\":\"\",\"file\":\"\\/mobile\\/s\\/l\\/slider2-store1-480x422.jpg\",\"value_id\":\"\",\"label\":\"\",\"link\":\"\",\"caption\":\"<div class=\\\"figcaption\\\">\\r\\n<div class=\\\"container-slide\\\">\\r\\n<div class=\\\"container-caption\\\">\\r\\n\\t<div class=\\\"text-slide text-slide2\\\">\\r\\n                <h4 class=\\\"caption4\\\">Anker soundcode<\\/h4>\\r\\n\\t\\t<h3 class=\\\"caption1\\\">Spirit Mpow X2<\\/h3> \\r\\n\\t\\t<h3 class=\\\"caption2\\\">True Wireless Earbuds<\\/h3> \\r\\n\\t\\t<h4 class=\\\"caption3\\\">HD Sound Quality. Comfortable Wearing Balanced\\r\\n               <\\/h4> \\r\\n\\t\\t<div class=\\\"actions\\\">\\r\\n\\t\\t\\t<a class=\\\"action\\\" href=\\\"#\\\">Shop now<\\/a>\\r\\n\\t\\t\\t\\r\\n\\t\\t<\\/div>\\r\\n\\t<\\/div>\\r\\n<\\/div>\\r\\n<\\/div>\\r\\n<\\/div>\\r\\n\",\"disabled\":\"0\",\"removed\":\"\",\"video_url\":\"\",\"video_title\":\"\",\"video_description\":\"\",\"video_metadata\":\"\",\"role\":\"\"}}}}',1,NULL,NULL,'9,10'),('14','Slide Demo 6','slide6','{\"magicslider_id\":\"14\",\"title\":\"Slide Demo 6\",\"exclude_lazyload_visible\":\"1\",\"background-image\":\"0\",\"image-class\":\"loaded\",\"stores\":\"11,12\",\"status\":\"1\",\"mobile\":\"1\",\"portrait\":\"1\",\"landscape\":\"1\",\"tablet\":\"1\",\"notebook\":\"1\",\"laptop\":\"1\",\"desktop\":\"1\",\"widescreen\":\"1\",\"visible\":\"1\",\"vertical\":\"false\",\"infinite\":\"true\",\"autoplay\":\"true\",\"arrows\":\"false\",\"dots\":\"true\",\"adaptive-height\":\"false\",\"fade\":\"false\",\"rows\":\"1\",\"speed\":\"300\",\"autoplay-Speed\":\"3000\",\"padding\":\"0\",\"media_gallery\":{\"images\":{\"hlh019jg7mt\":{\"position\":\"4\",\"media_type\":\"image\",\"video_provider\":\"\",\"file\":\"\\/s\\/l\\/slider1-store2-1440x506.jpg\",\"value_id\":\"\",\"label\":\"\",\"link\":\"\",\"caption\":\"<div class=\\\"figcaption\\\">\\r\\n<div class=\\\"container-slide\\\">\\r\\n<div class=\\\"container-caption\\\">\\r\\n\\t<div class=\\\"text-slide text-slide1\\\">\\r\\n                <h4 class=\\\"caption4\\\">Price $1299<\\/h4>\\r\\n\\t\\t<h3 class=\\\"caption1\\\">samsung gear S3<\\/h3> \\r\\n\\t\\t<h3 class=\\\"caption2\\\">Classic & Frontier<\\/h3> \\r\\n\\t\\t<h4 class=\\\"caption3\\\">Build For A Pioneering Spirit\\r\\n               <\\/h4> \\r\\n\\t\\t<div class=\\\"actions\\\">\\r\\n\\t\\t\\t<a class=\\\"action\\\" href=\\\"#\\\">Shop now<\\/a>\\r\\n\\t\\t\\t\\r\\n\\t\\t<\\/div>\\r\\n\\t<\\/div>\\r\\n<\\/div>\\r\\n<\\/div>\\r\\n<\\/div>\\r\\n\",\"disabled\":\"0\",\"removed\":\"\",\"video_url\":\"\",\"video_title\":\"\",\"video_description\":\"\",\"video_metadata\":\"\",\"role\":\"\"},\"hmjv5hn9wr7\":{\"position\":\"5\",\"media_type\":\"image\",\"video_provider\":\"\",\"file\":\"\\/s\\/l\\/slider2-store2-1440x506.jpg\",\"value_id\":\"\",\"label\":\"\",\"link\":\"\",\"caption\":\"<div class=\\\"figcaption\\\">\\r\\n<div class=\\\"container-slide\\\">\\r\\n<div class=\\\"container-caption\\\">\\r\\n\\t<div class=\\\"text-slide text-slide2\\\">\\r\\n                <h4 class=\\\"caption4\\\">celebrate ev eryday with<\\/h4>\\r\\n\\t\\t<h3 class=\\\"caption1\\\">up to 70% Off<\\/h3> \\r\\n\\t\\t<h3 class=\\\"caption2\\\">On Microwave Oven<\\/h3> \\r\\n\\t\\t<h4 class=\\\"caption3\\\">Complete Your Kitchen With Conventional\\r\\n               <\\/h4> \\r\\n\\t\\t<div class=\\\"actions\\\">\\r\\n\\t\\t\\t<a class=\\\"action\\\" href=\\\"#\\\">Shop now<\\/a>\\r\\n\\t\\t\\t\\r\\n\\t\\t<\\/div>\\r\\n\\t<\\/div>\\r\\n<\\/div>\\r\\n<\\/div>\\r\\n<\\/div>\\r\\n\",\"disabled\":\"0\",\"removed\":\"\",\"video_url\":\"\",\"video_title\":\"\",\"video_description\":\"\",\"video_metadata\":\"\",\"role\":\"\"}}},\"media_gallery_mobile\":{\"images\":{\"wr2tf3v4wdu\":{\"position\":\"1\",\"media_type\":\"image\",\"video_provider\":\"\",\"file\":\"\\/mobile\\/s\\/l\\/slider1-store2-480x422_1.jpg\",\"value_id\":\"\",\"label\":\"\",\"link\":\"\",\"caption\":\"<div class=\\\"figcaption\\\">\\r\\n<div class=\\\"container-slide\\\">\\r\\n<div class=\\\"container-caption\\\">\\r\\n\\t<div class=\\\"text-slide text-slide1\\\">\\r\\n                <h4 class=\\\"caption4\\\">Price $1299<\\/h4>\\r\\n\\t\\t<h3 class=\\\"caption1\\\">samsung gear S3<\\/h3> \\r\\n\\t\\t<h3 class=\\\"caption2\\\">Classic & Frontier<\\/h3> \\r\\n\\t\\t<h4 class=\\\"caption3\\\">Build For A Pioneering Spirit\\r\\n               <\\/h4> \\r\\n\\t\\t<div class=\\\"actions\\\">\\r\\n\\t\\t\\t<a class=\\\"action\\\" href=\\\"#\\\">Shop now<\\/a>\\r\\n\\t\\t\\t\\r\\n\\t\\t<\\/div>\\r\\n\\t<\\/div>\\r\\n<\\/div>\\r\\n<\\/div>\\r\\n<\\/div>\",\"disabled\":\"0\",\"removed\":\"\",\"video_url\":\"\",\"video_title\":\"\",\"video_description\":\"\",\"video_metadata\":\"\",\"role\":\"\"},\"u07kmso6pr\":{\"position\":\"2\",\"media_type\":\"image\",\"video_provider\":\"\",\"file\":\"\\/mobile\\/s\\/l\\/slider2-store2-480x422_1.jpg\",\"value_id\":\"\",\"label\":\"\",\"link\":\"\",\"caption\":\"<div class=\\\"figcaption\\\">\\r\\n<div class=\\\"container-slide\\\">\\r\\n<div class=\\\"container-caption\\\">\\r\\n\\t<div class=\\\"text-slide text-slide2\\\">\\r\\n                <h4 class=\\\"caption4\\\">celebrate ev eryday with<\\/h4>\\r\\n\\t\\t<h3 class=\\\"caption1\\\">up to 70% Off<\\/h3> \\r\\n\\t\\t<h3 class=\\\"caption2\\\">On Microwave Oven<\\/h3> \\r\\n\\t\\t<h4 class=\\\"caption3\\\">Complete Your Kitchen With Conventional\\r\\n               <\\/h4> \\r\\n\\t\\t<div class=\\\"actions\\\">\\r\\n\\t\\t\\t<a class=\\\"action\\\" href=\\\"#\\\">Shop now<\\/a>\\r\\n\\t\\t\\t\\r\\n\\t\\t<\\/div>\\r\\n\\t<\\/div>\\r\\n<\\/div>\\r\\n<\\/div>\\r\\n<\\/div>\\r\\n\",\"disabled\":\"0\",\"removed\":\"\",\"video_url\":\"\",\"video_title\":\"\",\"video_description\":\"\",\"video_metadata\":\"\",\"role\":\"\"}}}}',1,NULL,NULL,'11,12');
INSERT INTO `magiccart_magicslider` VALUES ('15','Slide Home 7','slide7','{\"magicslider_id\":\"15\",\"title\":\"Slide Home 7\",\"exclude_lazyload_visible\":\"1\",\"background-image\":\"0\",\"image-class\":\"loaded\",\"stores\":\"13,14\",\"status\":\"1\",\"mobile\":\"1\",\"portrait\":\"1\",\"landscape\":\"1\",\"tablet\":\"1\",\"notebook\":\"1\",\"laptop\":\"1\",\"desktop\":\"1\",\"widescreen\":\"1\",\"visible\":\"1\",\"vertical\":\"false\",\"infinite\":\"true\",\"autoplay\":\"true\",\"arrows\":\"false\",\"dots\":\"true\",\"adaptive-height\":\"false\",\"fade\":\"false\",\"rows\":\"1\",\"speed\":\"300\",\"autoplay-Speed\":\"3000\",\"padding\":\"0\",\"media_gallery\":{\"images\":{\"8qeha207ice\":{\"position\":\"4\",\"media_type\":\"image\",\"video_provider\":\"\",\"file\":\"\\/s\\/l\\/slider1-store3-1440x550.jpg\",\"value_id\":\"\",\"label\":\"\",\"link\":\"\",\"caption\":\"<div class=\\\"figcaption\\\">\\r\\n<div class=\\\"container-slide\\\">\\r\\n<div class=\\\"container-caption\\\">\\r\\n\\t<div class=\\\"text-slide text-slide1\\\">\\r\\n                <h4 class=\\\"caption4\\\">New Design Furniture<\\/h4>\\r\\n\\t\\t<h3 class=\\\"caption1\\\">Relaxing Chair<\\/h3> \\r\\n\\t\\t<h3 class=\\\"caption2\\\">Up To 50% Off<\\/h3> \\r\\n\\t\\t<h4 class=\\\"caption3\\\">New Collection Only This Month\\r\\n               <\\/h4> \\r\\n\\t\\t<div class=\\\"actions\\\">\\r\\n\\t\\t\\t<a class=\\\"action\\\" href=\\\"#\\\">Shop now<\\/a>\\r\\n\\t\\t\\t\\r\\n\\t\\t<\\/div>\\r\\n\\t<\\/div>\\r\\n<\\/div>\\r\\n<\\/div>\\r\\n<\\/div>\\r\\n\",\"disabled\":\"0\",\"removed\":\"\",\"video_url\":\"\",\"video_title\":\"\",\"video_description\":\"\",\"video_metadata\":\"\",\"role\":\"\"},\"ww62dou685j\":{\"position\":\"5\",\"media_type\":\"image\",\"video_provider\":\"\",\"file\":\"\\/s\\/l\\/slider2-store3-1440x550.jpg\",\"value_id\":\"\",\"label\":\"\",\"link\":\"\",\"caption\":\"<div class=\\\"figcaption\\\">\\r\\n<div class=\\\"container-slide\\\">\\r\\n<div class=\\\"container-caption\\\">\\r\\n\\t<div class=\\\"text-slide text-slide2\\\">\\r\\n                <h4 class=\\\"caption4\\\">5 in 1 Multifunction<\\/h4>\\r\\n\\t\\t<h3 class=\\\"caption1\\\">Ambrane BT-50<\\/h3> \\r\\n\\t\\t<h3 class=\\\"caption2\\\">Bluetooth Speakers<\\/h3> \\r\\n\\t\\t<h4 class=\\\"caption3\\\">Top Rated Sound Accessories. Live Music Better Everyday !\\r\\n               <\\/h4> \\r\\n\\t\\t<div class=\\\"actions\\\">\\r\\n\\t\\t\\t<a class=\\\"action\\\" href=\\\"#\\\">Shop now<\\/a>\\r\\n\\t\\t\\t\\r\\n\\t\\t<\\/div>\\r\\n\\t<\\/div>\\r\\n<\\/div>\\r\\n<\\/div>\\r\\n<\\/div>\\r\\n\",\"disabled\":\"0\",\"removed\":\"\",\"video_url\":\"\",\"video_title\":\"\",\"video_description\":\"\",\"video_metadata\":\"\",\"role\":\"\"}}},\"media_gallery_mobile\":{\"images\":{\"5rtr9h20ire\":{\"position\":\"4\",\"media_type\":\"image\",\"video_provider\":\"\",\"file\":\"\\/mobile\\/s\\/l\\/slider1-store3-480x422.jpg\",\"value_id\":\"\",\"label\":\"\",\"link\":\"\",\"caption\":\"<div class=\\\"figcaption\\\">\\r\\n<div class=\\\"container-slide\\\">\\r\\n<div class=\\\"container-caption\\\">\\r\\n\\t<div class=\\\"text-slide text-slide1\\\">\\r\\n                <h4 class=\\\"caption4\\\">New Design Furniture<\\/h4>\\r\\n\\t\\t<h3 class=\\\"caption1\\\">Relaxing Chair<\\/h3> \\r\\n\\t\\t<h3 class=\\\"caption2\\\">Up To 50% Off<\\/h3> \\r\\n\\t\\t<h4 class=\\\"caption3\\\">New Collection Only This Month\\r\\n               <\\/h4> \\r\\n\\t\\t<div class=\\\"actions\\\">\\r\\n\\t\\t\\t<a class=\\\"action\\\" href=\\\"#\\\">Shop now<\\/a>\\r\\n\\t\\t\\t\\r\\n\\t\\t<\\/div>\\r\\n\\t<\\/div>\\r\\n<\\/div>\\r\\n<\\/div>\\r\\n<\\/div>\\r\\n\",\"disabled\":\"0\",\"removed\":\"\",\"video_url\":\"\",\"video_title\":\"\",\"video_description\":\"\",\"video_metadata\":\"\",\"role\":\"\"},\"swr6t9ijat3\":{\"position\":\"5\",\"media_type\":\"image\",\"video_provider\":\"\",\"file\":\"\\/mobile\\/s\\/l\\/slider2-store3-480x422.jpg\",\"value_id\":\"\",\"label\":\"\",\"link\":\"\",\"caption\":\"<div class=\\\"figcaption\\\">\\r\\n<div class=\\\"container-slide\\\">\\r\\n<div class=\\\"container-caption\\\">\\r\\n\\t<div class=\\\"text-slide text-slide2\\\">\\r\\n                <h4 class=\\\"caption4\\\">5 in 1 Multifunction<\\/h4>\\r\\n\\t\\t<h3 class=\\\"caption1\\\">Ambrane BT-50<\\/h3> \\r\\n\\t\\t<h3 class=\\\"caption2\\\">Bluetooth Speakers<\\/h3> \\r\\n\\t\\t<h4 class=\\\"caption3\\\">Top Rated Sound Accessories. Live Music Better Everyday !\\r\\n               <\\/h4> \\r\\n\\t\\t<div class=\\\"actions\\\">\\r\\n\\t\\t\\t<a class=\\\"action\\\" href=\\\"#\\\">Shop now<\\/a>\\r\\n\\t\\t\\t\\r\\n\\t\\t<\\/div>\\r\\n\\t<\\/div>\\r\\n<\\/div>\\r\\n<\\/div>\\r\\n<\\/div>\\r\\n\",\"disabled\":\"0\",\"removed\":\"\",\"video_url\":\"\",\"video_title\":\"\",\"video_description\":\"\",\"video_metadata\":\"\",\"role\":\"\"}}}}',1,NULL,NULL,'13,14'),('19','Slide Home 8','slide8','{\"magicslider_id\":\"19\",\"title\":\"Slide Home 8\",\"exclude_lazyload_visible\":\"1\",\"background-image\":\"0\",\"image-class\":\"loaded\",\"stores\":\"15,16\",\"status\":\"1\",\"mobile\":\"1\",\"portrait\":\"1\",\"landscape\":\"1\",\"tablet\":\"1\",\"notebook\":\"1\",\"laptop\":\"1\",\"desktop\":\"1\",\"widescreen\":\"1\",\"visible\":\"1\",\"vertical\":\"false\",\"infinite\":\"true\",\"autoplay\":\"true\",\"arrows\":\"false\",\"dots\":\"true\",\"adaptive-height\":\"false\",\"fade\":\"false\",\"rows\":\"1\",\"speed\":\"600\",\"autoplay-Speed\":\"3000\",\"padding\":\"0\",\"media_gallery\":{\"images\":{\"5wmgk97gusd\":{\"position\":\"1\",\"media_type\":\"image\",\"video_provider\":\"\",\"file\":\"\\/s\\/l\\/slider1-store4-1440x622.jpg\",\"value_id\":\"\",\"label\":\"\",\"link\":\"\",\"caption\":\"<div class=\\\"figcaption\\\">\\r\\n<div class=\\\"container-slide\\\">\\r\\n<div class=\\\"container-caption\\\">\\r\\n\\t<div class=\\\"text-slide text-slide1\\\">\\r\\n                \\r\\n\\t\\t<h3 class=\\\"caption1\\\">No Limits<\\/h3> \\r\\n\\t\\t<h3 class=\\\"caption2\\\">BT WIRELESS MUSIC<\\/h3> \\r\\n\\t\\t<h4 class=\\\"caption3\\\">40mm Composite Diaphragm, High-Fidelity\\r\\n               <\\/h4> \\r\\n\\t\\t<div class=\\\"actions\\\">\\r\\n\\t\\t\\t<a class=\\\"action\\\" href=\\\"#\\\">Shop now<\\/a>\\r\\n\\t\\t\\t\\r\\n\\t\\t<\\/div>\\r\\n\\t<\\/div>\\r\\n<\\/div>\\r\\n<\\/div>\\r\\n<\\/div>\\r\\n\",\"disabled\":\"0\",\"removed\":\"\",\"video_url\":\"\",\"video_title\":\"\",\"video_description\":\"\",\"video_metadata\":\"\",\"role\":\"\"},\"d2bf9t4cboc\":{\"position\":\"2\",\"media_type\":\"image\",\"video_provider\":\"\",\"file\":\"\\/s\\/l\\/slider2-store4-1440x622.jpg\",\"value_id\":\"\",\"label\":\"\",\"link\":\"\",\"caption\":\"<div class=\\\"figcaption\\\">\\r\\n<div class=\\\"container-slide\\\">\\r\\n<div class=\\\"container-caption\\\">\\r\\n\\t<div class=\\\"text-slide text-slide2\\\">\\r\\n                <h4 class=\\\"caption4\\\">New Design Furniture<\\/h4>\\r\\n\\t\\t<h3 class=\\\"caption1\\\">up to 75% Off<\\/h3> \\r\\n\\t\\t<h3 class=\\\"caption2\\\">Plus Get An Extra 7%<\\/h3> \\r\\n\\t\\t<h4 class=\\\"caption3\\\">Use Coupon Code Save 7 At Checkout\\r\\n               <\\/h4> \\r\\n\\t\\t<div class=\\\"actions\\\">\\r\\n\\t\\t\\t<a class=\\\"action\\\" href=\\\"#\\\">Shop now<\\/a>\\r\\n\\t\\t\\t\\r\\n\\t\\t<\\/div>\\r\\n\\t<\\/div>\\r\\n<\\/div>\\r\\n<\\/div>\\r\\n<\\/div>\\r\\n\",\"disabled\":\"0\",\"removed\":\"\",\"video_url\":\"\",\"video_title\":\"\",\"video_description\":\"\",\"video_metadata\":\"\",\"role\":\"\"}}},\"media_gallery_mobile\":{\"images\":{\"i5c0j80jr1f\":{\"position\":\"1\",\"media_type\":\"image\",\"video_provider\":\"\",\"file\":\"\\/mobile\\/s\\/l\\/slider1-store4-480x422_1.jpg\",\"value_id\":\"\",\"label\":\"\",\"link\":\"\",\"caption\":\"<div class=\\\"figcaption\\\">\\r\\n<div class=\\\"container-slide\\\">\\r\\n<div class=\\\"container-caption\\\">\\r\\n\\t<div class=\\\"text-slide text-slide1\\\">\\r\\n                \\r\\n\\t\\t<h3 class=\\\"caption1\\\">No Limits<\\/h3> \\r\\n\\t\\t<h3 class=\\\"caption2\\\">BT WIRELESS MUSIC<\\/h3> \\r\\n\\t\\t<h4 class=\\\"caption3\\\">40mm Composite Diaphragm, High-Fidelity\\r\\n               <\\/h4> \\r\\n\\t\\t<div class=\\\"actions\\\">\\r\\n\\t\\t\\t<a class=\\\"action\\\" href=\\\"#\\\">Shop now<\\/a>\\r\\n\\t\\t\\t\\r\\n\\t\\t<\\/div>\\r\\n\\t<\\/div>\\r\\n<\\/div>\\r\\n<\\/div>\\r\\n<\\/div>\\r\\n\",\"disabled\":\"0\",\"removed\":\"\",\"video_url\":\"\",\"video_title\":\"\",\"video_description\":\"\",\"video_metadata\":\"\",\"role\":\"\"},\"3hbt3jlitf2\":{\"position\":\"2\",\"media_type\":\"image\",\"video_provider\":\"\",\"file\":\"\\/mobile\\/s\\/l\\/slider2-store4-480x422_1.jpg\",\"value_id\":\"\",\"label\":\"\",\"link\":\"\",\"caption\":\"<div class=\\\"figcaption\\\">\\r\\n<div class=\\\"container-slide\\\">\\r\\n<div class=\\\"container-caption\\\">\\r\\n\\t<div class=\\\"text-slide text-slide2\\\">\\r\\n                <h4 class=\\\"caption4\\\">New Design Furniture<\\/h4>\\r\\n\\t\\t<h3 class=\\\"caption1\\\">up to 75% Off<\\/h3> \\r\\n\\t\\t<h3 class=\\\"caption2\\\">Plus Get An Extra 7%<\\/h3> \\r\\n\\t\\t<h4 class=\\\"caption3\\\">Use Coupon Code Save 7 At Checkout\\r\\n               <\\/h4> \\r\\n\\t\\t<div class=\\\"actions\\\">\\r\\n\\t\\t\\t<a class=\\\"action\\\" href=\\\"#\\\">Shop now<\\/a>\\r\\n\\t\\t\\t\\r\\n\\t\\t<\\/div>\\r\\n\\t<\\/div>\\r\\n<\\/div>\\r\\n<\\/div>\\r\\n<\\/div>\\r\\n\",\"disabled\":\"0\",\"removed\":\"\",\"video_url\":\"\",\"video_title\":\"\",\"video_description\":\"\",\"video_metadata\":\"\",\"role\":\"\"}}}}',1,NULL,NULL,'15,16');

--
