-- Magento DB backup
--
-- Host: localhost    Database: magepow_m2_alothemes_coms_safira
-- ------------------------------------------------------


--
-- Table structure for table `admin_analytics_usage_version_log`
--

CREATE TABLE `admin_analytics_usage_version_log` (
  `id` int(10) unsigned NOT NULL AUTO_INCREMENT COMMENT 'Log ID',
  `last_viewed_in_version` varchar(50) NOT NULL COMMENT 'Viewer last viewed on product version',
  PRIMARY KEY (`id`),
  UNIQUE KEY `ADMIN_ANALYTICS_USAGE_VERSION_LOG_LAST_VIEWED_IN_VERSION` (`last_viewed_in_version`)
) ENGINE=InnoDB AUTO_INCREMENT=2 DEFAULT CHARSET=utf8 COMMENT='Admin Notification Viewer Log Table';

--
-- Dumping data for table `admin_analytics_usage_version_log`
--

INSERT INTO `admin_analytics_usage_version_log` VALUES ('1','2.3.3');

--
-- Table structure for table `admin_passwords`
--

CREATE TABLE `admin_passwords` (
  `password_id` int(10) unsigned NOT NULL AUTO_INCREMENT COMMENT 'Password ID',
  `user_id` int(10) unsigned NOT NULL DEFAULT 0 COMMENT 'User ID',
  `password_hash` varchar(255) DEFAULT NULL COMMENT 'Password Hash',
  `expires` int(10) unsigned NOT NULL DEFAULT 0 COMMENT 'Deprecated',
  `last_updated` int(10) unsigned NOT NULL DEFAULT 0 COMMENT 'Last Updated',
  PRIMARY KEY (`password_id`),
  KEY `ADMIN_PASSWORDS_USER_ID` (`user_id`)
) ENGINE=InnoDB DEFAULT CHARSET=utf8 COMMENT='Admin Passwords';

--
-- Table structure for table `admin_system_messages`
--

CREATE TABLE `admin_system_messages` (
  `identity` varchar(100) NOT NULL COMMENT 'Message ID',
  `severity` smallint(5) unsigned NOT NULL DEFAULT 0 COMMENT 'Problem type',
  `created_at` timestamp NOT NULL DEFAULT current_timestamp() COMMENT 'Create date',
  PRIMARY KEY (`identity`)
) ENGINE=InnoDB DEFAULT CHARSET=utf8 COMMENT='Admin System Messages';

--
-- Dumping data for table `admin_system_messages`
--

INSERT INTO `admin_system_messages` VALUES ('da332d712f3215b9b94bfa268c398323',2,'2022-05-24 09:40:35');

--
-- Table structure for table `admin_user`
--

CREATE TABLE `admin_user` (
  `user_id` int(10) unsigned NOT NULL AUTO_INCREMENT COMMENT 'User ID',
  `firstname` varchar(32) DEFAULT NULL COMMENT 'User First Name',
  `lastname` varchar(32) DEFAULT NULL COMMENT 'User Last Name',
  `email` varchar(128) DEFAULT NULL COMMENT 'User Email',
  `username` varchar(40) DEFAULT NULL COMMENT 'User Login',
  `password` varchar(255) NOT NULL COMMENT 'User Password',
  `created` timestamp NOT NULL DEFAULT current_timestamp() COMMENT 'User Created Time',
  `modified` timestamp NOT NULL DEFAULT current_timestamp() ON UPDATE current_timestamp() COMMENT 'User Modified Time',
  `logdate` timestamp NULL DEFAULT NULL COMMENT 'User Last Login Time',
  `lognum` smallint(5) unsigned NOT NULL DEFAULT 0 COMMENT 'User Login Number',
  `reload_acl_flag` smallint(6) NOT NULL DEFAULT 0 COMMENT 'Reload ACL',
  `is_active` smallint(6) NOT NULL DEFAULT 1 COMMENT 'User Is Active',
  `extra` text DEFAULT NULL COMMENT 'User Extra Data',
  `rp_token` text DEFAULT NULL COMMENT 'Reset Password Link Token',
  `rp_token_created_at` timestamp NULL DEFAULT NULL COMMENT 'Reset Password Link Token Creation Date',
  `interface_locale` varchar(16) NOT NULL DEFAULT 'en_US' COMMENT 'Backend interface locale',
  `failures_num` smallint(6) DEFAULT 0 COMMENT 'Failure Number',
  `first_failure` timestamp NULL DEFAULT NULL COMMENT 'First Failure',
  `lock_expires` timestamp NULL DEFAULT NULL COMMENT 'Expiration Lock Dates',
  `refresh_token` text DEFAULT NULL COMMENT 'Email connector refresh token',
  PRIMARY KEY (`user_id`),
  UNIQUE KEY `ADMIN_USER_USERNAME` (`username`)
) ENGINE=InnoDB AUTO_INCREMENT=8 DEFAULT CHARSET=utf8 COMMENT='Admin User Table';

--
-- Dumping data for table `admin_user`
--

INSERT INTO `admin_user` VALUES ('1','binh','dongvan','gecko@gmail.com','admin','d1d5468544967a960d35fa41ff94878b51f9228a4c0b7307f69369bcd5922490:2OdaAwMDtcRg31uxgC7pItkggm1TUNzT:3_32_2_67108864','2019-05-21 15:51:05','2022-05-20 10:31:43','2022-04-23 09:21:57',417,0,1,'{\"configState\":{\"dev_css\":\"1\",\"dev_front_end_development_workflow\":\"1\",\"dev_restrict\":\"1\",\"dev_debug\":\"1\",\"dev_template\":\"1\",\"dev_translate_inline\":\"1\",\"dev_js\":\"1\",\"dev_image\":\"1\",\"dev_caching\":\"1\",\"dev_static\":\"1\",\"dev_grid\":\"1\",\"alothemes_font\":\"1\",\"alothemes_rtl\":\"1\",\"alothemes_widescreen\":\"0\",\"alothemes_preload\":\"0\",\"alothemes_grid\":\"1\",\"alothemes_grid_widget\":\"0\",\"alothemes_recently_grid_widget\":\"0\",\"alothemes_related\":\"1\",\"alothemes_upsell\":\"1\",\"alothemes_crosssell\":\"1\",\"alothemes_recentorder\":\"1\",\"alothemes_labels\":\"1\",\"alothemes_timer\":\"1\",\"alothemes_categorysearch\":\"1\",\"alothemes_newsletter\":\"1\",\"alodesign_general\":\"1\",\"alodesign_base\":\"1\",\"alodesign_header\":\"1\",\"alodesign_left\":\"1\",\"alodesign_right\":\"1\",\"alodesign_content\":\"1\",\"alodesign_footer\":\"1\",\"alodesign_extra_css\":\"1\",\"gdpr_cookie_restriction\":\"1\",\"gdpr_login\":\"0\",\"gdpr_register\":\"0\",\"magicmenu_topmenu\":\"1\",\"magicmenu_general\":\"1\",\"magicmenu_vmenu\":\"1\",\"magicmenu_accordion\":\"1\",\"web_default\":\"1\",\"web_url\":\"1\",\"web_seo\":\"1\",\"web_unsecure\":\"1\",\"web_secure\":\"1\",\"web_default_layouts\":\"0\",\"web_cookie\":\"0\",\"web_session\":\"0\",\"web_browser_capabilities\":\"0\",\"system_full_page_cache\":\"0\",\"admin_emails\":\"0\",\"admin_startup\":\"1\",\"admin_url\":\"1\",\"admin_security\":\"1\",\"admin_dashboard\":\"1\",\"admin_captcha\":\"1\",\"admin_usage\":\"1\",\"general_locale\":\"1\",\"general_region\":\"1\",\"general_country\":\"1\",\"general_store_information\":\"1\",\"general_single_store_mode\":\"0\",\"mfblog_product_page\":\"1\",\"mfblog_author\":\"1\",\"mfblog_index_page\":\"1\",\"mfblog_post_list\":\"1\",\"mfblog_post_view\":\"1\",\"mfblog_sidebar\":\"1\",\"mfblog_general\":\"1\",\"mfblog_tag\":\"1\",\"mfblog_search\":\"1\",\"mfblog_permalink\":\"1\",\"mfblog_seo\":\"1\",\"mfblog_social\":\"1\",\"mfblog_top_menu\":\"1\",\"shopbrand_product\":\"1\",\"shopbrand_general\":\"1\",\"alothemes_category_page\":\"1\",\"magepow_gdpr_general\":\"1\",\"magepow_gdpr_cookie_restriction\":\"1\",\"magepow_gdpr_login\":\"1\",\"magepow_gdpr_register\":\"1\",\"alothemes_flags\":\"1\",\"catalog_layered_navigation\":\"1\",\"catalog_navigation\":\"0\",\"catalog_downloadable\":\"0\",\"catalog_custom_options\":\"0\",\"catalog_seo\":\"0\",\"catalog_search\":\"0\",\"catalog_frontend\":\"1\",\"catalog_fields_masks\":\"1\",\"alothemes_product_page\":\"1\",\"alothemes_extra_css\":\"0\",\"catalog_recently_products\":\"0\",\"catalog_productalert_cron\":\"0\",\"testimonial_general\":\"1\",\"catalog_product_video\":\"1\",\"magepow_ajaxcart_success_popup_design\":\"1\",\"magepow_ajaxcart_success_popup\":\"1\",\"magepow_layerednav_general\":\"1\",\"magepow_ajaxcart_general\":\"1\",\"magepow_ajaxcart_quickview_popup\":\"1\",\"magepow_quickedit_general\":\"1\",\"catalog_review\":\"0\",\"catalog_productalert\":\"0\",\"catalog_placeholder\":\"0\",\"catalog_price\":\"0\",\"magepow_categories_general\":\"1\",\"magepow_categories_home_page\":\"1\",\"magepow_categories_category_page\":\"1\",\"currency_options\":\"1\",\"currency_fixerio\":\"0\",\"currency_currencyconverterapi\":\"0\",\"currency_import\":\"0\",\"magepow_speedoptimizer_general\":\"1\",\"alosocial_general\":\"1\",\"alosocial_twitter\":\"0\",\"alosocial_social\":\"1\",\"alosocial_instagram\":\"1\",\"magepow_infinitescroll_general\":\"1\",\"magepow_producttags_general\":\"1\",\"mageworx_searchsuite_searchsuiteautocomplete_main\":\"1\",\"magepow_productzoom_general\":\"1\",\"checkout_cart\":\"1\",\"checkout_options\":\"1\",\"checkout_payment_failed\":\"1\",\"sales_instant_purchase\":\"1\",\"sales_totals_sort\":\"1\",\"sales_general\":\"1\",\"sales_reorder\":\"1\",\"shipping_origin\":\"1\",\"shipping_shipping_policy\":\"1\",\"checkout_cart_link\":\"1\",\"sales_orders\":\"1\",\"sales_dashboard\":\"1\",\"sales_minimum_order\":\"1\",\"sales_identity\":\"1\",\"checkout_sidebar\":\"1\",\"customer_address\":\"1\",\"customer_account_share\":\"0\",\"customer_online_customers\":\"0\",\"customer_create_account\":\"0\",\"customer_password\":\"0\",\"customer_account_information\":\"0\",\"customer_startup\":\"0\",\"customer_address_templates\":\"0\",\"customer_captcha\":\"0\",\"sales_gift_options\":\"1\",\"magepow_ajaxcompare_general\":\"1\",\"magepow_ajaxwishlist_general\":\"1\",\"alosocial_picasa\":\"1\",\"alosocial_pinterest\":\"1\",\"alosocial_messenger\":\"1\",\"shopbrand_list_page_settings\":\"1\",\"shopbrand_brand_page_settings\":\"1\",\"shopbrand_product_page_settings\":\"1\",\"alosocial_facebook\":\"0\",\"alosocial_flickr\":\"0\",\"magepow_core_general\":\"0\",\"magepow_onestepcheckout_general\":\"1\",\"magepow_onestepcheckout_display_configuration\":\"0\",\"magepow_onestepcheckout_design_configuration\":\"1\",\"payment_us_checkmo\":\"0\",\"payment_us_banktransfer\":\"0\",\"payment_us_cashondelivery\":\"1\",\"payment_us_account\":\"1\",\"payment_us_recommended_solutions\":\"1\",\"payment_us_other_paypal_payment_solutions\":\"0\",\"payment_us_paypal_group_all_in_one\":\"1\",\"payment_us_paypal_payment_gateways\":\"1\",\"payment_us_other_payment_methods\":\"1\",\"payment_us_klarna_section\":\"0\",\"payment_us_amazon_payment\":\"0\",\"payment_us_free\":\"0\",\"payment_us_purchaseorder\":\"0\",\"sales_zerograndtotal_creditmemo\":\"0\",\"sales_msrp\":\"0\",\"alothemes_css\":\"0\"}}',NULL,NULL,'en_US',2,'2022-05-20 10:31:05',NULL,NULL),('2','Huyen','Pham','huyen@wp2cart.com','huyen','763afb9f820254e91100bfad0981082994fa0f3d08fa16dcc009c77418514ed8:dtoRZZfYpVbcC84Ydf3e0mCYREu423ti:1','2019-04-22 08:53:20','2020-02-19 03:07:05','2020-02-19 03:07:05',29,0,1,'{\"configState\":{\"web_default\":\"1\",\"web_url\":\"0\",\"web_seo\":\"0\",\"web_unsecure\":\"0\",\"web_secure\":\"0\",\"web_cookie\":\"0\",\"web_browser_capabilities\":\"0\",\"admin_security\":\"1\",\"admin_emails\":\"0\",\"admin_startup\":\"0\",\"admin_url\":\"0\",\"admin_dashboard\":\"0\",\"admin_captcha\":\"0\",\"alodesign_header\":\"1\",\"alodesign_general\":\"0\",\"alodesign_base\":\"1\",\"alodesign_left\":\"0\",\"alodesign_right\":\"0\",\"alodesign_content\":\"1\",\"alodesign_footer\":\"1\",\"alodesign_extra_css\":\"1\",\"dev_static\":\"0\",\"dev_grid\":\"0\",\"dev_image\":\"0\",\"dev_css\":\"0\",\"dev_translate_inline\":\"0\",\"dev_template\":\"0\",\"dev_debug\":\"0\",\"dev_restrict\":\"0\",\"dev_front_end_development_workflow\":\"0\",\"magicmenu_topmenu\":\"1\",\"magicmenu_vmenu\":\"1\",\"magicmenu_accordion\":\"1\",\"magicmenu_general\":\"1\",\"alothemes_rtl\":\"1\",\"alothemes_widescreen\":\"0\",\"alothemes_preload\":\"0\",\"alothemes_grid\":\"0\",\"alothemes_grid_widget\":\"0\",\"alothemes_recently_grid_widget\":\"0\",\"alothemes_related\":\"0\",\"alothemes_upsell\":\"0\",\"alothemes_crosssell\":\"0\",\"alothemes_recentorder\":\"1\",\"alothemes_labels\":\"0\",\"alothemes_timer\":\"0\",\"alothemes_categorysearch\":\"0\",\"alothemes_newsletter\":\"0\",\"alothemes_font\":\"1\",\"ajaxcart_success_popup_design\":\"0\",\"ajaxcart_success_popup\":\"1\",\"ajaxcart_general\":\"0\",\"ajaxcart_quickview_popup\":\"0\",\"ajaxcart_addtocart_bottom\":\"0\",\"alosocial_instagram\":\"1\",\"alosocial_social\":\"0\",\"alosocial_twitter\":\"0\",\"alosocial_facebook\":\"0\",\"alosocial_messenger\":\"0\",\"alosocial_pinterest\":\"1\",\"alosocial_flickr\":\"0\",\"alosocial_picasa\":\"0\"}}',NULL,NULL,'en_US',0,NULL,NULL,NULL),('3','Nguyen','Dong','nguyen@wp2cart.com','nguyen','47ba4fb0d8042e23ec69f41e9fc6c3a6c7232db13764fc6d28c57e02feb542f1:eXrJ96ruLVBuF8eXlDP6daTycNb7vCDS:1','2019-04-24 09:59:13','2019-08-27 07:40:28','2019-08-23 04:38:24',12,0,1,'{\"configState\":{\"alodesign_base\":\"1\",\"alodesign_header\":\"1\",\"alodesign_left\":\"0\",\"alodesign_right\":\"0\",\"alodesign_content\":\"1\",\"alodesign_footer\":\"0\",\"alodesign_extra_css\":\"1\",\"alodesign_general\":\"1\",\"web_unsecure\":\"1\",\"web_seo\":\"1\",\"web_secure\":\"1\",\"web_default\":\"1\",\"web_url\":\"1\",\"web_cookie\":\"0\",\"web_browser_capabilities\":\"0\",\"connector_developer_settings_ip_restriction\":\"0\",\"connector_developer_settings_debug\":\"1\",\"connector_developer_settings_import_settings\":\"0\",\"msp_devtools_general\":\"1\",\"msp_devtools_phpstorm\":\"0\",\"alosocial_instagram\":\"1\",\"alosocial_twitter\":\"1\",\"alosocial_facebook\":\"1\",\"alosocial_pinterest\":\"0\",\"alosocial_flickr\":\"0\",\"alosocial_picasa\":\"1\",\"alosocial_social\":\"1\",\"catalog_fields_masks\":\"0\",\"catalog_frontend\":\"1\",\"catalog_review\":\"0\",\"catalog_productalert\":\"0\",\"catalog_productalert_cron\":\"0\",\"catalog_placeholder\":\"0\",\"catalog_recently_products\":\"0\",\"catalog_product_video\":\"1\",\"catalog_price\":\"0\",\"catalog_layered_navigation\":\"0\",\"catalog_search\":\"0\",\"catalog_seo\":\"0\",\"catalog_navigation\":\"0\",\"catalog_downloadable\":\"0\",\"catalog_custom_options\":\"0\",\"web_default_layouts\":\"0\",\"web_session\":\"0\",\"dev_js\":\"0\",\"dev_front_end_development_workflow\":\"0\",\"dev_restrict\":\"0\",\"dev_debug\":\"0\",\"dev_template\":\"0\",\"dev_translate_inline\":\"0\",\"dev_css\":\"0\",\"dev_image\":\"0\",\"dev_static\":\"0\",\"dev_grid\":\"0\",\"alothemes_recentorder\":\"1\",\"alothemes_rtl\":\"1\",\"mfblog_post_view\":\"0\",\"mfblog_product_page\":\"1\",\"mfblog_general\":\"1\",\"mfblog_index_page\":\"0\",\"mfblog_post_list\":\"0\",\"mfblog_author\":\"0\",\"mfblog_tag\":\"0\",\"mfblog_search\":\"0\",\"mfblog_sidebar\":\"0\",\"mfblog_permalink\":\"0\",\"mfblog_seo\":\"0\",\"mfblog_social\":\"0\",\"mfblog_top_menu\":\"0\",\"alothemes_widescreen\":\"1\",\"alothemes_grid\":\"1\",\"alothemes_related\":\"1\",\"alothemes_upsell\":\"0\",\"alothemes_crosssell\":\"0\",\"alothemes_labels\":\"1\",\"alothemes_timer\":\"1\",\"alothemes_categorysearch\":\"1\",\"alothemes_newsletter\":\"1\",\"alothemes_font\":\"1\",\"alothemes_preload\":\"1\",\"alothemes_grid_widget\":\"1\",\"alothemes_recently_grid_widget\":\"1\",\"gdpr_cookie_restriction\":\"1\",\"gdpr_login\":\"1\",\"general_country\":\"0\",\"general_region\":\"0\",\"general_locale\":\"1\",\"general_store_information\":\"1\",\"contact_contact\":\"1\",\"contact_email\":\"1\",\"shopbrand_general\":\"1\",\"magicmenu_general\":\"0\",\"magicmenu_topmenu\":\"0\",\"magicmenu_vmenu\":\"0\",\"magicmenu_accordion\":\"1\",\"testimonial_general\":\"1\",\"alosocial_messenger\":\"1\",\"gdpr_register\":\"1\",\"ajaxcart_general\":\"1\",\"ajaxcart_success_popup\":\"1\",\"ajaxcart_success_popup_design\":\"1\",\"ajaxcart_quickview_popup\":\"1\",\"ajaxcart_addtocart_bottom\":\"1\",\"layered_ajax_general\":\"1\"}}',NULL,NULL,'en_US',0,NULL,NULL,NULL),('4','magepow','magepow','admin123@gmail.com','aloteam123','a99e460357cab068bbe532395afac75da2fe0c1611625bf0862648fb794bbed7:YVZpJQhyLFee5umh:2','2021-02-22 09:30:01','2021-02-22 09:30:22','2021-02-22 09:30:22',1,0,1,NULL,NULL,NULL,'en_US',0,NULL,NULL,NULL),('5','Tony','Johan','tony@gmail.com','Johan','83da452507fe0fc5aacf7b4b41dac021661fd833f87f783560c1014c2540ccfa:Vr7gXlRsjzAkp56x:2','2021-04-19 04:09:10','2021-08-11 10:58:36',NULL,0,0,1,'null',NULL,NULL,'en_US',2,'2021-08-11 10:55:25',NULL,NULL),('6','binh','dongvan','dongbinh123@gmail.com','binh','0533c1618fdaadf51c031f3c5b3f72127f236c1e37ff0315638e3b432cad065d:1r15AnVQUu0L2G6qp68I4hgbNauYpFAi:3_32_2_67108864','2022-05-20 10:51:46','2022-05-20 10:59:11','2022-05-20 10:52:32',1,0,1,'{\"configState\":{\"general_country\":\"1\",\"general_region\":\"1\",\"general_locale\":\"1\",\"web_url\":\"1\",\"web_seo\":\"0\",\"web_unsecure\":\"0\",\"web_secure\":\"0\",\"web_default\":\"0\",\"web_default_layouts\":\"0\",\"web_cookie\":\"0\",\"web_session\":\"0\",\"web_browser_capabilities\":\"0\"}}',NULL,NULL,'en_US',0,NULL,NULL,NULL),('7','david','duong','duongquyet90@gmail.com','david','7c848456607a729c7e638f13407586f20fcacd6979b71f6e5a9e4f624695dbe4:rwnZxOL41FJ6VqK9RokL3tlTitIbqKHB:3_32_2_67108864','2022-05-24 09:40:11','2022-05-24 09:41:00','2022-05-24 09:40:22',1,0,1,'{\"configState\":{\"catalog_search\":\"1\",\"catalog_seo\":\"0\"}}',NULL,NULL,'en_US',0,NULL,NULL,NULL);

--
-- Table structure for table `admin_user_expiration`
--

CREATE TABLE `admin_user_expiration` (
  `user_id` int(10) unsigned NOT NULL COMMENT 'User ID',
  `expires_at` timestamp NOT NULL DEFAULT '0000-00-00 00:00:00' COMMENT 'User Expiration Date',
  PRIMARY KEY (`user_id`)
) ENGINE=InnoDB DEFAULT CHARSET=utf8 COMMENT='Admin User expiration dates table';

--
-- Table structure for table `admin_user_session`
--

CREATE TABLE `admin_user_session` (
  `id` int(10) unsigned NOT NULL AUTO_INCREMENT COMMENT 'Entity ID',
  `session_id` varchar(1) DEFAULT NULL COMMENT 'Deprecated: Session ID value no longer used',
  `user_id` int(10) unsigned DEFAULT NULL COMMENT 'Admin User ID',
  `status` smallint(5) unsigned NOT NULL DEFAULT 1 COMMENT 'Current Session status',
  `created_at` timestamp NOT NULL DEFAULT current_timestamp() COMMENT 'Created Time',
  `updated_at` timestamp NOT NULL DEFAULT current_timestamp() ON UPDATE current_timestamp() COMMENT 'Update Time',
  `ip` varchar(15) NOT NULL COMMENT 'Remote user IP',
  PRIMARY KEY (`id`),
  KEY `ADMIN_USER_SESSION_SESSION_ID` (`session_id`),
  KEY `ADMIN_USER_SESSION_USER_ID` (`user_id`)
) ENGINE=InnoDB AUTO_INCREMENT=798 DEFAULT CHARSET=utf8 COMMENT='Admin User sessions table';

--
-- Dumping data for table `admin_user_session`
--

INSERT INTO `admin_user_session` VALUES ('1',NULL,'1',3,'2019-02-18 01:10:58','2022-02-10 07:16:27','149.28.132.155'),('2',NULL,'1',3,'2019-02-18 01:53:54','2022-02-10 07:16:27','149.28.132.155'),('3',NULL,'1',3,'2019-02-18 02:40:03','2022-02-10 07:16:27','149.28.132.155'),('4',NULL,'1',3,'2019-02-18 03:52:37','2022-02-10 07:16:27','149.28.132.155'),('5',NULL,'1',3,'2019-02-18 11:32:10','2022-02-10 07:16:27','149.28.132.155'),('6',NULL,'1',3,'2019-02-18 13:36:22','2022-02-10 07:16:27','149.28.132.155'),('7',NULL,'1',3,'2019-02-18 14:55:38','2022-02-10 07:16:27','149.28.132.155'),('8',NULL,'1',3,'2019-02-18 15:11:52','2022-02-10 07:16:27','149.28.132.155'),('9',NULL,'1',3,'2019-02-18 15:57:41','2022-02-10 07:16:27','149.28.132.155'),('10',NULL,'1',3,'2019-02-19 00:21:45','2022-02-10 07:16:27','149.28.132.155'),('11',NULL,'1',3,'2019-02-19 01:04:47','2022-02-10 07:16:27','149.28.132.155'),('12',NULL,'1',3,'2019-02-19 02:37:46','2022-02-10 07:16:27','149.28.132.155'),('13',NULL,'1',3,'2019-02-19 03:30:28','2022-02-10 07:16:27','149.28.132.155'),('14',NULL,'1',3,'2019-02-19 07:44:58','2022-02-10 07:16:27','149.28.132.155'),('15',NULL,'1',3,'2019-02-19 08:07:16','2022-02-10 07:16:27','149.28.132.155'),('16',NULL,'1',3,'2019-02-19 09:42:58','2022-02-10 07:16:27','149.28.132.155'),('17',NULL,'1',3,'2019-02-19 10:54:51','2022-02-10 07:16:27','149.28.132.155'),('18',NULL,'1',3,'2019-02-19 14:12:44','2022-02-10 07:16:27','149.28.132.155'),('19',NULL,'1',3,'2019-02-19 15:31:43','2022-02-10 07:16:27','149.28.132.155'),('20',NULL,'1',3,'2019-02-19 23:50:32','2022-02-10 07:16:27','149.28.132.155'),('21',NULL,'1',3,'2019-02-20 02:08:54','2022-02-10 07:16:27','149.28.132.155'),('22',NULL,'1',3,'2019-02-20 07:42:14','2022-02-10 07:16:27','149.28.132.155'),('23',NULL,'1',3,'2019-02-20 08:06:57','2022-02-10 07:16:27','149.28.132.155'),('24',NULL,'1',3,'2019-02-20 10:23:53','2022-02-10 07:16:27','149.28.132.155'),('25',NULL,'1',3,'2019-02-20 12:19:07','2022-02-10 07:16:27','149.28.132.155'),('26',NULL,'1',3,'2019-02-20 12:48:12','2022-02-10 07:16:27','149.28.132.155'),('27',NULL,'1',3,'2019-02-20 13:25:50','2022-02-10 07:16:27','149.28.132.155'),('28',NULL,'1',3,'2019-02-20 14:50:22','2022-02-10 07:16:27','149.28.132.155'),('29',NULL,'1',3,'2019-02-20 15:46:18','2022-02-10 07:16:27','149.28.132.155'),('30',NULL,'1',3,'2019-02-21 00:53:55','2022-02-10 07:16:27','149.28.132.155'),('31',NULL,'1',3,'2019-02-21 01:12:23','2022-02-10 07:16:27','149.28.132.155'),('32',NULL,'1',3,'2019-02-21 02:45:25','2022-02-10 07:16:27','149.28.132.155'),('33',NULL,'1',3,'2019-02-21 07:31:05','2022-02-10 07:16:27','149.28.132.155'),('34',NULL,'1',3,'2019-02-21 08:00:04','2022-02-10 07:16:27','149.28.132.155'),('35',NULL,'1',3,'2019-02-21 09:55:47','2022-02-10 07:16:27','149.28.132.155'),('36',NULL,'1',3,'2019-02-21 13:47:10','2022-02-10 07:16:27','149.28.132.155'),('37',NULL,'1',3,'2019-02-22 01:09:03','2022-02-10 07:16:27','149.28.132.155'),('38',NULL,'1',3,'2019-02-22 02:52:32','2022-02-10 07:16:27','149.28.132.155'),('39',NULL,'1',3,'2019-02-22 03:26:33','2022-02-10 07:16:27','149.28.132.155'),('40',NULL,'1',3,'2019-02-22 03:49:33','2022-02-10 07:16:27','149.28.132.155'),('41',NULL,'1',3,'2019-02-22 05:27:55','2022-02-10 07:16:27','149.28.132.155'),('42',NULL,'1',3,'2019-02-22 08:00:55','2022-02-10 07:16:27','149.28.132.155'),('43',NULL,'1',3,'2019-02-23 01:01:30','2022-02-10 07:16:27','149.28.132.155'),('44',NULL,'1',3,'2019-02-23 02:04:22','2022-02-10 07:16:27','149.28.132.155'),('45',NULL,'1',3,'2019-02-23 02:45:21','2022-02-10 07:16:27','149.28.132.155'),('46',NULL,'1',3,'2019-02-23 03:46:57','2022-02-10 07:16:27','149.28.132.155'),('47',NULL,'1',2,'2019-02-23 06:59:07','2022-02-10 07:16:27','149.28.132.155'),('48',NULL,'1',3,'2019-02-23 08:25:19','2022-02-10 07:16:27','149.28.132.155'),('49',NULL,'1',3,'2019-02-23 10:45:23','2022-02-10 07:16:27','149.28.132.155'),('50',NULL,'1',3,'2019-02-23 11:11:59','2022-02-10 07:16:27','149.28.132.155'),('51',NULL,'1',3,'2019-02-23 13:00:55','2022-02-10 07:16:27','149.28.132.155'),('52',NULL,'1',3,'2019-02-23 13:50:41','2022-02-10 07:16:27','149.28.132.155'),('53',NULL,'1',3,'2019-02-23 14:52:44','2022-02-10 07:16:27','149.28.132.155'),('54',NULL,'1',3,'2019-02-23 15:25:45','2022-02-10 07:16:27','149.28.132.155'),('55',NULL,'1',3,'2019-02-24 03:16:12','2022-02-10 07:16:27','149.28.132.155'),('56',NULL,'1',3,'2019-02-25 02:47:16','2022-02-10 07:16:27','149.28.132.155'),('57',NULL,'1',3,'2019-02-25 03:31:56','2022-02-10 07:16:27','149.28.132.155'),('58',NULL,'1',3,'2019-02-25 03:52:42','2022-02-10 07:16:27','149.28.132.155'),('59',NULL,'1',3,'2019-02-25 06:39:09','2022-02-10 07:16:27','149.28.132.155'),('60',NULL,'1',3,'2019-02-25 08:11:00','2022-02-10 07:16:27','149.28.132.155'),('61',NULL,'1',3,'2019-02-25 08:39:27','2022-02-10 07:16:27','149.28.132.155'),('62',NULL,'1',3,'2019-02-25 09:41:47','2022-02-10 07:16:27','149.28.132.155'),('63',NULL,'1',3,'2019-02-25 13:03:02','2022-02-10 07:16:27','149.28.132.155'),('64',NULL,'1',3,'2019-02-25 14:12:36','2022-02-10 07:16:27','149.28.132.155'),('65',NULL,'1',3,'2019-02-26 00:25:58','2022-02-10 07:16:27','149.28.132.155'),('66',NULL,'1',3,'2019-02-26 01:29:31','2022-02-10 07:16:27','149.28.132.155'),('67',NULL,'1',3,'2019-02-26 03:13:07','2022-02-10 07:16:27','149.28.132.155'),('68',NULL,'1',3,'2019-02-26 07:14:52','2022-02-10 07:16:27','149.28.132.155'),('69',NULL,'1',3,'2019-02-26 07:46:44','2022-02-10 07:16:27','149.28.132.155'),('70',NULL,'1',3,'2019-02-26 08:25:38','2022-02-10 07:16:27','149.28.132.155'),('71',NULL,'1',3,'2019-02-26 10:11:52','2022-02-10 07:16:27','149.28.132.155'),('72',NULL,'1',3,'2019-02-27 02:56:08','2022-02-10 07:16:27','149.28.132.155'),('73',NULL,'1',3,'2019-02-27 03:14:44','2022-02-10 07:16:27','149.28.132.155'),('74',NULL,'1',3,'2019-02-27 04:18:43','2022-02-10 07:16:27','149.28.132.155'),('75',NULL,'1',3,'2019-02-27 09:03:34','2022-02-10 07:16:27','149.28.132.155'),('76',NULL,'1',3,'2019-02-27 09:46:16','2022-02-10 07:16:27','149.28.132.155'),('77',NULL,'1',3,'2019-02-27 15:22:08','2022-02-10 07:16:27','149.28.132.155'),('78',NULL,'1',3,'2019-02-28 02:12:23','2022-02-10 07:16:27','149.28.132.155'),('79',NULL,'1',3,'2019-02-28 03:36:14','2022-02-10 07:16:27','149.28.132.155'),('80',NULL,'1',3,'2019-02-28 04:08:00','2022-02-10 07:16:27','149.28.132.155'),('81',NULL,'1',3,'2019-02-28 04:51:30','2022-02-10 07:16:27','149.28.132.155'),('82',NULL,'1',3,'2019-02-28 06:52:55','2022-02-10 07:16:27','149.28.132.155'),('83',NULL,'1',3,'2019-02-28 07:44:09','2022-02-10 07:16:27','149.28.132.155'),('84',NULL,'1',3,'2019-02-28 10:15:59','2022-02-10 07:16:27','149.28.132.155'),('85',NULL,'1',3,'2019-03-01 02:51:35','2022-02-10 07:16:27','149.28.132.155'),('86',NULL,'1',3,'2019-03-01 03:20:52','2022-02-10 07:16:27','149.28.132.155'),('87',NULL,'1',3,'2019-03-01 07:26:42','2022-02-10 07:16:27','149.28.132.155'),('88',NULL,'1',3,'2019-03-01 08:09:36','2022-02-10 07:16:27','149.28.132.155'),('89',NULL,'1',3,'2019-03-01 08:43:44','2022-02-10 07:16:27','149.28.132.155'),('90',NULL,'1',3,'2019-03-03 01:11:47','2022-02-10 07:16:27','149.28.132.155'),('91',NULL,'1',3,'2019-03-03 08:38:09','2022-02-10 07:16:27','149.28.132.155'),('92',NULL,'1',3,'2019-03-03 10:06:17','2022-02-10 07:16:27','149.28.132.155'),('93',NULL,'1',3,'2019-03-03 11:14:44','2022-02-10 07:16:27','149.28.132.155'),('94',NULL,'1',3,'2019-03-03 11:37:46','2022-02-10 07:16:27','149.28.132.155'),('95',NULL,'1',3,'2019-03-03 23:44:23','2022-02-10 07:16:27','149.28.132.155'),('96',NULL,'1',3,'2019-03-04 04:36:26','2022-02-10 07:16:27','149.28.132.155'),('97',NULL,'1',3,'2019-03-04 14:31:03','2022-02-10 07:16:27','149.28.132.155'),('98',NULL,'1',3,'2019-03-04 16:03:42','2022-02-10 07:16:27','149.28.132.155'),('99',NULL,'1',3,'2019-03-05 04:03:42','2022-02-10 07:16:27','149.28.132.155'),('100',NULL,'1',3,'2019-03-05 08:11:39','2022-02-10 07:16:27','149.28.132.155'),('101',NULL,'1',3,'2019-03-05 08:57:52','2022-02-10 07:16:27','149.28.132.155'),('102',NULL,'1',3,'2019-03-05 10:34:09','2022-02-10 07:16:27','149.28.132.155'),('103',NULL,'1',3,'2019-03-05 11:26:24','2022-02-10 07:16:27','149.28.132.155'),('104',NULL,'1',3,'2019-03-05 12:18:52','2022-02-10 07:16:27','149.28.132.155'),('105',NULL,'1',3,'2019-03-05 13:43:10','2022-02-10 07:16:27','149.28.132.155'),('106',NULL,'1',3,'2019-03-05 15:28:10','2022-02-10 07:16:27','149.28.132.155'),('107',NULL,'1',3,'2019-03-05 15:47:51','2022-02-10 07:16:27','149.28.132.155'),('108',NULL,'1',3,'2019-03-06 02:13:35','2022-02-10 07:16:27','149.28.132.155'),('109',NULL,'1',3,'2019-03-06 03:44:46','2022-02-10 07:16:27','149.28.132.155'),('110',NULL,'1',3,'2019-03-06 08:17:46','2022-02-10 07:16:27','149.28.132.155'),('111',NULL,'1',3,'2019-03-06 11:13:24','2022-02-10 07:16:27','149.28.132.155'),('112',NULL,'1',3,'2019-03-06 13:36:11','2022-02-10 07:16:27','149.28.132.155'),('113',NULL,'1',3,'2019-03-07 03:55:43','2022-02-10 07:16:27','149.28.132.155'),('114',NULL,'1',3,'2019-03-07 10:00:46','2022-02-10 07:16:27','149.28.132.155'),('115',NULL,'1',3,'2019-03-07 14:26:46','2022-02-10 07:16:27','149.28.132.155'),('116',NULL,'1',3,'2019-03-08 05:08:24','2022-02-10 07:16:27','149.28.132.155'),('117',NULL,'1',3,'2019-03-08 08:46:43','2022-02-10 07:16:27','149.28.132.155'),('118',NULL,'1',3,'2019-03-09 08:48:38','2022-02-10 07:16:27','149.28.132.155'),('119',NULL,'1',3,'2019-03-09 10:19:36','2022-02-10 07:16:27','149.28.132.155'),('120',NULL,'1',3,'2019-03-09 14:40:03','2022-02-10 07:16:27','149.28.132.155'),('121',NULL,'1',3,'2019-03-10 01:33:29','2022-02-10 07:16:27','149.28.132.155'),('122',NULL,'1',3,'2019-03-11 01:58:49','2022-02-10 07:16:27','149.28.132.155'),('123',NULL,'1',3,'2019-03-11 02:57:28','2022-02-10 07:16:27','149.28.132.155'),('124',NULL,'1',3,'2019-03-11 07:56:53','2022-02-10 07:16:27','149.28.132.155'),('125',NULL,'1',3,'2019-03-12 08:51:22','2022-02-10 07:16:27','149.28.132.155'),('126',NULL,'1',3,'2019-03-12 10:09:03','2022-02-10 07:16:27','149.28.132.155'),('127',NULL,'1',2,'2019-03-12 11:02:20','2022-02-10 07:16:27','149.28.132.155'),('128',NULL,'1',3,'2019-03-12 11:05:32','2022-02-10 07:16:27','149.28.132.155'),('129',NULL,'1',3,'2019-03-13 03:44:00','2022-02-10 07:16:27','149.28.132.155'),('130',NULL,'1',3,'2019-03-14 08:48:56','2022-02-10 07:16:27','149.28.132.155'),('131',NULL,'1',3,'2019-03-15 00:26:25','2022-02-10 07:16:27','149.28.132.155'),('132',NULL,'1',3,'2019-03-15 10:16:33','2022-02-10 07:16:27','149.28.132.155'),('133',NULL,'1',3,'2019-03-16 01:35:02','2022-02-10 07:16:27','149.28.132.155'),('134',NULL,'1',3,'2019-03-17 09:08:10','2022-02-10 07:16:27','149.28.132.155'),('135',NULL,'1',3,'2019-03-17 11:09:36','2022-02-10 07:16:27','149.28.132.155'),('136',NULL,'1',3,'2019-03-17 13:18:00','2022-02-10 07:16:27','149.28.132.155'),('137',NULL,'1',3,'2019-03-18 00:05:27','2022-02-10 07:16:27','149.28.132.155'),('138',NULL,'1',3,'2019-03-18 01:07:48','2022-02-10 07:16:27','149.28.132.155'),('139',NULL,'1',3,'2019-03-18 04:11:04','2022-02-10 07:16:27','149.28.132.155'),('140',NULL,'1',3,'2019-03-19 01:50:29','2022-02-10 07:16:27','149.28.132.155'),('141',NULL,'1',3,'2019-03-19 09:38:50','2022-02-10 07:16:27','149.28.132.155'),('142',NULL,'1',3,'2019-03-19 10:33:52','2022-02-10 07:16:27','149.28.132.155'),('143',NULL,'1',3,'2019-03-19 16:23:31','2022-02-10 07:16:27','149.28.132.155'),('144',NULL,'1',3,'2019-03-19 23:53:30','2022-02-10 07:16:27','149.28.132.155'),('145',NULL,'1',3,'2019-03-20 00:33:15','2022-02-10 07:16:27','149.28.132.155'),('146',NULL,'1',3,'2019-03-20 01:05:37','2022-02-10 07:16:27','149.28.132.155'),('147',NULL,'1',3,'2019-03-20 01:33:11','2022-02-10 07:16:27','149.28.132.155'),('148',NULL,'1',3,'2019-03-21 01:36:49','2022-02-10 07:16:27','149.28.132.155'),('149',NULL,'1',3,'2019-03-21 02:52:00','2022-02-10 07:16:27','149.28.132.155'),('150',NULL,'1',3,'2019-03-21 03:35:02','2022-02-10 07:16:27','149.28.132.155'),('151',NULL,'1',3,'2019-03-22 08:53:17','2022-02-10 07:16:27','149.28.132.155'),('152',NULL,'1',3,'2019-03-24 03:18:06','2022-02-10 07:16:27','149.28.132.155'),('153',NULL,'1',3,'2019-03-24 04:30:06','2022-02-10 07:16:27','149.28.132.155'),('154',NULL,'1',3,'2019-03-24 05:53:13','2022-02-10 07:16:27','149.28.132.155'),('155',NULL,'1',3,'2019-03-24 14:40:37','2022-02-10 07:16:27','149.28.132.155'),('156',NULL,'1',3,'2019-03-24 23:13:20','2022-02-10 07:16:27','149.28.132.155'),('157',NULL,'1',3,'2019-03-25 00:52:31','2022-02-10 07:16:27','149.28.132.155'),('158',NULL,'1',3,'2019-03-25 02:25:40','2022-02-10 07:16:27','149.28.132.155'),('159',NULL,'1',3,'2019-03-25 03:08:58','2022-02-10 07:16:27','149.28.132.155'),('160',NULL,'1',3,'2019-03-26 01:52:09','2022-02-10 07:16:27','149.28.132.155'),('161',NULL,'1',3,'2019-03-26 02:41:16','2022-02-10 07:16:27','149.28.132.155'),('162',NULL,'1',3,'2019-03-26 03:08:38','2022-02-10 07:16:27','149.28.132.155'),('163',NULL,'1',3,'2019-03-27 01:56:31','2022-02-10 07:16:27','149.28.132.155'),('164',NULL,'1',3,'2019-03-27 03:02:15','2022-02-10 07:16:27','149.28.132.155'),('165',NULL,'1',3,'2019-03-27 08:38:46','2022-02-10 07:16:27','149.28.132.155'),('166',NULL,'1',3,'2019-03-27 09:20:10','2022-02-10 07:16:27','149.28.132.155'),('167',NULL,'1',3,'2019-03-27 14:44:19','2022-02-10 07:16:27','149.28.132.155'),('168',NULL,'1',3,'2019-03-28 02:46:55','2022-02-10 07:16:27','149.28.132.155'),('169',NULL,'1',3,'2019-03-28 08:33:51','2022-02-10 07:16:27','149.28.132.155'),('170',NULL,'1',3,'2019-03-29 00:19:39','2022-02-10 07:16:27','149.28.132.155'),('171',NULL,'1',3,'2019-03-30 06:24:09','2022-02-10 07:16:27','149.28.132.155'),('172',NULL,'1',3,'2019-03-30 07:09:04','2022-02-10 07:16:27','149.28.132.155'),('173',NULL,'1',3,'2019-03-30 07:35:41','2022-02-10 07:16:27','149.28.132.155'),('174',NULL,'1',3,'2019-03-30 14:25:39','2022-02-10 07:16:27','149.28.132.155'),('175',NULL,'1',3,'2019-04-01 01:48:29','2022-02-10 07:16:27','149.28.132.155'),('176',NULL,'1',3,'2019-04-01 02:24:46','2022-02-10 07:16:27','149.28.132.155'),('177',NULL,'1',3,'2019-04-01 03:06:46','2022-02-10 07:16:27','149.28.132.155'),('178',NULL,'1',3,'2019-04-01 04:22:41','2022-02-10 07:16:27','149.28.132.155'),('179',NULL,'1',3,'2019-04-01 05:02:04','2022-02-10 07:16:27','149.28.132.155'),('180',NULL,'1',2,'2019-04-01 05:20:04','2022-02-10 07:16:27','149.28.132.155'),('181',NULL,'1',2,'2019-04-01 05:27:53','2022-02-10 07:16:27','149.28.132.155'),('182',NULL,'1',2,'2019-04-01 05:29:16','2022-02-10 07:16:27','149.28.132.155'),('183',NULL,'1',3,'2019-04-01 05:33:13','2022-02-10 07:16:27','149.28.132.155'),('184',NULL,'1',2,'2019-04-01 05:51:56','2022-02-10 07:16:27','149.28.132.155'),('185',NULL,'1',2,'2019-04-01 06:14:02','2022-02-10 07:16:27','149.28.132.155'),('186',NULL,'1',3,'2019-04-01 06:16:26','2022-02-10 07:16:27','149.28.132.155'),('187',NULL,'1',3,'2019-04-01 06:46:00','2022-02-10 07:16:27','149.28.132.155'),('188',NULL,'1',3,'2019-04-01 09:04:34','2022-02-10 07:16:27','149.28.132.155'),('189',NULL,'1',3,'2019-04-01 09:35:29','2022-02-10 07:16:27','149.28.132.155'),('190',NULL,'1',3,'2019-04-01 16:16:42','2022-02-10 07:16:27','149.28.132.155'),('191',NULL,'1',3,'2019-04-02 01:38:58','2022-02-10 07:16:27','149.28.132.155'),('192',NULL,'1',3,'2019-04-02 03:55:11','2022-02-10 07:16:27','149.28.132.155'),('193',NULL,'1',3,'2019-04-02 05:01:09','2022-02-10 07:16:27','149.28.132.155'),('194',NULL,'1',3,'2019-04-02 07:06:34','2022-02-10 07:16:27','149.28.132.155'),('195',NULL,'1',3,'2019-04-02 09:17:35','2022-02-10 07:16:27','149.28.132.155'),('196',NULL,'1',3,'2019-04-02 10:53:08','2022-02-10 07:16:27','149.28.132.155'),('197',NULL,'1',3,'2019-04-02 13:34:46','2022-02-10 07:16:27','149.28.132.155'),('198',NULL,'1',3,'2019-04-02 14:35:46','2022-02-10 07:16:27','149.28.132.155'),('199',NULL,'1',3,'2019-04-02 15:08:00','2022-02-10 07:16:27','149.28.132.155'),('200',NULL,'1',3,'2019-04-03 02:47:15','2022-02-10 07:16:27','149.28.132.155'),('201',NULL,'1',3,'2019-04-03 03:48:39','2022-02-10 07:16:27','149.28.132.155'),('202',NULL,'1',3,'2019-04-03 04:18:05','2022-02-10 07:16:27','149.28.132.155'),('203',NULL,'1',3,'2019-04-03 07:06:51','2022-02-10 07:16:27','149.28.132.155'),('204',NULL,'1',3,'2019-04-03 07:56:38','2022-02-10 07:16:27','149.28.132.155'),('205',NULL,'1',3,'2019-04-03 08:42:23','2022-02-10 07:16:27','149.28.132.155'),('206',NULL,'1',3,'2019-04-03 09:49:14','2022-02-10 07:16:27','149.28.132.155'),('207',NULL,'1',3,'2019-04-04 03:25:28','2022-02-10 07:16:27','149.28.132.155'),('208',NULL,'1',3,'2019-04-04 04:59:45','2022-02-10 07:16:27','149.28.132.155'),('209',NULL,'1',3,'2019-04-04 08:41:23','2022-02-10 07:16:27','149.28.132.155'),('210',NULL,'1',3,'2019-04-05 03:08:05','2022-02-10 07:16:27','149.28.132.155'),('211',NULL,'1',3,'2019-04-05 03:50:34','2022-02-10 07:16:27','149.28.132.155'),('212',NULL,'1',3,'2019-04-05 07:11:41','2022-02-10 07:16:27','149.28.132.155'),('213',NULL,'1',3,'2019-04-05 09:04:30','2022-02-10 07:16:27','149.28.132.155'),('214',NULL,'1',3,'2019-04-05 10:42:10','2022-02-10 07:16:27','149.28.132.155'),('215',NULL,'1',3,'2019-04-05 11:18:42','2022-02-10 07:16:27','149.28.132.155'),('216',NULL,'1',3,'2019-04-05 13:49:31','2022-02-10 07:16:27','149.28.132.155'),('217',NULL,'1',3,'2019-04-05 14:11:50','2022-02-10 07:16:27','149.28.132.155'),('218',NULL,'1',3,'2019-04-05 17:14:20','2022-02-10 07:16:27','149.28.132.155'),('219',NULL,'1',3,'2019-04-06 01:16:59','2022-02-10 07:16:27','149.28.132.155'),('220',NULL,'1',3,'2019-04-06 02:05:11','2022-02-10 07:16:27','149.28.132.155'),('221',NULL,'1',3,'2019-04-06 02:59:18','2022-02-10 07:16:27','149.28.132.155'),('222',NULL,'1',3,'2019-04-06 04:12:38','2022-02-10 07:16:27','149.28.132.155'),('223',NULL,'1',3,'2019-04-06 04:50:22','2022-02-10 07:16:27','149.28.132.155'),('224',NULL,'1',2,'2019-04-06 07:32:12','2022-02-10 07:16:27','149.28.132.155'),('225',NULL,'1',3,'2019-04-06 07:37:23','2022-02-10 07:16:27','149.28.132.155'),('226',NULL,'1',3,'2019-04-06 07:59:59','2022-02-10 07:16:27','149.28.132.155'),('227',NULL,'1',3,'2019-04-06 09:32:41','2022-02-10 07:16:27','149.28.132.155'),('228',NULL,'1',3,'2019-04-06 10:09:37','2022-02-10 07:16:27','149.28.132.155'),('229',NULL,'1',3,'2019-04-06 11:11:57','2022-02-10 07:16:27','149.28.132.155'),('230',NULL,'1',3,'2019-04-06 13:36:52','2022-02-10 07:16:27','149.28.132.155'),('231',NULL,'1',3,'2019-04-06 15:27:33','2022-02-10 07:16:27','149.28.132.155'),('232',NULL,'1',3,'2019-04-07 00:37:27','2022-02-10 07:16:27','149.28.132.155'),('233',NULL,'1',3,'2019-04-07 15:42:32','2022-02-10 07:16:27','149.28.132.155'),('234',NULL,'1',3,'2019-04-08 01:44:21','2022-02-10 07:16:27','149.28.132.155'),('235',NULL,'1',3,'2019-04-08 11:09:28','2022-02-10 07:16:27','149.28.132.155'),('236',NULL,'1',3,'2019-04-08 13:16:59','2022-02-10 07:16:27','149.28.132.155'),('237',NULL,'1',3,'2019-04-09 01:21:25','2022-02-10 07:16:27','149.28.132.155'),('238',NULL,'1',3,'2019-04-09 03:07:02','2022-02-10 07:16:27','149.28.132.155'),('239',NULL,'1',3,'2019-04-09 08:20:44','2022-02-10 07:16:27','149.28.132.155'),('240',NULL,'1',3,'2019-04-10 01:18:05','2022-02-10 07:16:27','149.28.132.155'),('241',NULL,'1',3,'2019-04-10 08:00:23','2022-02-10 07:16:27','149.28.132.155'),('242',NULL,'1',3,'2019-04-10 13:16:50','2022-02-10 07:16:27','149.28.132.155'),('243',NULL,'1',3,'2019-04-10 13:55:01','2022-02-10 07:16:27','149.28.132.155'),('244',NULL,'1',3,'2019-04-11 01:35:45','2022-02-10 07:16:27','149.28.132.155'),('245',NULL,'1',3,'2019-04-11 02:47:58','2022-02-10 07:16:27','149.28.132.155'),('246',NULL,'1',3,'2019-04-11 05:08:04','2022-02-10 07:16:27','149.28.132.155'),('247',NULL,'1',3,'2019-04-11 07:17:33','2022-02-10 07:16:27','149.28.132.155'),('248',NULL,'1',3,'2019-04-11 07:51:45','2022-02-10 07:16:27','149.28.132.155'),('249',NULL,'1',3,'2019-04-11 14:01:44','2022-02-10 07:16:27','149.28.132.155'),('250',NULL,'1',3,'2019-04-11 14:21:11','2022-02-10 07:16:27','149.28.132.155'),('251',NULL,'1',3,'2019-04-11 15:14:21','2022-02-10 07:16:27','149.28.132.155'),('252',NULL,'1',3,'2019-04-11 17:09:33','2022-02-10 07:16:27','149.28.132.155'),('253',NULL,'1',3,'2019-04-12 02:03:43','2022-02-10 07:16:27','149.28.132.155'),('254',NULL,'1',3,'2019-04-12 03:40:21','2022-02-10 07:16:27','149.28.132.155'),('255',NULL,'1',3,'2019-04-12 04:30:05','2022-02-10 07:16:27','149.28.132.155'),('256',NULL,'1',3,'2019-04-12 07:57:47','2022-02-10 07:16:27','149.28.132.155'),('257',NULL,'1',3,'2019-04-12 08:30:14','2022-02-10 07:16:27','149.28.132.155'),('258',NULL,'1',3,'2019-04-12 09:12:22','2022-02-10 07:16:27','149.28.132.155'),('259',NULL,'1',3,'2019-04-12 10:16:34','2022-02-10 07:16:27','149.28.132.155'),('260',NULL,'1',3,'2019-04-14 01:35:54','2022-02-10 07:16:27','149.28.132.155'),('261',NULL,'1',3,'2019-04-16 03:37:46','2022-02-10 07:16:27','149.28.132.155'),('262',NULL,'1',3,'2019-04-16 06:40:58','2022-02-10 07:16:27','149.28.132.155'),('263',NULL,'1',3,'2019-04-16 07:14:54','2022-02-10 07:16:27','149.28.132.155'),('264',NULL,'1',2,'2019-04-16 08:24:08','2022-02-10 07:16:27','149.28.132.155'),('265',NULL,'1',3,'2019-04-16 08:46:07','2022-02-10 07:16:27','149.28.132.155'),('266',NULL,'1',3,'2019-04-16 09:10:57','2022-02-10 07:16:27','149.28.132.155'),('267',NULL,'1',3,'2019-04-16 09:46:44','2022-02-10 07:16:27','149.28.132.155'),('268',NULL,'1',3,'2019-04-16 11:17:43','2022-02-10 07:16:27','149.28.132.155'),('269',NULL,'1',3,'2019-04-16 13:08:21','2022-02-10 07:16:27','149.28.132.155'),('270',NULL,'1',3,'2019-04-16 14:09:14','2022-02-10 07:16:27','149.28.132.155'),('271',NULL,'1',3,'2019-04-17 01:22:18','2022-02-10 07:16:27','149.28.132.155'),('272',NULL,'1',2,'2019-04-17 02:30:40','2022-02-10 07:16:27','149.28.132.155'),('273',NULL,'1',3,'2019-04-17 02:40:32','2022-02-10 07:16:27','149.28.132.155'),('274',NULL,'1',3,'2019-04-17 03:53:14','2022-02-10 07:16:27','149.28.132.155'),('275',NULL,'1',3,'2019-04-17 04:36:40','2022-02-10 07:16:27','149.28.132.155'),('276',NULL,'1',3,'2019-04-18 01:46:21','2022-02-10 07:16:27','149.28.132.155'),('277',NULL,'1',3,'2019-04-18 02:17:49','2022-02-10 07:16:27','149.28.132.155'),('278',NULL,'1',3,'2019-04-18 09:46:59','2022-02-10 07:16:27','149.28.132.155'),('279',NULL,'1',3,'2019-04-18 11:17:18','2022-02-10 07:16:27','149.28.132.155'),('280',NULL,'1',3,'2019-04-19 01:07:45','2022-02-10 07:16:27','149.28.132.155'),('281',NULL,'1',3,'2019-04-19 15:42:00','2022-02-10 07:16:27','149.28.132.155'),('282',NULL,'1',3,'2019-04-19 17:26:27','2022-02-10 07:16:27','149.28.132.155'),('283',NULL,'1',3,'2019-04-20 09:13:18','2022-02-10 07:16:27','149.28.132.155'),('284',NULL,'1',3,'2019-04-20 11:37:07','2022-02-10 07:16:27','149.28.132.155'),('285',NULL,'1',3,'2019-04-20 13:20:42','2022-02-10 07:16:27','149.28.132.155'),('286',NULL,'1',3,'2019-04-21 01:26:26','2022-02-10 07:16:27','149.28.132.155'),('287',NULL,'1',3,'2019-04-21 15:34:42','2022-02-10 07:16:27','149.28.132.155'),('288',NULL,'1',0,'2019-04-22 08:51:46','2022-02-10 07:16:27','149.28.132.155'),('289',NULL,'2',2,'2019-04-22 08:54:44','2022-02-10 07:16:27','149.28.132.155'),('290',NULL,'2',2,'2019-04-22 09:14:00','2022-02-10 07:16:27','149.28.132.155'),('291',NULL,'2',2,'2019-04-22 09:19:39','2022-02-10 07:16:27','149.28.132.155'),('292',NULL,'2',1,'2019-04-22 09:39:54','2022-02-10 07:16:27','149.28.132.155'),('293',NULL,'1',2,'2019-04-22 09:48:16','2022-02-10 07:16:27','149.28.132.155'),('294',NULL,'2',1,'2019-04-22 10:17:15','2022-02-10 07:16:27','149.28.132.155'),('295',NULL,'1',2,'2019-04-22 14:47:26','2022-02-10 07:16:27','149.28.132.155'),('296',NULL,'1',2,'2019-04-22 16:14:00','2022-02-10 07:16:27','149.28.132.155'),('297',NULL,'1',2,'2019-04-22 16:31:05','2022-02-10 07:16:27','149.28.132.155'),('298',NULL,'1',2,'2019-04-22 16:50:15','2022-02-10 07:16:27','149.28.132.155'),('299',NULL,'1',2,'2019-04-23 01:22:39','2022-02-10 07:16:27','149.28.132.155'),('300',NULL,'1',2,'2019-04-23 01:36:41','2022-02-10 07:16:27','149.28.132.155'),('301',NULL,'2',1,'2019-04-23 02:55:13','2022-02-10 07:16:27','149.28.132.155'),('302',NULL,'2',1,'2019-04-23 03:14:21','2022-02-10 07:16:27','149.28.132.155'),('303',NULL,'1',2,'2019-04-23 03:15:00','2022-02-10 07:16:27','149.28.132.155'),('304',NULL,'2',1,'2019-04-23 04:09:24','2022-02-10 07:16:27','149.28.132.155'),('305',NULL,'2',2,'2019-04-23 05:10:14','2022-02-10 07:16:27','149.28.132.155'),('306',NULL,'1',2,'2019-04-23 09:07:13','2022-02-10 07:16:27','149.28.132.155'),('307',NULL,'1',2,'2019-04-23 15:16:38','2022-02-10 07:16:27','149.28.132.155'),('308',NULL,'1',2,'2019-04-24 02:53:30','2022-02-10 07:16:27','149.28.132.155'),('309',NULL,'1',2,'2019-04-24 03:19:33','2022-02-10 07:16:27','149.28.132.155'),('310',NULL,'1',2,'2019-04-24 03:38:42','2022-02-10 07:16:27','149.28.132.155'),('311',NULL,'2',2,'2019-04-24 09:49:49','2022-02-10 07:16:27','149.28.132.155'),('312',NULL,'2',1,'2019-04-24 09:53:37','2022-02-10 07:16:27','149.28.132.155'),('313',NULL,'1',0,'2019-04-24 09:56:32','2022-02-10 07:16:27','149.28.132.155'),('314',NULL,'3',1,'2019-04-24 09:59:55','2022-02-10 07:16:27','149.28.132.155'),('315',NULL,'1',2,'2019-04-25 03:39:28','2022-02-10 07:16:27','149.28.132.155'),('316',NULL,'2',1,'2019-05-02 01:09:03','2022-02-10 07:16:27','149.28.132.155'),('317',NULL,'3',2,'2019-05-02 02:38:22','2022-02-10 07:16:27','149.28.132.155'),('318',NULL,'1',0,'2019-05-03 08:42:08','2022-02-10 07:16:27','149.28.132.155'),('319',NULL,'1',2,'2019-05-03 08:42:46','2022-02-10 07:16:27','149.28.132.155'),('320',NULL,'1',2,'2019-05-03 10:14:20','2022-02-10 07:16:27','149.28.132.155'),('321',NULL,'3',1,'2019-05-04 13:42:06','2022-02-10 07:16:27','149.28.132.155'),('322',NULL,'1',2,'2019-05-04 15:57:40','2022-02-10 07:16:27','149.28.132.155'),('323',NULL,'1',2,'2019-05-05 03:02:51','2022-02-10 07:16:27','149.28.132.155'),('324',NULL,'1',2,'2019-05-05 08:40:49','2022-02-10 07:16:27','149.28.132.155'),('325',NULL,'1',2,'2019-05-05 09:43:54','2022-02-10 07:16:27','149.28.132.155'),('326',NULL,'1',2,'2019-05-05 21:05:21','2022-02-10 07:16:27','149.28.132.155'),('327',NULL,'1',2,'2019-05-05 21:33:59','2022-02-10 07:16:27','66.42.53.7'),('328',NULL,'1',2,'2019-05-05 21:59:36','2022-02-10 07:16:27','66.42.53.7'),('329',NULL,'3',1,'2019-05-06 02:13:14','2022-02-10 07:16:27','66.42.53.7'),('330',NULL,'1',2,'2019-05-06 03:06:03','2022-02-10 07:16:27','66.42.53.7'),('331',NULL,'2',1,'2019-05-06 07:53:04','2022-02-10 07:16:27','66.42.53.7'),('332',NULL,'1',2,'2019-05-06 09:24:51','2022-02-10 07:16:27','66.42.53.7'),('333',NULL,'1',2,'2019-05-06 10:49:34','2022-02-10 07:16:27','66.42.53.7'),('334',NULL,'1',2,'2019-05-06 13:41:38','2022-02-10 07:16:27','66.42.53.7'),('335',NULL,'1',2,'2019-05-07 03:28:12','2022-02-10 07:16:27','66.42.53.7'),('336',NULL,'1',2,'2019-05-07 03:33:41','2022-02-10 07:16:27','66.42.53.7'),('337',NULL,'1',2,'2019-05-07 04:50:47','2022-02-10 07:16:27','149.28.132.155'),('338',NULL,'1',2,'2019-05-07 08:59:47','2022-02-10 07:16:27','149.28.132.155'),('339',NULL,'1',2,'2019-05-07 09:12:21','2022-02-10 07:16:27','149.28.132.155'),('340',NULL,'3',2,'2019-05-08 02:47:49','2022-02-10 07:16:27','149.28.132.155'),('341',NULL,'2',2,'2019-05-08 02:49:53','2022-02-10 07:16:27','149.28.132.155'),('342',NULL,'2',2,'2019-05-08 02:51:15','2022-02-10 07:16:27','149.28.132.155'),('343',NULL,'1',2,'2019-05-08 04:01:57','2022-02-10 07:16:27','149.28.132.155'),('344',NULL,'1',2,'2019-05-08 07:17:57','2022-02-10 07:16:27','149.28.132.155'),('345',NULL,'2',2,'2019-05-08 07:21:21','2022-02-10 07:16:27','149.28.132.155'),('346',NULL,'2',2,'2019-05-08 07:55:42','2022-02-10 07:16:27','149.28.132.155'),('347',NULL,'2',1,'2019-05-08 08:52:55','2022-02-10 07:16:27','149.28.132.155'),('348',NULL,'1',2,'2019-05-11 07:24:25','2022-02-10 07:16:27','149.28.132.155'),('349',NULL,'1',2,'2019-05-11 13:32:31','2022-02-10 07:16:27','149.28.132.155'),('350',NULL,'1',2,'2019-05-15 04:28:00','2022-02-10 07:16:27','149.28.132.155'),('351',NULL,'1',2,'2019-05-15 04:40:15','2022-02-10 07:16:27','149.28.132.155'),('352',NULL,'1',2,'2019-05-15 06:50:36','2022-02-10 07:16:27','149.28.132.155'),('353',NULL,'1',2,'2019-05-16 03:12:34','2022-02-10 07:16:27','149.28.132.155'),('354',NULL,'1',2,'2019-05-18 08:03:36','2022-02-10 07:16:27','149.28.132.155'),('355',NULL,'1',0,'2019-05-21 15:44:09','2022-02-10 07:16:27','149.28.132.155'),('356',NULL,'1',0,'2019-05-21 15:51:06','2022-02-10 07:16:27','149.28.132.155'),('357',NULL,'1',2,'2019-05-21 15:53:31','2022-02-10 07:16:27','149.28.132.155'),('358',NULL,'1',2,'2019-05-21 15:53:37','2022-02-10 07:16:27','149.28.132.155'),('359',NULL,'1',2,'2019-05-21 16:01:22','2022-02-10 07:16:27','149.28.132.155'),('360',NULL,'1',2,'2019-05-21 16:10:23','2022-02-10 07:16:27','149.28.132.155'),('361',NULL,'1',2,'2019-05-22 04:07:26','2022-02-10 07:16:27','149.28.132.155'),('362',NULL,'1',0,'2019-05-23 06:55:56','2022-02-10 07:16:27','149.28.132.155'),('363',NULL,'1',2,'2019-05-23 08:24:21','2022-02-10 07:16:27','149.28.132.155'),('364',NULL,'1',2,'2019-05-23 09:02:12','2022-02-10 07:16:27','149.28.132.155'),('365',NULL,'1',2,'2019-05-23 09:03:29','2022-02-10 07:16:27','149.28.132.155'),('366',NULL,'1',2,'2019-05-23 09:07:08','2022-02-10 07:16:27','149.28.132.155'),('367',NULL,'1',2,'2019-05-23 09:12:28','2022-02-10 07:16:27','149.28.132.155'),('368',NULL,'3',2,'2019-05-23 09:22:33','2022-02-10 07:16:27','149.28.132.155'),('369',NULL,'3',2,'2019-05-23 09:43:45','2022-02-10 07:16:27','149.28.132.155'),('370',NULL,'1',2,'2019-05-23 14:37:55','2022-02-10 07:16:27','149.28.132.155'),('371',NULL,'1',2,'2019-05-23 14:42:26','2022-02-10 07:16:27','149.28.132.155'),('372',NULL,'3',2,'2019-05-23 14:57:08','2022-02-10 07:16:27','149.28.132.155'),('373',NULL,'3',2,'2019-05-23 15:16:42','2022-02-10 07:16:27','149.28.132.155'),('374',NULL,'1',2,'2019-05-24 09:39:51','2022-02-10 07:16:27','149.28.132.155'),('375',NULL,'1',2,'2019-05-25 12:00:38','2022-02-10 07:16:27','149.28.132.155'),('376',NULL,'1',2,'2019-05-25 12:00:44','2022-02-10 07:16:27','149.28.132.155'),('377',NULL,'1',2,'2019-05-27 07:09:17','2022-02-10 07:16:27','149.28.132.155'),('378',NULL,'3',2,'2019-05-28 02:57:04','2022-02-10 07:16:27','149.28.132.155'),('379',NULL,'3',1,'2019-05-28 04:14:46','2022-02-10 07:16:27','149.28.132.155'),('380',NULL,'1',2,'2019-05-28 07:12:17','2022-02-10 07:16:27','149.28.132.155'),('381',NULL,'1',2,'2019-05-30 15:28:20','2022-02-10 07:16:27','149.28.132.155'),('382',NULL,'1',2,'2019-05-31 08:35:01','2022-02-10 07:16:27','149.28.132.155'),('383',NULL,'1',2,'2019-05-31 08:35:26','2022-02-10 07:16:27','149.28.132.155'),('384',NULL,'1',2,'2019-05-31 12:50:41','2022-02-10 07:16:27','149.28.132.155'),('385',NULL,'1',2,'2019-06-01 04:03:45','2022-02-10 07:16:27','149.28.132.155'),('386',NULL,'1',2,'2019-06-01 06:35:10','2022-02-10 07:16:27','149.28.132.155'),('387',NULL,'1',2,'2019-06-10 02:28:42','2022-02-10 07:16:27','149.28.132.155'),('388',NULL,'1',2,'2019-06-10 04:05:31','2022-02-10 07:16:27','149.28.132.155'),('389',NULL,'1',2,'2019-06-10 04:23:59','2022-02-10 07:16:27','149.28.132.155'),('390',NULL,'1',2,'2019-06-11 03:53:46','2022-02-10 07:16:27','149.28.132.155'),('391',NULL,'1',2,'2019-06-11 09:58:37','2022-02-10 07:16:27','149.28.132.155'),('392',NULL,'1',2,'2019-06-11 13:32:52','2022-02-10 07:16:27','149.28.132.155'),('393',NULL,'1',2,'2019-06-12 01:25:56','2022-02-10 07:16:27','149.28.132.155'),('394',NULL,'1',2,'2019-06-12 07:52:40','2022-02-10 07:16:27','149.28.132.155'),('395',NULL,'1',2,'2019-06-12 09:54:26','2022-02-10 07:16:27','149.28.132.155'),('396',NULL,'1',2,'2019-06-13 03:55:38','2022-02-10 07:16:27','149.28.132.155'),('397',NULL,'1',2,'2019-06-13 07:45:08','2022-02-10 07:16:27','149.28.132.155'),('398',NULL,'1',2,'2019-06-13 10:10:06','2022-02-10 07:16:27','149.28.132.155'),('399',NULL,'1',2,'2019-06-13 15:19:10','2022-02-10 07:16:27','149.28.132.155'),('400',NULL,'1',2,'2019-06-14 08:11:08','2022-02-10 07:16:27','149.28.132.155'),('401',NULL,'1',2,'2019-06-15 07:35:41','2022-02-10 07:16:27','149.28.132.155'),('402',NULL,'1',2,'2019-06-15 07:42:03','2022-02-10 07:16:27','149.28.132.155'),('403',NULL,'1',2,'2019-06-15 07:45:18','2022-02-10 07:16:27','149.28.132.155'),('404',NULL,'1',2,'2019-06-15 08:18:37','2022-02-10 07:16:27','149.28.132.155'),('405',NULL,'1',2,'2019-06-15 09:37:32','2022-02-10 07:16:27','149.28.132.155'),('406',NULL,'1',2,'2019-06-16 14:16:49','2022-02-10 07:16:27','149.28.132.155'),('407',NULL,'1',2,'2019-06-17 01:46:20','2022-02-10 07:16:27','149.28.132.155'),('408',NULL,'1',2,'2019-06-17 02:31:21','2022-02-10 07:16:27','149.28.132.155'),('409',NULL,'1',2,'2019-06-17 04:45:19','2022-02-10 07:16:27','149.28.132.155'),('410',NULL,'1',2,'2019-06-17 16:09:13','2022-02-10 07:16:27','149.28.132.155'),('411',NULL,'1',2,'2019-06-17 16:11:59','2022-02-10 07:16:27','149.28.132.155'),('412',NULL,'1',2,'2019-06-18 04:13:48','2022-02-10 07:16:27','149.28.132.155'),('413',NULL,'1',2,'2019-06-18 07:22:14','2022-02-10 07:16:27','149.28.132.155'),('414',NULL,'1',2,'2019-06-19 07:07:11','2022-02-10 07:16:27','149.28.132.155'),('415',NULL,'1',2,'2019-06-19 07:19:13','2022-02-10 07:16:27','149.28.132.155'),('416',NULL,'1',3,'2019-06-19 07:34:06','2022-02-10 07:16:27','149.28.132.155'),('417',NULL,'1',3,'2019-06-19 12:20:15','2022-02-10 07:16:27','149.28.132.155'),('418',NULL,'1',3,'2019-06-20 03:00:02','2022-02-10 07:16:27','149.28.132.155'),('419',NULL,'1',3,'2019-06-20 08:39:16','2022-02-10 07:16:27','149.28.132.155'),('420',NULL,'1',3,'2019-06-20 16:41:45','2022-02-10 07:16:27','149.28.132.155'),('421',NULL,'1',3,'2019-06-21 07:22:04','2022-02-10 07:16:27','149.28.132.155'),('422',NULL,'1',3,'2019-06-21 11:27:37','2022-02-10 07:16:27','149.28.132.155'),('423',NULL,'1',3,'2019-06-23 14:54:03','2022-02-10 07:16:27','149.28.132.155'),('424',NULL,'1',3,'2019-06-24 03:28:48','2022-02-10 07:16:27','149.28.132.155'),('425',NULL,'1',3,'2019-06-29 06:22:39','2022-02-10 07:16:27','149.28.132.155'),('426',NULL,'1',3,'2019-07-05 03:42:44','2022-02-10 07:16:27','149.28.132.155'),('427',NULL,'1',3,'2019-07-05 11:29:31','2022-02-10 07:16:27','149.28.132.155'),('428',NULL,'1',3,'2019-07-13 10:47:22','2022-02-10 07:16:27','149.28.132.155'),('429',NULL,'1',3,'2019-07-13 12:49:18','2022-02-10 07:16:27','149.28.132.155'),('430',NULL,'1',3,'2019-07-14 02:38:26','2022-02-10 07:16:27','149.28.132.155'),('431',NULL,'1',3,'2019-07-22 10:41:09','2022-02-10 07:16:27','149.28.132.155'),('432',NULL,'1',3,'2019-07-26 08:19:16','2022-02-10 07:16:27','149.28.132.155'),('433',NULL,'1',3,'2019-07-27 11:17:29','2022-02-10 07:16:27','149.28.132.155'),('434',NULL,'1',3,'2019-07-30 04:38:33','2022-02-10 07:16:27','149.28.132.155'),('435',NULL,'1',3,'2019-08-01 08:49:50','2022-02-10 07:16:27','149.28.132.155'),('436',NULL,'1',3,'2019-08-01 16:46:04','2022-02-10 07:16:27','149.28.132.155'),('437',NULL,'1',3,'2019-08-05 08:01:15','2022-02-10 07:16:27','149.28.132.155'),('438',NULL,'1',3,'2019-08-05 10:41:21','2022-02-10 07:16:27','149.28.132.155'),('439',NULL,'1',3,'2019-08-07 01:35:52','2022-02-10 07:16:27','149.28.132.155'),('440',NULL,'2',1,'2019-08-08 04:20:28','2022-02-10 07:16:27','149.28.132.155'),('441',NULL,'1',3,'2019-08-11 13:07:37','2022-02-10 07:16:27','149.28.132.155'),('442',NULL,'1',3,'2019-08-11 15:36:43','2022-02-10 07:16:27','149.28.132.155'),('443',NULL,'1',3,'2019-08-20 07:58:06','2022-02-10 07:16:27','149.28.132.155'),('444',NULL,'2',1,'2019-08-21 09:53:05','2022-02-10 07:16:27','149.28.132.155'),('445',NULL,'1',3,'2019-08-23 04:35:10','2022-02-10 07:16:27','149.28.132.155'),('446',NULL,'3',1,'2019-08-23 04:38:24','2022-02-10 07:16:27','149.28.132.155'),('447',NULL,'2',1,'2019-08-24 10:39:29','2022-02-10 07:16:27','149.28.132.155'),('448',NULL,'2',1,'2019-08-26 07:31:08','2022-02-10 07:16:27','149.28.132.155'),('449',NULL,'1',3,'2019-08-26 17:31:17','2022-02-10 07:16:27','149.28.132.155'),('450',NULL,'1',3,'2019-08-27 02:32:08','2022-02-10 07:16:27','149.28.132.155'),('451',NULL,'1',3,'2019-08-27 03:03:29','2022-02-10 07:16:27','149.28.132.155'),('452',NULL,'1',3,'2019-08-27 06:28:30','2022-02-10 07:16:27','149.28.132.155'),('453',NULL,'1',3,'2019-08-27 08:04:42','2022-02-10 07:16:27','149.28.132.155'),('454',NULL,'1',3,'2019-08-27 14:02:34','2022-02-10 07:16:27','149.28.132.155'),('455',NULL,'1',3,'2019-08-27 14:02:39','2022-02-10 07:16:27','149.28.132.155'),('456',NULL,'1',3,'2019-08-27 14:02:44','2022-02-10 07:16:27','149.28.132.155'),('457',NULL,'1',3,'2019-08-27 14:03:20','2022-02-10 07:16:27','149.28.132.155'),('458',NULL,'1',3,'2019-08-27 14:28:29','2022-02-10 07:16:27','149.28.132.155'),('459',NULL,'1',3,'2019-08-28 04:32:13','2022-02-10 07:16:27','149.28.132.155'),('460',NULL,'1',3,'2019-08-28 04:43:36','2022-02-10 07:16:27','149.28.132.155'),('461',NULL,'1',3,'2019-08-28 04:44:18','2022-02-10 07:16:27','149.28.132.155'),('462',NULL,'1',3,'2019-08-29 04:10:34','2022-02-10 07:16:27','149.28.132.155'),('463',NULL,'2',1,'2019-08-29 08:11:14','2022-02-10 07:16:27','149.28.132.155'),('464',NULL,'1',3,'2019-08-29 11:02:35','2022-02-10 07:16:27','149.28.132.155'),('465',NULL,'1',3,'2019-08-30 10:39:43','2022-02-10 07:16:27','149.28.132.155'),('466',NULL,'1',3,'2019-09-03 08:33:02','2022-02-10 07:16:27','149.28.132.155'),('467',NULL,'2',1,'2019-09-04 04:16:00','2022-02-10 07:16:27','149.28.132.155'),('468',NULL,'1',3,'2019-09-05 16:09:32','2022-02-10 07:16:27','149.28.132.155'),('469',NULL,'1',3,'2019-09-05 16:09:45','2022-02-10 07:16:27','149.28.132.155'),('470',NULL,'1',3,'2019-09-05 16:10:09','2022-02-10 07:16:27','149.28.132.155'),('471',NULL,'1',3,'2019-09-06 10:50:11','2022-02-10 07:16:27','149.28.132.155'),('472',NULL,'1',3,'2019-09-06 10:50:11','2022-02-10 07:16:27','149.28.132.155'),('473',NULL,'1',3,'2019-09-06 10:50:29','2022-02-10 07:16:27','149.28.132.155'),('474',NULL,'1',3,'2019-09-06 11:30:03','2022-02-10 07:16:27','149.28.132.155'),('475',NULL,'1',3,'2019-09-07 09:46:05','2022-02-10 07:16:27','149.28.132.155'),('476',NULL,'1',3,'2019-09-07 09:46:13','2022-02-10 07:16:27','149.28.132.155'),('477',NULL,'1',3,'2019-09-07 09:46:23','2022-02-10 07:16:27','149.28.132.155'),('478',NULL,'1',3,'2019-09-09 03:32:09','2022-02-10 07:16:27','149.28.132.155'),('479',NULL,'1',3,'2019-09-09 08:07:41','2022-02-10 07:16:27','149.28.132.155'),('480',NULL,'1',3,'2019-09-09 08:07:57','2022-02-10 07:16:27','149.28.132.155'),('481',NULL,'1',3,'2019-09-09 10:08:14','2022-02-10 07:16:27','149.28.132.155'),('482',NULL,'1',3,'2019-09-10 01:49:48','2022-02-10 07:16:27','149.28.132.155'),('483',NULL,'1',3,'2019-09-10 04:36:57','2022-02-10 07:16:27','149.28.132.155'),('484',NULL,'1',3,'2019-09-10 04:37:10','2022-02-10 07:16:27','149.28.132.155'),('485',NULL,'1',3,'2019-09-10 04:37:17','2022-02-10 07:16:27','149.28.132.155'),('486',NULL,'1',3,'2019-09-11 02:13:45','2022-02-10 07:16:27','149.28.132.155'),('487',NULL,'1',3,'2019-09-11 03:46:06','2022-02-10 07:16:27','149.28.132.155'),('488',NULL,'1',3,'2019-09-11 03:53:05','2022-02-10 07:16:27','149.28.132.155'),('489',NULL,'1',3,'2019-09-11 03:53:20','2022-02-10 07:16:27','149.28.132.155'),('490',NULL,'1',3,'2019-09-11 10:09:52','2022-02-10 07:16:27','149.28.132.155'),('491',NULL,'1',3,'2019-09-11 11:50:51','2022-02-10 07:16:27','149.28.132.155'),('492',NULL,'1',3,'2019-09-11 11:51:11','2022-02-10 07:16:27','149.28.132.155'),('493',NULL,'2',1,'2019-09-12 02:30:27','2022-02-10 07:16:27','149.28.132.155'),('494',NULL,'2',1,'2019-09-13 07:59:21','2022-02-10 07:16:27','149.28.132.155'),('495',NULL,'1',3,'2019-09-13 08:03:29','2022-02-10 07:16:27','149.28.132.155'),('496',NULL,'1',3,'2019-09-16 01:33:39','2022-02-10 07:16:27','149.28.132.155'),('497',NULL,'1',3,'2019-09-16 07:48:17','2022-02-10 07:16:27','149.28.132.155'),('498',NULL,'2',1,'2019-09-17 03:20:46','2022-02-10 07:16:27','149.28.132.155'),('499',NULL,'2',1,'2019-09-17 09:16:10','2022-02-10 07:16:27','149.28.132.155'),('500',NULL,'1',3,'2019-09-17 11:56:34','2022-02-10 07:16:27','149.28.132.155'),('501',NULL,'1',3,'2019-09-18 01:22:38','2022-02-10 07:16:27','149.28.132.155'),('502',NULL,'1',3,'2019-09-18 11:21:04','2022-02-10 07:16:27','149.28.132.155'),('503',NULL,'1',3,'2019-09-19 02:41:02','2022-02-10 07:16:27','149.28.132.155'),('504',NULL,'1',3,'2019-09-19 06:57:28','2022-02-10 07:16:27','149.28.132.155'),('505',NULL,'1',3,'2019-11-06 04:09:41','2022-02-10 07:16:27','14.231.193.31'),('506',NULL,'1',3,'2020-01-03 02:55:52','2022-02-10 07:16:27','149.28.132.155'),('507',NULL,'1',3,'2020-01-03 03:13:01','2022-02-10 07:16:27','149.28.132.155'),('508',NULL,'1',0,'2020-01-07 04:34:28','2022-02-10 07:16:27','149.28.132.155'),('509',NULL,'1',3,'2020-01-07 04:35:53','2022-02-10 07:16:27','149.28.132.155'),('510',NULL,'1',3,'2020-01-11 03:44:50','2022-02-10 07:16:27','149.28.132.155'),('511',NULL,'2',1,'2020-02-19 03:07:05','2022-02-10 07:16:27','149.28.132.155'),('512',NULL,'1',3,'2020-02-19 07:42:10','2022-02-10 07:16:27','149.28.132.155'),('513',NULL,'1',3,'2020-02-19 07:59:23','2022-02-10 07:16:27','149.28.132.155'),('514',NULL,'1',3,'2020-02-19 08:03:37','2022-02-10 07:16:27','149.28.132.155'),('515',NULL,'1',3,'2020-02-19 10:30:06','2022-02-10 07:16:27','149.28.132.155'),('516',NULL,'1',3,'2020-02-20 01:29:24','2022-02-10 07:16:27','149.28.132.155'),('517',NULL,'1',3,'2020-02-21 07:31:46','2022-02-10 07:16:27','149.28.132.155'),('518',NULL,'1',3,'2020-02-22 08:24:44','2022-02-10 07:16:27','149.28.132.155'),('519',NULL,'1',3,'2020-02-26 01:26:35','2022-02-10 07:16:27','149.28.132.155'),('520',NULL,'1',3,'2020-02-27 01:30:02','2022-02-10 07:16:27','149.28.132.155'),('521',NULL,'1',3,'2020-03-04 02:27:37','2022-02-10 07:16:27','149.28.132.155'),('522',NULL,'1',3,'2020-08-07 13:59:41','2022-02-10 07:16:27','42.114.43.181'),('523',NULL,'1',3,'2020-08-08 01:30:48','2022-02-10 07:16:27','14.177.165.68'),('524',NULL,'1',3,'2020-08-08 02:26:03','2022-02-10 07:16:27','14.177.165.68'),('525',NULL,'1',3,'2020-08-08 03:08:57','2022-02-10 07:16:27','14.177.165.68'),('526',NULL,'1',3,'2020-08-08 10:39:18','2022-02-10 07:16:27','14.177.165.68'),('527',NULL,'1',3,'2020-08-09 14:52:39','2022-02-10 07:16:27','42.115.171.59'),('528',NULL,'1',3,'2020-08-10 03:36:26','2022-02-10 07:16:27','14.177.165.68'),('529',NULL,'1',3,'2020-08-11 02:47:49','2022-02-10 07:16:27','14.177.165.68'),('530',NULL,'1',3,'2020-08-16 02:51:37','2022-02-10 07:16:27','14.229.55.181'),('531',NULL,'1',3,'2020-09-03 08:07:58','2022-02-10 07:16:27','27.79.159.127'),('532',NULL,'1',3,'2020-09-03 15:16:21','2022-02-10 07:16:27','42.115.216.124'),('533',NULL,'1',3,'2020-09-04 08:58:38','2022-02-10 07:16:27','27.79.159.127'),('534',NULL,'1',3,'2020-09-04 16:14:54','2022-02-10 07:16:27','42.115.216.124'),('535',NULL,'1',3,'2020-09-07 14:48:04','2022-02-10 07:16:27','118.71.5.73'),('536',NULL,'1',3,'2020-09-09 03:53:28','2022-02-10 07:16:27','27.79.159.127'),('537',NULL,'1',3,'2020-09-09 16:58:42','2022-02-10 07:16:27','118.71.246.215'),('538',NULL,'1',3,'2020-09-11 16:06:06','2022-02-10 07:16:27','118.71.246.215'),('539',NULL,'1',3,'2020-09-14 15:54:35','2022-02-10 07:16:27','118.71.246.215'),('540',NULL,'1',3,'2020-09-18 08:01:26','2022-02-10 07:16:27','27.79.159.127'),('541',NULL,'1',3,'2020-09-24 07:26:58','2022-02-10 07:16:27','27.79.159.127'),('542',NULL,'1',3,'2020-09-28 15:03:51','2022-02-10 07:16:27','42.117.197.109'),('543',NULL,'1',3,'2020-09-30 15:46:49','2022-02-10 07:16:27','42.117.197.109'),('544',NULL,'1',3,'2020-10-05 02:35:07','2022-02-10 07:16:27','27.79.187.52'),('545',NULL,'1',3,'2020-10-05 06:58:13','2022-02-10 07:16:27','27.79.187.52'),('546',NULL,'1',3,'2020-10-21 08:05:03','2022-02-10 07:16:27','123.16.140.76'),('547',NULL,'1',3,'2020-10-26 16:13:27','2022-02-10 07:16:27','118.70.107.27'),('548',NULL,'1',3,'2020-10-27 16:37:59','2022-02-10 07:16:27','118.70.107.27'),('549',NULL,'1',3,'2020-12-12 02:06:21','2022-02-10 07:16:27','14.162.219.178'),('550',NULL,'1',3,'2020-12-15 01:41:55','2022-02-10 07:16:27','14.231.141.82'),('551',NULL,'1',3,'2020-12-15 03:57:50','2022-02-10 07:16:27','14.231.141.82'),('552',NULL,'1',3,'2020-12-15 09:55:49','2022-02-10 07:16:27','14.231.141.82'),('553',NULL,'1',3,'2021-01-12 03:14:25','2022-02-10 07:16:27','113.190.222.214'),('554',NULL,'1',3,'2021-01-15 03:41:29','2022-02-10 07:16:27','171.241.31.165'),('555',NULL,'1',3,'2021-01-15 06:20:13','2022-02-10 07:16:27','171.241.31.165'),('556',NULL,'1',3,'2021-01-27 01:32:31','2022-02-10 07:16:27','14.231.149.205'),('557',NULL,'1',3,'2021-02-04 04:01:22','2022-02-10 07:16:27','123.16.238.61'),('558',NULL,'1',3,'2021-02-18 04:55:38','2022-02-10 07:16:27','14.235.69.63'),('559',NULL,'1',3,'2021-02-22 08:30:31','2022-02-10 07:16:27','14.177.254.135'),('560',NULL,'4',1,'2021-02-22 09:30:22','2022-02-10 07:16:27','14.177.254.135'),('561',NULL,'1',3,'2021-02-23 02:51:16','2022-02-10 07:16:27','14.177.254.135'),('562',NULL,'1',3,'2021-02-24 02:58:45','2022-02-10 07:16:27','14.177.254.135'),('563',NULL,'1',3,'2021-02-24 03:01:43','2022-02-10 07:16:27','14.177.254.135'),('564',NULL,'1',3,'2021-02-25 03:37:56','2022-02-10 07:16:27','14.177.254.135'),('565',NULL,'1',3,'2021-02-26 02:20:21','2022-02-10 07:16:27','14.177.254.135'),('566',NULL,'1',3,'2021-02-26 02:23:00','2022-02-10 07:16:27','14.177.254.135'),('567',NULL,'1',3,'2021-02-26 02:56:09','2022-02-10 07:16:27','14.177.254.135'),('568',NULL,'1',3,'2021-02-26 03:16:43','2022-02-10 07:16:27','14.177.254.135'),('569',NULL,'1',3,'2021-02-26 04:29:35','2022-02-10 07:16:27','14.177.254.135'),('570',NULL,'1',3,'2021-02-27 07:39:08','2022-02-10 07:16:27','14.177.254.135'),('571',NULL,'1',3,'2021-03-02 04:51:02','2022-02-10 07:16:27','14.177.254.135'),('572',NULL,'1',3,'2021-03-02 06:36:54','2022-02-10 07:16:27','14.177.254.135'),('573',NULL,'1',3,'2021-03-02 06:55:32','2022-02-10 07:16:27','14.177.254.135'),('574',NULL,'1',3,'2021-03-03 09:10:08','2022-02-10 07:16:27','14.177.254.135'),('575',NULL,'1',3,'2021-03-04 01:29:38','2022-02-10 07:16:27','14.177.254.135'),('576',NULL,'1',3,'2021-03-08 01:29:56','2022-02-10 07:16:27','14.177.254.135'),('577',NULL,'1',3,'2021-03-08 10:45:57','2022-02-10 07:16:27','14.177.254.135'),('578',NULL,'1',3,'2021-03-11 01:51:08','2022-02-10 07:16:27','14.177.254.135'),('579',NULL,'1',3,'2021-03-11 09:45:37','2022-02-10 07:16:27','14.177.254.135'),('580',NULL,'1',3,'2021-03-15 01:18:52','2022-02-10 07:16:27','14.232.222.218'),('581',NULL,'1',3,'2021-03-16 03:36:37','2022-02-10 07:16:27','14.232.222.218'),('582',NULL,'1',3,'2021-03-16 04:57:41','2022-02-10 07:16:27','14.232.222.218'),('583',NULL,'1',3,'2021-03-16 04:58:17','2022-02-10 07:16:27','14.232.222.218'),('584',NULL,'1',3,'2021-03-16 07:02:09','2022-02-10 07:16:27','14.232.222.218'),('585',NULL,'1',3,'2021-03-16 08:46:36','2022-02-10 07:16:27','14.232.222.218'),('586',NULL,'1',3,'2021-03-16 15:17:24','2022-02-10 07:16:27','1.53.190.197'),('587',NULL,'1',3,'2021-03-17 01:13:11','2022-02-10 07:16:27','14.232.222.218'),('588',NULL,'1',3,'2021-03-17 09:43:34','2022-02-10 07:16:27','14.232.222.25'),('589',NULL,'1',3,'2021-03-22 13:26:09','2022-02-10 07:16:27','14.232.222.25'),('590',NULL,'1',3,'2021-03-22 15:53:01','2022-02-10 07:16:27','27.3.66.207'),('591',NULL,'1',3,'2021-03-24 03:29:30','2022-02-10 07:16:27','14.232.222.25'),('592',NULL,'1',3,'2021-03-24 03:53:51','2022-02-10 07:16:27','14.232.222.25'),('593',NULL,'1',3,'2021-03-24 10:27:09','2022-02-10 07:16:27','42.113.95.179'),('594',NULL,'1',3,'2021-03-26 03:06:29','2022-02-10 07:16:27','42.113.95.179'),('595',NULL,'1',3,'2021-03-26 10:07:07','2022-02-10 07:16:27','14.232.222.25'),('596',NULL,'1',3,'2021-03-29 01:46:24','2022-02-10 07:16:27','14.231.142.104'),('597',NULL,'1',3,'2021-03-31 02:44:15','2022-02-10 07:16:27','14.231.142.104'),('598',NULL,'1',3,'2021-04-02 09:48:33','2022-02-10 07:16:27','183.80.185.133'),('599',NULL,'1',3,'2021-04-07 03:37:52','2022-02-10 07:16:27','14.231.142.104'),('600',NULL,'1',3,'2021-04-08 03:23:58','2022-02-10 07:16:27','14.231.142.104'),('601',NULL,'1',3,'2021-04-08 03:25:17','2022-02-10 07:16:27','14.231.142.104'),('602',NULL,'1',3,'2021-04-08 12:33:18','2022-02-10 07:16:27','14.231.142.104'),('603',NULL,'1',3,'2021-04-09 06:48:35','2022-02-10 07:16:27','14.231.142.104'),('604',NULL,'1',3,'2021-04-12 04:58:29','2022-02-10 07:16:27','14.231.142.104'),('605',NULL,'1',3,'2021-04-14 07:56:30','2022-02-10 07:16:27','14.231.142.104'),('606',NULL,'1',3,'2021-04-14 08:54:45','2022-02-10 07:16:27','14.231.142.104'),('607',NULL,'1',3,'2021-04-16 07:41:58','2022-02-10 07:16:27','14.231.142.104'),('608',NULL,'1',3,'2021-04-17 09:19:36','2022-02-10 07:16:27','27.3.66.207'),('609',NULL,'1',3,'2021-04-19 10:52:00','2022-02-10 07:16:27','14.231.142.104'),('610',NULL,'1',3,'2021-04-20 07:36:21','2022-02-10 07:16:27','14.231.142.104'),('611',NULL,'1',3,'2021-04-22 14:12:23','2022-02-10 07:16:27','27.3.66.207'),('612',NULL,'1',3,'2021-04-23 02:03:50','2022-02-10 07:16:27','14.231.142.104'),('613',NULL,'1',3,'2021-04-24 02:25:10','2022-02-10 07:16:27','14.231.142.104'),('614',NULL,'1',3,'2021-04-26 11:04:56','2022-02-10 07:16:27','14.231.142.104'),('615',NULL,'1',3,'2021-04-26 11:59:04','2022-02-10 07:16:27','14.231.142.104'),('616',NULL,'1',3,'2021-04-27 07:29:24','2022-02-10 07:16:27','14.231.142.104'),('617',NULL,'1',3,'2021-04-27 11:58:32','2022-02-10 07:16:27','14.231.142.104'),('618',NULL,'1',3,'2021-04-27 13:06:16','2022-02-10 07:16:27','14.231.142.104'),('619',NULL,'1',3,'2021-04-27 13:12:11','2022-02-10 07:16:27','14.231.142.104'),('620',NULL,'1',3,'2021-04-28 04:53:51','2022-02-10 07:16:27','14.231.142.104'),('621',NULL,'1',3,'2021-04-29 10:38:19','2022-02-10 07:16:27','14.231.142.104'),('622',NULL,'1',3,'2021-05-04 01:32:42','2022-02-10 07:16:27','14.162.148.110'),('623',NULL,'1',3,'2021-05-05 06:33:37','2022-02-10 07:16:27','14.162.148.110'),('624',NULL,'1',3,'2021-05-05 08:25:11','2022-02-10 07:16:27','14.162.148.110'),('625',NULL,'1',3,'2021-05-08 09:33:42','2022-02-10 07:16:27','14.231.132.147'),('626',NULL,'1',3,'2021-05-08 09:56:24','2022-02-10 07:16:27','14.231.132.147'),('627',NULL,'1',3,'2021-05-08 11:46:05','2022-02-10 07:16:27','14.231.132.147'),('628',NULL,'1',3,'2021-05-13 02:07:44','2022-02-10 07:16:27','14.162.209.162'),('629',NULL,'1',3,'2021-05-13 06:10:01','2022-02-10 07:16:27','14.162.209.162'),('630',NULL,'1',3,'2021-05-13 08:39:25','2022-02-10 07:16:27','14.162.209.162'),('631',NULL,'1',3,'2021-05-13 09:29:58','2022-02-10 07:16:27','14.162.209.162'),('632',NULL,'1',3,'2021-05-14 07:23:20','2022-02-10 07:16:27','14.162.209.162'),('633',NULL,'1',3,'2021-05-14 10:50:34','2022-02-10 07:16:27','14.162.209.162'),('634',NULL,'1',3,'2021-05-17 04:08:43','2022-02-10 07:16:27','14.162.209.162'),('635',NULL,'1',3,'2021-05-17 06:40:38','2022-02-10 07:16:27','14.162.209.162'),('636',NULL,'1',3,'2021-05-22 07:24:37','2022-02-10 07:16:27','14.162.209.162'),('637',NULL,'1',3,'2021-05-22 08:28:34','2022-02-10 07:16:27','14.162.209.162'),('638',NULL,'1',3,'2021-05-22 08:56:48','2022-02-10 07:16:27','14.162.209.162'),('639',NULL,'1',3,'2021-05-22 09:17:50','2022-02-10 07:16:27','14.162.209.162'),('640',NULL,'1',3,'2021-05-23 15:28:43','2022-02-10 07:16:27','27.3.66.174'),('641',NULL,'1',3,'2021-05-25 05:04:03','2022-02-10 07:16:27','14.162.223.44'),('642',NULL,'1',3,'2021-05-26 03:32:29','2022-02-10 07:16:27','123.16.252.52'),('643',NULL,'1',3,'2021-05-26 04:53:14','2022-02-10 07:16:27','123.16.252.52'),('644',NULL,'1',3,'2021-05-27 07:44:07','2022-02-10 07:16:27','123.16.252.52'),('645',NULL,'1',3,'2021-05-29 14:03:04','2022-02-10 07:16:27','1.52.252.57'),('646',NULL,'1',3,'2021-05-31 01:41:22','2022-02-10 07:16:27','14.232.216.154'),('647',NULL,'1',3,'2021-05-31 03:46:18','2022-02-10 07:16:27','14.232.216.154'),('648',NULL,'1',3,'2021-05-31 05:09:17','2022-02-10 07:16:27','14.232.216.154'),('649',NULL,'1',3,'2021-05-31 11:58:35','2022-02-10 07:16:27','14.232.216.154'),('650',NULL,'1',3,'2021-06-01 02:30:02','2022-02-10 07:16:27','14.232.216.154'),('651',NULL,'1',3,'2021-06-02 08:04:02','2022-02-10 07:16:27','14.232.216.154'),('652',NULL,'1',3,'2021-06-02 09:43:45','2022-02-10 07:16:27','14.232.216.154'),('653',NULL,'1',3,'2021-06-02 13:28:45','2022-02-10 07:16:27','14.231.192.46'),('654',NULL,'1',3,'2021-06-03 07:10:25','2022-02-10 07:16:27','14.231.192.46'),('655',NULL,'1',3,'2021-06-03 10:08:41','2022-02-10 07:16:27','14.231.192.46'),('656',NULL,'1',3,'2021-06-03 11:01:42','2022-02-10 07:16:27','14.231.192.46'),('657',NULL,'1',3,'2021-06-07 10:12:57','2022-02-10 07:16:27','14.231.147.220'),('658',NULL,'1',3,'2021-06-07 12:55:44','2022-02-10 07:16:27','14.231.147.220'),('659',NULL,'1',3,'2021-06-07 13:21:42','2022-02-10 07:16:27','14.231.147.220'),('660',NULL,'1',3,'2021-06-08 03:36:55','2022-02-10 07:16:27','14.231.132.101'),('661',NULL,'1',3,'2021-06-08 04:47:50','2022-02-10 07:16:27','14.231.132.101'),('662',NULL,'1',3,'2021-06-08 07:26:58','2022-02-10 07:16:27','14.231.132.101'),('663',NULL,'1',3,'2021-06-08 07:39:58','2022-02-10 07:16:27','14.231.132.101'),('664',NULL,'1',3,'2021-06-08 07:52:23','2022-02-10 07:16:27','14.231.132.101'),('665',NULL,'1',3,'2021-06-08 12:10:23','2022-02-10 07:16:27','14.231.132.101'),('666',NULL,'1',3,'2021-06-08 13:00:36','2022-02-10 07:16:27','14.231.132.101'),('667',NULL,'1',3,'2021-06-08 13:15:13','2022-02-10 07:16:27','14.231.132.101'),('668',NULL,'1',3,'2021-06-08 16:55:30','2022-02-10 07:16:27','27.3.67.106'),('669',NULL,'1',3,'2021-06-09 03:39:22','2022-02-10 07:16:27','123.16.237.232'),('670',NULL,'1',3,'2021-06-09 03:55:00','2022-02-10 07:16:27','171.241.143.140'),('671',NULL,'1',3,'2021-06-09 04:12:37','2022-02-10 07:16:27','123.16.237.232'),('672',NULL,'1',3,'2021-06-09 04:43:37','2022-02-10 07:16:27','123.16.237.232'),('673',NULL,'1',3,'2021-06-09 05:15:51','2022-02-10 07:16:27','123.16.237.232'),('674',NULL,'1',3,'2021-06-09 12:58:15','2022-02-10 07:16:27','123.16.237.232'),('675',NULL,'1',3,'2021-06-10 04:00:21','2022-02-10 07:16:27','123.16.237.232'),('676',NULL,'1',3,'2021-06-10 07:39:28','2022-02-10 07:16:27','123.16.237.232'),('677',NULL,'1',3,'2021-06-10 08:35:24','2022-02-10 07:16:27','123.16.237.232'),('678',NULL,'1',3,'2021-06-10 09:03:12','2022-02-10 07:16:27','123.16.237.232'),('679',NULL,'1',3,'2021-06-10 11:48:28','2022-02-10 07:16:27','123.16.237.232'),('680',NULL,'1',3,'2021-06-10 15:40:49','2022-02-10 07:16:27','27.3.67.129'),('681',NULL,'1',3,'2021-06-11 01:55:50','2022-02-10 07:16:27','123.16.237.232'),('682',NULL,'1',3,'2021-06-11 03:52:26','2022-02-10 07:16:27','123.16.237.232'),('683',NULL,'1',3,'2021-06-11 11:32:03','2022-02-10 07:16:27','123.16.237.232'),('684',NULL,'1',3,'2021-06-11 11:50:42','2022-02-10 07:16:27','123.16.237.232'),('685',NULL,'1',3,'2021-06-11 16:03:43','2022-02-10 07:16:27','27.3.67.129'),('686',NULL,'1',3,'2021-06-11 16:24:26','2022-02-10 07:16:27','27.3.67.129'),('687',NULL,'1',3,'2021-06-12 09:51:08','2022-02-10 07:16:27','27.3.67.129'),('688',NULL,'1',3,'2021-06-12 09:59:24','2022-02-10 07:16:27','27.3.67.129'),('689',NULL,'1',3,'2021-06-12 11:01:49','2022-02-10 07:16:27','27.3.67.129'),('690',NULL,'1',3,'2021-06-12 12:13:55','2022-02-10 07:16:27','27.3.67.129'),('691',NULL,'1',3,'2021-06-13 00:33:33','2022-02-10 07:16:27','27.3.67.129'),('692',NULL,'1',3,'2021-06-13 01:12:58','2022-02-10 07:16:27','27.3.67.129'),('693',NULL,'1',3,'2021-06-13 01:20:05','2022-02-10 07:16:27','27.3.67.129'),('694',NULL,'1',3,'2021-06-13 01:49:10','2022-02-10 07:16:27','27.3.67.129'),('695',NULL,'1',3,'2021-06-13 03:28:05','2022-02-10 07:16:27','27.3.67.129'),('696',NULL,'1',3,'2021-06-13 06:12:32','2022-02-10 07:16:27','27.3.67.129'),('697',NULL,'1',3,'2021-06-13 08:44:59','2022-02-10 07:16:27','27.3.67.129'),('698',NULL,'1',3,'2021-06-13 10:24:47','2022-02-10 07:16:27','27.3.67.129'),('699',NULL,'1',3,'2021-06-13 10:42:10','2022-02-10 07:16:27','27.3.67.129'),('700',NULL,'1',3,'2021-06-13 14:13:09','2022-02-10 07:16:27','27.3.67.129'),('701',NULL,'1',3,'2021-06-14 02:05:06','2022-02-10 07:16:27','14.232.221.34'),('702',NULL,'1',3,'2021-06-14 03:29:38','2022-02-10 07:16:27','14.232.221.34'),('703',NULL,'1',3,'2021-06-14 08:32:52','2022-02-10 07:16:27','14.232.221.34'),('704',NULL,'1',3,'2021-06-15 01:58:33','2022-02-10 07:16:27','14.232.221.34'),('705',NULL,'1',3,'2021-06-16 04:58:19','2022-02-10 07:16:27','14.232.221.34'),('706',NULL,'1',3,'2021-06-16 09:12:18','2022-02-10 07:16:27','14.232.221.34'),('707',NULL,'1',3,'2021-06-16 16:03:35','2022-02-10 07:16:27','27.3.66.126'),('708',NULL,'1',3,'2021-06-17 01:52:15','2022-02-10 07:16:27','14.232.221.34'),('709',NULL,'1',3,'2021-06-17 02:32:23','2022-02-10 07:16:27','171.241.13.122'),('710',NULL,'1',3,'2021-06-17 03:58:31','2022-02-10 07:16:27','171.241.13.122'),('711',NULL,'1',3,'2021-06-17 04:05:29','2022-02-10 07:16:27','14.232.221.34'),('712',NULL,'1',3,'2021-06-17 04:58:21','2022-02-10 07:16:27','14.232.221.34'),('713',NULL,'1',3,'2021-06-18 09:42:27','2022-02-10 07:16:27','113.190.131.180'),('714',NULL,'1',3,'2021-06-19 01:46:05','2022-02-10 07:16:27','171.241.13.122'),('715',NULL,'1',3,'2021-06-21 03:52:11','2022-02-10 07:16:27','113.190.131.180'),('716',NULL,'1',3,'2021-06-22 08:23:42','2022-02-10 07:16:27','171.241.13.122'),('717',NULL,'1',3,'2021-06-23 11:59:33','2022-02-10 07:16:27','171.241.13.122'),('718',NULL,'1',3,'2021-06-23 12:14:43','2022-02-10 07:16:27','171.241.13.122'),('719',NULL,'1',3,'2021-06-23 12:23:49','2022-02-10 07:16:27','171.241.13.122'),('720',NULL,'1',3,'2021-06-24 02:15:06','2022-02-10 07:16:27','171.241.13.122'),('721',NULL,'1',3,'2021-06-24 06:18:22','2022-02-10 07:16:27','171.241.13.122'),('722',NULL,'1',3,'2021-06-24 06:44:19','2022-02-10 07:16:27','171.241.13.122'),('723',NULL,'1',3,'2021-06-24 07:07:06','2022-02-10 07:16:27','171.241.13.122'),('724',NULL,'1',3,'2021-06-24 07:17:24','2022-02-10 07:16:27','113.190.131.180'),('725',NULL,'1',3,'2021-06-25 08:26:18','2022-02-10 07:16:27','113.190.131.180'),('726',NULL,'1',3,'2021-06-26 01:59:20','2022-02-10 07:16:27','27.3.66.126'),('727',NULL,'1',3,'2021-06-26 02:22:06','2022-02-10 07:16:27','27.3.66.126'),('728',NULL,'1',3,'2021-06-28 01:28:47','2022-02-10 07:16:27','171.241.26.211'),('729',NULL,'1',3,'2021-06-28 01:40:43','2022-02-10 07:16:27','14.162.151.100'),('730',NULL,'1',3,'2021-06-28 04:12:42','2022-02-10 07:16:27','171.241.26.211'),('731',NULL,'1',3,'2021-06-29 09:43:57','2022-02-10 07:16:27','171.241.26.211'),('732',NULL,'1',3,'2021-06-30 04:39:50','2022-02-10 07:16:27','113.190.210.123'),('733',NULL,'1',3,'2021-06-30 16:17:11','2022-02-10 07:16:27','27.3.66.126'),('734',NULL,'1',3,'2021-07-01 09:44:37','2022-02-10 07:16:27','113.190.210.123'),('735',NULL,'1',3,'2021-07-06 08:34:45','2022-02-10 07:16:27','123.16.237.110'),('736',NULL,'1',3,'2021-07-07 08:29:05','2022-02-10 07:16:27','171.241.1.162'),('737',NULL,'1',3,'2021-07-07 09:36:04','2022-02-10 07:16:27','123.16.237.110'),('738',NULL,'1',3,'2021-07-07 15:48:32','2022-02-10 07:16:27','27.3.66.126'),('739',NULL,'1',3,'2021-07-08 02:07:04','2022-02-10 07:16:27','171.241.22.173'),('740',NULL,'1',3,'2021-07-08 06:01:21','2022-02-10 07:16:27','123.16.237.110'),('741',NULL,'1',3,'2021-07-08 06:26:53','2022-02-10 07:16:27','123.16.237.110'),('742',NULL,'1',3,'2021-07-08 06:45:38','2022-02-10 07:16:27','123.16.237.110'),('743',NULL,'1',3,'2021-07-08 09:29:55','2022-02-10 07:16:27','171.241.22.173'),('744',NULL,'1',3,'2021-07-08 10:19:03','2022-02-10 07:16:27','171.241.22.173'),('745',NULL,'1',3,'2021-07-08 12:33:20','2022-02-10 07:16:27','171.241.22.173'),('746',NULL,'1',3,'2021-07-08 14:40:27','2022-02-10 07:16:27','27.3.66.126'),('747',NULL,'1',3,'2021-07-08 14:47:52','2022-02-10 07:16:27','27.3.66.126'),('748',NULL,'1',3,'2021-07-09 01:30:05','2022-02-10 07:16:27','123.16.237.110'),('749',NULL,'1',3,'2021-07-09 07:08:06','2022-02-10 07:16:27','209.250.228.11'),('750',NULL,'1',3,'2021-07-12 02:41:12','2022-02-10 07:16:27','209.250.228.11'),('751',NULL,'1',3,'2021-07-12 12:29:04','2022-02-10 07:16:27','14.232.221.233'),('752',NULL,'1',3,'2021-07-12 13:13:14','2022-02-10 07:16:27','14.232.221.233'),('753',NULL,'1',3,'2021-07-13 03:01:50','2022-02-10 07:16:27','14.232.221.233'),('754',NULL,'1',3,'2021-07-17 01:33:09','2022-02-10 07:16:27','14.232.221.233'),('755',NULL,'1',3,'2021-07-21 06:50:51','2022-02-10 07:16:27','171.241.142.20'),('756',NULL,'1',3,'2021-07-23 00:17:10','2022-02-10 07:16:27','27.3.74.235'),('757',NULL,'1',3,'2021-07-23 01:41:59','2022-02-10 07:16:27','113.190.217.217'),('758',NULL,'1',3,'2021-07-23 07:43:01','2022-02-10 07:16:27','113.190.217.217'),('759',NULL,'1',3,'2021-07-23 07:49:31','2022-02-10 07:16:27','113.190.217.217'),('760',NULL,'1',3,'2021-07-23 09:28:59','2022-02-10 07:16:27','113.190.217.217'),('761',NULL,'1',3,'2021-07-24 02:57:30','2022-02-10 07:16:27','209.250.228.11'),('762',NULL,'1',3,'2021-07-24 11:35:34','2022-02-10 07:16:27','209.250.228.11'),('763',NULL,'1',3,'2021-07-29 11:05:42','2022-02-10 07:16:27','209.250.228.11'),('764',NULL,'1',3,'2021-08-06 04:27:29','2022-02-10 07:16:27','27.3.74.235'),('765',NULL,'1',3,'2021-08-17 07:10:10','2022-02-10 07:16:27','209.250.228.11'),('766',NULL,'1',3,'2021-08-17 09:06:00','2022-02-10 07:16:27','209.250.228.11'),('767',NULL,'1',3,'2021-08-21 01:54:41','2022-02-10 07:16:27','209.250.228.11'),('768',NULL,'1',3,'2021-08-27 02:09:57','2022-02-10 07:16:27','27.3.74.171'),('769',NULL,'1',3,'2021-08-27 07:17:31','2022-02-10 07:16:27','209.250.228.11'),('770',NULL,'1',3,'2021-09-06 01:43:26','2022-02-10 07:16:27','209.250.228.11'),('771',NULL,'1',3,'2021-09-21 11:22:31','2022-02-10 07:16:27','27.3.66.2'),('772',NULL,'1',3,'2021-09-21 11:33:43','2022-02-10 07:16:27','27.3.66.2'),('773',NULL,'1',3,'2021-09-22 04:08:03','2022-02-10 07:16:27','14.231.140.90'),('774',NULL,'1',3,'2021-09-22 04:30:15','2022-02-10 07:16:27','14.231.140.90'),('775',NULL,'1',3,'2021-09-22 09:21:04','2022-02-10 07:16:27','14.231.140.90'),('776',NULL,'1',3,'2021-09-22 12:57:42','2022-02-10 07:16:27','27.3.66.122'),('777',NULL,'1',3,'2021-09-24 03:04:11','2022-02-10 07:16:27','14.231.140.90'),('778',NULL,'1',3,'2021-09-24 05:14:17','2022-02-10 07:16:27','14.231.140.90'),('779',NULL,'1',3,'2021-09-25 14:57:00','2022-02-10 07:16:27','123.16.234.27'),('780',NULL,'1',3,'2021-09-28 04:28:03','2022-02-10 07:16:27','14.231.140.90'),('781',NULL,'1',3,'2021-10-15 04:33:25','2022-02-10 07:16:27','209.250.228.11'),('782',NULL,'1',3,'2021-12-07 08:00:02','2022-02-10 07:16:27','209.250.228.11'),('783',NULL,'1',3,'2021-12-10 01:45:09','2022-02-10 07:16:27','209.250.228.11'),('784',NULL,'1',3,'2021-12-31 06:54:48','2022-02-10 07:16:27','209.250.228.11'),('785',NULL,'1',3,'2022-01-14 01:26:08','2022-02-10 07:16:27','209.250.228.11'),('786',NULL,'1',3,'2022-02-10 07:10:22','2022-02-10 07:16:27','14.231.141.79'),('787',NULL,'1',1,'2022-02-10 07:46:26','2022-02-10 08:50:03','14.231.141.79'),('788',NULL,'1',1,'2022-02-10 10:57:51','2022-02-10 10:57:51','14.231.141.79'),('789',NULL,'1',1,'2022-03-11 08:46:08','2022-03-11 08:47:05','209.250.228.11'),('790',NULL,'1',1,'2022-04-06 01:28:22','2022-04-06 01:39:19','123.16.149.130'),('791',NULL,'1',1,'2022-04-08 07:06:45','2022-04-08 08:19:33','123.16.149.130'),('792',NULL,'1',1,'2022-04-08 08:55:53','2022-04-08 08:56:53','149.28.132.155'),('793',NULL,'1',1,'2022-04-10 06:02:18','2022-04-10 06:12:18','149.28.132.155'),('794',NULL,'1',1,'2022-04-10 08:59:40','2022-04-10 08:59:40','149.28.132.155'),('795',NULL,'1',1,'2022-04-23 09:21:57','2022-04-23 09:21:57','123.16.236.199'),('796',NULL,'6',1,'2022-05-20 10:52:33','2022-05-20 10:59:24','14.231.196.63'),('797',NULL,'7',1,'2022-05-24 09:40:22','2022-05-24 09:40:22','14.231.196.63');

--
-- Table structure for table `adminnotification_inbox`
--

CREATE TABLE `adminnotification_inbox` (
  `notification_id` int(10) unsigned NOT NULL AUTO_INCREMENT COMMENT 'Notification ID',
  `severity` smallint(5) unsigned NOT NULL DEFAULT 0 COMMENT 'Problem type',
  `date_added` timestamp NOT NULL DEFAULT current_timestamp() COMMENT 'Create date',
  `title` varchar(255) NOT NULL COMMENT 'Title',
  `description` text DEFAULT NULL COMMENT 'Description',
  `url` varchar(255) DEFAULT NULL COMMENT 'Url',
  `is_read` smallint(5) unsigned NOT NULL DEFAULT 0 COMMENT 'Flag if notification read',
  `is_remove` smallint(5) unsigned NOT NULL DEFAULT 0 COMMENT 'Flag if notification might be removed',
  PRIMARY KEY (`notification_id`),
  KEY `ADMINNOTIFICATION_INBOX_SEVERITY` (`severity`),
  KEY `ADMINNOTIFICATION_INBOX_IS_READ` (`is_read`),
  KEY `ADMINNOTIFICATION_INBOX_IS_REMOVE` (`is_remove`)
) ENGINE=InnoDB AUTO_INCREMENT=91 DEFAULT CHARSET=utf8 COMMENT='Adminnotification Inbox';

--
-- Dumping data for table `adminnotification_inbox`
--

INSERT INTO `adminnotification_inbox` VALUES ('1',4,'2019-02-22 03:49:37','FAQ: How to configure &quot;read more&quot; in your Magento 2 blog post',' If you still don\'t know how to configure read more functionality in your magento 2 blog post, please read this article.\n                Online documentation for Magento 2 blog extension is also available on our website. http://goo.gl/XOEdpy ','http://magefan.com/blog/add-read-more-tag-to-blog-post-content/?from=notification1',0,0),('2',1,'2019-03-01 20:19:18','Action required: Update Authorize.Net Direct Post from MD5 to SHA-512 – 3/1/2019','Magento\'s implementation of the Authorize.Net Direct Post payment method uses MD5 based hash, and on March 14, 2019 Authorize.net will stop supporting MD5 based hash usage. This will result in Magento merchants not being able to process payments using Authorize.Net Direct Post. To avoid disruption and to continue processing payments, merchants need to apply a patch provided by Magento and add a Signature Key (SHA-512) in the Magento Admin configuration settings. For information on applying this patch please see the Magento Help Center.\n\nhttps://support.magento.com/hc/en-us/articles/360024368392','https://support.magento.com/hc/en-us/articles/360024368392',0,0),('3',4,'2019-03-20 03:53:15','Is it time to take your Magento Open Source commerce to the next level? ','We’re here to help! Magento Commerce Cloud gives you access to Page Builder, a powerful drag-and-drop content creation and editing tool that allows you to quickly design, test and launch new content with no coding or developer support required. Check it out with a free demo today.  http://bit.ly/2HwGsBs ','http://bit.ly/2HwGsBs',0,0),('4',4,'2019-03-25 20:26:07','We’re here to help grow your business and take your commerce strategy to the next level.  ','Is it time to graduate from Magento Open Source and take the next step in your growth? Magento Commerce Cloud gives you out of the box content creation capabilities with our Page Builder tool, mobile responsive layouts, measurement and management tools, and so much more. Get a no obligation demo today. http://bit.ly/2HwGsBs ','http://bit.ly/2HwGsBs ',0,0),('5',1,'2019-03-26 18:05:01','Magento Open Source 2.3.1 delivers Powerful New Merchant and Developer Experience Enhancements – 3/26/2019','The latest release of Magento Open Source empowers merchants to act more quickly, operate more efficiently, and scale their businesses. Magento 2.3.1 also delivers important security enhancements and performance improvements. With these important updates we strongly recommend that you upgrade to ensure your sites maintain the highest level of security. You can review the release notes for more information about all of the enhancements.','https://devdocs.magento.com/guides/v2.3/release-notes/bk-release-notes.html',0,0),('6',4,'2019-03-27 22:47:30','2019: Your Time to Join the Progressive Web App Movement ','Progressive Web App technology is enabling smarter, faster mobile shopping experiences. Forrester presents their latest findings on this next-generation technology, now available on Magento Commerce 2. Read the report and reshape your customers mobile engagement. \nLearn more: http://bit.ly/2W5r4zg ','http://bit.ly/2W5r4zg  ',0,0),('7',4,'2019-04-10 20:16:37','How low can your commerce Total Cost of Ownership go?','Magento provides multiple eCommerce offerings with unique benefits. The question becomes: Is your free version of Magento Open Source the best option for your business and budget? Properly evaluate the all-in costs of software, development, upkeep and support needs with this free guide: http://bit.ly/2WLcNIz ','http://bit.ly/2WLcNIz',0,0),('8',4,'2019-04-18 14:18:53','Open Source is great, but is it always a better value? Not necessarily.   ','Let’s shed light on the perception that Magento Open Source is always the cheaper option. Spoiler alert – you may be surprised. Learn how Magento Commerce accelerates time to market, simplifies content creation, scales with your business and more in our myth-busting guide: http://bit.ly/2COUs5E ','http://bit.ly/2COUs5E',0,0),('9',4,'2019-04-23 22:53:48','Seamlessly add intelligent, global shipping to your Magento store ','Provide the shipping and pickup options required to compete. Meet customer expectations, drive conversion, increase revenue, and lower abandonment. Learn more: http://bit.ly/2DtWitd','http://bit.ly/2DtWitd',0,0),('10',4,'2019-04-24 03:14:58','Deprecation Notice','Catalog Search is currently configured to use the MySQL engine, which has been deprecated. Consider migrating to one of\nthe Elasticsearch engines now to ensure there are no service interruptions during your next upgrade.','',0,0),('11',4,'2019-04-30 22:49:23','Improve customer experience with intelligent, multi-carrier shipping ','Provide the shipping and pickup options required to compete. Meet customer expectations, drive conversion, increase revenue, and lower abandonment. Learn more: http://bit.ly/2DtWitd ','http://bit.ly/2DtWitd ',0,0),('12',4,'2019-05-02 21:41:03','7 Secrets to a Successful Migration: How Beer Hawk Upgraded from Magento Open Source 1 to Magento Commerce 2','Find out how Beer Hawk, a leading online craft beer retailer, experienced explosive growth after upgrading to Magento Commerce 2 in only 3 months. Joined by their solutions partner, Pinpoint, learn about the challenges they faced, the things they wished they would have known in advance, and how this new platform is enabling the rapid expansion of omnichannel bars and subscription models. Attend Magento Imagine 2019. Learn more: http://bit.ly/2vBledY','http://bit.ly/2vBledY',0,0),('13',4,'2019-05-05 21:05:29','Drive cart conversion and revenue with Magento Shipping','Provide the shipping and pickup options required to compete. Meet customer expectations, drive conversion, increase revenue, and lower abandonment. Learn more: http://bit.ly/2DtWitd','http://bit.ly/2DtWitd',0,0),('14',4,'2019-05-10 21:29:49','Magento Shipping easily connects you with global shipping carriers ','Provide the shipping and pickup options required to compete. Meet customer expectations, drive conversion, increase revenue, and lower abandonment. Learn more: http://bit.ly/2DtWitd','http://bit.ly/2DtWitd',0,0),('15',4,'2019-05-13 17:49:35','New Google Shopping Ads Channel Extension Available','Connect with a new, powerful Magento-developed extension for Open Source 2.2.4+ users via the Magento Marketplace: Google Shopping Ads Channel! With Google Shopping Ads Channel you can connect your Magento store with Google Merchant Center and Google Ads seamlessly; and run Smart Shopping campaigns to cost-effectively reach and convert more shoppers. Download the extension for free. ','http://marketplace.magento.com/magento-google-shopping-ads.html',0,0),('16',4,'2019-05-22 18:55:29','New Amazon Sales Channel Extension Available','Connect with a new, powerful Magento-developed extension for Open Source 2.2.4+ users via the Magento Marketplace: Amazon Sales Channel! Merchants around the world can use this extension to sell their products to millions of shoppers on the U.S., Canada, and Mexico Amazon marketplaces. The extension allows for seamless integration of your product catalog, inventory, and order information with Amazon. Download the extension for free. ','http://marketplace.magento.com/magento-module-amazon.html',0,0),('17',3,'2019-05-30 07:27:11','New version 2.8.10 of Magefan Magento 2 Blog Extension is now available.',' You can download the new version from Magefan Store or update it via composer. Get us in touch if you need our help with an update or you have any questions.\n                                https://magefan.com/magento2-blog-extension?version=2.8.10\n                             ','https://magefan.com/magento2-blog-extension?version=2.8.10',0,0),('18',4,'2019-06-13 18:29:36','How low can your commerce Total Cost of Ownership go?  ','Magento provides multiple eCommerce offerings with unique benefits. The question becomes: Is your free version of Magento Open Source the best option for your business and budget? Properly evaluate the all-in costs of software, development, upkeep and support needs with this free guide: http://bit.ly/2XMWGLw','http://bit.ly/2XMWGLw',0,0),('19',1,'2019-06-25 16:09:17','Important Security and Performance Updates Released in Magento 2.3.2','The latest releases of Magento include important security enhancements along with performance and productivity improvements. We strongly recommend that you upgrade to ensure your sites maintain the highest level of security. You can review the release notes for more information about all of the enhancements and information on security updates included in these versions of Magento at our Security Center: https://magento.com/security/','https://devdocs.magento.com/guides/v2.3/release-notes/bk-release-notes.html',0,0),('20',4,'2019-07-16 15:39:08','Webinar: Power Your Marketing in Magento with Google Shopping ads Channel','Join us on Wednesday, July 31, 2019 to discover how to reach more customers and improve ROI while simplifying your Google advertising operations – all from the Magento admin – with Google Shopping ads Channel. During this 45-minute webinar you’ll learn how you can seamlessly connect your Magento store with Google Merchant Center (GMC) and Google Ads, sync your product catalog and inventory with GMC so you never have to worry about advertising out-of-stock products or inaccurate pricing, and get the most out of your Smart Shopping campaigns with our campaign’s best practices. Two convenient webinar times – 8:00am PDT and 5:00pm PDT. Register today!','https://magento.com/resources/power-your-marketing-in-magento-google-shopping-ads-channel',0,0),('21',3,'2019-07-31 03:33:13','New version 2.9.0 of Magefan Magento 2 Blog Extension is now available.',' You can download the new version from Magefan Store or update it via composer. Get us in touch if you need our help with an update or you have any questions.\n                                https://magefan.com/magento2-blog-extension?version=2.9.0\n                             ','https://magefan.com/magento2-blog-extension?version=2.9.0',0,0),('22',1,'2019-08-08 13:28:15','PSD2 Compliance Deadline: 09/14/2019','On September 14, the new Payment Services Directive (PSD2) will go into effect for all merchants who sell to customers in the EU. For information on compliance, PSD2 Authentication Standards, and actions that need to be taken prior to the deadline, please see the Magento DevBlog. https://community.magento.com/t5/Magento-DevBlog/3D-Secure-2-0-changes/ba-p/136460','https://community.magento.com/t5/Magento-DevBlog/3D-Secure-2-0-changes/ba-p/136460',0,0),('23',4,'2019-08-23 14:07:14','MagentoLive Europe 2019','Join 2000+ Commerce Innovators for MagentoLive Europe in Amsterdam from 22-23 October. Register Now!','https://live-eu.magento.com/',0,0),('24',4,'2019-08-27 14:06:49','Breaking news! Adobe (Magento) is recognized by Gartner as a Leader based on Magento Commerce in the 2019 Magic Quadrant for Digital Commerce. ','Learn why Magento Commerce is a Leader for a third year in a row and continues to move because of our ability to execute. Read the full report: http://bit.ly/2Zj3CVs','http://bit.ly/2Zj3CVs',0,0),('25',4,'2019-10-01 16:15:34','It’s time to take your operations in a new direction by diversifying your revenue streams. ','We’ve got five ways you can effortlessly boost sales while reaching a wider audience. Download this informative guide and start fast-tracking your revenue growth today. Link: http://bit.ly/2m6svAN','http://bit.ly/2m6svAN',0,0),('26',4,'2019-10-08 18:50:49','It’s time to get your digital business out of the slow lane. ','Accelerate your revenue growth and drive customer satisfaction with these 5 must-have eCommerce features. Download this informative guide: http://bit.ly/2lLFOX6','http://bit.ly/2lLFOX6',0,0),('27',1,'2019-10-09 19:59:13','Magento Open Source 2.3.3 delivers important security updates along with performance and functionality enhancements – 10/9/2019 ','The latest release of Magento Open Source 2.3.3, Magento Open Source 2.2.10 and our new security-only patch 2.3.2-p2 are now available. Magento Open Source 2.3.3 includes important security enhancements along with new features, improved performance, and quality. With these important updates we strongly recommend that you upgrade to ensure your sites maintain the highest level of security. You can review the release notes for more information about all of the enhancements. For more information about security updates included in these versions of Magento please see our Security Center: https://magento.com/security/','https://devdocs.magento.com/guides/v2.3/release-notes/bk-release-notes.html',0,0),('28',1,'2019-10-14 15:58:01','Important hotfix for Magento Open Source 2.3.3','A hotfix for Magento Open Source 2.3.3 has been published to address an issue related to Elasticsearch that may present itself during or after upgrading to our latest 2.3.3 release. We strongly recommend that everyone upgrading to 2.3.3, download and apply this hotfix prior to deployment. For more information please visit our release notes. https://devdocs.magento.com/guides/v2.3/release-notes/bk-release-notes.html ','https://devdocs.magento.com/guides/v2.3/release-notes/bk-release-notes.html',0,0),('29',4,'2019-10-23 12:49:48','eBook: Advanced Strategies for Fast-Tracking Revenue Growth','Take your business in a new direction by selling more to a larger audience. Our guide explains 5 ways you can quickly add new revenue streams to your business. Link here: http://bit.ly/2m6svAN','http://bit.ly/2m6svAN',0,0),('30',3,'2019-11-06 04:09:42','New version 2.9.1 of Magefan Magento 2 Blog Extension is now available.',' You can download the new version from Magefan Store or update it via composer. Get us in touch if you need our help with an update or you have any questions.\n                                https://magefan.com/magento2-blog-extension?version=2.9.1\n                             ','https://magefan.com/magento2-blog-extension?version=2.9.1',0,0),('31',4,'2019-11-06 04:09:42','NEW Magento 2 Alternate Hreflang Tags Extension with Better Store Switcher\n',' Do you manage Magento multi-language store without using Hreflang tags? You should definitely enable them. ','https://magefan.com/magento2-alternate-hreflang-extension',0,0),('32',4,'2020-01-13 18:02:52','eCommerce is an ocean of opportunity. Take our quiz and find out if you are a pilot fish, octopus, or shark.','Find out if you’re ready to sell with the big fish by taking our brief quiz designed to identify your competitive selling potential. Answer our set of quick questions to see where you stack up and receive personalized resources to give your digital growth strategy some teeth. http://bit.ly/2NkNvhS','http://bit.ly/2NkNvhS',0,0),('33',4,'2020-01-21 17:05:32','2020 goal: Is your product content keeping up with your customers?','Magento Page Builder gives you fast content updates and even faster growth. Download our eBook to learn more. Link here: http://bit.ly/2NyTuQf','http://bit.ly/2NyTuQf',0,0),('34',4,'2020-01-27 16:01:40','Learn The 6 Sweet Features Behind Every Irresistible eCommerce Experience. ','92% percent of online shoppers call it quits before checkout over poor site performance. Discover the six essential features your commerce platform needs to create truly memorable customer moments. Link here: http://bit.ly/2RrcS4d\n','http://bit.ly/2RrcS4d',0,0),('35',1,'2020-01-28 20:09:22','Magento Open Source 2.3.4 delivers important security updates and features to help you build a more engaging customer experience – 1/28/2020','The latest releases of Magento Open Source – 2.3.4, 2.3.3-p1, and 2.2.11 – are now generally available. The latest release of Magento Open Source includes important security enhancements along with new functionality and platform quality improvements. With these important updates we strongly recommend that you upgrade to ensure your sites maintain the highest level of security. You can review the release notes for more information about all of the enhancements. Learn how this release can help you build a more engaging customer experience at Magento.com/blog.','https://devdocs.magento.com/guides/v2.3/release-notes/bk-release-notes.html',0,0),('36',4,'2020-02-03 19:53:41','You are invited: Seize the New Year– 5 Growth Strategies for 2020.','Join us for a live webinar on February 13th with Magento experts Shannon Hane and Matthew Wasley from Adobe to learn the latest eCommerce strategies to accelerate revenue growth in 2020. Register today: http://bit.ly/2GPpb4b','http://bit.ly/2GPpb4b',0,0),('37',4,'2020-02-10 16:41:26','Are you putting off integrating your ERP and eCommerce?','Get started on the journey to a more integrated and profitable eCommerce business. Download our comprehensive guide, eCommerce + ERP: Better Together. http://bit.ly/33XMHVV','http://bit.ly/33XMHVV',0,0),('38',4,'2020-02-12 15:11:23','Join Tomorrow&#039;s Webinar: Seize the New Year– 5 Growth Strategies for 2020.','Join us for a live webinar tomorrow, February 13th with Magento experts Shannon Hane and Matthew Wasley from Adobe to learn the latest eCommerce strategies to accelerate revenue growth in 2020. Register today: http://bit.ly/2GPpb4b','http://bit.ly/2GPpb4b',0,0),('39',3,'2020-02-19 03:07:07','New version 2.9.2 of Magefan Magento 2 Blog Extension is now available.',' You can download the new version from Magefan Store or update it via composer. Get us in touch if you need our help with an update or you have any questions.\n                                    https://magefan.com/magento2-blog-extension?version=2.9.2\n                                 ','https://magefan.com/magento2-blog-extension?version=2.9.2',0,0),('40',4,'2020-02-19 08:17:40','Disable Notice','To improve performance, collecting statistics for the Magento Report module is disabled by default. \nYou can enable it in System Config.','',0,0),('41',3,'2020-08-07 13:59:43','New version 2.9.6 of Magefan Magento 2 Blog Extension is now available.',' You can download the new version from Magefan Store or update it via composer. Get us in touch if you need our help with an update or you have any questions.\n                                    https://magefan.com/magento2-blog-extension?version=2.9.6\n                                 ','https://magefan.com/magento2-blog-extension?version=2.9.6',0,0),('42',4,'2020-08-07 13:59:43','NEW Magento 2 Multi-Blog Extension ',' Magento 2 Multi Blog extension is the extension that allows you to have 2 separate blogs on your Magento 2 store and manage them from one admin panel. This extension could be useful for those who already use Magento 2 Blog and want to improve their store with the second blog. ','https://magefan.com/magento-2-multi-blog-extension',0,0),('43',4,'2020-08-07 20:57:02','The Essentials of an Unforgettable Customer Experience','Learning what’s shaping tomorrow’s shopping experiences is essential for growth. Download our eBook full of advice about crafting a better buying journey using Magento Commerce and other key technologies. Download now: https://bit.ly/31tNXkq','https://bit.ly/31tNXkq',0,0),('44',4,'2020-08-11 16:54:10','Turn your website into a conversion machine. Don&#039;t miss this week&#039;s webinar on Aug 13th! ','Join us on Aug 13 for our webinar: Is Your Website Selling As Much As It Can? Adobe Digital Strategist Ereika Stimley and eCommerce Consultant Corey Gelato will walk you through a website self-assessment and live demo that will help you uncover opportunities to increase conversions and grow revenues. Register now: https://bit.ly/2PcjcL3','https://bit.ly/2PcjcL3',0,0),('45',4,'2020-08-24 17:19:20','We would love your input on Magento Payments','We value the perspective of our users and we would appreciate if you took this short survey on Magento Payments. Your response will influence the design of the next generation Magento Payments solution. https://bit.ly/2CXZro2','https://bit.ly/2CXZro2',0,0),('46',4,'2020-09-14 13:33:10','Get real-time insights into the security status of the store​ with Enhanced Security Scan Tool.','The Enhanced Magento Security Scan Tool provides our on-prem and cloud merchants with real-time insights into the security status of their store by proactively notifying them if their store is vulnerable. ','https://account.magento.com/scanner ',0,0),('47',4,'2020-09-14 13:37:29','Now Available: Magento Quality Patch (MQP) tool to identify and resolve issues more quickly','The introduction of the MQP tool provides a way for you to know which quality patches are available for you installed version and apply or revert them giving you self-service access to resolve issues more quickly.','https://support.magento.com/hc/en-us/articles/360047139492-Magento-Quality-Patches-released-a-new-tool-to-self-serve-quality-patches',0,0),('48',4,'2020-09-16 18:03:56','Free 25-Point Website Evaluation for Magento Open Source Users','​Reach out to us today to get your free 25-point site assessment to identify top conversion drivers and turn your website into a conversion machine.​ Our team of experts will evaluate your site and identify specific areas for conversion improvements. https://bit.ly/3lcgILt','https://bit.ly/3lcgILt',0,0),('49',3,'2020-09-17 07:19:57','New version 2.9.6 of Magefan  Magento 2 Блог Модуль is now available.',' You can download the new version from Magefan Store or update it via composer. Get us in touch if you need our help with an update or you have any questions.\n                                    https://magefan.com/magento-2-blog-modul?version=2.9.6\n                                 ','https://magefan.com/magento-2-blog-modul?version=2.9.6',0,0),('50',4,'2020-09-21 17:18:39','New resource updates to the Open Source page on Magento.com. ','Check out the updated Open Source page on Magento.com. Learn how to maximize your Open Source store, discover offers for Open Source merchants, and view comparison charts between Open Source and Magento Commerce. Go to page: https://adobe.ly/3kCB5jW','https://adobe.ly/3kCB5jW',0,0),('51',4,'2020-09-25 01:48:09','Don&#039;t miss Adobe Developer&#039;s Live: Commerce which brings together developers and experience builders in a one-day free conference on Monday, Sept 28th. ','The one-day free conference will feature important Magento developer updates, technical sessions and community networking opportunities. Adobe product teams across Adobe Experience Cloud will showcase the latest tech advances and developer tools powering customer experience management across industries. Register now: https://bit.ly/3hYzbrX','https://bit.ly/3hYzbrX',0,0),('52',4,'2020-08-11 16:54:10','Turn your website into a conversion machine. ','Join us on Aug 13 for our webinar: Is Your Website Selling As Much As It Can? Adobe Digital Strategist Ereika Stimley and eCommerce Consultant Corey Gelato will walk you through a website self-assessment and live demo that will help you uncover opportunities to increase conversions and grow revenues. Register now: https://bit.ly/2PcjcL3','https://bit.ly/2PcjcL3',0,0),('53',4,'2020-09-28 22:07:26','Is Your Website Selling as Much as It Can? Watch our on-demand webinar and learn how to turn your website into a conversion machine.','Watch our on-demand webinar: Is Your Website Selling As Much As It Can? Digital Strategist Ereika Stimley and eCommerce Consultant Corey Gelato will walk you through a website self-assessment and live demo that will help you uncover opportunities to increase conversions and grow revenues. Watch now: https://bit.ly/2EAujMc','https://bit.ly/2EAujMc',0,0),('54',4,'2020-10-06 16:53:57','[Commerce Webinar] Is Your Website Ready for the 2020 Holiday Season?','Join us for a fireside chat on October 15th to learn how to prepare for the increase in web traffic during the holiday months. Anthony Potgieter, Senior Manager of E-Commerce for Wyze, and Slava Kravchuk, Founder and CEO of Atwix will discuss their top tips for succeeding this holiday season. Register today: https://bit.ly/33wzXbC','https://bit.ly/33wzXbC',0,0),('55',4,'2020-10-06 16:53:57','[Webinar] Is your site to ready to handle spikes in traffic and transactions? ','Your site speed can make or break your conversion rate this holiday season and beyond. Join us on October 15th for a fireside chat &quot;Is Your Website Ready for the 2020 Holiday Season?&quot; to learn what Commerce features you must have, and how to scale your webstore to maximize conversion rates. If you can&#039;t make the live webinar, be sure to register anyway and we&#039;ll send you the recording and slides afterward. Register today: https://bit.ly/33wzXbC','https://bit.ly/33wzXbC',0,0),('56',4,'2020-10-13 14:23:08','[Last Chance To Register] Is your website ready for major growth?','Explosive growth can happen any time. Is your website ready? Join us on October 15th for a fireside chat to learn how to scale your webstore and prepare for spikes in web traffic during the holidays and beyond. If you can&#039;t make the live webinar, register anyway and we&#039;ll sending the recording afterward. Register now: https://bit.ly/33wzXbC','https://bit.ly/33wzXbC',0,0),('57',4,'2020-11-02 16:19:52','2021 Planning - reach out to us today to get your free site assessment to identify top conversion drivers.  ','Considering moving to Magento Commerce in 2021? Would you like a demo or free site assessment? Our team of experts would love to help. Get started now. https://bit.ly/3lcgILt','https://bit.ly/3lcgILt',0,0),('58',4,'2020-11-04 14:28:07','Please help prioritize our roadmap - SHORT survey','We are looking to better understand how we can help you manage all of your digital ecommerce from one place. Please help us prioritize our roadmap! Very short survey is here! http://selfserve.decipherinc.com/survey/selfserve/9d5/201000','http://selfserve.decipherinc.com/survey/selfserve/9d5/201000',0,0),('59',4,'2020-11-23 19:59:51','Upgrade to Magento Commerce quickly with Rapid Deployment Packages','Our experienced solution partners offer special design and implementation packages for businesses to upgrade their site quickly and cost effectively. Learn More: https://adobe.ly/3nqaXKx','https://adobe.ly/3nqaXKx',0,0),('60',4,'2020-12-01 22:02:47','[Video] Fuel Your Business Growth with Magento Commerce','Follow along as our friends at Goodacre Farm &amp; Supply transform their business into a cloud-based eCommerce machine with easy content creation, support for multiple web stores, and personalized product recommendations. Watch Now: https://bit.ly/3m8S2mW','https://bit.ly/3m8S2mW',0,0),('61',4,'2020-12-07 16:29:27','SURVEY: Business Financing and Support','Please complete if you are responsible for your business finances. We&#039;d like to hear from you about your past and future business financing needs. Strictly confidential.','http://selfserve.decipherinc.com/survey/selfserve/9d5/g30c/201100',0,0),('62',4,'2020-12-11 00:37:39','Experience the new Interactive Tour to compare Open Source and Magento Commerce.','Create closer consumer connections in the New Year. Explore our interactive product simulation and learn how Magento Commerce delivers everything you need to drive growth in an increasingly competitive online market. https://adobe.ly/3okS1wS','https://adobe.ly/3okS1wS',0,0),('63',3,'2020-12-12 02:06:25','New version 2.9.7 of Magefan Magento 2 Blog Extension is now available.',' You can download the new version from Magefan Store or update it via composer. Get us in touch if you need our help with an update or you have any questions.\n                                    https://magefan.com/magento2-blog-extension?version=2.9.7\n                                 ','https://magefan.com/magento2-blog-extension?version=2.9.7',0,0),('64',4,'2021-01-08 21:35:55','Happy new year! Is Your Website Selling as Much as It Can? Watch our on-demand webinar and learn how to turn your website into a conversion machine.','Watch our on-demand webinar: Is Your Website Selling As Much As It Can? Digital Strategist Ereika Stimley and eCommerce Consultant Corey Gelato will walk you through a website self-assessment and live demo that will help you uncover opportunities to increase conversions and grow revenues. Watch now: https://bit.ly/2EAujMc','https://bit.ly/2EAujMc',0,0),('65',4,'2021-01-14 01:32:42','You&#039;re invited to our webinar: Is Magento Commerce or Open Source right for you? ','Magento Commerce and Magento Open Source may sound alike, but each offers sharply distinct benefits. To get the facts, sign up for our webinar Is Magento Commerce or Open Source right for you? at 10:00 AM PT on February 4th. Register now: http://bit.ly/3icfnTM','http://bit.ly/3icfnTM',0,0),('66',4,'2021-02-01 03:43:51','NEW Magento 2 Zero Downtime Deployment Extension.',' Do you hate to see when your store is broken while running Magento 2 deployment commands? Install New Zero Downtime Deployment extension and forget about it. Deploy new features and bug fixes without interrupting your customers.','https://magefan.com/magento-2-zero-downtime-deployment?from=ntf-new',0,0),('67',4,'2021-02-10 15:06:05','Magento Commerce 2.4.2 delivers important security updates and features to help secure and optimize your store','Magento Open Source 2.4.2, along with security-only patches 2.3.6-p1 and 2.4.1-p1, is now generally available. The latest release of Magento Open Source includes important security enhancements along with new functionality and platform quality improvements. With these important updates we strongly recommend that you upgrade to ensure your sites maintain the highest level of security. You can review the release notes for more information about all of the enhancements. Learn how this release can help you save time and maximize resources at Magento.com/blog. ','https://devdocs.magento.com/guides/v2.4/release-notes/bk-release-notes.html',0,0),('68',4,'2021-02-10 15:08:37','Register now for Summit 2021 and stay ahead of commerce trends ','Learn best practices from digital commerce experts during two days of live keynotes, sessions, and sneak peeks. Understand the latest digital commerce trends, discover industry best practices, and network with peers around the world. Register now!','https://summit.adobe.com/na/?utm_source=m1o&amp;utm_medium=rss&amp;utm_campaign=NA_210427_12576_RSS_EVTR_ACOM_FM_Summit_2021_M1_OS',0,0),('69',4,'2021-02-22 23:52:27','Quarterly Business Planning - reach out to us today to get your free site assessment to ensure your commerce growth needs are being met in 2021.','Would you like a free site assessment? Our best-in-breed commerce solution gives your business unmatched agility and scalability. It&#039;s time to experience limitless eCommerce with no comprises. Learn more: https://bit.ly/3lcgILt','https://bit.ly/3lcgILt',0,0),('70',4,'2021-02-22 23:52:27','Quarterly Business Planning - reach out to us today to get your free site assessment.','Would you like a free site assessment? Our best-in-breed commerce solution gives your business unmatched agility and scalability. It&#039;s time to experience limitless eCommerce with no comprises. Learn more: https://bit.ly/3lcgILt','https://bit.ly/3lcgILt',0,0),('71',3,'2021-02-25 02:53:45','New version 2.9.8 of Magefan Magento 2 Blog Extension is now available.',' You can download the new version from Magefan Store or update it via composer. Get us in touch if you need our help with an update or you have any questions.\n                                    https://magefan.com/magento2-blog-extension?version=2.9.8\n                                 ','https://magefan.com/magento2-blog-extension?version=2.9.8',0,0),('72',4,'2021-03-23 00:33:54','You&#039;re invited to our webinar this week: How digital commerce can scale B2B selling','Digital commerce is fast becoming the default way to buy—even for B2B customers. In just 8 weeks, Byrne Electrical, the leading manufacturer of power and data solutions for numerous industries, launched an eCommerce portal for more than 1,100 of their customers. To learn how they did it, join George Fabis, Director of IT for Byrne, and Slava Kravchuk, CEO &amp; Founder of Atwix, a Magento Commerce solutions partner, for a live discussion on Thursday, March 25. Register Now: https://bit.ly/3r1MCvG','https://bit.ly/3r1MCvG',0,0),('73',3,'2021-05-01 13:55:26','New version 2.10.0 of Magefan Magento 2 Blog Extension is now available.',' You can download the new version from Magefan Store or update it via composer. Get us in touch if you need our help with an update or you have any questions.\n                                    https://magefan.com/magento2-blog-extension?version=2.10.0\n                                 ','https://magefan.com/magento2-blog-extension?version=2.10.0',0,0),('74',4,'2021-05-11 20:44:41','Magento Open Source 2.4.2-p1 &amp; 2.3.7 deliver important security updates','The latest releases of Magento Open Source – 2.3.7 and 2.4.2-p1 – are now generally available. The latest release of Magento Open Source includes important security updates. With these important updates we strongly recommend that you upgrade to ensure your sites maintain the highest level of security. You can review the release notes for more information about all of the updates. Learn how this release can help you save time and maximize resources at Magento.com/blog.','https://devdocs.magento.com/guides/v2.3/release-notes/bk-release-notes.html ',0,0),('75',3,'2021-05-12 16:40:37','New version 2.10.1 of Magefan Magento 2 Blog Extension is now available.',' You can download the new version from Magefan Store or update it via composer. Get us in touch if you need our help with an update or you have any questions.\n                                    https://magefan.com/magento2-blog-extension?version=2.10.1\n                                 ','https://magefan.com/magento2-blog-extension?version=2.10.1',0,0),('76',4,'2020-07-28 16:12:12','Tell us about your experience with Magento','We want to hear from you! Please take a short survey about your experience using Magento Admin. Your feedback will help us improve our products and develop new features.  http://selfserve.decipherinc.com/survey/selfserve/9d5/200508?list=1','http://selfserve.decipherinc.com/survey/selfserve/9d5/200508?list=1',0,0),('77',1,'2020-07-28 16:17:11','Magento Open Source 2.4 delivers important security updates and features to accelerate your business in the changing commerce landscape – 7/28/2020','The latest releases of Magento Open Source – 2.4 and 2.3.5-p2 – are now available. The latest release of Magento Open Source includes important security enhancements along with new functionality and platform quality improvements. With these important updates we strongly recommend that you upgrade to ensure your sites maintain the highest level of security. You can review the release notes for more information about all of the enhancements. Learn how this release can help you adapt to the changing commerce landscape at Magento.com/blog.','https://devdocs.magento.com/guides/v2.4/release-notes/bk-release-notes.html',0,0),('78',3,'2021-07-23 00:17:14','New version 2.10.2 of Magefan Magento 2 Blog Extension is now available.',' You can download the new version from Magefan Store or update it via composer. Get us in touch if you need our help with an update or you have any questions.\n                                    https://magefan.com/magento2-blog-extension?version=2.10.2\n                                 ','https://magefan.com/magento2-blog-extension?version=2.10.2',0,0),('79',3,'2021-08-03 00:00:00','New FREE Magento 2 Facebook Pixel Extension','Integrate Facebook Pixel just in a few clicks with the new FREE Magento 2 Facebook Pixel Extension. Hurry up to try it out! https://magefan.com/magento-2-facebook-pixel-extension','https://magefan.com/magento-2-facebook-pixel-extension?utm_source=website&amp;utm_medium=admin_notification&amp;utm_campaign=new_extension_fb_pixel',0,0),('80',4,'2021-08-10 17:53:11','Magento Open Source 2.4.3 available today!','Magento Open Source 2.4.3, along with security-only patches 2.4.2-p1 and 2.3.7-p2, is now generally available. Magento Open Source 2.4.3 includes 33 security and 370+ quality improvements, along with performance and scale enhancements.  With these important updates, we strongly recommend that you upgrade to maintain the highest level of security for your sites. Learn how this release can help you save time and maximize resources in our release blog. ','http://magento.com/blog/magento-news/get-ready-your-peak-season-adobe-commerce-243',0,0),('81',3,'2021-09-21 11:22:34','New version 2.10.3 of Magefan Magento 2 Blog Extension is now available.',' You can download the new version from Magefan Store or update it via composer. Get us in touch if you need our help with an update or you have any questions.\n                                    https://magefan.com/magento2-blog-extension?version=2.10.3\n                                 ','https://magefan.com/magento2-blog-extension?version=2.10.3',0,0),('82',4,'2021-10-01 14:44:47','New, Simplified Upgrade Process and Lifecycle Policy Helps Reduce Your TCO ','Adobe Commerce developed a new release strategy and updated its lifecycle policy in effort to help Merchants lower their total cost of ownership and accelerate their time to innovation. Learn more about how upgrades are now more predictable and easier to implement in our blog.','https://magento.com/blog/accelerating-innovation-through-simplified-release-strategy',0,0),('83',3,'2022-02-10 07:10:25','New version 2.10.5 of Magefan Magento 2 Blog Extension is now available.',' You can download the new version from Magefan Store or update it via composer. Get us in touch if you need our help with an update or you have any questions.\n                                    https://magefan.com/magento2-blog-extension?version=2.10.5\n                                 ','https://magefan.com/magento2-blog-extension?version=2.10.5',0,0),('84',4,'2021-10-22 19:06:48','Magento Technology Stack Evaluation Survey','Please take a few minutes to fill out this survey https://forms.office.com/r/DLN8K3h2h0. We appreciate your effort to support the future of Adobe Commerce!','https://forms.office.com/r/DLN8K3h2h0',0,0),('85',2,'2022-02-17 16:49:28','Security update available for Adobe Commerce | APSB22-12','Adobe has released security updates for Adobe Commerce and Magento Open Source. These updates resolve vulnerabilities rated critical. Full details included in security bulletin.','https://helpx.adobe.com/security/products/magento/apsb22-12.html',0,0),('86',2,'2022-03-01 23:33:53','Magento Open Source 2.4.4 Coming April 12','To help ensure this release delivers the highest standards of security and quality, general availability of Magento Open Source is now planned for April 12. For more information, visit our DevBlog. ','https://community.magento.com/t5/Magento-DevBlog/Adobe-Commerce-2-4-4-Now-Coming-April-12/ba-p/492935',0,0),('87',3,'2022-04-06 01:28:23','New version 2.10.6 of Magefan Magento 2 Blog Extension is now available.',' You can download the new version from Magefan Store or update it via composer. Get us in touch if you need our help with an update or you have any questions.\n                                    https://magefan.com/magento2-blog-extension?version=2.10.6\n                                 ','https://magefan.com/magento2-blog-extension?version=2.10.6',0,0),('88',2,'2022-04-12 16:52:58','Magento Open Source 2.4.4 Available Now!','Magento Open Source 2.4.4 enables customers to future-proof and accelerate the growth of their digital commerce businesses. This release is our fastest and most scalable version ever, with increased GraphQL API coverage for several Admin features, as well as new capabilities to PWA Studio 12.3.  Learn how this release can help you save time and maximize resources in our release blog. ','https://business.adobe.com/blog/perspectives/future-proof-your-business-with-adobe-commerce-2-4-4',0,0),('89',3,'2022-04-23 09:21:58','New version 2.10.7 of Magefan Magento 2 Blog Extension is now available.',' You can download the new version from Magefan Store or update it via composer. Get us in touch if you need our help with an update or you have any questions.\n                                    https://magefan.com/magento2-blog-extension?version=2.10.7\n                                 ','https://magefan.com/magento2-blog-extension?version=2.10.7',0,0),('90',3,'2022-05-20 10:52:36','New version 2.10.8 of Magefan Magento 2 Blog Extension is now available.',' You can download the new version from Magefan Store or update it via composer. Get us in touch if you need our help with an update or you have any questions.\n                                    https://magefan.com/magento2-blog-extension?version=2.10.8\n                                 ','https://magefan.com/magento2-blog-extension?version=2.10.8',0,0);

--
-- Table structure for table `adobe_stock_asset`
--

CREATE TABLE `adobe_stock_asset` (
  `id` int(10) unsigned NOT NULL AUTO_INCREMENT COMMENT 'Entity ID',
  `media_gallery_id` int(10) unsigned DEFAULT NULL COMMENT 'Media gallery ID',
  `category_id` int(10) unsigned DEFAULT NULL COMMENT 'Category ID',
  `creator_id` int(10) unsigned DEFAULT NULL COMMENT 'Creator ID',
  `is_licensed` int(10) unsigned NOT NULL DEFAULT 0 COMMENT 'Is Licensed',
  `creation_date` varchar(255) DEFAULT NULL COMMENT 'Creation Date',
  PRIMARY KEY (`id`),
  KEY `ADOBE_STOCK_ASSET_MEDIA_GALLERY_ID_MEDIA_GALLERY_ASSET_ID` (`media_gallery_id`),
  KEY `ADOBE_STOCK_ASSET_ID` (`id`),
  KEY `ADOBE_STOCK_ASSET_CATEGORY_ID` (`category_id`),
  KEY `ADOBE_STOCK_ASSET_CREATOR_ID` (`creator_id`)
) ENGINE=InnoDB DEFAULT CHARSET=utf8 COMMENT='Adobe Stock Asset';

--
-- Table structure for table `adobe_stock_category`
--

CREATE TABLE `adobe_stock_category` (
  `id` int(10) unsigned NOT NULL AUTO_INCREMENT COMMENT 'Entity ID',
  `name` varchar(255) DEFAULT NULL COMMENT 'Name',
  PRIMARY KEY (`id`),
  KEY `ADOBE_STOCK_CATEGORY_ID` (`id`)
) ENGINE=InnoDB DEFAULT CHARSET=utf8 COMMENT='Adobe Stock Category';

--
-- Table structure for table `adobe_stock_creator`
--

CREATE TABLE `adobe_stock_creator` (
  `id` int(10) unsigned NOT NULL AUTO_INCREMENT COMMENT 'ID',
  `name` varchar(255) DEFAULT NULL COMMENT 'Asset creator''s name',
  PRIMARY KEY (`id`),
  KEY `ADOBE_STOCK_CREATOR_ID` (`id`)
) ENGINE=InnoDB DEFAULT CHARSET=utf8 COMMENT='Adobe Stock Creator';

--
-- Table structure for table `adobe_user_profile`
--

CREATE TABLE `adobe_user_profile` (
  `id` int(10) unsigned NOT NULL AUTO_INCREMENT COMMENT 'Entity ID',
  `admin_user_id` int(10) unsigned NOT NULL DEFAULT 0 COMMENT 'Admin User Id',
  `name` varchar(255) NOT NULL COMMENT 'Display Name',
  `email` varchar(255) NOT NULL COMMENT 'user profile email',
  `image` varchar(255) NOT NULL COMMENT 'user profile avatar',
  `account_type` varchar(255) DEFAULT NULL COMMENT 'Account Type',
  `access_token` text DEFAULT NULL COMMENT 'Access Token',
  `refresh_token` text DEFAULT NULL COMMENT 'Refresh Token',
  `created_at` timestamp NOT NULL DEFAULT current_timestamp() COMMENT 'Created At',
  `updated_at` timestamp NOT NULL DEFAULT current_timestamp() ON UPDATE current_timestamp() COMMENT 'Updated At',
  `access_token_expires_at` timestamp NOT NULL DEFAULT '0000-00-00 00:00:00' COMMENT 'Access Token Expires At',
  PRIMARY KEY (`id`),
  KEY `ADOBE_USER_PROFILE_ADMIN_USER_ID_ADMIN_USER_USER_ID` (`admin_user_id`),
  KEY `ADOBE_USER_PROFILE_ID` (`id`)
) ENGINE=InnoDB DEFAULT CHARSET=utf8 COMMENT='Adobe IMS User Profile';

--
-- Table structure for table `amazon_customer`
--

CREATE TABLE `amazon_customer` (
  `entity_id` int(10) unsigned NOT NULL AUTO_INCREMENT COMMENT 'Entity_id',
  `customer_id` int(10) unsigned NOT NULL COMMENT 'Customer_id',
  `amazon_id` varchar(255) NOT NULL COMMENT 'Amazon_id',
  PRIMARY KEY (`entity_id`),
  UNIQUE KEY `AMAZON_CUSTOMER_CUSTOMER_ID_AMAZON_ID` (`customer_id`,`amazon_id`),
  UNIQUE KEY `AMAZON_CUSTOMER_CUSTOMER_ID` (`customer_id`)
) ENGINE=InnoDB DEFAULT CHARSET=utf8 COMMENT='amazon_customer';

--
-- Table structure for table `amazon_pending_authorization`
--

CREATE TABLE `amazon_pending_authorization` (
  `entity_id` int(10) unsigned NOT NULL AUTO_INCREMENT COMMENT 'Entity_id',
  `order_id` int(10) unsigned NOT NULL COMMENT 'Order_id',
  `payment_id` int(10) unsigned NOT NULL COMMENT 'Payment_id',
  `authorization_id` varchar(255) DEFAULT NULL COMMENT 'Authorization_id',
  `created_at` datetime NOT NULL COMMENT 'Created_at',
  `updated_at` datetime DEFAULT NULL COMMENT 'Updated_at',
  `processed` smallint(5) unsigned DEFAULT 0 COMMENT 'Initial authorization processed',
  `capture` smallint(5) unsigned DEFAULT 0 COMMENT 'Initial authorization has capture',
  `capture_id` varchar(255) DEFAULT NULL COMMENT 'Initial authorization capture id',
  PRIMARY KEY (`entity_id`),
  UNIQUE KEY `UNQ_E6CCA08713FB32BB136A56837009C371` (`order_id`,`payment_id`,`authorization_id`)
) ENGINE=InnoDB DEFAULT CHARSET=utf8 COMMENT='amazon_pending_authorization';

--
-- Table structure for table `amazon_pending_capture`
--

CREATE TABLE `amazon_pending_capture` (
  `entity_id` int(10) unsigned NOT NULL AUTO_INCREMENT COMMENT 'Entity_id',
  `capture_id` varchar(255) NOT NULL COMMENT 'Capture_id',
  `created_at` datetime NOT NULL COMMENT 'Created_at',
  `order_id` int(10) unsigned NOT NULL COMMENT 'order id',
  `payment_id` int(10) unsigned NOT NULL COMMENT 'payment id',
  PRIMARY KEY (`entity_id`),
  UNIQUE KEY `AMAZON_PENDING_CAPTURE_ORDER_ID_PAYMENT_ID_CAPTURE_ID` (`order_id`,`payment_id`,`capture_id`)
) ENGINE=InnoDB DEFAULT CHARSET=utf8 COMMENT='amazon_pending_capture';

--
-- Table structure for table `amazon_pending_refund`
--

CREATE TABLE `amazon_pending_refund` (
  `entity_id` int(10) unsigned NOT NULL AUTO_INCREMENT COMMENT 'Entity_id',
  `refund_id` varchar(255) NOT NULL COMMENT 'Refund_id',
  `created_at` datetime NOT NULL COMMENT 'Created_at',
  `order_id` int(10) unsigned NOT NULL COMMENT 'Order_id',
  `payment_id` int(10) unsigned NOT NULL COMMENT 'Payment_id',
  PRIMARY KEY (`entity_id`),
  UNIQUE KEY `AMAZON_PENDING_REFUND_ORDER_ID_PAYMENT_ID_REFUND_ID` (`order_id`,`payment_id`,`refund_id`)
) ENGINE=InnoDB DEFAULT CHARSET=utf8 COMMENT='amazon_pending_refund';

--
-- Table structure for table `amazon_quote`
--

CREATE TABLE `amazon_quote` (
  `entity_id` int(10) unsigned NOT NULL AUTO_INCREMENT COMMENT 'Entity ID',
  `quote_id` int(10) unsigned NOT NULL COMMENT 'Quote ID',
  `amazon_order_reference_id` varchar(255) NOT NULL COMMENT 'Amazon Order Reference ID',
  `sandbox_simulation_reference` varchar(255) DEFAULT NULL COMMENT 'Sandbox simulation reference',
  `confirmed` smallint(5) unsigned NOT NULL DEFAULT 0 COMMENT 'Quote confirmed with Amazon',
  PRIMARY KEY (`entity_id`),
  UNIQUE KEY `AMAZON_QUOTE_QUOTE_ID` (`quote_id`)
) ENGINE=InnoDB DEFAULT CHARSET=utf8 COMMENT='amazon_quote';

--
-- Table structure for table `amazon_sales_order`
--

CREATE TABLE `amazon_sales_order` (
  `entity_id` int(10) unsigned NOT NULL AUTO_INCREMENT COMMENT 'Entity ID',
  `order_id` int(10) unsigned NOT NULL COMMENT 'Order ID',
  `amazon_order_reference_id` varchar(255) NOT NULL COMMENT 'Amazon Order Reference ID',
  PRIMARY KEY (`entity_id`),
  UNIQUE KEY `AMAZON_SALES_ORDER_ORDER_ID` (`order_id`)
) ENGINE=InnoDB DEFAULT CHARSET=utf8 COMMENT='amazon_sales_order';

--
-- Table structure for table `authorization_role`
--

CREATE TABLE `authorization_role` (
  `role_id` int(10) unsigned NOT NULL AUTO_INCREMENT COMMENT 'Role ID',
  `parent_id` int(10) unsigned NOT NULL DEFAULT 0 COMMENT 'Parent Role ID',
  `tree_level` smallint(5) unsigned NOT NULL DEFAULT 0 COMMENT 'Role Tree Level',
  `sort_order` smallint(5) unsigned NOT NULL DEFAULT 0 COMMENT 'Role Sort Order',
  `role_type` varchar(1) NOT NULL DEFAULT '0' COMMENT 'Role Type',
  `user_id` int(10) unsigned NOT NULL DEFAULT 0 COMMENT 'User ID',
  `user_type` varchar(16) DEFAULT NULL COMMENT 'User Type',
  `role_name` varchar(50) DEFAULT NULL COMMENT 'Role Name',
  PRIMARY KEY (`role_id`),
  KEY `AUTHORIZATION_ROLE_PARENT_ID_SORT_ORDER` (`parent_id`,`sort_order`),
  KEY `AUTHORIZATION_ROLE_TREE_LEVEL` (`tree_level`)
) ENGINE=InnoDB AUTO_INCREMENT=8 DEFAULT CHARSET=utf8 COMMENT='Admin Role Table';

--
-- Dumping data for table `authorization_role`
--

INSERT INTO `authorization_role` VALUES ('1','0',1,1,'G','0','2','Administrators'),('2','1',2,0,'U','1','2','admin'),('3','1',2,0,'U','2','2','Huyen'),('4','1',2,0,'U','3','2','Nguyen'),('5','1',2,0,'U','4','2','aloteam123'),('6','1',2,0,'U','6','2','binh'),('7','1',2,0,'U','7','2','david');

--
-- Table structure for table `authorization_rule`
--

CREATE TABLE `authorization_rule` (
  `rule_id` int(10) unsigned NOT NULL AUTO_INCREMENT COMMENT 'Rule ID',
  `role_id` int(10) unsigned NOT NULL DEFAULT 0 COMMENT 'Role ID',
  `resource_id` varchar(255) DEFAULT NULL COMMENT 'Resource ID',
  `privileges` varchar(20) DEFAULT NULL COMMENT 'Privileges',
  `permission` varchar(10) DEFAULT NULL COMMENT 'Permission',
  PRIMARY KEY (`rule_id`),
  KEY `AUTHORIZATION_RULE_RESOURCE_ID_ROLE_ID` (`resource_id`,`role_id`),
  KEY `AUTHORIZATION_RULE_ROLE_ID_RESOURCE_ID` (`role_id`,`resource_id`)
) ENGINE=InnoDB AUTO_INCREMENT=2 DEFAULT CHARSET=utf8 COMMENT='Admin Rule Table';

--
-- Dumping data for table `authorization_rule`
--

INSERT INTO `authorization_rule` VALUES ('1','1','Magento_Backend::all',NULL,'allow');

--
-- Table structure for table `braintree_credit_prices`
--

CREATE TABLE `braintree_credit_prices` (
  `id` int(10) unsigned NOT NULL AUTO_INCREMENT COMMENT 'Row ID',
  `product_id` int(10) unsigned NOT NULL COMMENT 'Product Id',
  `term` int(11) NOT NULL COMMENT 'Credit Term',
  `monthly_payment` decimal(12,2) NOT NULL COMMENT 'Monthly Payment',
  `instalment_rate` decimal(12,2) NOT NULL COMMENT 'Instalment Rate',
  `cost_of_purchase` decimal(12,2) NOT NULL COMMENT 'Cost of purchase',
  `total_inc_interest` decimal(12,2) NOT NULL COMMENT 'Total Inc Interest',
  PRIMARY KEY (`id`),
  UNIQUE KEY `BRAINTREE_CREDIT_PRICES_PRODUCT_ID_TERM` (`product_id`,`term`),
  KEY `BRAINTREE_CREDIT_PRICES_PRODUCT_ID` (`product_id`)
) ENGINE=InnoDB DEFAULT CHARSET=utf8 COMMENT='Braintree credit rates';

--
-- Table structure for table `braintree_transaction_details`
--

CREATE TABLE `braintree_transaction_details` (
  `entity_id` int(10) unsigned NOT NULL AUTO_INCREMENT COMMENT 'Entity ID',
  `order_id` int(10) unsigned NOT NULL COMMENT 'Order Id',
  `transaction_source` varchar(12) DEFAULT NULL COMMENT 'Transaction Source',
  PRIMARY KEY (`entity_id`),
  KEY `BRAINTREE_TRANSACTION_DETAILS_ORDER_ID` (`order_id`)
) ENGINE=InnoDB DEFAULT CHARSET=utf8 COMMENT='Braintree transaction details table';

--
-- Table structure for table `cache`
--

CREATE TABLE `cache` (
  `id` varchar(200) NOT NULL COMMENT 'Cache Id',
  `data` mediumblob DEFAULT NULL COMMENT 'Cache Data',
  `create_time` int(11) DEFAULT NULL COMMENT 'Cache Creation Time',
  `update_time` int(11) DEFAULT NULL COMMENT 'Time of Cache Updating',
  `expire_time` int(11) DEFAULT NULL COMMENT 'Cache Expiration Time',
  PRIMARY KEY (`id`),
  KEY `CACHE_EXPIRE_TIME` (`expire_time`)
) ENGINE=InnoDB DEFAULT CHARSET=utf8 COMMENT='Caches';

--
-- Table structure for table `cache_tag`
--

CREATE TABLE `cache_tag` (
  `tag` varchar(100) NOT NULL COMMENT 'Tag',
  `cache_id` varchar(200) NOT NULL COMMENT 'Cache Id',
  PRIMARY KEY (`tag`,`cache_id`),
  KEY `CACHE_TAG_CACHE_ID` (`cache_id`)
) ENGINE=InnoDB DEFAULT CHARSET=utf8 COMMENT='Tag Caches';

--
-- Table structure for table `captcha_log`
--

CREATE TABLE `captcha_log` (
  `type` varchar(32) NOT NULL COMMENT 'Type',
  `value` varchar(255) NOT NULL COMMENT 'Value',
  `count` int(10) unsigned NOT NULL DEFAULT 0 COMMENT 'Count',
  `updated_at` timestamp NULL DEFAULT NULL COMMENT 'Update Time',
  PRIMARY KEY (`type`,`value`)
) ENGINE=InnoDB DEFAULT CHARSET=utf8 COMMENT='Count Login Attempts';

--
-- Dumping data for table `captcha_log`
--

INSERT INTO `captcha_log` VALUES ('1','113.190.210.123','2','2021-07-05 10:27:22'),('1','113.190.214.238','2','2021-11-11 09:41:40'),('1','122.161.79.1','3','2021-08-08 07:20:58'),('1','138.199.25.50','1','2022-04-02 10:03:16'),('1','14.162.212.77','4','2021-11-12 10:37:09'),('1','14.177.159.113','1','2021-11-11 05:41:38'),('1','171.212.113.31','1','2022-03-18 06:58:48'),('1','171.212.235.127','1','2022-04-02 02:35:26'),('1','178.165.200.131','1','2021-11-27 14:02:34'),('1','209.250.228.11','5','2022-03-18 06:58:35'),('1','49.213.24.2','1','2022-04-26 06:52:48'),('1','72.197.167.97','2','2021-12-02 09:42:11'),('1','73.27.129.188','1','2022-01-23 20:40:50'),('2','1135645153@qq.com','1','2022-04-02 10:03:16'),('2','1707gecko','7','2019-08-28 07:21:00'),('2','2505383786@qq.com','1','2022-04-02 02:35:26'),('2','abc@gmail.com','1','2021-11-18 17:15:46'),('2','admin','2','2022-05-20 10:31:43'),('2','admin123','2','2021-12-23 15:53:43'),('2','alex','1','2021-07-13 03:01:40'),('2','aliobaydi54@gmail.com','1','2021-10-03 01:08:55'),('2','arbi.guerzou02@gmail.com','4','2022-01-25 03:41:00'),('2','asdsd@yahoo.com','1','2021-08-15 10:18:42'),('2','birsingh@gmail.com','1','2022-01-07 05:18:05'),('2','cuong','1','2019-05-24 09:39:40'),('2','demo','1','2021-12-24 20:23:54'),('2','dongbinhbg@gmail.com','17','2022-03-01 04:59:11'),('2','dongvanbinh.mta@gmail.com','1','2019-07-09 02:02:24'),('2','dreemvn@gmail.com','1','2021-11-08 11:12:57'),('2','gecko@gmail.com','1','2019-04-06 08:54:19'),('2','hamai@gmail.com','20','2021-07-08 13:30:37'),('2','henry.luo@silksoftware.com','4','2022-03-18 04:58:17'),('2','jiaoxianglin@leedarson.com','1','2022-04-26 06:52:48'),('2','Johan','2','2021-08-11 10:58:36'),('2','john.smith@example.comsss','1','2019-09-04 06:44:06'),('2','lezino9293','6','2021-08-08 07:24:47'),('2','manhha','2','2019-08-28 07:18:39'),('2','ngoducnhuiit@gmail.comq','1','2021-03-16 12:42:56'),('2','nguyenvankhai0712951995@gmail.com','1','2021-07-05 10:27:12'),('2','nguyenvankhai07129595@gmail.com','1','2021-07-05 10:27:22'),('2','nobody@gmail.com','1','2019-09-17 02:14:13'),('2','pager93@gmail.com','2','2021-12-08 16:35:21'),('2','shreyadad@gmail.com','1','2021-07-29 04:53:51'),('2','test','1','2022-02-12 13:43:45'),('2','test@domain.com','2','2021-12-02 09:42:19'),('2','test@test.com','2','2021-12-02 11:04:18'),('2','userprueba07@gmail.com','1','2021-11-06 00:32:51'),('2','vyacheslav.chereukhin@gmail.com','2','2021-09-11 19:23:30'),('2','wp2cart','6','2021-06-26 02:21:14'),('2','wp2cart_admin','2','2019-05-21 15:53:27'),('2','zoetrinh97@yahoo.com','2','2021-11-11 08:51:28');

--
-- Table structure for table `catalog_category_entity`
--

CREATE TABLE `catalog_category_entity` (
  `entity_id` int(10) unsigned NOT NULL AUTO_INCREMENT COMMENT 'Entity ID',
  `attribute_set_id` smallint(5) unsigned NOT NULL DEFAULT 0 COMMENT 'Attribute Set ID',
  `parent_id` int(10) unsigned NOT NULL DEFAULT 0 COMMENT 'Parent Category ID',
  `created_at` timestamp NOT NULL DEFAULT current_timestamp() COMMENT 'Creation Time',
  `updated_at` timestamp NOT NULL DEFAULT current_timestamp() ON UPDATE current_timestamp() COMMENT 'Update Time',
  `path` varchar(255) NOT NULL COMMENT 'Tree Path',
  `position` int(11) NOT NULL COMMENT 'Position',
  `level` int(11) NOT NULL DEFAULT 0 COMMENT 'Tree Level',
  `children_count` int(11) NOT NULL COMMENT 'Child Count',
  PRIMARY KEY (`entity_id`),
  KEY `CATALOG_CATEGORY_ENTITY_LEVEL` (`level`),
  KEY `CATALOG_CATEGORY_ENTITY_PATH` (`path`)
) ENGINE=InnoDB AUTO_INCREMENT=502 DEFAULT CHARSET=utf8 COMMENT='Catalog Category Table';

--
-- Dumping data for table `catalog_category_entity`
--

INSERT INTO `catalog_category_entity` VALUES ('1',3,'0','2019-02-18 01:02:34','2021-06-05 02:42:53','1','0','0','28'),('2',3,'1','2019-02-18 01:02:35','2021-03-24 03:59:10','1/2','1','1','51'),('3',3,'2','2019-02-19 01:09:34','2021-03-26 08:40:52','1/2/3','1','2','9'),('4',3,'2','2019-02-19 01:10:36','2021-03-18 08:04:18','1/2/4','2','2','10'),('5',3,'2','2019-02-19 01:12:11','2021-03-18 08:02:34','1/2/5','3','2','0'),('6',3,'2','2019-02-19 01:13:41','2021-03-18 08:02:34','1/2/6','4','2','0'),('7',3,'2','2019-02-19 01:14:55','2021-03-18 07:50:47','1/2/7','5','2','0'),('9',3,'2','2019-02-19 01:18:50','2021-03-18 08:02:34','1/2/9','6','2','0'),('10',3,'2','2019-02-20 13:02:12','2021-03-18 08:02:35','1/2/10','7','2','0'),('11',3,'2','2019-04-16 10:28:51','2021-03-18 09:02:11','1/2/11','8','2','24'),('12',3,'11','2019-04-16 10:33:53','2021-03-18 07:49:55','1/2/11/12','1','3','5'),('13',3,'12','2019-04-16 10:36:11','2021-03-18 07:48:28','1/2/11/12/13','1','4','0'),('14',3,'12','2019-04-16 10:37:45','2021-03-18 07:48:28','1/2/11/12/14','2','4','0'),('15',3,'12','2019-04-16 10:39:27','2021-03-18 07:48:29','1/2/11/12/15','3','4','0'),('16',3,'12','2019-04-16 10:40:35','2021-03-16 08:50:09','1/2/11/12/16','4','4','0'),('17',3,'12','2019-04-16 10:41:39','2021-03-16 08:50:09','1/2/11/12/17','5','4','0'),('18',3,'11','2019-04-16 10:43:13','2021-03-11 08:38:45','1/2/11/18','2','3','5'),('19',3,'18','2019-04-16 13:13:39','2021-03-18 07:48:29','1/2/11/18/19','1','4','0'),('20',3,'18','2019-04-16 13:14:41','2021-03-18 07:48:30','1/2/11/18/20','2','4','0'),('21',3,'18','2019-04-16 13:15:39','2021-03-18 07:48:30','1/2/11/18/21','3','4','0'),('22',3,'18','2019-04-16 13:22:25','2021-03-18 07:48:30','1/2/11/18/22','4','4','0'),('23',3,'18','2019-04-16 13:24:30','2021-03-18 07:48:31','1/2/11/18/23','5','4','0'),('24',3,'11','2019-04-16 13:27:16','2021-03-18 07:48:27','1/2/11/24','3','3','5'),('25',3,'11','2019-04-16 13:29:35','2021-03-18 08:04:18','1/2/11/25','4','3','5'),('26',3,'24','2019-04-16 14:11:44','2021-03-18 07:48:31','1/2/11/24/26','1','4','0'),('27',3,'24','2019-04-16 14:12:35','2021-03-18 07:48:32','1/2/11/24/27','2','4','0'),('28',3,'24','2019-04-16 14:13:56','2021-03-18 07:48:32','1/2/11/24/28','3','4','0'),('29',3,'24','2019-04-16 14:15:08','2021-03-18 07:48:32','1/2/11/24/29','4','4','0'),('30',3,'24','2019-04-16 14:15:59','2021-03-18 07:48:33','1/2/11/24/30','5','4','0'),('31',3,'25','2019-04-16 14:16:51','2021-03-18 07:48:33','1/2/11/25/31','1','4','0'),('32',3,'25','2019-04-16 14:17:49','2021-03-18 07:48:33','1/2/11/25/32','2','4','0'),('33',3,'25','2019-04-16 14:18:47','2021-03-18 07:48:34','1/2/11/25/33','3','4','0'),('34',3,'25','2019-04-16 14:19:39','2021-03-18 07:48:34','1/2/11/25/34','4','4','0'),('35',3,'25','2019-04-16 14:20:27','2021-03-18 07:48:34','1/2/11/25/35','5','4','0'),('36',3,'4','2019-05-13 09:12:21','2021-03-18 07:40:43','1/2/4/36','1','3','3'),('37',3,'4','2019-05-13 09:13:14','2021-03-18 07:40:43','1/2/4/37','2','3','3'),('38',3,'4','2019-05-13 09:14:27','2021-03-18 07:49:52','1/2/4/38','3','3','0'),('39',3,'4','2019-05-13 09:15:30','2021-03-18 07:49:53','1/2/4/39','4','3','0'),('40',3,'36','2019-05-13 09:16:43','2021-03-18 07:49:53','1/2/4/36/40','1','4','0'),('43',3,'36','2019-05-13 09:19:25','2021-03-18 07:49:53','1/2/4/36/43','2','4','0'),('44',3,'36','2019-05-13 09:21:15','2021-03-18 07:49:54','1/2/4/36/44','3','4','0'),('45',3,'37','2019-05-13 09:23:00','2021-03-18 07:49:54','1/2/4/37/45','1','4','0'),('46',3,'37','2019-05-13 09:23:48','2021-03-18 07:49:54','1/2/4/37/46','2','4','0'),('47',3,'37','2019-05-13 09:24:57','2021-03-18 07:49:54','1/2/4/37/47','3','4','0'),('150',3,'1','2020-01-03 05:05:01','2021-03-18 09:10:45','1/150','2','1','47'),('151',3,'150','2020-01-03 05:05:35','2021-03-18 09:10:45','1/150/151','1','2','20'),('152',3,'150','2020-01-03 05:05:46','2021-03-18 09:10:45','1/150/152','2','2','20'),('153',3,'150','2020-01-03 05:06:00','2021-03-18 09:10:45','1/150/153','3','2','4'),('154',3,'153','2020-01-03 06:31:08','2021-03-18 09:10:45','1/150/153/154','1','3','0'),('155',3,'153','2020-01-03 06:31:31','2021-03-18 09:10:45','1/150/153/155','2','3','0'),('156',3,'153','2020-01-03 06:31:47','2021-03-18 09:10:45','1/150/153/156','3','3','0'),('157',3,'153','2020-01-03 06:32:13','2021-03-18 09:10:45','1/150/153/157','4','3','0'),('158',3,'152','2020-01-03 06:32:35','2021-03-18 09:10:45','1/150/152/158','1','3','4'),('159',3,'152','2020-01-03 06:33:31','2021-03-18 09:10:45','1/150/152/159','2','3','4'),('160',3,'152','2020-01-03 06:35:24','2021-03-18 09:10:45','1/150/152/160','3','3','4'),('161',3,'152','2020-01-03 06:35:41','2021-03-18 09:10:45','1/150/152/161','4','3','4'),('162',3,'158','2020-01-03 06:36:05','2021-03-18 09:10:45','1/150/152/158/162','1','4','0'),('163',3,'158','2020-01-03 06:36:17','2021-03-18 09:10:45','1/150/152/158/163','2','4','0'),('164',3,'158','2020-01-03 06:36:31','2021-03-18 09:10:46','1/150/152/158/164','3','4','0'),('165',3,'158','2020-01-03 06:37:34','2021-03-18 09:10:46','1/150/152/158/165','4','4','0'),('166',3,'159','2020-01-03 06:37:55','2021-03-18 09:10:46','1/150/152/159/166','1','4','0'),('167',3,'159','2020-01-03 06:38:06','2021-03-18 09:10:46','1/150/152/159/167','2','4','0'),('168',3,'159','2020-01-03 06:38:24','2021-03-18 09:10:46','1/150/152/159/168','3','4','0'),('169',3,'159','2020-01-03 06:38:36','2021-03-18 09:10:46','1/150/152/159/169','4','4','0'),('170',3,'160','2020-01-03 06:38:52','2021-03-18 09:10:46','1/150/152/160/170','1','4','0'),('171',3,'160','2020-01-03 06:39:10','2021-03-18 09:10:46','1/150/152/160/171','2','4','0'),('172',3,'160','2020-01-03 06:39:23','2021-03-18 09:10:46','1/150/152/160/172','3','4','0'),('173',3,'160','2020-01-03 06:39:41','2021-03-18 09:10:46','1/150/152/160/173','4','4','0'),('174',3,'161','2020-01-03 06:40:31','2021-03-18 09:10:46','1/150/152/161/174','1','4','0'),('175',3,'161','2020-01-03 06:40:49','2021-03-18 09:10:46','1/150/152/161/175','2','4','0'),('176',3,'161','2020-01-03 06:41:58','2021-03-18 09:10:46','1/150/152/161/176','3','4','0'),('177',3,'161','2020-01-03 06:42:18','2021-03-18 09:10:46','1/150/152/161/177','4','4','0'),('178',3,'151','2020-01-03 06:42:31','2021-03-18 09:10:45','1/150/151/178','1','3','4'),('179',3,'151','2020-01-03 06:42:42','2021-03-18 09:10:45','1/150/151/179','2','3','4'),('180',3,'151','2020-01-03 06:42:54','2021-03-18 09:10:45','1/150/151/180','3','3','4'),('181',3,'151','2020-01-03 06:43:07','2021-03-18 09:10:45','1/150/151/181','4','3','4'),('182',3,'178','2020-01-03 06:43:41','2021-03-18 09:10:46','1/150/151/178/182','1','4','0'),('183',3,'178','2020-01-03 06:43:59','2021-03-18 09:10:46','1/150/151/178/183','2','4','0'),('184',3,'178','2020-01-03 06:44:29','2021-03-18 09:10:46','1/150/151/178/184','3','4','0'),('185',3,'178','2020-01-03 06:44:39','2021-03-18 09:10:46','1/150/151/178/185','4','4','0'),('186',3,'179','2020-01-03 06:44:54','2021-03-18 09:10:46','1/150/151/179/186','1','4','0'),('187',3,'179','2020-01-03 06:45:05','2021-03-18 09:10:46','1/150/151/179/187','2','4','0'),('188',3,'179','2020-01-03 06:45:44','2021-03-18 09:10:46','1/150/151/179/188','3','4','0'),('189',3,'179','2020-01-03 06:47:11','2021-03-18 09:10:46','1/150/151/179/189','4','4','0'),('190',3,'180','2020-01-03 06:47:26','2021-03-18 09:10:46','1/150/151/180/190','1','4','0'),('191',3,'180','2020-01-03 06:47:39','2021-03-18 09:10:46','1/150/151/180/191','2','4','0'),('192',3,'180','2020-01-03 06:47:51','2021-03-18 09:10:46','1/150/151/180/192','3','4','0'),('193',3,'180','2020-01-03 06:48:30','2021-03-18 09:10:46','1/150/151/180/193','4','4','0'),('194',3,'181','2020-01-03 06:48:46','2021-03-18 09:10:46','1/150/151/181/194','1','4','0'),('195',3,'181','2020-01-03 06:49:21','2021-03-18 09:10:46','1/150/151/181/195','2','4','0'),('196',3,'181','2020-01-03 06:49:41','2021-03-18 09:10:46','1/150/151/181/196','3','4','0'),('197',3,'181','2020-01-03 06:49:59','2021-03-18 09:10:46','1/150/151/181/197','4','4','0'),('246',3,'3','2021-03-13 04:06:56','2021-03-13 04:09:32','1/2/3/246','1','3','2'),('247',3,'3','2021-03-13 04:07:22','2021-03-13 04:11:02','1/2/3/247','2','3','2'),('248',3,'3','2021-03-13 04:07:40','2021-03-13 04:12:23','1/2/3/248','3','3','2'),('249',3,'246','2021-03-13 04:09:14','2021-03-13 04:09:14','1/2/3/246/249','1','4','0'),('250',3,'246','2021-03-13 04:09:32','2021-03-13 04:09:32','1/2/3/246/250','2','4','0'),('251',3,'247','2021-03-13 04:09:53','2021-03-13 04:09:53','1/2/3/247/251','1','4','0'),('252',3,'247','2021-03-13 04:11:02','2021-03-13 04:11:02','1/2/3/247/252','2','4','0'),('253',3,'248','2021-03-13 04:11:43','2021-03-13 04:11:43','1/2/3/248/253','1','4','0'),('254',3,'248','2021-03-13 04:12:23','2021-03-13 04:12:23','1/2/3/248/254','2','4','0'),('255',3,'1','2021-03-18 04:00:41','2021-06-03 14:38:31','1/255','3','1','82'),('256',3,'255','2021-03-18 04:03:57','2021-07-12 13:15:44','1/255/256','1','2','24'),('257',3,'256','2021-03-18 04:06:54','2021-03-18 04:10:14','1/255/256/257','1','3','5'),('258',3,'257','2021-03-18 04:07:32','2021-03-18 04:07:32','1/255/256/257/258','1','4','0'),('259',3,'257','2021-03-18 04:08:16','2021-03-18 04:08:16','1/255/256/257/259','2','4','0'),('260',3,'257','2021-03-18 04:08:56','2021-03-18 04:08:56','1/255/256/257/260','3','4','0'),('261',3,'257','2021-03-18 04:09:35','2021-03-18 04:09:35','1/255/256/257/261','4','4','0'),('262',3,'257','2021-03-18 04:10:14','2021-03-18 04:10:14','1/255/256/257/262','5','4','0'),('263',3,'256','2021-03-18 04:10:57','2021-03-18 04:14:16','1/255/256/263','2','3','5'),('264',3,'263','2021-03-18 04:11:47','2021-03-18 04:11:47','1/255/256/263/264','1','4','0'),('265',3,'263','2021-03-18 04:12:20','2021-03-18 04:12:20','1/255/256/263/265','2','4','0'),('266',3,'263','2021-03-18 04:13:01','2021-03-18 04:13:01','1/255/256/263/266','3','4','0'),('267',3,'263','2021-03-18 04:13:45','2021-03-18 04:13:45','1/255/256/263/267','4','4','0'),('268',3,'263','2021-03-18 04:14:16','2021-03-18 04:14:16','1/255/256/263/268','5','4','0'),('269',3,'256','2021-03-18 04:15:38','2021-03-18 04:18:42','1/255/256/269','3','3','5'),('270',3,'269','2021-03-18 04:16:12','2021-03-18 04:16:12','1/255/256/269/270','1','4','0'),('271',3,'269','2021-03-18 04:16:50','2021-03-18 04:16:50','1/255/256/269/271','2','4','0'),('272',3,'269','2021-03-18 04:17:26','2021-03-18 04:17:26','1/255/256/269/272','3','4','0'),('273',3,'269','2021-03-18 04:18:05','2021-03-18 04:18:05','1/255/256/269/273','4','4','0'),('274',3,'269','2021-03-18 04:18:42','2021-03-18 04:18:42','1/255/256/269/274','5','4','0'),('275',3,'256','2021-03-18 04:19:31','2021-03-18 04:24:34','1/255/256/275','4','3','5'),('276',3,'275','2021-03-18 04:20:58','2021-03-18 04:20:58','1/255/256/275/276','1','4','0'),('277',3,'275','2021-03-18 04:21:38','2021-03-18 04:21:38','1/255/256/275/277','2','4','0'),('278',3,'275','2021-03-18 04:22:23','2021-03-18 04:22:23','1/255/256/275/278','3','4','0'),('279',3,'275','2021-03-18 04:24:00','2021-03-18 04:24:00','1/255/256/275/279','4','4','0'),('280',3,'275','2021-03-18 04:24:34','2021-03-18 04:24:35','1/255/256/275/280','5','4','0'),('281',3,'255','2021-03-18 04:27:45','2021-03-26 05:14:10','1/255/281','2','2','10'),('282',3,'281','2021-03-18 04:28:30','2021-03-26 03:46:06','1/255/281/282','1','3','4'),('283',3,'282','2021-03-18 04:29:08','2021-03-18 04:29:08','1/255/281/282/283','1','4','0'),('284',3,'282','2021-03-18 04:29:53','2021-03-18 04:29:53','1/255/281/282/284','2','4','0'),('285',3,'282','2021-03-18 04:30:26','2021-03-18 04:30:26','1/255/281/282/285','3','4','0'),('286',3,'282','2021-03-18 04:31:45','2021-03-18 04:31:45','1/255/281/282/286','4','4','0'),('287',3,'281','2021-03-18 04:32:27','2021-03-18 04:35:27','1/255/281/287','2','3','4'),('288',3,'287','2021-03-18 04:33:18','2021-03-18 04:33:19','1/255/281/287/288','1','4','0'),('289',3,'287','2021-03-18 04:34:08','2021-03-18 04:34:08','1/255/281/287/289','2','4','0'),('290',3,'287','2021-03-18 04:34:46','2021-03-18 04:34:46','1/255/281/287/290','3','4','0'),('291',3,'287','2021-03-18 04:35:27','2021-03-18 04:35:27','1/255/281/287/291','4','4','0'),('292',3,'255','2021-03-18 04:36:47','2021-03-18 04:36:47','1/255/292','3','2','0'),('293',3,'255','2021-03-18 04:38:28','2021-03-18 04:53:23','1/255/293','4','2','26'),('294',3,'293','2021-03-18 04:39:18','2021-03-18 04:44:21','1/255/293/294','1','3','9'),('295',3,'294','2021-03-18 04:39:55','2021-03-18 04:39:55','1/255/293/294/295','1','4','0'),('296',3,'294','2021-03-18 04:40:25','2021-03-18 04:40:25','1/255/293/294/296','2','4','0'),('297',3,'294','2021-03-18 04:40:56','2021-03-18 04:40:56','1/255/293/294/297','3','4','0'),('298',3,'294','2021-03-18 04:41:24','2021-03-18 04:41:24','1/255/293/294/298','4','4','0'),('299',3,'294','2021-03-18 04:41:58','2021-03-18 04:41:58','1/255/293/294/299','5','4','0'),('300',3,'294','2021-03-18 04:42:33','2021-03-18 04:42:33','1/255/293/294/300','6','4','0'),('301',3,'294','2021-03-18 04:43:03','2021-03-18 04:43:03','1/255/293/294/301','7','4','0'),('302',3,'294','2021-03-18 04:43:39','2021-03-18 04:43:39','1/255/293/294/302','8','4','0'),('303',3,'294','2021-03-18 04:44:21','2021-03-18 04:44:21','1/255/293/294/303','9','4','0'),('304',3,'293','2021-03-18 04:45:32','2021-03-18 04:50:34','1/255/293/304','2','3','9'),('305',3,'304','2021-03-18 04:46:03','2021-03-18 04:46:03','1/255/293/304/305','1','4','0'),('306',3,'304','2021-03-18 04:46:33','2021-03-18 04:46:33','1/255/293/304/306','2','4','0'),('307',3,'304','2021-03-18 04:47:09','2021-03-18 04:47:09','1/255/293/304/307','3','4','0'),('308',3,'304','2021-03-18 04:47:44','2021-03-18 04:47:44','1/255/293/304/308','4','4','0'),('309',3,'304','2021-03-18 04:48:20','2021-03-18 04:48:20','1/255/293/304/309','5','4','0'),('310',3,'304','2021-03-18 04:48:55','2021-03-18 04:48:55','1/255/293/304/310','6','4','0'),('311',3,'304','2021-03-18 04:49:29','2021-03-18 04:49:29','1/255/293/304/311','7','4','0'),('312',3,'304','2021-03-18 04:50:01','2021-03-18 04:50:01','1/255/293/304/312','8','4','0'),('313',3,'304','2021-03-18 04:50:34','2021-03-18 04:50:34','1/255/293/304/313','9','4','0'),('314',3,'293','2021-03-18 04:51:04','2021-03-18 04:53:23','1/255/293/314','3','3','5'),('315',3,'314','2021-03-18 04:51:32','2021-03-18 04:51:32','1/255/293/314/315','1','4','0'),('316',3,'314','2021-03-18 04:51:57','2021-03-18 04:51:57','1/255/293/314/316','2','4','0'),('317',3,'314','2021-03-18 04:52:23','2021-03-18 04:52:23','1/255/293/314/317','3','4','0'),('318',3,'314','2021-03-18 04:52:53','2021-03-18 04:52:53','1/255/293/314/318','4','4','0'),('319',3,'314','2021-03-18 04:53:23','2021-03-18 04:53:23','1/255/293/314/319','5','4','0'),('320',3,'255','2021-03-18 04:54:28','2021-04-02 08:46:55','1/255/320','5','2','10'),('321',3,'320','2021-03-18 04:55:20','2021-03-18 04:58:05','1/255/320/321','1','3','4'),('322',3,'321','2021-03-18 04:55:50','2021-03-18 04:55:50','1/255/320/321/322','1','4','0'),('323',3,'321','2021-03-18 04:56:44','2021-03-18 04:56:44','1/255/320/321/323','2','4','0'),('324',3,'321','2021-03-18 04:57:15','2021-03-18 04:57:15','1/255/320/321/324','3','4','0'),('325',3,'321','2021-03-18 04:58:05','2021-03-18 04:58:05','1/255/320/321/325','4','4','0'),('326',3,'320','2021-03-18 04:58:49','2021-03-18 05:01:13','1/255/320/326','2','3','4'),('327',3,'326','2021-03-18 04:59:21','2021-03-18 04:59:21','1/255/320/326/327','1','4','0'),('328',3,'326','2021-03-18 05:00:01','2021-03-18 05:00:01','1/255/320/326/328','2','4','0'),('329',3,'326','2021-03-18 05:00:45','2021-03-18 05:00:45','1/255/320/326/329','3','4','0'),('330',3,'326','2021-03-18 05:01:13','2021-03-18 05:01:13','1/255/320/326/330','4','4','0'),('331',3,'255','2021-03-18 05:02:04','2021-03-27 03:20:56','1/255/331','6','2','0'),('332',3,'255','2021-03-18 05:02:35','2021-03-27 03:21:35','1/255/332','7','2','0'),('333',3,'255','2021-03-18 05:03:09','2021-03-27 03:19:34','1/255/333','8','2','0'),('334',3,'255','2021-03-18 05:03:40','2021-03-27 03:20:15','1/255/334','9','2','0'),('335',3,'255','2021-03-18 05:04:14','2021-03-27 03:18:51','1/255/335','10','2','0'),('336',3,'255','2021-03-18 05:05:03','2021-03-18 05:05:03','1/255/336','11','2','0'),('337',3,'255','2021-03-18 05:05:40','2021-03-18 05:05:40','1/255/337','12','2','0'),('338',3,'1','2021-06-03 10:36:31','2021-06-04 07:42:35','1/338','4','1','152'),('339',3,'338','2021-06-03 10:36:31','2021-06-06 10:12:21','1/338/339','1','2','15'),('340',3,'338','2021-06-03 10:36:31','2021-06-06 10:16:19','1/338/340','2','2','24'),('341',3,'338','2021-06-03 10:36:31','2021-06-05 10:30:33','1/338/341','3','2','10'),('342',3,'338','2021-06-03 10:36:31','2021-06-06 10:15:24','1/338/342','5','2','23'),('344',3,'341','2021-06-03 10:36:31','2021-06-05 10:30:34','1/338/341/344','1','3','4'),('345',3,'344','2021-06-03 10:36:31','2021-06-05 10:30:33','1/338/341/344/345','1','4','0'),('346',3,'344','2021-06-03 10:36:31','2021-06-05 10:30:34','1/338/341/344/346','2','4','0'),('347',3,'341','2021-06-03 10:36:31','2021-06-04 04:50:58','1/338/341/347','2','3','4'),('348',3,'347','2021-06-03 10:36:31','2021-06-05 10:30:34','1/338/341/347/348','1','4','0'),('349',3,'347','2021-06-03 10:36:31','2021-06-05 10:30:35','1/338/341/347/349','2','4','0'),('350',3,'342','2021-06-03 10:36:31','2021-06-04 05:05:51','1/338/342/350','1','3','5'),('351',3,'350','2021-06-03 10:36:31','2021-06-05 10:30:35','1/338/342/350/351','1','4','0'),('352',3,'350','2021-06-03 10:36:31','2021-06-05 10:30:35','1/338/342/350/352','2','4','0'),('353',3,'350','2021-06-03 10:36:31','2021-06-05 10:30:35','1/338/342/350/353','3','4','0'),('354',3,'342','2021-06-03 10:36:31','2021-06-04 05:11:26','1/338/342/354','2','3','4'),('355',3,'354','2021-06-03 10:36:31','2021-06-05 10:30:36','1/338/342/354/355','1','4','0'),('356',3,'339','2021-06-03 10:36:31','2021-06-04 03:59:10','1/338/339/356','1','3','4'),('357',3,'356','2021-06-03 10:36:31','2021-06-04 03:54:18','1/338/339/356/357','1','4','0'),('358',3,'356','2021-06-03 10:36:31','2021-06-04 03:56:18','1/338/339/356/358','2','4','0'),('359',3,'356','2021-06-03 10:36:31','2021-06-04 07:53:34','1/338/339/356/359','3','4','0'),('360',3,'356','2021-06-03 10:36:31','2021-06-04 07:58:24','1/338/339/356/360','4','4','0'),('362',3,'340','2021-06-03 10:36:31','2021-06-06 10:22:28','1/338/340/362','1','3','5'),('363',3,'362','2021-06-03 10:36:32','2021-06-05 10:30:36','1/338/340/362/363','1','4','0'),('364',3,'362','2021-06-03 10:36:32','2021-06-05 10:30:36','1/338/340/362/364','2','4','0'),('365',3,'362','2021-06-03 10:36:32','2021-06-05 10:30:36','1/338/340/362/365','3','4','0'),('369',3,'339','2021-06-03 10:36:32','2021-06-04 04:05:50','1/338/339/369','2','3','4'),('370',3,'369','2021-06-03 10:36:32','2021-06-06 10:23:46','1/338/339/369/370','1','4','0'),('371',3,'338','2021-06-03 10:36:32','2021-06-06 10:14:24','1/338/371','4','2','0'),('372',3,'338','2021-06-03 10:36:32','2021-06-06 10:18:40','1/338/372','6','2','4'),('373',3,'338','2021-06-03 10:36:32','2021-06-06 14:52:16','1/338/373','7','2','0'),('375',3,'347','2021-06-03 10:36:32','2021-06-04 04:50:13','1/338/341/347/375','3','4','0'),('376',3,'338','2021-06-03 10:47:15','2021-06-05 10:27:58','1/338/376','8','2','0'),('377',3,'344','2021-06-03 10:47:15','2021-06-05 10:30:37','1/338/341/344/377','3','4','0'),('378',3,'339','2021-06-03 10:47:15','2021-06-04 04:13:41','1/338/339/378','3','3','4'),('379',3,'378','2021-06-03 10:47:15','2021-06-04 07:58:24','1/338/339/378/379','1','4','0'),('380',3,'378','2021-06-03 10:47:15','2021-06-04 07:58:24','1/338/339/378/380','2','4','0'),('381',3,'378','2021-06-03 10:47:15','2021-06-08 01:29:40','1/338/339/378/381','3','4','0'),('382',3,'378','2021-06-03 10:47:15','2021-06-08 01:31:16','1/338/339/378/382','4','4','0'),('384',3,'338','2021-06-03 10:50:42','2021-06-06 10:16:58','1/338/384','9','2','23'),('386',3,'338','2021-06-03 10:50:42','2021-06-04 04:53:58','1/338/386','10','2','0'),('387',3,'338','2021-06-03 10:50:42','2021-06-04 07:23:47','1/338/387','11','2','24'),('388',3,'338','2021-06-03 10:50:42','2021-06-04 07:26:25','1/338/388','12','2','4'),('391',3,'384','2021-06-03 10:50:42','2021-06-04 06:49:17','1/338/384/391','1','3','4'),('392',3,'369','2021-06-04 04:03:19','2021-06-04 04:03:19','1/338/339/369/392','2','4','0'),('393',3,'369','2021-06-04 04:04:39','2021-06-04 04:04:39','1/338/339/369/393','3','4','0'),('394',3,'369','2021-06-04 04:05:50','2021-06-04 04:05:50','1/338/339/369/394','4','4','0'),('395',3,'362','2021-06-04 04:19:24','2021-06-04 04:19:24','1/338/340/362/395','4','4','0'),('396',3,'362','2021-06-04 04:20:08','2021-06-04 04:20:08','1/338/340/362/396','5','4','0'),('397',3,'340','2021-06-04 04:21:29','2021-06-06 10:18:00','1/338/340/397','2','3','5'),('398',3,'397','2021-06-04 04:22:42','2021-06-04 04:22:42','1/338/340/397/398','1','4','0'),('399',3,'397','2021-06-04 04:23:44','2021-06-04 04:23:44','1/338/340/397/399','2','4','0'),('400',3,'397','2021-06-04 04:24:27','2021-06-04 04:24:27','1/338/340/397/400','3','4','0'),('401',3,'397','2021-06-04 04:25:22','2021-06-04 04:25:22','1/338/340/397/401','4','4','0'),('402',3,'397','2021-06-04 04:26:04','2021-06-04 04:26:04','1/338/340/397/402','5','4','0'),('403',3,'340','2021-06-04 04:26:55','2021-06-04 04:30:46','1/338/340/403','3','3','5'),('404',3,'403','2021-06-04 04:27:56','2021-06-04 04:27:56','1/338/340/403/404','1','4','0'),('405',3,'403','2021-06-04 04:28:44','2021-06-04 04:28:44','1/338/340/403/405','2','4','0'),('406',3,'403','2021-06-04 04:29:22','2021-06-04 04:29:22','1/338/340/403/406','3','4','0'),('407',3,'403','2021-06-04 04:30:06','2021-06-04 04:30:06','1/338/340/403/407','4','4','0'),('408',3,'403','2021-06-04 04:30:46','2021-06-04 04:30:46','1/338/340/403/408','5','4','0'),('409',3,'340','2021-06-04 04:32:02','2021-06-04 04:35:36','1/338/340/409','4','3','5'),('410',3,'409','2021-06-04 04:32:51','2021-06-04 04:32:51','1/338/340/409/410','1','4','0'),('411',3,'409','2021-06-04 04:33:42','2021-06-04 04:33:42','1/338/340/409/411','2','4','0'),('412',3,'409','2021-06-04 04:34:21','2021-06-04 04:34:21','1/338/340/409/412','3','4','0'),('413',3,'409','2021-06-04 04:34:56','2021-06-04 04:34:56','1/338/340/409/413','4','4','0'),('414',3,'409','2021-06-04 04:35:36','2021-06-04 04:35:36','1/338/340/409/414','5','4','0'),('415',3,'344','2021-06-04 04:44:58','2021-06-04 04:44:58','1/338/341/344/415','4','4','0'),('416',3,'347','2021-06-04 04:50:58','2021-06-04 04:50:58','1/338/341/347/416','4','4','0'),('417',3,'350','2021-06-04 05:05:09','2021-06-04 05:05:09','1/338/342/350/417','4','4','0'),('418',3,'350','2021-06-04 05:05:51','2021-06-04 05:05:51','1/338/342/350/418','5','4','0'),('419',3,'354','2021-06-04 05:09:49','2021-06-04 05:09:49','1/338/342/354/419','2','4','0'),('420',3,'354','2021-06-04 05:10:47','2021-06-04 05:10:47','1/338/342/354/420','3','4','0'),('421',3,'354','2021-06-04 05:11:26','2021-06-04 05:11:26','1/338/342/354/421','4','4','0'),('422',3,'342','2021-06-04 05:12:58','2021-06-04 05:19:02','1/338/342/422','3','3','5'),('423',3,'422','2021-06-04 05:14:03','2021-06-04 05:14:03','1/338/342/422/423','1','4','0'),('424',3,'422','2021-06-04 05:16:30','2021-06-04 05:16:30','1/338/342/422/424','2','4','0'),('425',3,'422','2021-06-04 05:17:20','2021-06-04 05:17:20','1/338/342/422/425','3','4','0'),('426',3,'422','2021-06-04 05:18:13','2021-06-04 05:18:13','1/338/342/422/426','4','4','0'),('427',3,'422','2021-06-04 05:19:02','2021-06-04 05:19:02','1/338/342/422/427','5','4','0'),('428',3,'342','2021-06-04 05:20:09','2021-06-04 05:23:58','1/338/342/428','4','3','5'),('429',3,'428','2021-06-04 05:20:51','2021-06-04 05:20:51','1/338/342/428/429','1','4','0'),('430',3,'428','2021-06-04 05:21:36','2021-06-04 05:21:36','1/338/342/428/430','2','4','0'),('431',3,'428','2021-06-04 05:22:19','2021-06-04 05:22:19','1/338/342/428/431','3','4','0'),('432',3,'428','2021-06-04 05:23:18','2021-06-04 05:23:18','1/338/342/428/432','4','4','0'),('433',3,'428','2021-06-04 05:23:58','2021-06-04 05:23:58','1/338/342/428/433','5','4','0'),('434',3,'372','2021-06-04 06:41:10','2021-06-04 06:41:10','1/338/372/434','1','3','0'),('435',3,'372','2021-06-04 06:41:57','2021-06-04 06:41:57','1/338/372/435','2','3','0'),('436',3,'372','2021-06-04 06:42:39','2021-06-04 06:42:39','1/338/372/436','3','3','0'),('437',3,'372','2021-06-04 06:43:19','2021-06-04 06:43:19','1/338/372/437','4','3','0'),('438',3,'391','2021-06-04 06:45:59','2021-06-04 06:45:59','1/338/384/391/438','1','4','0'),('439',3,'391','2021-06-04 06:47:23','2021-06-04 06:47:23','1/338/384/391/439','2','4','0'),('440',3,'391','2021-06-04 06:48:38','2021-06-04 06:48:38','1/338/384/391/440','3','4','0'),('441',3,'391','2021-06-04 06:49:17','2021-06-04 06:49:17','1/338/384/391/441','4','4','0'),('442',3,'384','2021-06-04 06:50:42','2021-06-04 06:55:37','1/338/384/442','2','3','5'),('443',3,'442','2021-06-04 06:51:53','2021-06-04 06:51:53','1/338/384/442/443','1','4','0'),('444',3,'442','2021-06-04 06:52:46','2021-06-04 06:52:46','1/338/384/442/444','2','4','0'),('445',3,'442','2021-06-04 06:53:57','2021-06-04 06:53:57','1/338/384/442/445','3','4','0'),('446',3,'442','2021-06-04 06:54:48','2021-06-04 06:54:48','1/338/384/442/446','4','4','0'),('447',3,'442','2021-06-04 06:55:37','2021-06-04 06:55:37','1/338/384/442/447','5','4','0'),('448',3,'384','2021-06-04 06:56:21','2021-06-04 07:00:00','1/338/384/448','3','3','5'),('449',3,'448','2021-06-04 06:57:21','2021-06-04 06:57:21','1/338/384/448/449','1','4','0'),('450',3,'448','2021-06-04 06:57:58','2021-06-04 06:57:58','1/338/384/448/450','2','4','0'),('451',3,'448','2021-06-04 06:58:35','2021-06-04 06:58:35','1/338/384/448/451','3','4','0'),('452',3,'448','2021-06-04 06:59:19','2021-06-04 06:59:19','1/338/384/448/452','4','4','0'),('453',3,'448','2021-06-04 07:00:00','2021-06-04 07:00:00','1/338/384/448/453','5','4','0'),('454',3,'384','2021-06-04 07:01:06','2021-06-04 07:04:33','1/338/384/454','4','3','5'),('455',3,'454','2021-06-04 07:01:53','2021-06-04 07:01:53','1/338/384/454/455','1','4','0'),('456',3,'454','2021-06-04 07:02:29','2021-06-04 07:02:29','1/338/384/454/456','2','4','0'),('457',3,'454','2021-06-04 07:03:10','2021-06-04 07:03:11','1/338/384/454/457','3','4','0'),('458',3,'454','2021-06-04 07:03:51','2021-06-04 07:03:51','1/338/384/454/458','4','4','0'),('459',3,'454','2021-06-04 07:04:33','2021-06-04 07:04:33','1/338/384/454/459','5','4','0'),('460',3,'387','2021-06-04 07:06:21','2021-06-04 07:10:14','1/338/387/460','1','3','5'),('461',3,'460','2021-06-04 07:07:39','2021-06-04 07:07:39','1/338/387/460/461','1','4','0'),('462',3,'460','2021-06-04 07:08:14','2021-06-04 07:08:14','1/338/387/460/462','2','4','0'),('463',3,'460','2021-06-04 07:08:56','2021-06-04 07:08:56','1/338/387/460/463','3','4','0'),('464',3,'460','2021-06-04 07:09:33','2021-06-04 07:09:33','1/338/387/460/464','4','4','0'),('465',3,'460','2021-06-04 07:10:14','2021-06-04 07:10:14','1/338/387/460/465','5','4','0'),('466',3,'387','2021-06-04 07:11:00','2021-06-04 07:14:26','1/338/387/466','2','3','5'),('467',3,'466','2021-06-04 07:11:47','2021-06-04 07:11:47','1/338/387/466/467','1','4','0'),('468',3,'466','2021-06-04 07:12:26','2021-06-04 07:12:26','1/338/387/466/468','2','4','0'),('469',3,'466','2021-06-04 07:13:05','2021-06-04 07:13:05','1/338/387/466/469','3','4','0'),('470',3,'466','2021-06-04 07:13:47','2021-06-04 07:13:47','1/338/387/466/470','4','4','0'),('471',3,'466','2021-06-04 07:14:26','2021-06-04 07:14:26','1/338/387/466/471','5','4','0'),('472',3,'387','2021-06-04 07:15:11','2021-06-04 07:18:44','1/338/387/472','3','3','5'),('473',3,'472','2021-06-04 07:15:57','2021-06-04 07:15:57','1/338/387/472/473','1','4','0'),('474',3,'472','2021-06-04 07:16:39','2021-06-04 07:16:39','1/338/387/472/474','2','4','0'),('475',3,'472','2021-06-04 07:17:20','2021-06-04 07:17:20','1/338/387/472/475','3','4','0'),('476',3,'472','2021-06-04 07:18:06','2021-06-04 07:18:06','1/338/387/472/476','4','4','0'),('477',3,'472','2021-06-04 07:18:44','2021-06-04 07:18:44','1/338/387/472/477','5','4','0'),('478',3,'387','2021-06-04 07:19:43','2021-06-04 07:23:47','1/338/387/478','4','3','5'),('479',3,'478','2021-06-04 07:20:38','2021-06-04 07:20:38','1/338/387/478/479','1','4','0'),('480',3,'478','2021-06-04 07:21:19','2021-06-04 07:21:19','1/338/387/478/480','2','4','0'),('481',3,'478','2021-06-04 07:22:00','2021-06-04 07:22:00','1/338/387/478/481','3','4','0'),('482',3,'478','2021-06-04 07:22:41','2021-06-04 07:22:41','1/338/387/478/482','4','4','0'),('483',3,'478','2021-06-04 07:23:47','2021-06-04 07:23:47','1/338/387/478/483','5','4','0'),('484',3,'388','2021-06-04 07:24:30','2021-06-04 07:24:30','1/338/388/484','1','3','0'),('485',3,'388','2021-06-04 07:25:08','2021-06-04 07:25:09','1/338/388/485','2','3','0'),('486',3,'388','2021-06-04 07:25:43','2021-06-04 07:25:43','1/338/388/486','3','3','0'),('487',3,'388','2021-06-04 07:26:25','2021-06-04 07:26:25','1/338/388/487','4','3','0'),('488',3,'338','2021-06-04 07:32:14','2021-06-07 10:15:00','1/338/488','13','2','0'),('489',3,'338','2021-06-04 07:33:17','2021-06-07 10:14:28','1/338/489','14','2','10'),('490',3,'489','2021-06-04 07:34:25','2021-06-04 07:37:22','1/338/489/490','1','3','4'),('491',3,'490','2021-06-04 07:35:19','2021-06-04 07:35:19','1/338/489/490/491','1','4','0'),('492',3,'490','2021-06-04 07:36:06','2021-06-04 07:36:06','1/338/489/490/492','2','4','0'),('493',3,'490','2021-06-04 07:36:42','2021-06-04 07:36:43','1/338/489/490/493','3','4','0'),('494',3,'490','2021-06-04 07:37:22','2021-06-04 07:37:22','1/338/489/490/494','4','4','0'),('495',3,'489','2021-06-04 07:38:16','2021-06-04 07:41:01','1/338/489/495','2','3','4'),('496',3,'495','2021-06-04 07:39:00','2021-06-04 07:39:00','1/338/489/495/496','1','4','0'),('497',3,'495','2021-06-04 07:39:38','2021-06-04 07:39:38','1/338/489/495/497','2','4','0'),('498',3,'495','2021-06-04 07:40:18','2021-06-04 07:40:18','1/338/489/495/498','3','4','0'),('499',3,'495','2021-06-04 07:41:01','2021-06-04 07:41:01','1/338/489/495/499','4','4','0'),('500',3,'338','2021-06-04 07:42:35','2021-06-07 10:13:51','1/338/500','15','2','0');

--
-- Table structure for table `catalog_category_entity_datetime`
--

CREATE TABLE `catalog_category_entity_datetime` (
  `value_id` int(11) NOT NULL AUTO_INCREMENT COMMENT 'Value ID',
  `attribute_id` smallint(5) unsigned NOT NULL DEFAULT 0 COMMENT 'Attribute ID',
  `store_id` smallint(5) unsigned NOT NULL DEFAULT 0 COMMENT 'Store ID',
  `entity_id` int(10) unsigned NOT NULL DEFAULT 0 COMMENT 'Entity ID',
  `value` datetime DEFAULT NULL COMMENT 'Value',
  PRIMARY KEY (`value_id`),
  UNIQUE KEY `CATALOG_CATEGORY_ENTITY_DATETIME_ENTITY_ID_ATTRIBUTE_ID_STORE_ID` (`entity_id`,`attribute_id`,`store_id`),
  KEY `CATALOG_CATEGORY_ENTITY_DATETIME_ENTITY_ID` (`entity_id`),
  KEY `CATALOG_CATEGORY_ENTITY_DATETIME_ATTRIBUTE_ID` (`attribute_id`),
  KEY `CATALOG_CATEGORY_ENTITY_DATETIME_STORE_ID` (`store_id`)
) ENGINE=InnoDB AUTO_INCREMENT=217 DEFAULT CHARSET=utf8 COMMENT='Catalog Category Datetime Attribute Backend Table';

--
-- Dumping data for table `catalog_category_entity_datetime`
--

INSERT INTO `catalog_category_entity_datetime` VALUES ('87',61,0,'335',NULL),('88',62,0,'335',NULL),('89',61,0,'333',NULL),('90',62,0,'333',NULL),('91',61,0,'334',NULL),('92',62,0,'334',NULL),('93',61,0,'331',NULL),('94',62,0,'331',NULL),('95',61,0,'332',NULL),('96',62,0,'332',NULL),('97',61,0,'320',NULL),('98',62,0,'320',NULL),('99',61,0,'255',NULL),('100',62,0,'255',NULL),('101',61,0,'256',NULL),('102',62,0,'256',NULL),('103',61,0,'2',NULL),('104',62,0,'2',NULL),('105',61,0,'282',NULL),('106',62,0,'282',NULL),('107',61,0,'281',NULL),('108',62,0,'281',NULL),('109',61,0,'3',NULL),('110',62,0,'3',NULL),('111',61,0,'339',NULL),('112',62,0,'339',NULL),('119',61,0,'371',NULL),('120',62,0,'371',NULL),('121',61,0,'372',NULL),('122',62,0,'372',NULL),('123',61,0,'373',NULL),('124',62,0,'373',NULL),('127',61,0,'384',NULL),('128',62,0,'384',NULL),('129',61,0,'386',NULL),('130',62,0,'386',NULL),('131',61,0,'387',NULL),('132',62,0,'387',NULL),('133',61,0,'388',NULL),('134',62,0,'388',NULL),('135',61,0,'338',NULL),('136',62,0,'338',NULL),('137',61,0,'356',NULL),('138',62,0,'356',NULL),('139',61,0,'357',NULL),('140',62,0,'357',NULL),('141',61,0,'358',NULL),('142',62,0,'358',NULL),('147',61,0,'369',NULL),('148',62,0,'369',NULL),('151',61,0,'378',NULL),('152',62,0,'378',NULL),('161',61,0,'362',NULL),('162',62,0,'362',NULL),('177',61,0,'347',NULL),('178',62,0,'347',NULL),('183',61,0,'375',NULL),('184',62,0,'375',NULL),('185',61,0,'350',NULL),('186',62,0,'350',NULL),('193',61,0,'354',NULL),('194',62,0,'354',NULL),('197',61,0,'391',NULL),('198',62,0,'391',NULL),('199',61,0,'342',NULL),('200',62,0,'342',NULL),('201',61,0,'340',NULL),('202',62,0,'340',NULL),('203',61,0,'397',NULL),('204',62,0,'397',NULL),('205',61,0,'370',NULL),('206',62,0,'370',NULL),('207',61,0,'500',NULL),('208',62,0,'500',NULL),('209',61,0,'489',NULL),('210',62,0,'489',NULL),('211',61,0,'488',NULL),('212',62,0,'488',NULL),('213',61,0,'381',NULL),('214',62,0,'381',NULL),('215',61,0,'382',NULL),('216',62,0,'382',NULL);

--
-- Table structure for table `catalog_category_entity_decimal`
--

CREATE TABLE `catalog_category_entity_decimal` (
  `value_id` int(11) NOT NULL AUTO_INCREMENT COMMENT 'Value ID',
  `attribute_id` smallint(5) unsigned NOT NULL DEFAULT 0 COMMENT 'Attribute ID',
  `store_id` smallint(5) unsigned NOT NULL DEFAULT 0 COMMENT 'Store ID',
  `entity_id` int(10) unsigned NOT NULL DEFAULT 0 COMMENT 'Entity ID',
  `value` decimal(20,6) DEFAULT NULL COMMENT 'Value',
  PRIMARY KEY (`value_id`),
  UNIQUE KEY `CATALOG_CATEGORY_ENTITY_DECIMAL_ENTITY_ID_ATTRIBUTE_ID_STORE_ID` (`entity_id`,`attribute_id`,`store_id`),
  KEY `CATALOG_CATEGORY_ENTITY_DECIMAL_ENTITY_ID` (`entity_id`),
  KEY `CATALOG_CATEGORY_ENTITY_DECIMAL_ATTRIBUTE_ID` (`attribute_id`),
  KEY `CATALOG_CATEGORY_ENTITY_DECIMAL_STORE_ID` (`store_id`)
) ENGINE=InnoDB DEFAULT CHARSET=utf8 COMMENT='Catalog Category Decimal Attribute Backend Table';

--
-- Table structure for table `catalog_category_entity_int`
--

CREATE TABLE `catalog_category_entity_int` (
  `value_id` int(11) NOT NULL AUTO_INCREMENT COMMENT 'Value ID',
  `attribute_id` smallint(5) unsigned NOT NULL DEFAULT 0 COMMENT 'Attribute ID',
  `store_id` smallint(5) unsigned NOT NULL DEFAULT 0 COMMENT 'Store ID',
  `entity_id` int(10) unsigned NOT NULL DEFAULT 0 COMMENT 'Entity ID',
  `value` int(11) DEFAULT NULL COMMENT 'Value',
  PRIMARY KEY (`value_id`),
  UNIQUE KEY `CATALOG_CATEGORY_ENTITY_INT_ENTITY_ID_ATTRIBUTE_ID_STORE_ID` (`entity_id`,`attribute_id`,`store_id`),
  KEY `CATALOG_CATEGORY_ENTITY_INT_ENTITY_ID` (`entity_id`),
  KEY `CATALOG_CATEGORY_ENTITY_INT_ATTRIBUTE_ID` (`attribute_id`),
  KEY `CATALOG_CATEGORY_ENTITY_INT_STORE_ID` (`store_id`)
) ENGINE=InnoDB AUTO_INCREMENT=2590 DEFAULT CHARSET=utf8 COMMENT='Catalog Category Integer Attribute Backend Table';

--
-- Dumping data for table `catalog_category_entity_int`
--

INSERT INTO `catalog_category_entity_int` VALUES ('1',69,0,'1','1'),('2',46,0,'2','1'),('3',69,0,'2','1'),('5',54,0,'2','1'),('6',70,0,'2','0'),('7',71,0,'2','0'),('8',46,0,'3','1'),('9',54,0,'3','1'),('10',69,0,'3','1'),('11',70,0,'3','0'),('12',71,0,'3','0'),('13',46,0,'4','1'),('14',54,0,'4','1'),('15',69,0,'4','1'),('16',70,0,'4','0'),('17',71,0,'4','0'),('18',46,0,'5','1'),('19',54,0,'5','1'),('20',69,0,'5','1'),('21',70,0,'5','0'),('22',71,0,'5','0'),('23',46,0,'6','1'),('24',54,0,'6','1'),('25',69,0,'6','1'),('26',70,0,'6','0'),('27',71,0,'6','0'),('28',46,0,'7','1'),('29',54,0,'7','1'),('30',69,0,'7','1'),('31',70,0,'7','0'),('32',71,0,'7','0'),('38',46,0,'9','1'),('39',54,0,'9','1'),('40',69,0,'9','1'),('41',70,0,'9','0'),('42',71,0,'9','0'),('43',46,0,'10','1'),('44',54,0,'10','1'),('45',69,0,'10','1'),('46',70,0,'10','0'),('47',71,0,'10','0'),('49',46,0,'11','1'),('50',54,0,'11','1'),('51',69,0,'11','1'),('52',70,0,'11','0'),('53',71,0,'11','0'),('54',46,0,'12','1'),('55',54,0,'12','1'),('56',69,0,'12','1'),('57',70,0,'12','0'),('58',71,0,'12','0'),('59',46,0,'13','1'),('60',54,0,'13','1'),('61',69,0,'13','1'),('62',70,0,'13','0'),('63',71,0,'13','0'),('64',46,0,'14','1'),('65',54,0,'14','1'),('66',69,0,'14','1'),('67',70,0,'14','0'),('68',71,0,'14','0'),('69',46,0,'15','1'),('70',54,0,'15','1'),('71',69,0,'15','1'),('72',70,0,'15','0'),('73',71,0,'15','0'),('74',46,0,'16','1'),('75',54,0,'16','1'),('76',69,0,'16','1'),('77',70,0,'16','0'),('78',71,0,'16','0'),('79',46,0,'17','1'),('80',54,0,'17','1'),('81',69,0,'17','1'),('82',70,0,'17','0'),('83',71,0,'17','0'),('84',46,0,'18','1'),('85',54,0,'18','1'),('86',69,0,'18','1'),('87',70,0,'18','0'),('88',71,0,'18','0'),('89',46,0,'19','1'),('90',54,0,'19','1'),('91',69,0,'19','1'),('92',70,0,'19','0'),('93',71,0,'19','0'),('94',46,0,'20','1'),('95',54,0,'20','1'),('96',69,0,'20','1'),('97',70,0,'20','0'),('98',71,0,'20','0'),('99',46,0,'21','1'),('100',54,0,'21','1'),('101',69,0,'21','1'),('102',70,0,'21','0'),('103',71,0,'21','0'),('104',46,0,'22','1'),('105',54,0,'22','1'),('106',69,0,'22','1'),('107',70,0,'22','0'),('108',71,0,'22','0'),('109',46,0,'23','1'),('110',54,0,'23','1'),('111',69,0,'23','1'),('112',70,0,'23','0'),('113',71,0,'23','0'),('114',46,0,'24','1'),('115',54,0,'24','1'),('116',69,0,'24','1'),('117',70,0,'24','0'),('118',71,0,'24','0'),('119',46,0,'25','1'),('120',54,0,'25','1'),('121',69,0,'25','1'),('122',70,0,'25','0'),('123',71,0,'25','0'),('124',46,0,'26','1'),('125',54,0,'26','1'),('126',69,0,'26','1'),('127',70,0,'26','0'),('128',71,0,'26','0'),('129',46,0,'27','1'),('130',54,0,'27','1'),('131',69,0,'27','1'),('132',70,0,'27','0'),('133',71,0,'27','0'),('134',46,0,'28','1'),('135',54,0,'28','1'),('136',69,0,'28','1'),('137',70,0,'28','0'),('138',71,0,'28','0'),('139',46,0,'29','1'),('140',54,0,'29','1'),('141',69,0,'29','1'),('142',70,0,'29','0'),('143',71,0,'29','0'),('144',46,0,'30','1'),('145',54,0,'30','1'),('146',69,0,'30','1'),('147',70,0,'30','0'),('148',71,0,'30','0'),('149',46,0,'31','1'),('150',54,0,'31','1'),('151',69,0,'31','1'),('152',70,0,'31','0'),('153',71,0,'31','0'),('154',46,0,'32','1'),('155',54,0,'32','1'),('156',69,0,'32','1'),('157',70,0,'32','0'),('158',71,0,'32','0'),('159',46,0,'33','1'),('160',54,0,'33','1'),('161',69,0,'33','1'),('162',70,0,'33','0'),('163',71,0,'33','0'),('164',46,0,'34','1'),('165',54,0,'34','1'),('166',69,0,'34','1'),('167',70,0,'34','0'),('168',71,0,'34','0'),('169',46,0,'35','1'),('170',54,0,'35','1'),('171',69,0,'35','1'),('172',70,0,'35','0'),('173',71,0,'35','0'),('175',46,0,'36','1'),('176',54,0,'36','1'),('177',69,0,'36','1'),('178',70,0,'36','0'),('179',71,0,'36','0'),('180',46,0,'37','1'),('181',54,0,'37','1'),('182',69,0,'37','1'),('183',70,0,'37','0'),('184',71,0,'37','0'),('185',46,0,'38','1'),('186',54,0,'38','1'),('187',69,0,'38','1'),('188',70,0,'38','0'),('189',71,0,'38','0'),('190',46,0,'39','1'),('191',54,0,'39','1'),('192',69,0,'39','1'),('193',70,0,'39','0'),('194',71,0,'39','0'),('195',46,0,'40','1'),('196',54,0,'40','1'),('197',69,0,'40','1'),('198',70,0,'40','0'),('199',71,0,'40','0'),('210',46,0,'43','1'),('211',54,0,'43','1'),('212',69,0,'43','1'),('213',70,0,'43','0'),('214',71,0,'43','0'),('215',46,0,'44','1'),('216',54,0,'44','1'),('217',69,0,'44','1'),('218',70,0,'44','0'),('219',71,0,'44','0'),('220',46,0,'45','1'),('221',54,0,'45','1'),('222',69,0,'45','1'),('223',70,0,'45','0'),('224',71,0,'45','0'),('225',46,0,'46','1'),('226',54,0,'46','1'),('227',69,0,'46','1'),('228',70,0,'46','0'),('229',71,0,'46','0'),('230',46,0,'47','1'),('231',54,0,'47','1'),('232',69,0,'47','1'),('233',70,0,'47','0'),('234',71,0,'47','0'),('764',46,0,'150','1'),('765',54,0,'150','1'),('766',69,0,'150','1'),('767',70,0,'150','0'),('768',71,0,'150','0'),('769',46,0,'151','1'),('770',54,0,'151','1'),('771',69,0,'151','1'),('772',70,0,'151','0'),('773',71,0,'151','0'),('774',46,0,'152','1'),('775',54,0,'152','1'),('776',69,0,'152','1'),('777',70,0,'152','0'),('778',71,0,'152','0'),('779',46,0,'153','1'),('780',54,0,'153','1'),('781',69,0,'153','1'),('782',70,0,'153','0'),('783',71,0,'153','0'),('784',46,0,'154','1'),('785',54,0,'154','1'),('786',69,0,'154','1'),('787',70,0,'154','0'),('788',71,0,'154','0'),('789',46,0,'155','1'),('790',54,0,'155','1'),('791',69,0,'155','1'),('792',70,0,'155','0'),('793',71,0,'155','0'),('794',46,0,'156','1'),('795',54,0,'156','1'),('796',69,0,'156','1'),('797',70,0,'156','0'),('798',71,0,'156','0'),('799',46,0,'157','1'),('800',54,0,'157','1'),('801',69,0,'157','1'),('802',70,0,'157','0'),('803',71,0,'157','0'),('804',46,0,'158','1'),('805',54,0,'158','1'),('806',69,0,'158','1'),('807',70,0,'158','0'),('808',71,0,'158','0'),('809',46,0,'159','1'),('810',54,0,'159','1'),('811',69,0,'159','0'),('812',70,0,'159','0'),('813',71,0,'159','0'),('814',46,0,'160','1'),('815',54,0,'160','1'),('816',69,0,'160','1'),('817',70,0,'160','0'),('818',71,0,'160','0'),('819',46,0,'161','1'),('820',54,0,'161','1'),('821',69,0,'161','1'),('822',70,0,'161','0'),('823',71,0,'161','0'),('824',46,0,'162','1'),('825',54,0,'162','1'),('826',69,0,'162','1'),('827',70,0,'162','0'),('828',71,0,'162','0'),('829',46,0,'163','1'),('830',54,0,'163','1'),('831',69,0,'163','1'),('832',70,0,'163','0'),('833',71,0,'163','0'),('834',46,0,'164','1'),('835',54,0,'164','1'),('836',69,0,'164','1'),('837',70,0,'164','0'),('838',71,0,'164','0'),('839',46,0,'165','1'),('840',54,0,'165','1'),('841',69,0,'165','1'),('842',70,0,'165','0'),('843',71,0,'165','0'),('844',46,0,'166','1'),('845',54,0,'166','1'),('846',69,0,'166','1'),('847',70,0,'166','0'),('848',71,0,'166','0'),('849',46,0,'167','1'),('850',54,0,'167','1'),('851',69,0,'167','1'),('852',70,0,'167','0'),('853',71,0,'167','0'),('854',46,0,'168','1'),('855',54,0,'168','1'),('856',69,0,'168','1'),('857',70,0,'168','0'),('858',71,0,'168','0'),('859',46,0,'169','1'),('860',54,0,'169','1'),('861',69,0,'169','1'),('862',70,0,'169','0'),('863',71,0,'169','0'),('864',46,0,'170','1'),('865',54,0,'170','1'),('866',69,0,'170','1'),('867',70,0,'170','0'),('868',71,0,'170','0'),('869',46,0,'171','1'),('870',54,0,'171','1'),('871',69,0,'171','1'),('872',70,0,'171','0'),('873',71,0,'171','0'),('874',46,0,'172','1'),('875',54,0,'172','1'),('876',69,0,'172','1'),('877',70,0,'172','0'),('878',71,0,'172','0'),('879',46,0,'173','1'),('880',54,0,'173','1'),('881',69,0,'173','1'),('882',70,0,'173','0'),('883',71,0,'173','0'),('884',46,0,'174','1'),('885',54,0,'174','1'),('886',69,0,'174','1'),('887',70,0,'174','0'),('888',71,0,'174','0'),('889',46,0,'175','1'),('890',54,0,'175','1'),('891',69,0,'175','1'),('892',70,0,'175','0'),('893',71,0,'175','0'),('894',46,0,'176','1'),('895',54,0,'176','1'),('896',69,0,'176','1'),('897',70,0,'176','0'),('898',71,0,'176','0'),('899',46,0,'177','1'),('900',54,0,'177','1'),('901',69,0,'177','1'),('902',70,0,'177','0'),('903',71,0,'177','0'),('904',46,0,'178','1'),('905',54,0,'178','1'),('906',69,0,'178','1'),('907',70,0,'178','0'),('908',71,0,'178','0'),('909',46,0,'179','1'),('910',54,0,'179','1'),('911',69,0,'179','1'),('912',70,0,'179','0'),('913',71,0,'179','0'),('914',46,0,'180','1'),('915',54,0,'180','1'),('916',69,0,'180','0'),('917',70,0,'180','0'),('918',71,0,'180','0'),('919',46,0,'181','1'),('920',54,0,'181','1'),('921',69,0,'181','1'),('922',70,0,'181','0'),('923',71,0,'181','0'),('924',46,0,'182','1'),('925',54,0,'182','1'),('926',69,0,'182','1'),('927',70,0,'182','0'),('928',71,0,'182','0'),('929',46,0,'183','1'),('930',54,0,'183','1'),('931',69,0,'183','1'),('932',70,0,'183','0'),('933',71,0,'183','0'),('934',46,0,'184','1'),('935',54,0,'184','1'),('936',69,0,'184','1'),('937',70,0,'184','0'),('938',71,0,'184','0'),('939',46,0,'185','1'),('940',54,0,'185','1'),('941',69,0,'185','1'),('942',70,0,'185','0'),('943',71,0,'185','0'),('944',46,0,'186','1'),('945',54,0,'186','1'),('946',69,0,'186','1'),('947',70,0,'186','0'),('948',71,0,'186','0'),('949',46,0,'187','1'),('950',54,0,'187','1'),('951',69,0,'187','1'),('952',70,0,'187','0'),('953',71,0,'187','0'),('954',46,0,'188','1'),('955',54,0,'188','1'),('956',69,0,'188','1'),('957',70,0,'188','0'),('958',71,0,'188','0'),('959',46,0,'189','1'),('960',54,0,'189','1'),('961',69,0,'189','1'),('962',70,0,'189','0'),('963',71,0,'189','0'),('964',46,0,'190','1'),('965',54,0,'190','1'),('966',69,0,'190','1'),('967',70,0,'190','0'),('968',71,0,'190','0'),('969',46,0,'191','1'),('970',54,0,'191','1'),('971',69,0,'191','1'),('972',70,0,'191','0'),('973',71,0,'191','0'),('974',46,0,'192','1'),('975',54,0,'192','1'),('976',69,0,'192','1'),('977',70,0,'192','0'),('978',71,0,'192','0'),('979',46,0,'193','1'),('980',54,0,'193','1'),('981',69,0,'193','1'),('982',70,0,'193','0'),('983',71,0,'193','0'),('984',46,0,'194','1'),('985',54,0,'194','1'),('986',69,0,'194','1'),('987',70,0,'194','0'),('988',71,0,'194','0'),('989',46,0,'195','1'),('990',54,0,'195','1'),('991',69,0,'195','1'),('992',70,0,'195','0'),('993',71,0,'195','0'),('994',46,0,'196','1'),('995',54,0,'196','1'),('996',69,0,'196','1'),('997',70,0,'196','0'),('998',71,0,'196','0'),('999',46,0,'197','1'),('1000',54,0,'197','1'),('1001',69,0,'197','1'),('1002',70,0,'197','0'),('1003',71,0,'197','0'),('1265',46,0,'246','1'),('1266',54,0,'246','1'),('1267',69,0,'246','1'),('1268',70,0,'246','0'),('1269',71,0,'246','0'),('1270',46,0,'247','1'),('1271',54,0,'247','1'),('1272',69,0,'247','1'),('1273',70,0,'247','0'),('1274',71,0,'247','0'),('1275',46,0,'248','1'),('1276',54,0,'248','1'),('1277',69,0,'248','1'),('1278',70,0,'248','0'),('1279',71,0,'248','0'),('1280',46,0,'249','1'),('1281',54,0,'249','1'),('1282',69,0,'249','1'),('1283',70,0,'249','0'),('1284',71,0,'249','0'),('1285',46,0,'250','1'),('1286',54,0,'250','1'),('1287',69,0,'250','1'),('1288',70,0,'250','0'),('1289',71,0,'250','0'),('1290',46,0,'251','1'),('1291',54,0,'251','1'),('1292',69,0,'251','1'),('1293',70,0,'251','0'),('1294',71,0,'251','0'),('1295',46,0,'252','1'),('1296',54,0,'252','1'),('1297',69,0,'252','1'),('1298',70,0,'252','0'),('1299',71,0,'252','0'),('1300',46,0,'253','1'),('1301',54,0,'253','1'),('1302',69,0,'253','1'),('1303',70,0,'253','0'),('1304',71,0,'253','0'),('1305',46,0,'254','1'),('1306',54,0,'254','1'),('1307',69,0,'254','1'),('1308',70,0,'254','0'),('1309',71,0,'254','0'),('1310',46,0,'255','1'),('1311',54,0,'255','1'),('1312',69,0,'255','1'),('1313',70,0,'255','0'),('1314',71,0,'255','0'),('1315',46,0,'256','1'),('1316',54,0,'256','1'),('1317',69,0,'256','1'),('1318',70,0,'256','0'),('1319',71,0,'256','0'),('1320',46,0,'257','1'),('1321',54,0,'257','1'),('1322',69,0,'257','1'),('1323',70,0,'257','0'),('1324',71,0,'257','0'),('1325',46,0,'258','1'),('1326',54,0,'258','1'),('1327',69,0,'258','1'),('1328',70,0,'258','0'),('1329',71,0,'258','0'),('1330',46,0,'259','1'),('1331',54,0,'259','1'),('1332',69,0,'259','1'),('1333',70,0,'259','0'),('1334',71,0,'259','0'),('1335',46,0,'260','1'),('1336',54,0,'260','1'),('1337',69,0,'260','1'),('1338',70,0,'260','0'),('1339',71,0,'260','0'),('1340',46,0,'261','1'),('1341',54,0,'261','1'),('1342',69,0,'261','1'),('1343',70,0,'261','0'),('1344',71,0,'261','0'),('1345',46,0,'262','1'),('1346',54,0,'262','1'),('1347',69,0,'262','1'),('1348',70,0,'262','0'),('1349',71,0,'262','0'),('1350',46,0,'263','1'),('1351',54,0,'263','1'),('1352',69,0,'263','1'),('1353',70,0,'263','0'),('1354',71,0,'263','0'),('1355',46,0,'264','1'),('1356',54,0,'264','1'),('1357',69,0,'264','1'),('1358',70,0,'264','0'),('1359',71,0,'264','0'),('1360',46,0,'265','1'),('1361',54,0,'265','1'),('1362',69,0,'265','1'),('1363',70,0,'265','0'),('1364',71,0,'265','0'),('1365',46,0,'266','1'),('1366',54,0,'266','1'),('1367',69,0,'266','1'),('1368',70,0,'266','0'),('1369',71,0,'266','0'),('1370',46,0,'267','1'),('1371',54,0,'267','1'),('1372',69,0,'267','1'),('1373',70,0,'267','0'),('1374',71,0,'267','0'),('1375',46,0,'268','1'),('1376',54,0,'268','1'),('1377',69,0,'268','1'),('1378',70,0,'268','0'),('1379',71,0,'268','0'),('1380',46,0,'269','1'),('1381',54,0,'269','1'),('1382',69,0,'269','1'),('1383',70,0,'269','0'),('1384',71,0,'269','0'),('1385',46,0,'270','1'),('1386',54,0,'270','1'),('1387',69,0,'270','1'),('1388',70,0,'270','0'),('1389',71,0,'270','0'),('1390',46,0,'271','1'),('1391',54,0,'271','1'),('1392',69,0,'271','1'),('1393',70,0,'271','0'),('1394',71,0,'271','0'),('1395',46,0,'272','1'),('1396',54,0,'272','1'),('1397',69,0,'272','1'),('1398',70,0,'272','0'),('1399',71,0,'272','0'),('1400',46,0,'273','1'),('1401',54,0,'273','1'),('1402',69,0,'273','1'),('1403',70,0,'273','0'),('1404',71,0,'273','0'),('1405',46,0,'274','1'),('1406',54,0,'274','1'),('1407',69,0,'274','1'),('1408',70,0,'274','0'),('1409',71,0,'274','0'),('1410',46,0,'275','1'),('1411',54,0,'275','1'),('1412',69,0,'275','1'),('1413',70,0,'275','0'),('1414',71,0,'275','0'),('1415',46,0,'276','1'),('1416',54,0,'276','1'),('1417',69,0,'276','1'),('1418',70,0,'276','0'),('1419',71,0,'276','0'),('1420',46,0,'277','1'),('1421',54,0,'277','1'),('1422',69,0,'277','1'),('1423',70,0,'277','0'),('1424',71,0,'277','0'),('1425',46,0,'278','1'),('1426',54,0,'278','1'),('1427',69,0,'278','1'),('1428',70,0,'278','0'),('1429',71,0,'278','0'),('1430',46,0,'279','1'),('1431',54,0,'279','1'),('1432',69,0,'279','1'),('1433',70,0,'279','0'),('1434',71,0,'279','0'),('1435',46,0,'280','1'),('1436',54,0,'280','1'),('1437',69,0,'280','1'),('1438',70,0,'280','0'),('1439',71,0,'280','0'),('1440',46,0,'281','1'),('1441',54,0,'281','1'),('1442',69,0,'281','1'),('1443',70,0,'281','0'),('1444',71,0,'281','0'),('1445',46,0,'282','1'),('1446',54,0,'282','1'),('1447',69,0,'282','1'),('1448',70,0,'282','0'),('1449',71,0,'282','0'),('1450',46,0,'283','1'),('1451',54,0,'283','1'),('1452',69,0,'283','1'),('1453',70,0,'283','0'),('1454',71,0,'283','0'),('1455',46,0,'284','1'),('1456',54,0,'284','1'),('1457',69,0,'284','1'),('1458',70,0,'284','0'),('1459',71,0,'284','0'),('1460',46,0,'285','1'),('1461',54,0,'285','1'),('1462',69,0,'285','1'),('1463',70,0,'285','0'),('1464',71,0,'285','0'),('1465',46,0,'286','1'),('1466',54,0,'286','1'),('1467',69,0,'286','1'),('1468',70,0,'286','0'),('1469',71,0,'286','0'),('1470',46,0,'287','1'),('1471',54,0,'287','1'),('1472',69,0,'287','1'),('1473',70,0,'287','0'),('1474',71,0,'287','0'),('1475',46,0,'288','1'),('1476',54,0,'288','1'),('1477',69,0,'288','1'),('1478',70,0,'288','0'),('1479',71,0,'288','0'),('1480',46,0,'289','1'),('1481',54,0,'289','1'),('1482',69,0,'289','1'),('1483',70,0,'289','0'),('1484',71,0,'289','0'),('1485',46,0,'290','1'),('1486',54,0,'290','1'),('1487',69,0,'290','1'),('1488',70,0,'290','0'),('1489',71,0,'290','0'),('1490',46,0,'291','1'),('1491',54,0,'291','1'),('1492',69,0,'291','1'),('1493',70,0,'291','0'),('1494',71,0,'291','0'),('1495',46,0,'292','1'),('1496',54,0,'292','1'),('1497',69,0,'292','1'),('1498',70,0,'292','0'),('1499',71,0,'292','0'),('1500',46,0,'293','1'),('1501',54,0,'293','1'),('1502',69,0,'293','1'),('1503',70,0,'293','0'),('1504',71,0,'293','0'),('1505',46,0,'294','1'),('1506',54,0,'294','1'),('1507',69,0,'294','1'),('1508',70,0,'294','0'),('1509',71,0,'294','0'),('1510',46,0,'295','1'),('1511',54,0,'295','1'),('1512',69,0,'295','1'),('1513',70,0,'295','0'),('1514',71,0,'295','0'),('1515',46,0,'296','1'),('1516',54,0,'296','1'),('1517',69,0,'296','1'),('1518',70,0,'296','0'),('1519',71,0,'296','0'),('1520',46,0,'297','1'),('1521',54,0,'297','1'),('1522',69,0,'297','1'),('1523',70,0,'297','0'),('1524',71,0,'297','0'),('1525',46,0,'298','1'),('1526',54,0,'298','1'),('1527',69,0,'298','1'),('1528',70,0,'298','0'),('1529',71,0,'298','0'),('1530',46,0,'299','1'),('1531',54,0,'299','1'),('1532',69,0,'299','1'),('1533',70,0,'299','0'),('1534',71,0,'299','0'),('1535',46,0,'300','1'),('1536',54,0,'300','1'),('1537',69,0,'300','1'),('1538',70,0,'300','0'),('1539',71,0,'300','0'),('1540',46,0,'301','1'),('1541',54,0,'301','1'),('1542',69,0,'301','1'),('1543',70,0,'301','0'),('1544',71,0,'301','0'),('1545',46,0,'302','1'),('1546',54,0,'302','1'),('1547',69,0,'302','1'),('1548',70,0,'302','0'),('1549',71,0,'302','0'),('1550',46,0,'303','1'),('1551',54,0,'303','1'),('1552',69,0,'303','1'),('1553',70,0,'303','0'),('1554',71,0,'303','0'),('1555',46,0,'304','1'),('1556',54,0,'304','1'),('1557',69,0,'304','1'),('1558',70,0,'304','0'),('1559',71,0,'304','0'),('1560',46,0,'305','1'),('1561',54,0,'305','1'),('1562',69,0,'305','1'),('1563',70,0,'305','0'),('1564',71,0,'305','0'),('1565',46,0,'306','1'),('1566',54,0,'306','1'),('1567',69,0,'306','1'),('1568',70,0,'306','0'),('1569',71,0,'306','0'),('1570',46,0,'307','1'),('1571',54,0,'307','1'),('1572',69,0,'307','1'),('1573',70,0,'307','0'),('1574',71,0,'307','0'),('1575',46,0,'308','1'),('1576',54,0,'308','1'),('1577',69,0,'308','1'),('1578',70,0,'308','0'),('1579',71,0,'308','0'),('1580',46,0,'309','1'),('1581',54,0,'309','1'),('1582',69,0,'309','1'),('1583',70,0,'309','0'),('1584',71,0,'309','0'),('1585',46,0,'310','1'),('1586',54,0,'310','1'),('1587',69,0,'310','1'),('1588',70,0,'310','0'),('1589',71,0,'310','0'),('1590',46,0,'311','1'),('1591',54,0,'311','1'),('1592',69,0,'311','1'),('1593',70,0,'311','0'),('1594',71,0,'311','0'),('1595',46,0,'312','1'),('1596',54,0,'312','1'),('1597',69,0,'312','1'),('1598',70,0,'312','0'),('1599',71,0,'312','0'),('1600',46,0,'313','1'),('1601',54,0,'313','1'),('1602',69,0,'313','1'),('1603',70,0,'313','0'),('1604',71,0,'313','0'),('1605',46,0,'314','1'),('1606',54,0,'314','1'),('1607',69,0,'314','1'),('1608',70,0,'314','0'),('1609',71,0,'314','0'),('1610',46,0,'315','1'),('1611',54,0,'315','1'),('1612',69,0,'315','1'),('1613',70,0,'315','0'),('1614',71,0,'315','0'),('1615',46,0,'316','1'),('1616',54,0,'316','1'),('1617',69,0,'316','1'),('1618',70,0,'316','0'),('1619',71,0,'316','0'),('1620',46,0,'317','1'),('1621',54,0,'317','1'),('1622',69,0,'317','1'),('1623',70,0,'317','0'),('1624',71,0,'317','0'),('1625',46,0,'318','1'),('1626',54,0,'318','1'),('1627',69,0,'318','1'),('1628',70,0,'318','0'),('1629',71,0,'318','0'),('1630',46,0,'319','1'),('1631',54,0,'319','1'),('1632',69,0,'319','1'),('1633',70,0,'319','0'),('1634',71,0,'319','0'),('1635',46,0,'320','1'),('1636',54,0,'320','1'),('1637',69,0,'320','1'),('1638',70,0,'320','0'),('1639',71,0,'320','0'),('1640',46,0,'321','1'),('1641',54,0,'321','1'),('1642',69,0,'321','1'),('1643',70,0,'321','0'),('1644',71,0,'321','0'),('1645',46,0,'322','1'),('1646',54,0,'322','1'),('1647',69,0,'322','1'),('1648',70,0,'322','0'),('1649',71,0,'322','0'),('1650',46,0,'323','1'),('1651',54,0,'323','1'),('1652',69,0,'323','1'),('1653',70,0,'323','0'),('1654',71,0,'323','0'),('1655',46,0,'324','1'),('1656',54,0,'324','1'),('1657',69,0,'324','1'),('1658',70,0,'324','0'),('1659',71,0,'324','0'),('1660',46,0,'325','1'),('1661',54,0,'325','1'),('1662',69,0,'325','1'),('1663',70,0,'325','0'),('1664',71,0,'325','0'),('1665',46,0,'326','1'),('1666',54,0,'326','1'),('1667',69,0,'326','1'),('1668',70,0,'326','0'),('1669',71,0,'326','0'),('1670',46,0,'327','1'),('1671',54,0,'327','1'),('1672',69,0,'327','1'),('1673',70,0,'327','0'),('1674',71,0,'327','0'),('1675',46,0,'328','1'),('1676',54,0,'328','1'),('1677',69,0,'328','1'),('1678',70,0,'328','0'),('1679',71,0,'328','0'),('1680',46,0,'329','1'),('1681',54,0,'329','1'),('1682',69,0,'329','1'),('1683',70,0,'329','0'),('1684',71,0,'329','0'),('1685',46,0,'330','1'),('1686',54,0,'330','1'),('1687',69,0,'330','1'),('1688',70,0,'330','0'),('1689',71,0,'330','0'),('1690',46,0,'331','1'),('1691',54,0,'331','1'),('1692',69,0,'331','1'),('1693',70,0,'331','0'),('1694',71,0,'331','0'),('1695',46,0,'332','1'),('1696',54,0,'332','1'),('1697',69,0,'332','1'),('1698',70,0,'332','0'),('1699',71,0,'332','0'),('1700',46,0,'333','1'),('1701',54,0,'333','1'),('1702',69,0,'333','1'),('1703',70,0,'333','0'),('1704',71,0,'333','0'),('1705',46,0,'334','1'),('1706',54,0,'334','1'),('1707',69,0,'334','1'),('1708',70,0,'334','0'),('1709',71,0,'334','0'),('1710',46,0,'335','1'),('1711',54,0,'335','1'),('1712',69,0,'335','1'),('1713',70,0,'335','0'),('1714',71,0,'335','0'),('1715',46,0,'336','1'),('1716',54,0,'336','1'),('1717',69,0,'336','1'),('1718',70,0,'336','0'),('1719',71,0,'336','0'),('1720',46,0,'337','1'),('1721',54,0,'337','1'),('1722',69,0,'337','1'),('1723',70,0,'337','0'),('1724',71,0,'337','0'),('1725',53,0,'335',NULL),('1726',53,0,'333',NULL),('1727',53,0,'334',NULL),('1728',53,0,'331',NULL),('1729',53,0,'332',NULL),('1730',53,0,'320',NULL),('1731',53,0,'255',NULL),('1732',53,0,'256',NULL),('1733',53,0,'2',NULL),('1734',53,0,'282',NULL),('1735',53,0,'281',NULL),('1736',53,0,'3',NULL),('1737',46,0,'338','1'),('1738',69,0,'338','1'),('1739',46,0,'339','1'),('1740',54,0,'339','1'),('1741',69,0,'339','1'),('1742',46,0,'340','1'),('1743',54,0,'340','1'),('1744',69,0,'340','1'),('1745',46,0,'341','1'),('1746',54,0,'341','1'),('1747',69,0,'341','1'),('1748',46,0,'342','1'),('1749',54,0,'342','1'),('1750',69,0,'342','1'),('1754',46,0,'344','1'),('1755',54,0,'344','1'),('1756',69,0,'344','1'),('1757',46,0,'345','1'),('1758',54,0,'345','1'),('1759',69,0,'345','1'),('1760',46,0,'346','1'),('1761',54,0,'346','1'),('1762',69,0,'346','1'),('1763',46,0,'347','1'),('1764',54,0,'347','1'),('1765',69,0,'347','1'),('1766',46,0,'348','1'),('1767',54,0,'348','1'),('1768',69,0,'348','1'),('1769',46,0,'349','1'),('1770',54,0,'349','1'),('1771',69,0,'349','1'),('1772',46,0,'350','1'),('1773',54,0,'350','1'),('1774',69,0,'350','1'),('1775',46,0,'351','1'),('1776',54,0,'351','1'),('1777',69,0,'351','1'),('1778',46,0,'352','1'),('1779',54,0,'352','1'),('1780',69,0,'352','1'),('1781',46,0,'353','1'),('1782',54,0,'353','1'),('1783',69,0,'353','1'),('1784',46,0,'354','1'),('1785',54,0,'354','1'),('1786',69,0,'354','1'),('1787',46,0,'355','1'),('1788',54,0,'355','1'),('1789',69,0,'355','1'),('1790',46,0,'356','1'),('1791',54,0,'356','1'),('1792',69,0,'356','1'),('1793',46,0,'357','1'),('1794',54,0,'357','1'),('1795',69,0,'357','1'),('1796',46,0,'358','1'),('1797',54,0,'358','1'),('1798',69,0,'358','1'),('1799',46,0,'359','1'),('1800',54,0,'359','1'),('1801',69,0,'359','1'),('1802',46,0,'360','1'),('1803',54,0,'360','1'),('1804',69,0,'360','1'),('1808',46,0,'362','1'),('1809',54,0,'362','1'),('1810',69,0,'362','1'),('1811',46,0,'363','1'),('1812',54,0,'363','1'),('1813',69,0,'363','1'),('1814',46,0,'364','1'),('1815',54,0,'364','1'),('1816',69,0,'364','1'),('1817',46,0,'365','1'),('1818',54,0,'365','1'),('1819',69,0,'365','1'),('1829',46,0,'369','1'),('1830',54,0,'369','1'),('1831',69,0,'369','1'),('1832',46,0,'370','1'),('1833',54,0,'370','1'),('1834',69,0,'370','1'),('1835',46,0,'371','1'),('1836',54,0,'371','1'),('1837',69,0,'371','1'),('1838',46,0,'372','1'),('1839',54,0,'372','1'),('1840',69,0,'372','1'),('1841',46,0,'373','1'),('1842',54,0,'373','1'),('1843',69,0,'373','1'),('1847',46,0,'375','1'),('1848',54,0,'375','1'),('1849',69,0,'375','1'),('1850',46,0,'376','1'),('1851',54,0,'376','1'),('1852',69,0,'376','1'),('1853',46,0,'377','1'),('1854',54,0,'377','1'),('1855',69,0,'377','1'),('1856',46,0,'378','1'),('1857',54,0,'378','1'),('1858',69,0,'378','1'),('1859',46,0,'379','1'),('1860',54,0,'379','1'),('1861',69,0,'379','1'),('1862',46,0,'380','1'),('1863',54,0,'380','1'),('1864',69,0,'380','1'),('1865',46,0,'381','1'),('1866',54,0,'381','1'),('1867',69,0,'381','1'),('1868',46,0,'382','1'),('1869',54,0,'382','1'),('1870',69,0,'382','1'),('1874',46,0,'384','1'),('1875',54,0,'384','1'),('1876',69,0,'384','1'),('1880',46,0,'386','1'),('1881',54,0,'386','1'),('1882',69,0,'386','1'),('1883',46,0,'387','1'),('1884',54,0,'387','1'),('1885',69,0,'387','1'),('1886',46,0,'388','1'),('1887',54,0,'388','1'),('1888',69,0,'388','1'),('1895',46,0,'391','1'),('1896',54,0,'391','1'),('1897',69,0,'391','1'),('1898',53,0,'339',NULL),('1899',70,0,'339','0'),('1900',71,0,'339','0'),('1902',70,0,'340','0'),('1903',71,0,'340','0'),('1905',70,0,'341','0'),('1906',71,0,'341','0'),('1908',70,0,'342','0'),('1909',71,0,'342','0'),('1910',53,0,'371',NULL),('1911',70,0,'371','0'),('1912',71,0,'371','0'),('1913',53,0,'372',NULL),('1914',70,0,'372','0'),('1915',71,0,'372','0'),('1916',53,0,'373',NULL),('1917',70,0,'373','0'),('1918',71,0,'373','0'),('1920',70,0,'376','0'),('1921',71,0,'376','0'),('1922',53,0,'384',NULL),('1923',70,0,'384','0'),('1924',71,0,'384','0'),('1925',53,0,'386',NULL),('1926',70,0,'386','0'),('1927',71,0,'386','0'),('1928',53,0,'387',NULL),('1929',70,0,'387','0'),('1930',71,0,'387','0'),('1931',53,0,'388',NULL),('1932',70,0,'388','0'),('1933',71,0,'388','0'),('1934',53,0,'338',NULL),('1935',54,0,'338','1'),('1936',70,0,'338','0'),('1937',71,0,'338','0'),('1938',53,0,'356',NULL),('1939',70,0,'356','0'),('1940',71,0,'356','0'),('1941',53,0,'357',NULL),('1942',70,0,'357','0'),('1943',71,0,'357','0'),('1944',53,0,'358',NULL),('1945',70,0,'358','0'),('1946',71,0,'358','0'),('1948',70,0,'359','0'),('1949',71,0,'359','0'),('1951',70,0,'360','0'),('1952',71,0,'360','0'),('1953',53,0,'369',NULL),('1954',70,0,'369','0'),('1955',71,0,'369','0'),('1957',70,0,'370','0'),('1958',71,0,'370','0'),('1959',46,0,'392','1'),('1960',54,0,'392','1'),('1961',69,0,'392','1'),('1962',70,0,'392','0'),('1963',71,0,'392','0'),('1964',46,0,'393','1'),('1965',54,0,'393','1'),('1966',69,0,'393','1'),('1967',70,0,'393','0'),('1968',71,0,'393','0'),('1969',46,0,'394','1'),('1970',54,0,'394','1'),('1971',69,0,'394','1'),('1972',70,0,'394','0'),('1973',71,0,'394','0'),('1974',53,0,'378',NULL),('1975',70,0,'378','0'),('1976',71,0,'378','0'),('1978',70,0,'379','0'),('1979',71,0,'379','0'),('1981',70,0,'380','0'),('1982',71,0,'380','0'),('1984',70,0,'381','0'),('1985',71,0,'381','0'),('1987',70,0,'382','0'),('1988',71,0,'382','0'),('1989',53,0,'362',NULL),('1990',70,0,'362','0'),('1991',71,0,'362','0'),('1993',70,0,'363','0'),('1994',71,0,'363','0'),('1996',70,0,'364','0'),('1997',71,0,'364','0'),('1999',70,0,'365','0'),('2000',71,0,'365','0'),('2001',46,0,'395','1'),('2002',54,0,'395','1'),('2003',69,0,'395','1'),('2004',70,0,'395','0'),('2005',71,0,'395','0'),('2006',46,0,'396','1'),('2007',54,0,'396','1'),('2008',69,0,'396','1'),('2009',70,0,'396','0'),('2010',71,0,'396','0'),('2011',46,0,'397','1'),('2012',54,0,'397','1'),('2013',69,0,'397','1'),('2014',70,0,'397','0'),('2015',71,0,'397','0'),('2016',46,0,'398','1'),('2017',54,0,'398','1'),('2018',69,0,'398','1'),('2019',70,0,'398','0'),('2020',71,0,'398','0'),('2021',46,0,'399','1'),('2022',54,0,'399','1'),('2023',69,0,'399','1'),('2024',70,0,'399','0'),('2025',71,0,'399','0'),('2026',46,0,'400','1'),('2027',54,0,'400','1'),('2028',69,0,'400','1'),('2029',70,0,'400','0'),('2030',71,0,'400','0'),('2031',46,0,'401','1'),('2032',54,0,'401','1'),('2033',69,0,'401','1'),('2034',70,0,'401','0'),('2035',71,0,'401','0'),('2036',46,0,'402','1'),('2037',54,0,'402','1'),('2038',69,0,'402','1'),('2039',70,0,'402','0'),('2040',71,0,'402','0'),('2041',46,0,'403','1'),('2042',54,0,'403','1'),('2043',69,0,'403','1'),('2044',70,0,'403','0'),('2045',71,0,'403','0'),('2046',46,0,'404','1'),('2047',54,0,'404','1'),('2048',69,0,'404','1'),('2049',70,0,'404','0'),('2050',71,0,'404','0'),('2051',46,0,'405','1'),('2052',54,0,'405','1'),('2053',69,0,'405','1'),('2054',70,0,'405','0'),('2055',71,0,'405','0'),('2056',46,0,'406','1'),('2057',54,0,'406','1'),('2058',69,0,'406','1'),('2059',70,0,'406','0'),('2060',71,0,'406','0'),('2061',46,0,'407','1'),('2062',54,0,'407','1'),('2063',69,0,'407','1'),('2064',70,0,'407','0'),('2065',71,0,'407','0'),('2066',46,0,'408','1'),('2067',54,0,'408','1'),('2068',69,0,'408','1'),('2069',70,0,'408','0'),('2070',71,0,'408','0'),('2071',46,0,'409','1'),('2072',54,0,'409','1'),('2073',69,0,'409','1'),('2074',70,0,'409','0'),('2075',71,0,'409','0'),('2076',46,0,'410','1'),('2077',54,0,'410','1'),('2078',69,0,'410','1'),('2079',70,0,'410','0'),('2080',71,0,'410','0'),('2081',46,0,'411','1'),('2082',54,0,'411','1'),('2083',69,0,'411','1'),('2084',70,0,'411','0'),('2085',71,0,'411','0'),('2086',46,0,'412','1'),('2087',54,0,'412','1'),('2088',69,0,'412','1'),('2089',70,0,'412','0'),('2090',71,0,'412','0'),('2091',46,0,'413','1'),('2092',54,0,'413','1'),('2093',69,0,'413','1'),('2094',70,0,'413','0'),('2095',71,0,'413','0'),('2096',46,0,'414','1'),('2097',54,0,'414','1'),('2098',69,0,'414','1'),('2099',70,0,'414','0'),('2100',71,0,'414','0'),('2102',70,0,'344','0'),('2103',71,0,'344','0'),('2105',70,0,'345','0'),('2106',71,0,'345','0'),('2108',70,0,'346','0'),('2109',71,0,'346','0'),('2111',70,0,'377','0'),('2112',71,0,'377','0'),('2113',46,0,'415','1'),('2114',54,0,'415','1'),('2115',69,0,'415','1'),('2116',70,0,'415','0'),('2117',71,0,'415','0'),('2118',53,0,'347',NULL),('2119',70,0,'347','0'),('2120',71,0,'347','0'),('2122',70,0,'348','0'),('2123',71,0,'348','0'),('2125',70,0,'349','0'),('2126',71,0,'349','0'),('2127',53,0,'375',NULL),('2128',70,0,'375','0'),('2129',71,0,'375','0'),('2130',46,0,'416','1'),('2131',54,0,'416','1'),('2132',69,0,'416','1'),('2133',70,0,'416','0'),('2134',71,0,'416','0'),('2135',53,0,'350',NULL),('2136',70,0,'350','0'),('2137',71,0,'350','0'),('2139',70,0,'351','0'),('2140',71,0,'351','0'),('2142',70,0,'352','0'),('2143',71,0,'352','0'),('2145',70,0,'353','0'),('2146',71,0,'353','0'),('2147',46,0,'417','1'),('2148',54,0,'417','1'),('2149',69,0,'417','1'),('2150',70,0,'417','0'),('2151',71,0,'417','0'),('2152',46,0,'418','1'),('2153',54,0,'418','1'),('2154',69,0,'418','1'),('2155',70,0,'418','0'),('2156',71,0,'418','0'),('2157',53,0,'354',NULL),('2158',70,0,'354','0'),('2159',71,0,'354','0'),('2161',70,0,'355','0'),('2162',71,0,'355','0'),('2163',46,0,'419','1'),('2164',54,0,'419','1'),('2165',69,0,'419','1'),('2166',70,0,'419','0'),('2167',71,0,'419','0'),('2168',46,0,'420','1'),('2169',54,0,'420','1'),('2170',69,0,'420','1'),('2171',70,0,'420','0'),('2172',71,0,'420','0'),('2173',46,0,'421','1'),('2174',54,0,'421','1'),('2175',69,0,'421','1'),('2176',70,0,'421','0'),('2177',71,0,'421','0'),('2178',46,0,'422','1'),('2179',54,0,'422','1'),('2180',69,0,'422','1'),('2181',70,0,'422','0'),('2182',71,0,'422','0'),('2183',46,0,'423','1'),('2184',54,0,'423','1'),('2185',69,0,'423','1'),('2186',70,0,'423','0'),('2187',71,0,'423','0'),('2188',46,0,'424','1'),('2189',54,0,'424','1'),('2190',69,0,'424','1'),('2191',70,0,'424','0'),('2192',71,0,'424','0'),('2193',46,0,'425','1'),('2194',54,0,'425','1'),('2195',69,0,'425','1'),('2196',70,0,'425','0'),('2197',71,0,'425','0'),('2198',46,0,'426','1'),('2199',54,0,'426','1'),('2200',69,0,'426','1'),('2201',70,0,'426','0'),('2202',71,0,'426','0'),('2203',46,0,'427','1'),('2204',54,0,'427','1'),('2205',69,0,'427','1'),('2206',70,0,'427','0'),('2207',71,0,'427','0'),('2208',46,0,'428','1'),('2209',54,0,'428','1'),('2210',69,0,'428','1'),('2211',70,0,'428','0'),('2212',71,0,'428','0'),('2213',46,0,'429','1'),('2214',54,0,'429','1'),('2215',69,0,'429','1'),('2216',70,0,'429','0'),('2217',71,0,'429','0'),('2218',46,0,'430','1'),('2219',54,0,'430','1'),('2220',69,0,'430','1'),('2221',70,0,'430','0'),('2222',71,0,'430','0'),('2223',46,0,'431','1'),('2224',54,0,'431','1'),('2225',69,0,'431','1'),('2226',70,0,'431','0'),('2227',71,0,'431','0'),('2228',46,0,'432','1'),('2229',54,0,'432','1'),('2230',69,0,'432','1'),('2231',70,0,'432','0'),('2232',71,0,'432','0'),('2233',46,0,'433','1'),('2234',54,0,'433','1'),('2235',69,0,'433','1'),('2236',70,0,'433','0'),('2237',71,0,'433','0'),('2238',46,0,'434','1'),('2239',54,0,'434','1'),('2240',69,0,'434','1'),('2241',70,0,'434','0'),('2242',71,0,'434','0'),('2243',46,0,'435','1'),('2244',54,0,'435','1'),('2245',69,0,'435','1'),('2246',70,0,'435','0'),('2247',71,0,'435','0'),('2248',46,0,'436','1'),('2249',54,0,'436','1'),('2250',69,0,'436','1'),('2251',70,0,'436','0'),('2252',71,0,'436','0'),('2253',46,0,'437','1'),('2254',54,0,'437','1'),('2255',69,0,'437','1'),('2256',70,0,'437','0'),('2257',71,0,'437','0'),('2258',53,0,'391',NULL),('2259',70,0,'391','0'),('2260',71,0,'391','0'),('2261',46,0,'438','1'),('2262',54,0,'438','1'),('2263',69,0,'438','1'),('2264',70,0,'438','0'),('2265',71,0,'438','0'),('2266',46,0,'439','1'),('2267',54,0,'439','1'),('2268',69,0,'439','1'),('2269',70,0,'439','0'),('2270',71,0,'439','0'),('2271',46,0,'440','1'),('2272',54,0,'440','1'),('2273',69,0,'440','1'),('2274',70,0,'440','0'),('2275',71,0,'440','0'),('2276',46,0,'441','1'),('2277',54,0,'441','1'),('2278',69,0,'441','1'),('2279',70,0,'441','0'),('2280',71,0,'441','0'),('2281',46,0,'442','1'),('2282',54,0,'442','1'),('2283',69,0,'442','1'),('2284',70,0,'442','0'),('2285',71,0,'442','0'),('2286',46,0,'443','1'),('2287',54,0,'443','1'),('2288',69,0,'443','1'),('2289',70,0,'443','0'),('2290',71,0,'443','0'),('2291',46,0,'444','1'),('2292',54,0,'444','1'),('2293',69,0,'444','1'),('2294',70,0,'444','0'),('2295',71,0,'444','0'),('2296',46,0,'445','1'),('2297',54,0,'445','1'),('2298',69,0,'445','1'),('2299',70,0,'445','0'),('2300',71,0,'445','0'),('2301',46,0,'446','1'),('2302',54,0,'446','1'),('2303',69,0,'446','1'),('2304',70,0,'446','0'),('2305',71,0,'446','0'),('2306',46,0,'447','1'),('2307',54,0,'447','1'),('2308',69,0,'447','1'),('2309',70,0,'447','0'),('2310',71,0,'447','0'),('2311',46,0,'448','1'),('2312',54,0,'448','1'),('2313',69,0,'448','1'),('2314',70,0,'448','0'),('2315',71,0,'448','0'),('2316',46,0,'449','1'),('2317',54,0,'449','1'),('2318',69,0,'449','1'),('2319',70,0,'449','0'),('2320',71,0,'449','0'),('2321',46,0,'450','1'),('2322',54,0,'450','1'),('2323',69,0,'450','1'),('2324',70,0,'450','0'),('2325',71,0,'450','0'),('2326',46,0,'451','1'),('2327',54,0,'451','1'),('2328',69,0,'451','1'),('2329',70,0,'451','0'),('2330',71,0,'451','0'),('2331',46,0,'452','1'),('2332',54,0,'452','1'),('2333',69,0,'452','1'),('2334',70,0,'452','0'),('2335',71,0,'452','0'),('2336',46,0,'453','1'),('2337',54,0,'453','1'),('2338',69,0,'453','1'),('2339',70,0,'453','0'),('2340',71,0,'453','0'),('2341',46,0,'454','1'),('2342',54,0,'454','1'),('2343',69,0,'454','1'),('2344',70,0,'454','0'),('2345',71,0,'454','0'),('2346',46,0,'455','1'),('2347',54,0,'455','1'),('2348',69,0,'455','1'),('2349',70,0,'455','0'),('2350',71,0,'455','0'),('2351',46,0,'456','1'),('2352',54,0,'456','1'),('2353',69,0,'456','1'),('2354',70,0,'456','0'),('2355',71,0,'456','0'),('2356',46,0,'457','1'),('2357',54,0,'457','1'),('2358',69,0,'457','1'),('2359',70,0,'457','0'),('2360',71,0,'457','0'),('2361',46,0,'458','1'),('2362',54,0,'458','1'),('2363',69,0,'458','1'),('2364',70,0,'458','0'),('2365',71,0,'458','0'),('2366',46,0,'459','1'),('2367',54,0,'459','1'),('2368',69,0,'459','1'),('2369',70,0,'459','0'),('2370',71,0,'459','0'),('2371',46,0,'460','1'),('2372',54,0,'460','1'),('2373',69,0,'460','1'),('2374',70,0,'460','0'),('2375',71,0,'460','0'),('2376',46,0,'461','1'),('2377',54,0,'461','1'),('2378',69,0,'461','1'),('2379',70,0,'461','0'),('2380',71,0,'461','0'),('2381',46,0,'462','1'),('2382',54,0,'462','1'),('2383',69,0,'462','1'),('2384',70,0,'462','0'),('2385',71,0,'462','0'),('2386',46,0,'463','1'),('2387',54,0,'463','1'),('2388',69,0,'463','1'),('2389',70,0,'463','0'),('2390',71,0,'463','0'),('2391',46,0,'464','1'),('2392',54,0,'464','1'),('2393',69,0,'464','1'),('2394',70,0,'464','0'),('2395',71,0,'464','0'),('2396',46,0,'465','1'),('2397',54,0,'465','1'),('2398',69,0,'465','1'),('2399',70,0,'465','0'),('2400',71,0,'465','0'),('2401',46,0,'466','1'),('2402',54,0,'466','1'),('2403',69,0,'466','1'),('2404',70,0,'466','0'),('2405',71,0,'466','0'),('2406',46,0,'467','1'),('2407',54,0,'467','1'),('2408',69,0,'467','1'),('2409',70,0,'467','0'),('2410',71,0,'467','0'),('2411',46,0,'468','1'),('2412',54,0,'468','1'),('2413',69,0,'468','1'),('2414',70,0,'468','0'),('2415',71,0,'468','0'),('2416',46,0,'469','1'),('2417',54,0,'469','1'),('2418',69,0,'469','1'),('2419',70,0,'469','0'),('2420',71,0,'469','0'),('2421',46,0,'470','1'),('2422',54,0,'470','1'),('2423',69,0,'470','1'),('2424',70,0,'470','0'),('2425',71,0,'470','0'),('2426',46,0,'471','1'),('2427',54,0,'471','1'),('2428',69,0,'471','1'),('2429',70,0,'471','0'),('2430',71,0,'471','0'),('2431',46,0,'472','1'),('2432',54,0,'472','1'),('2433',69,0,'472','1'),('2434',70,0,'472','0'),('2435',71,0,'472','0'),('2436',46,0,'473','1'),('2437',54,0,'473','1'),('2438',69,0,'473','1'),('2439',70,0,'473','0'),('2440',71,0,'473','0'),('2441',46,0,'474','1'),('2442',54,0,'474','1'),('2443',69,0,'474','1'),('2444',70,0,'474','0'),('2445',71,0,'474','0'),('2446',46,0,'475','1'),('2447',54,0,'475','1'),('2448',69,0,'475','1'),('2449',70,0,'475','0'),('2450',71,0,'475','0'),('2451',46,0,'476','1'),('2452',54,0,'476','1'),('2453',69,0,'476','1'),('2454',70,0,'476','0'),('2455',71,0,'476','0'),('2456',46,0,'477','1'),('2457',54,0,'477','1'),('2458',69,0,'477','1'),('2459',70,0,'477','0'),('2460',71,0,'477','0'),('2461',46,0,'478','1'),('2462',54,0,'478','1'),('2463',69,0,'478','1'),('2464',70,0,'478','0'),('2465',71,0,'478','0'),('2466',46,0,'479','1'),('2467',54,0,'479','1'),('2468',69,0,'479','1'),('2469',70,0,'479','0'),('2470',71,0,'479','0'),('2471',46,0,'480','1'),('2472',54,0,'480','1'),('2473',69,0,'480','1'),('2474',70,0,'480','0'),('2475',71,0,'480','0'),('2476',46,0,'481','1'),('2477',54,0,'481','1'),('2478',69,0,'481','1'),('2479',70,0,'481','0'),('2480',71,0,'481','0'),('2481',46,0,'482','1'),('2482',54,0,'482','1'),('2483',69,0,'482','1'),('2484',70,0,'482','0'),('2485',71,0,'482','0'),('2486',46,0,'483','1'),('2487',54,0,'483','1'),('2488',69,0,'483','1'),('2489',70,0,'483','0'),('2490',71,0,'483','0'),('2491',46,0,'484','1'),('2492',54,0,'484','1'),('2493',69,0,'484','1'),('2494',70,0,'484','0'),('2495',71,0,'484','0'),('2496',46,0,'485','1'),('2497',54,0,'485','1'),('2498',69,0,'485','1'),('2499',70,0,'485','0'),('2500',71,0,'485','0'),('2501',46,0,'486','1'),('2502',54,0,'486','1'),('2503',69,0,'486','1'),('2504',70,0,'486','0'),('2505',71,0,'486','0'),('2506',46,0,'487','1'),('2507',54,0,'487','1'),('2508',69,0,'487','1'),('2509',70,0,'487','0'),('2510',71,0,'487','0'),('2511',46,0,'488','0'),('2512',54,0,'488','1'),('2513',69,0,'488','1'),('2514',70,0,'488','0'),('2515',71,0,'488','0'),('2516',46,0,'489','0'),('2517',54,0,'489','1'),('2518',69,0,'489','1'),('2519',70,0,'489','0'),('2520',71,0,'489','0'),('2521',46,0,'490','1'),('2522',54,0,'490','1'),('2523',69,0,'490','1'),('2524',70,0,'490','0'),('2525',71,0,'490','0'),('2526',46,0,'491','1'),('2527',54,0,'491','1'),('2528',69,0,'491','1'),('2529',70,0,'491','0'),('2530',71,0,'491','0'),('2531',46,0,'492','1'),('2532',54,0,'492','1'),('2533',69,0,'492','1'),('2534',70,0,'492','0'),('2535',71,0,'492','0'),('2536',46,0,'493','1'),('2537',54,0,'493','1'),('2538',69,0,'493','1'),('2539',70,0,'493','0'),('2540',71,0,'493','0'),('2541',46,0,'494','1'),('2542',54,0,'494','1'),('2543',69,0,'494','1'),('2544',70,0,'494','0'),('2545',71,0,'494','0'),('2546',46,0,'495','1'),('2547',54,0,'495','1'),('2548',69,0,'495','1'),('2549',70,0,'495','0'),('2550',71,0,'495','0'),('2551',46,0,'496','1'),('2552',54,0,'496','1'),('2553',69,0,'496','1'),('2554',70,0,'496','0'),('2555',71,0,'496','0'),('2556',46,0,'497','1'),('2557',54,0,'497','1'),('2558',69,0,'497','1'),('2559',70,0,'497','0'),('2560',71,0,'497','0'),('2561',46,0,'498','1'),('2562',54,0,'498','1'),('2563',69,0,'498','1'),('2564',70,0,'498','0'),('2565',71,0,'498','0'),('2566',46,0,'499','1'),('2567',54,0,'499','1'),('2568',69,0,'499','1'),('2569',70,0,'499','0'),('2570',71,0,'499','0'),('2571',46,0,'500','0'),('2572',54,0,'500','1'),('2573',69,0,'500','1'),('2574',70,0,'500','0'),('2575',71,0,'500','0'),('2581',53,0,'342',NULL),('2582',53,0,'340',NULL),('2583',53,0,'397',NULL),('2584',53,0,'370',NULL),('2585',53,0,'500',NULL),('2586',53,0,'489',NULL),('2587',53,0,'488',NULL),('2588',53,0,'381',NULL),('2589',53,0,'382',NULL);

--
-- Table structure for table `catalog_category_entity_text`
--

CREATE TABLE `catalog_category_entity_text` (
  `value_id` int(11) NOT NULL AUTO_INCREMENT COMMENT 'Value ID',
  `attribute_id` smallint(5) unsigned NOT NULL DEFAULT 0 COMMENT 'Attribute ID',
  `store_id` smallint(5) unsigned NOT NULL DEFAULT 0 COMMENT 'Store ID',
  `entity_id` int(10) unsigned NOT NULL DEFAULT 0 COMMENT 'Entity ID',
  `value` mediumtext DEFAULT NULL COMMENT 'Value',
  PRIMARY KEY (`value_id`),
  UNIQUE KEY `CATALOG_CATEGORY_ENTITY_TEXT_ENTITY_ID_ATTRIBUTE_ID_STORE_ID` (`entity_id`,`attribute_id`,`store_id`),
  KEY `CATALOG_CATEGORY_ENTITY_TEXT_ENTITY_ID` (`entity_id`),
  KEY `CATALOG_CATEGORY_ENTITY_TEXT_ATTRIBUTE_ID` (`attribute_id`),
  KEY `CATALOG_CATEGORY_ENTITY_TEXT_STORE_ID` (`store_id`)
) ENGINE=InnoDB AUTO_INCREMENT=351 DEFAULT CHARSET=utf8 COMMENT='Catalog Category Text Attribute Backend Table';

--
-- Dumping data for table `catalog_category_entity_text`
--

INSERT INTO `catalog_category_entity_text` VALUES ('156',47,0,'335',NULL),('157',50,0,'335',NULL),('158',51,0,'335',NULL),('159',47,0,'333',NULL),('160',50,0,'333',NULL),('161',51,0,'333',NULL),('162',47,0,'334',NULL),('163',50,0,'334',NULL),('164',51,0,'334',NULL),('165',47,0,'331',NULL),('166',50,0,'331',NULL),('167',51,0,'331',NULL),('168',47,0,'332',NULL),('169',50,0,'332',NULL),('170',51,0,'332',NULL),('171',47,0,'320',NULL),('172',50,0,'320',NULL),('173',51,0,'320',NULL),('174',47,0,'255',NULL),('175',50,0,'255',NULL),('176',51,0,'255',NULL),('177',47,0,'256',NULL),('178',50,0,'256',NULL),('179',51,0,'256',NULL),('180',47,0,'2',NULL),('181',50,0,'2',NULL),('182',51,0,'2',NULL),('183',47,0,'282',NULL),('184',50,0,'282',NULL),('185',51,0,'282',NULL),('186',47,0,'281',NULL),('187',50,0,'281',NULL),('188',51,0,'281',NULL),('189',47,0,'3',NULL),('190',50,0,'3',NULL),('191',51,0,'3',NULL),('192',47,0,'339',NULL),('193',50,0,'339',NULL),('194',51,0,'339',NULL),('204',47,0,'371',NULL),('205',50,0,'371',NULL),('206',51,0,'371',NULL),('207',47,0,'372',NULL),('208',50,0,'372',NULL),('209',51,0,'372',NULL),('210',47,0,'373',NULL),('211',50,0,'373',NULL),('212',51,0,'373',NULL),('216',47,0,'384',NULL),('217',50,0,'384',NULL),('218',51,0,'384',NULL),('219',47,0,'386',NULL),('220',50,0,'386',NULL),('221',51,0,'386',NULL),('222',47,0,'387',NULL),('223',50,0,'387',NULL),('224',51,0,'387',NULL),('225',47,0,'388',NULL),('226',50,0,'388',NULL),('227',51,0,'388',NULL),('228',47,0,'338',NULL),('229',50,0,'338',NULL),('230',51,0,'338',NULL),('231',47,0,'356',NULL),('232',50,0,'356',NULL),('233',51,0,'356',NULL),('234',47,0,'357',NULL),('235',50,0,'357',NULL),('236',51,0,'357',NULL),('237',47,0,'358',NULL),('238',50,0,'358',NULL),('239',51,0,'358',NULL),('246',47,0,'369',NULL),('247',50,0,'369',NULL),('248',51,0,'369',NULL),('252',47,0,'378',NULL),('253',50,0,'378',NULL),('254',51,0,'378',NULL),('267',47,0,'362',NULL),('268',50,0,'362',NULL),('269',51,0,'362',NULL),('291',47,0,'347',NULL),('292',50,0,'347',NULL),('293',51,0,'347',NULL),('300',47,0,'375',NULL),('301',50,0,'375',NULL),('302',51,0,'375',NULL),('303',47,0,'350',NULL),('304',50,0,'350',NULL),('305',51,0,'350',NULL),('315',47,0,'354',NULL),('316',50,0,'354',NULL),('317',51,0,'354',NULL),('321',47,0,'391',NULL),('322',50,0,'391',NULL),('323',51,0,'391',NULL),('324',47,0,'342',NULL),('325',50,0,'342',NULL),('326',51,0,'342',NULL),('327',47,0,'340',NULL),('328',50,0,'340',NULL),('329',51,0,'340',NULL),('330',47,0,'397',NULL),('331',50,0,'397',NULL),('332',51,0,'397',NULL),('333',47,0,'370',NULL),('334',50,0,'370',NULL),('335',51,0,'370',NULL),('336',47,0,'500',NULL),('337',50,0,'500',NULL),('338',51,0,'500',NULL),('339',47,0,'489',NULL),('340',50,0,'489',NULL),('341',51,0,'489',NULL),('342',47,0,'488',NULL),('343',50,0,'488',NULL),('344',51,0,'488',NULL),('345',47,0,'381',NULL),('346',50,0,'381',NULL),('347',51,0,'381',NULL),('348',47,0,'382',NULL),('349',50,0,'382',NULL),('350',51,0,'382',NULL);

--
-- Table structure for table `catalog_category_entity_varchar`
--

CREATE TABLE `catalog_category_entity_varchar` (
  `value_id` int(11) NOT NULL AUTO_INCREMENT COMMENT 'Value ID',
  `attribute_id` smallint(5) unsigned NOT NULL DEFAULT 0 COMMENT 'Attribute ID',
  `store_id` smallint(5) unsigned NOT NULL DEFAULT 0 COMMENT 'Store ID',
  `entity_id` int(10) unsigned NOT NULL DEFAULT 0 COMMENT 'Entity ID',
  `value` varchar(255) DEFAULT NULL COMMENT 'Value',
  PRIMARY KEY (`value_id`),
  UNIQUE KEY `CATALOG_CATEGORY_ENTITY_VARCHAR_ENTITY_ID_ATTRIBUTE_ID_STORE_ID` (`entity_id`,`attribute_id`,`store_id`),
  KEY `CATALOG_CATEGORY_ENTITY_VARCHAR_ENTITY_ID` (`entity_id`),
  KEY `CATALOG_CATEGORY_ENTITY_VARCHAR_ATTRIBUTE_ID` (`attribute_id`),
  KEY `CATALOG_CATEGORY_ENTITY_VARCHAR_STORE_ID` (`store_id`)
) ENGINE=InnoDB AUTO_INCREMENT=3863 DEFAULT CHARSET=utf8 COMMENT='Catalog Category Varchar Attribute Backend Table';

--
-- Dumping data for table `catalog_category_entity_varchar`
--

INSERT INTO `catalog_category_entity_varchar` VALUES ('1',45,0,'1','Root Catalog'),('2',45,0,'2','Fashions'),('3',52,0,'2','PRODUCTS'),('8',124,0,'2','categories'),('9',125,0,'2',NULL),('10',45,0,'3','Accessories'),('11',52,0,'3','PRODUCTS'),('12',124,0,'3','acessories'),('14',45,0,'4','Clothing'),('15',52,0,'4','PRODUCTS'),('16',124,0,'4','clothing'),('17',125,0,'4','clothing'),('18',45,0,'5','Footwear'),('19',52,0,'5','PRODUCTS'),('20',124,0,'5','footwear'),('21',125,0,'5','footwear'),('22',45,0,'6','Furniture'),('23',52,0,'6','PRODUCTS'),('24',124,0,'6','furniture'),('25',125,0,'6','furniture'),('26',45,0,'7','Handmade'),('27',52,0,'7','PRODUCTS'),('28',124,0,'7','handmade'),('29',125,0,'7','handmade'),('33',45,0,'9','Organic'),('34',52,0,'9','PRODUCTS'),('35',124,0,'9','organic'),('36',125,0,'9','organic'),('37',45,0,'10','Watch&Jwelry'),('38',52,0,'10','PRODUCTS'),('39',124,0,'10','watch-jwelry'),('40',125,0,'10','watch-jwelry'),('49',45,0,'11','Megamenu'),('50',52,0,'11','PRODUCTS'),('51',124,0,'11','megamenu'),('52',125,0,'11','megamenu'),('53',45,0,'12','Fashion'),('54',52,0,'12','PRODUCTS'),('55',124,0,'12','men'),('56',125,0,'12','megamenu/men'),('57',45,0,'13','Clothing'),('58',52,0,'13','PRODUCTS'),('59',124,0,'13','clothing'),('60',125,0,'13','megamenu/men/clothing'),('61',45,0,'14','Handbags'),('62',52,0,'14','PRODUCTS'),('63',124,0,'14','handbags'),('64',125,0,'14','megamenu/men/handbags'),('65',45,0,'15','Jeans'),('66',52,0,'15','PRODUCTS'),('67',124,0,'15','jeans'),('68',125,0,'15','megamenu/men/jeans'),('69',45,0,'16','T-Shirts'),('70',52,0,'16','PRODUCTS'),('71',124,0,'16','t-shirts'),('72',125,0,'16','megamenu/men/t-shirts'),('73',45,0,'17','Sed dui ante'),('74',52,0,'17','PRODUCTS'),('75',124,0,'17','sed-dui-ante'),('76',125,0,'17','megamenu/men/sed-dui-ante'),('77',45,0,'18','Bag'),('78',52,0,'18','PRODUCTS'),('79',124,0,'18','women'),('80',125,0,'18','megamenu/women'),('81',45,0,'19','Curabitur'),('82',52,0,'19','PRODUCTS'),('83',124,0,'19','curabitur'),('84',125,0,'19','megamenu/women/curabitur'),('85',45,0,'20','Sed dui ante'),('86',52,0,'20','PRODUCTS'),('87',124,0,'20','sed-dui-ante'),('88',125,0,'20','megamenu/women/sed-dui-ante'),('89',45,0,'21','Mauris et neque'),('90',52,0,'21','PRODUCTS'),('91',124,0,'21','mauris-et-neque'),('92',125,0,'21','megamenu/women/mauris-et-neque'),('93',45,0,'22','Donec porttitor'),('94',52,0,'22','PRODUCTS'),('95',124,0,'22','donec-porttitor'),('96',125,0,'22','megamenu/women/donec-porttitor'),('97',45,0,'23','Clothing'),('98',52,0,'23','PRODUCTS'),('99',124,0,'23','clothing'),('100',125,0,'23','megamenu/women/clothing'),('101',45,0,'24','Mauris et neque'),('102',52,0,'24','PRODUCTS'),('103',124,0,'24','mauris-et-neque'),('104',125,0,'24','megamenu/mauris-et-neque'),('105',45,0,'25','Donec porttitor'),('106',52,0,'25','PRODUCTS'),('107',124,0,'25','donec-porttitor'),('108',125,0,'25','megamenu/donec-porttitor'),('109',45,0,'26','Sed dui ante'),('110',52,0,'26','PRODUCTS'),('111',124,0,'26','sed-dui-ante'),('112',125,0,'26','megamenu/mauris-et-neque/sed-dui-ante'),('113',45,0,'27','Morbi quis'),('114',52,0,'27','PRODUCTS'),('115',124,0,'27','morbi-quis'),('116',125,0,'27','megamenu/mauris-et-neque/morbi-quis'),('117',45,0,'28','Donec porttitor'),('118',52,0,'28','PRODUCTS'),('119',124,0,'28','donec-porttitor'),('120',125,0,'28','megamenu/mauris-et-neque/donec-porttitor'),('121',45,0,'29','Suspendisse'),('122',52,0,'29','PRODUCTS'),('123',124,0,'29','suspendisse'),('124',125,0,'29','megamenu/mauris-et-neque/suspendisse'),('125',45,0,'30','Nulla facilisi'),('126',52,0,'30','PRODUCTS'),('127',124,0,'30','nulla-facilisi'),('128',125,0,'30','megamenu/mauris-et-neque/nulla-facilisi'),('129',45,0,'31','Mauris et neque'),('130',52,0,'31','PRODUCTS'),('131',124,0,'31','mauris-et-neque'),('132',125,0,'31','megamenu/donec-porttitor/mauris-et-neque'),('133',45,0,'32','Quisque placerat'),('134',52,0,'32','PRODUCTS'),('135',124,0,'32','quisque-placerat'),('136',125,0,'32','megamenu/donec-porttitor/quisque-placerat'),('137',45,0,'33','Get Inspired'),('138',52,0,'33','PRODUCTS'),('139',124,0,'33','get-inspired'),('140',125,0,'33','megamenu/donec-porttitor/get-inspired'),('141',45,0,'34','Curabitur'),('142',52,0,'34','PRODUCTS'),('143',124,0,'34','curabitur'),('144',125,0,'34','megamenu/donec-porttitor/curabitur'),('145',45,0,'35','Donec pretium'),('146',52,0,'35','PRODUCTS'),('147',124,0,'35','donec-pretium'),('148',125,0,'35','megamenu/donec-porttitor/donec-pretium'),('154',139,0,'11','Hot'),('158',45,0,'36','Jeans'),('159',52,0,'36','PRODUCTS'),('160',124,0,'36','jeans'),('161',125,0,'36','clothing/jeans'),('162',45,0,'37','T-Shirts'),('163',52,0,'37','PRODUCTS'),('164',124,0,'37','t-shirts'),('165',125,0,'37','clothing/t-shirts'),('166',45,0,'38','Curabitur'),('167',52,0,'38','PRODUCTS'),('168',124,0,'38','curabitur'),('169',125,0,'38','clothing/curabitur'),('170',45,0,'39','Mauris et neque'),('171',52,0,'39','PRODUCTS'),('172',124,0,'39','mauris-et-neque'),('173',125,0,'39','clothing/mauris-et-neque'),('174',45,0,'40','Donec porttitor'),('175',52,0,'40','PRODUCTS'),('176',124,0,'40','donec-porttitor'),('177',125,0,'40','clothing/jeans/donec-porttitor'),('186',45,0,'43','Get Inspired'),('187',52,0,'43','PRODUCTS'),('188',124,0,'43','get-inspired'),('189',125,0,'43','clothing/jeans/get-inspired'),('190',45,0,'44','Nulla facilisi'),('191',52,0,'44','PRODUCTS'),('192',124,0,'44','nulla-facilisi'),('193',125,0,'44','clothing/jeans/nulla-facilisi'),('194',45,0,'45','Fashion aesthetics‎ '),('195',52,0,'45','PRODUCTS'),('196',124,0,'45','fashion-aesthetics'),('197',125,0,'45','clothing/t-shirts/fashion-aesthetics'),('198',45,0,'46','Fashion events‎'),('199',52,0,'46','PRODUCTS'),('200',124,0,'46','fashion-events'),('201',125,0,'46','clothing/t-shirts/fashion-events'),('202',45,0,'47','Anti-fashion‎'),('203',52,0,'47','PRODUCTS'),('204',124,0,'47','anti-fashion'),('205',125,0,'47','clothing/t-shirts/anti-fashion'),('744',48,0,'6','/turan/pub/media/catalog/tmp/category/slide-3.jpg'),('771',125,0,'3','acessories'),('775',125,17,'3','acessories'),('776',125,15,'3','acessories'),('777',125,13,'3','acessories'),('778',125,11,'3','acessories'),('779',125,9,'3','acessories'),('780',125,7,'3','acessories'),('781',125,5,'3','acessories'),('782',125,3,'3','acessories'),('783',125,1,'3','acessories'),('784',125,19,'3','acessories'),('785',125,20,'3','acessories'),('786',125,18,'3','acessories'),('787',125,16,'3','acessories'),('788',125,14,'3','acessories'),('789',125,12,'3','acessories'),('790',125,10,'3','acessories'),('791',125,8,'3','acessories'),('792',125,6,'3','acessories'),('793',125,4,'3','acessories'),('794',125,2,'3','acessories'),('816',45,0,'150','Beard Oil'),('817',52,0,'150','PRODUCTS'),('818',124,0,'150','fashion'),('820',45,0,'151','Beard Grooming'),('821',52,0,'151','PRODUCTS'),('822',124,0,'151','relax'),('823',125,0,'151','relax'),('824',45,0,'152','Body'),('825',52,0,'152','PRODUCTS'),('826',124,0,'152','body'),('827',125,0,'152','body'),('828',45,0,'153','Accessories'),('829',52,0,'153','PRODUCTS'),('830',124,0,'153','accessories'),('831',125,0,'153','accessories'),('832',45,0,'154','New Arrivals'),('833',52,0,'154','PRODUCTS'),('834',124,0,'154','hat'),('835',125,0,'154','accessories/hat'),('836',45,0,'155','Watch'),('837',52,0,'155','PRODUCTS'),('838',124,0,'155','watch'),('839',125,0,'155','accessories/watch'),('840',45,0,'156','Belt'),('841',52,0,'156','PRODUCTS'),('842',124,0,'156','belt'),('843',125,0,'156','accessories/belt'),('844',45,0,'157','Backpack'),('845',52,0,'157','PRODUCTS'),('846',124,0,'157','bag'),('847',125,0,'157','accessories/bag'),('848',45,0,'158','Active'),('849',52,0,'158','PRODUCTS'),('850',124,0,'158','jean'),('851',125,0,'158','body/jean'),('852',45,0,'159','Jacket'),('853',52,0,'159','PRODUCTS'),('854',124,0,'159','jacket'),('855',125,0,'159','body/jacket'),('856',45,0,'160','Crazy'),('857',52,0,'160','PRODUCTS'),('858',124,0,'160','shirt'),('859',125,0,'160','body/shirt'),('860',45,0,'161','Shoe'),('861',52,0,'161','PRODUCTS'),('862',124,0,'161','shoe'),('863',125,0,'161','body/shoe'),('864',45,0,'162','Leather'),('865',52,0,'162','PRODUCTS'),('866',124,0,'162','leather'),('867',125,0,'162','body/jean/leather'),('868',45,0,'163','Denim'),('869',52,0,'163','PRODUCTS'),('870',124,0,'163','denim'),('871',125,0,'163','body/jean/denim'),('872',45,0,'164','Fabric'),('873',52,0,'164','PRODUCTS'),('874',124,0,'164','fabric'),('875',125,0,'164','body/jean/fabric'),('876',45,0,'165','Cotton'),('877',52,0,'165','PRODUCTS'),('878',124,0,'165','cotton'),('879',125,0,'165','body/jean/cotton'),('880',45,0,'166','Summer'),('881',52,0,'166','PRODUCTS'),('882',124,0,'166','summer'),('883',125,0,'166','body/jacket/summer'),('884',45,0,'167','Winter'),('885',52,0,'167','PRODUCTS'),('886',124,0,'167','winter'),('887',125,0,'167','body/jacket/winter'),('888',45,0,'168','Leather'),('889',52,0,'168','PRODUCTS'),('890',124,0,'168','leather'),('891',125,0,'168','body/jacket/leather'),('892',45,0,'169','Denim'),('893',52,0,'169','PRODUCTS'),('894',124,0,'169','denim'),('895',125,0,'169','body/jacket/denim'),('896',45,0,'170','Long Sleeve'),('897',52,0,'170','PRODUCTS'),('898',124,0,'170','long-sleeve'),('899',125,0,'170','body/shirt/long-sleeve'),('900',45,0,'171','Short Sleeve'),('901',52,0,'171','PRODUCTS'),('902',124,0,'171','short-sleeve'),('903',125,0,'171','body/shirt/short-sleeve'),('904',45,0,'172','T-shirt'),('905',52,0,'172','PRODUCTS'),('906',124,0,'172','t-shirt'),('907',125,0,'172','body/shirt/t-shirt'),('908',45,0,'173','Cotton'),('909',52,0,'173','PRODUCTS'),('910',124,0,'173','cotton'),('911',125,0,'173','body/shirt/cotton'),('912',45,0,'174','Sneaker'),('913',52,0,'174','PRODUCTS'),('914',124,0,'174','sneaker'),('915',125,0,'174','body/shoe/sneaker'),('916',45,0,'175','Boot'),('917',52,0,'175','PRODUCTS'),('918',124,0,'175','boot'),('919',125,0,'175','body/shoe/boot'),('920',45,0,'176','Sandals'),('921',52,0,'176','PRODUCTS'),('922',124,0,'176','sandals'),('923',125,0,'176','body/shoe/sandals'),('924',45,0,'177','Slippers'),('925',52,0,'177','PRODUCTS'),('926',124,0,'177','slippers'),('927',125,0,'177','body/shoe/slippers'),('928',45,0,'178','Desst'),('929',52,0,'178','PRODUCTS'),('930',124,0,'178','dress'),('931',125,0,'178','relax/dress'),('932',45,0,'179','Top'),('933',52,0,'179','PRODUCTS'),('934',124,0,'179','top'),('935',125,0,'179','relax/top'),('936',45,0,'180','Bottom'),('937',52,0,'180','PRODUCTS'),('938',124,0,'180','bottom'),('939',125,0,'180','relax/bottom'),('940',45,0,'181','Bagges'),('941',52,0,'181','PRODUCTS'),('942',124,0,'181','bag'),('943',125,0,'181','relax/bag'),('944',45,0,'182','Casuals'),('945',52,0,'182','PRODUCTS'),('946',124,0,'182','casuals'),('947',125,0,'182','relax/dress/casuals'),('948',45,0,'183','Work'),('949',52,0,'183','PRODUCTS'),('950',124,0,'183','work'),('951',125,0,'183','relax/dress/work'),('952',45,0,'184','Club'),('953',52,0,'184','PRODUCTS'),('954',124,0,'184','club'),('955',125,0,'184','relax/dress/club'),('956',45,0,'185','Date'),('957',52,0,'185','PRODUCTS'),('958',124,0,'185','date'),('959',125,0,'185','relax/dress/date'),('960',45,0,'186','T-shirt'),('961',52,0,'186','PRODUCTS'),('962',124,0,'186','t-shirt'),('963',125,0,'186','relax/top/t-shirt'),('964',45,0,'187','Shirt'),('965',52,0,'187','PRODUCTS'),('966',124,0,'187','shirt'),('967',125,0,'187','relax/top/shirt'),('968',45,0,'188','Sweater'),('969',52,0,'188','PRODUCTS'),('970',124,0,'188','sweater'),('971',125,0,'188','relax/top/sweater'),('972',45,0,'189','Jacket'),('973',52,0,'189','PRODUCTS'),('974',124,0,'189','jacket'),('975',125,0,'189','relax/top/jacket'),('976',45,0,'190','Jean'),('977',52,0,'190','PRODUCTS'),('978',124,0,'190','jean'),('979',125,0,'190','relax/bottom/jean'),('980',45,0,'191','Skirt'),('981',52,0,'191','PRODUCTS'),('982',124,0,'191','skirt'),('983',125,0,'191','relax/bottom/skirt'),('984',45,0,'192','Trouser'),('985',52,0,'192','PRODUCTS'),('986',124,0,'192','trouser'),('987',125,0,'192','relax/bottom/trouser'),('988',45,0,'193','Short'),('989',52,0,'193','PRODUCTS'),('990',124,0,'193','short'),('991',125,0,'193','relax/bottom/short'),('992',45,0,'194','Wallet'),('993',52,0,'194','PRODUCTS'),('994',124,0,'194','wallet'),('995',125,0,'194','relax/bag/wallet'),('996',45,0,'195','Hundbgss'),('997',52,0,'195','PRODUCTS'),('998',124,0,'195','handbags'),('999',125,0,'195','relax/bag/handbags'),('1000',45,0,'196','Satchels'),('1001',52,0,'196','PRODUCTS'),('1002',124,0,'196','satchels'),('1003',125,0,'196','relax/bag/satchels'),('1004',45,0,'197','Case'),('1005',52,0,'197','PRODUCTS'),('1006',124,0,'197','case'),('1007',125,0,'197','relax/bag/case'),('1238',125,0,'150',NULL),('1531',45,0,'246','T-Shirt'),('1532',52,0,'246','PRODUCTS'),('1533',124,0,'246','t-shirt'),('1534',125,0,'246','acessories/t-shirt'),('1535',125,19,'246','acessories/t-shirt'),('1536',125,3,'246','acessories/t-shirt'),('1537',125,9,'246','acessories/t-shirt'),('1538',125,11,'246','acessories/t-shirt'),('1539',125,13,'246','acessories/t-shirt'),('1540',125,15,'246','acessories/t-shirt'),('1541',125,17,'246','acessories/t-shirt'),('1542',125,20,'246','acessories/t-shirt'),('1543',125,4,'246','acessories/t-shirt'),('1544',125,10,'246','acessories/t-shirt'),('1545',125,12,'246','acessories/t-shirt'),('1546',125,14,'246','acessories/t-shirt'),('1547',125,16,'246','acessories/t-shirt'),('1548',125,18,'246','acessories/t-shirt'),('1549',45,0,'247','Shoes'),('1550',52,0,'247','PRODUCTS'),('1551',124,0,'247','shoes'),('1552',125,0,'247','acessories/shoes'),('1553',125,19,'247','acessories/shoes'),('1554',125,3,'247','acessories/shoes'),('1555',125,9,'247','acessories/shoes'),('1556',125,11,'247','acessories/shoes'),('1557',125,13,'247','acessories/shoes'),('1558',125,15,'247','acessories/shoes'),('1559',125,17,'247','acessories/shoes'),('1560',125,20,'247','acessories/shoes'),('1561',125,4,'247','acessories/shoes'),('1562',125,10,'247','acessories/shoes'),('1563',125,12,'247','acessories/shoes'),('1564',125,14,'247','acessories/shoes'),('1565',125,16,'247','acessories/shoes'),('1566',125,18,'247','acessories/shoes'),('1567',45,0,'248','Hat'),('1568',52,0,'248','PRODUCTS'),('1569',124,0,'248','hat'),('1570',125,0,'248','acessories/hat'),('1571',125,19,'248','acessories/hat'),('1572',125,3,'248','acessories/hat'),('1573',125,9,'248','acessories/hat'),('1574',125,11,'248','acessories/hat'),('1575',125,13,'248','acessories/hat'),('1576',125,15,'248','acessories/hat'),('1577',125,17,'248','acessories/hat'),('1578',125,20,'248','acessories/hat'),('1579',125,4,'248','acessories/hat'),('1580',125,10,'248','acessories/hat'),('1581',125,12,'248','acessories/hat'),('1582',125,14,'248','acessories/hat'),('1583',125,16,'248','acessories/hat'),('1584',125,18,'248','acessories/hat'),('1585',45,0,'249','Men'),('1586',52,0,'249','PRODUCTS'),('1587',124,0,'249','men'),('1588',125,0,'249','acessories/t-shirt/men'),('1589',125,19,'249','acessories/t-shirt/men'),('1590',125,3,'249','acessories/t-shirt/men'),('1591',125,9,'249','acessories/t-shirt/men'),('1592',125,11,'249','acessories/t-shirt/men'),('1593',125,13,'249','acessories/t-shirt/men'),('1594',125,15,'249','acessories/t-shirt/men'),('1595',125,17,'249','acessories/t-shirt/men'),('1596',125,20,'249','acessories/t-shirt/men'),('1597',125,4,'249','acessories/t-shirt/men'),('1598',125,10,'249','acessories/t-shirt/men'),('1599',125,12,'249','acessories/t-shirt/men'),('1600',125,14,'249','acessories/t-shirt/men'),('1601',125,16,'249','acessories/t-shirt/men'),('1602',125,18,'249','acessories/t-shirt/men'),('1603',45,0,'250','Women'),('1604',52,0,'250','PRODUCTS'),('1605',124,0,'250','women'),('1606',125,0,'250','acessories/t-shirt/women'),('1607',125,19,'250','acessories/t-shirt/women'),('1608',125,3,'250','acessories/t-shirt/women'),('1609',125,9,'250','acessories/t-shirt/women'),('1610',125,11,'250','acessories/t-shirt/women'),('1611',125,13,'250','acessories/t-shirt/women'),('1612',125,15,'250','acessories/t-shirt/women'),('1613',125,17,'250','acessories/t-shirt/women'),('1614',125,20,'250','acessories/t-shirt/women'),('1615',125,4,'250','acessories/t-shirt/women'),('1616',125,10,'250','acessories/t-shirt/women'),('1617',125,12,'250','acessories/t-shirt/women'),('1618',125,14,'250','acessories/t-shirt/women'),('1619',125,16,'250','acessories/t-shirt/women'),('1620',125,18,'250','acessories/t-shirt/women'),('1621',45,0,'251','Nike'),('1622',52,0,'251','PRODUCTS'),('1623',124,0,'251','nike'),('1624',125,0,'251','acessories/shoes/nike'),('1625',125,19,'251','acessories/shoes/nike'),('1626',125,3,'251','acessories/shoes/nike'),('1627',125,9,'251','acessories/shoes/nike'),('1628',125,11,'251','acessories/shoes/nike'),('1629',125,13,'251','acessories/shoes/nike'),('1630',125,15,'251','acessories/shoes/nike'),('1631',125,17,'251','acessories/shoes/nike'),('1632',125,20,'251','acessories/shoes/nike'),('1633',125,4,'251','acessories/shoes/nike'),('1634',125,10,'251','acessories/shoes/nike'),('1635',125,12,'251','acessories/shoes/nike'),('1636',125,14,'251','acessories/shoes/nike'),('1637',125,16,'251','acessories/shoes/nike'),('1638',125,18,'251','acessories/shoes/nike'),('1639',45,0,'252','Adidas'),('1640',52,0,'252','PRODUCTS'),('1641',124,0,'252','adidas'),('1642',125,0,'252','acessories/shoes/adidas'),('1643',125,19,'252','acessories/shoes/adidas'),('1644',125,3,'252','acessories/shoes/adidas'),('1645',125,9,'252','acessories/shoes/adidas'),('1646',125,11,'252','acessories/shoes/adidas'),('1647',125,13,'252','acessories/shoes/adidas'),('1648',125,15,'252','acessories/shoes/adidas'),('1649',125,17,'252','acessories/shoes/adidas'),('1650',125,20,'252','acessories/shoes/adidas'),('1651',125,4,'252','acessories/shoes/adidas'),('1652',125,10,'252','acessories/shoes/adidas'),('1653',125,12,'252','acessories/shoes/adidas'),('1654',125,14,'252','acessories/shoes/adidas'),('1655',125,16,'252','acessories/shoes/adidas'),('1656',125,18,'252','acessories/shoes/adidas'),('1657',45,0,'253','Cap'),('1658',52,0,'253','PRODUCTS'),('1659',124,0,'253','cap'),('1660',125,0,'253','acessories/hat/cap'),('1661',125,19,'253','acessories/hat/cap'),('1662',125,3,'253','acessories/hat/cap'),('1663',125,9,'253','acessories/hat/cap'),('1664',125,11,'253','acessories/hat/cap'),('1665',125,13,'253','acessories/hat/cap'),('1666',125,15,'253','acessories/hat/cap'),('1667',125,17,'253','acessories/hat/cap'),('1668',125,20,'253','acessories/hat/cap'),('1669',125,4,'253','acessories/hat/cap'),('1670',125,10,'253','acessories/hat/cap'),('1671',125,12,'253','acessories/hat/cap'),('1672',125,14,'253','acessories/hat/cap'),('1673',125,16,'253','acessories/hat/cap'),('1674',125,18,'253','acessories/hat/cap'),('1675',45,0,'254','Sun'),('1676',52,0,'254','PRODUCTS'),('1677',124,0,'254','sun'),('1678',125,0,'254','acessories/hat/sun'),('1679',125,19,'254','acessories/hat/sun'),('1680',125,3,'254','acessories/hat/sun'),('1681',125,9,'254','acessories/hat/sun'),('1682',125,11,'254','acessories/hat/sun'),('1683',125,13,'254','acessories/hat/sun'),('1684',125,15,'254','acessories/hat/sun'),('1685',125,17,'254','acessories/hat/sun'),('1686',125,20,'254','acessories/hat/sun'),('1687',125,4,'254','acessories/hat/sun'),('1688',125,10,'254','acessories/hat/sun'),('1689',125,12,'254','acessories/hat/sun'),('1690',125,14,'254','acessories/hat/sun'),('1691',125,16,'254','acessories/hat/sun'),('1692',125,18,'254','acessories/hat/sun'),('1723',45,0,'255','All Departments'),('1724',52,0,'255','PRODUCTS'),('1725',124,0,'255','all-departments'),('1726',45,0,'256','Shop'),('1727',52,0,'256','PRODUCTS_AND_PAGE'),('1728',124,0,'256','shop'),('1729',125,0,'256','shop'),('1730',45,0,'257','Home Decor'),('1731',52,0,'257','PRODUCTS'),('1732',124,0,'257','home-decor'),('1733',125,0,'257','shop/home-decor'),('1734',45,0,'258','Chairs & Sofas'),('1735',52,0,'258','PRODUCTS'),('1736',124,0,'258','chairs-sofas'),('1737',125,0,'258','shop/home-decor/chairs-sofas'),('1738',45,0,'259','Chest'),('1739',52,0,'259','PRODUCTS'),('1740',124,0,'259','chest'),('1741',125,0,'259','shop/home-decor/chest'),('1742',45,0,'260','Loungers'),('1743',52,0,'260','PRODUCTS'),('1744',124,0,'260','loungers'),('1745',125,0,'260','shop/home-decor/loungers'),('1746',45,0,'261','Sets'),('1747',52,0,'261','PRODUCTS'),('1748',124,0,'261','sets'),('1749',125,0,'261','shop/home-decor/sets'),('1750',45,0,'262','Tables'),('1751',52,0,'262','PRODUCTS'),('1752',124,0,'262','tables'),('1753',125,0,'262','shop/home-decor/tables'),('1754',45,0,'263','Houseware'),('1755',52,0,'263','PRODUCTS'),('1756',124,0,'263','houseware'),('1757',125,0,'263','shop/houseware'),('1758',45,0,'264','Dining Chairs'),('1759',52,0,'264','PRODUCTS'),('1760',124,0,'264','dining-chairs'),('1761',125,0,'264','shop/houseware/dining-chairs'),('1762',45,0,'265','Dining Tables '),('1763',52,0,'265','PRODUCTS'),('1764',124,0,'265','dining-tables'),('1765',125,0,'265','shop/houseware/dining-tables'),('1766',45,0,'266','Gramophone'),('1767',52,0,'266','PRODUCTS'),('1768',124,0,'266','gramophone'),('1769',125,0,'266','shop/houseware/gramophone'),('1770',45,0,'267','Sideboards'),('1771',52,0,'267','PRODUCTS'),('1772',124,0,'267','sideboards'),('1773',125,0,'267','shop/houseware/sideboards'),('1774',45,0,'268','Tableware'),('1775',52,0,'268','PRODUCTS'),('1776',124,0,'268','tableware'),('1777',125,0,'268','shop/houseware/tableware'),('1778',45,0,'269','Outdoor'),('1779',52,0,'269','PRODUCTS'),('1780',124,0,'269','outdoor'),('1781',125,0,'269','shop/outdoor'),('1782',45,0,'270','Bed'),('1783',52,0,'270','PRODUCTS'),('1784',124,0,'270','bed'),('1785',125,0,'270','shop/outdoor/bed'),('1786',45,0,'271','Daybed'),('1787',52,0,'271','PRODUCTS'),('1788',124,0,'271','daybed'),('1789',125,0,'271','shop/outdoor/daybed'),('1790',45,0,'272','Futon'),('1791',52,0,'272','PRODUCTS'),('1792',124,0,'272','futon'),('1793',125,0,'272','shop/outdoor/futon'),('1794',45,0,'273','Hammock'),('1795',52,0,'273','PRODUCTS'),('1796',124,0,'273','hammock'),('1797',125,0,'273','shop/outdoor/hammock'),('1798',45,0,'274','Headboard'),('1799',52,0,'274','PRODUCTS'),('1800',124,0,'274','headboard'),('1801',125,0,'274','shop/outdoor/headboard'),('1802',45,0,'275','Bed Room'),('1803',52,0,'275','PRODUCTS'),('1804',124,0,'275','bed-room'),('1805',125,0,'275','shop/bed-room'),('1806',45,0,'276','Banquet camera'),('1807',52,0,'276','PRODUCTS'),('1808',124,0,'276','banquet-camera'),('1809',125,0,'276','shop/bed-room/banquet-camera'),('1810',45,0,'277','Bathroom storage'),('1811',52,0,'277','PRODUCTS'),('1812',124,0,'277','bathroom-storage'),('1813',125,0,'277','shop/bed-room/bathroom-storage'),('1814',45,0,'278','Bathroom Vanities'),('1815',52,0,'278','PRODUCTS'),('1816',124,0,'278','bathroom-vanities'),('1817',125,0,'278','shop/bed-room/bathroom-vanities'),('1818',45,0,'279','Hyllis'),('1819',52,0,'279','PRODUCTS'),('1820',124,0,'279','hyllis'),('1821',125,0,'279','shop/bed-room/hyllis'),('1822',45,0,'280','Sinks'),('1823',52,0,'280','PRODUCTS'),('1824',124,0,'280','sinks'),('1825',125,0,'280','shop/bed-room/sinks'),('1826',45,0,'281','Accessories'),('1827',52,0,'281','PRODUCTS'),('1828',124,0,'281','accessories'),('1829',125,0,'281','accessories'),('1830',45,0,'282','Massage & Relaxation'),('1831',52,0,'282','PRODUCTS'),('1832',124,0,'282','massage-relaxation'),('1833',125,0,'282','accessories/massage-relaxation'),('1834',45,0,'283','Mice 1'),('1835',52,0,'283','PRODUCTS'),('1836',124,0,'283','mice-1'),('1837',125,0,'283','accessories/massage-relaxation/mice-1'),('1838',45,0,'284','Mice 2'),('1839',52,0,'284','PRODUCTS'),('1840',124,0,'284','mice-2'),('1841',125,0,'284','accessories/massage-relaxation/mice-2'),('1842',45,0,'285','Trackballs 1'),('1843',52,0,'285','PRODUCTS'),('1844',124,0,'285','trackballs-1'),('1845',125,0,'285','accessories/massage-relaxation/trackballs-1'),('1846',45,0,'286','Trackballs 2'),('1847',52,0,'286','PRODUCTS'),('1848',124,0,'286','trackballs-2'),('1849',125,0,'286','accessories/massage-relaxation/trackballs-2'),('1850',45,0,'287','Gel Nail Polish'),('1851',52,0,'287','PRODUCTS'),('1852',124,0,'287','gel-nail-polish'),('1853',125,0,'287','accessories/gel-nail-polish'),('1854',45,0,'288','Scanners 1'),('1855',52,0,'288','PRODUCTS'),('1856',124,0,'288','scanners-1'),('1857',125,0,'288','accessories/gel-nail-polish/scanners-1'),('1858',45,0,'289','Scanners 2'),('1859',52,0,'289','PRODUCTS'),('1860',124,0,'289','scanners-2'),('1861',125,0,'289','accessories/gel-nail-polish/scanners-2'),('1862',45,0,'290','Scanners 3'),('1863',52,0,'290','PRODUCTS'),('1864',124,0,'290','scanners-3'),('1865',125,0,'290','accessories/gel-nail-polish/scanners-3'),('1866',45,0,'291','Scanners 4'),('1867',52,0,'291','PRODUCTS'),('1868',124,0,'291','scanners-4'),('1869',125,0,'291','accessories/gel-nail-polish/scanners-4'),('1870',45,0,'292','Specials'),('1871',52,0,'292','PRODUCTS'),('1872',124,0,'292','specials'),('1873',125,0,'292','specials'),('1874',45,0,'293','Living room'),('1875',52,0,'293','PRODUCTS'),('1876',124,0,'293','living-room'),('1877',125,0,'293','living-room'),('1878',45,0,'294','Eclectic'),('1879',52,0,'294','PRODUCTS'),('1880',124,0,'294','eclectic'),('1881',125,0,'294','living-room/eclectic'),('1882',45,0,'295','Apple laptops'),('1883',52,0,'295','PRODUCTS'),('1884',124,0,'295','apple-laptops'),('1885',125,0,'295','living-room/eclectic/apple-laptops'),('1886',45,0,'296','Backlit'),('1887',52,0,'296','PRODUCTS'),('1888',124,0,'296','backlit'),('1889',125,0,'296','living-room/eclectic/backlit'),('1890',45,0,'297','Chromebooks'),('1891',52,0,'297','PRODUCTS'),('1892',124,0,'297','chromebooks'),('1893',125,0,'297','living-room/eclectic/chromebooks'),('1894',45,0,'298','Eluktronics'),('1895',52,0,'298','PRODUCTS'),('1896',124,0,'298','eluktronics'),('1897',125,0,'298','living-room/eclectic/eluktronics'),('1898',45,0,'299','EXcaliberPC'),('1899',52,0,'299','PRODUCTS'),('1900',124,0,'299','excaliberpc'),('1901',125,0,'299','living-room/eclectic/excaliberpc'),('1902',45,0,'300','Gaming Laptops'),('1903',52,0,'300','PRODUCTS'),('1904',124,0,'300','gaming-laptops'),('1905',125,0,'300','living-room/eclectic/gaming-laptops'),('1906',45,0,'301','MacBooks'),('1907',52,0,'301','PRODUCTS'),('1908',124,0,'301','macbooks'),('1909',125,0,'301','living-room/eclectic/macbooks'),('1910',45,0,'302','Microsoft Surface'),('1911',52,0,'302','PRODUCTS'),('1912',124,0,'302','microsoft-surface'),('1913',125,0,'302','living-room/eclectic/microsoft-surface'),('1914',45,0,'303','PC Laptops'),('1915',52,0,'303','PRODUCTS'),('1916',124,0,'303','pc-laptops'),('1917',125,0,'303','living-room/eclectic/pc-laptops'),('1918',45,0,'304','Modern'),('1919',52,0,'304','PRODUCTS'),('1920',124,0,'304','modern'),('1921',125,0,'304','living-room/modern'),('1922',45,0,'305','Dual Core'),('1923',52,0,'305','PRODUCTS'),('1924',124,0,'305','dual-core'),('1925',125,0,'305','living-room/modern/dual-core'),('1926',45,0,'306','Gaming Monitors'),('1927',52,0,'306','PRODUCTS'),('1928',124,0,'306','gaming-monitors'),('1929',125,0,'306','living-room/modern/gaming-monitors'),('1930',45,0,'307','GPS Monitors'),('1931',52,0,'307','PRODUCTS'),('1932',124,0,'307','gps-monitors'),('1933',125,0,'307','living-room/modern/gps-monitors'),('1934',45,0,'308','IPS Monitors'),('1935',52,0,'308','PRODUCTS'),('1936',124,0,'308','ips-monitors'),('1937',125,0,'308','living-room/modern/ips-monitors'),('1938',45,0,'309','Quad Core'),('1939',52,0,'309','PRODUCTS'),('1940',124,0,'309','quad-core'),('1941',125,0,'309','living-room/modern/quad-core'),('1942',45,0,'310','Single Core'),('1943',52,0,'310','PRODUCTS'),('1944',124,0,'310','single-core'),('1945',125,0,'310','living-room/modern/single-core'),('1946',45,0,'311','Top Picks for Monitors'),('1947',52,0,'311','PRODUCTS'),('1948',124,0,'311','top-picks-for-monitors'),('1949',125,0,'311','living-room/modern/top-picks-for-monitors'),('1950',45,0,'312','LED Monitors'),('1951',52,0,'312','PRODUCTS'),('1952',124,0,'312','led-monitors'),('1953',125,0,'312','living-room/modern/led-monitors'),('1954',45,0,'313','LCD Monitors'),('1955',52,0,'313','PRODUCTS'),('1956',124,0,'313','lcd-monitors'),('1957',125,0,'313','living-room/modern/lcd-monitors'),('1958',45,0,'314','Traditional'),('1959',52,0,'314','PRODUCTS'),('1960',124,0,'314','traditional'),('1961',125,0,'314','living-room/traditional'),('1962',45,0,'315','Aluminum Nonstick'),('1963',52,0,'315','PRODUCTS'),('1964',124,0,'315','aluminum-nonstick'),('1965',125,0,'315','living-room/traditional/aluminum-nonstick'),('1966',45,0,'316','Calphalon'),('1967',52,0,'316','PRODUCTS'),('1968',124,0,'316','calphalon'),('1969',125,0,'316','living-room/traditional/calphalon'),('1970',45,0,'317','Contemporary'),('1971',52,0,'317','PRODUCTS'),('1972',124,0,'317','contemporary'),('1973',125,0,'317','living-room/traditional/contemporary'),('1974',45,0,'318','Hard-Anodized'),('1975',52,0,'318','PRODUCTS'),('1976',124,0,'318','hard-anodized'),('1977',125,0,'318','living-room/traditional/hard-anodized'),('1978',45,0,'319','Sauce Pan'),('1979',52,0,'319','PRODUCTS'),('1980',124,0,'319','sauce-pan'),('1981',125,0,'319','living-room/traditional/sauce-pan'),('1982',45,0,'320','Bathroom'),('1983',52,0,'320','PRODUCTS'),('1984',124,0,'320','bathroom'),('1985',125,0,'320','bathroom'),('1986',45,0,'321','Bathroom furniture sets'),('1987',52,0,'321','PRODUCTS'),('1988',124,0,'321','bathroom-furniture-sets'),('1989',125,0,'321','bathroom/bathroom-furniture-sets'),('1990',45,0,'322','Adapters, Cables & Chargers'),('1991',52,0,'322','PRODUCTS'),('1992',124,0,'322','adapters-cables-chargers'),('1993',125,0,'322','bathroom/bathroom-furniture-sets/adapters-cables-chargers'),('1994',45,0,'323','IPhone'),('1995',52,0,'323','PRODUCTS'),('1996',124,0,'323','iphone'),('1997',125,0,'323','bathroom/bathroom-furniture-sets/iphone'),('1998',45,0,'324','Prepaid Phones'),('1999',52,0,'324','PRODUCTS'),('2000',124,0,'324','prepaid-phones'),('2001',125,0,'324','bathroom/bathroom-furniture-sets/prepaid-phones'),('2002',45,0,'325','Unlocked Phones'),('2003',52,0,'325','PRODUCTS'),('2004',124,0,'325','unlocked-phones'),('2005',125,0,'325','bathroom/bathroom-furniture-sets/unlocked-phones'),('2006',45,0,'326','Bathroom cabinets'),('2007',52,0,'326','PRODUCTS'),('2008',124,0,'326','bathroom-cabinets'),('2009',125,0,'326','bathroom/bathroom-cabinets'),('2010',45,0,'327','E-Readers'),('2011',52,0,'327','PRODUCTS'),('2012',124,0,'327','e-readers'),('2013',125,0,'327','bathroom/bathroom-cabinets/e-readers'),('2014',45,0,'328','IPad'),('2015',52,0,'328','PRODUCTS'),('2016',124,0,'328','ipad'),('2017',125,0,'328','bathroom/bathroom-cabinets/ipad'),('2018',45,0,'329','IPad & Tablet Accessories'),('2019',52,0,'329','PRODUCTS'),('2020',124,0,'329','ipad-tablet-accessories'),('2021',125,0,'329','bathroom/bathroom-cabinets/ipad-tablet-accessories'),('2022',45,0,'330','Kids Tablets'),('2023',52,0,'330','PRODUCTS'),('2024',124,0,'330','kids-tablets'),('2025',125,0,'330','bathroom/bathroom-cabinets/kids-tablets'),('2026',45,0,'331','Lightings'),('2027',52,0,'331','PRODUCTS'),('2028',124,0,'331','lightings'),('2029',125,0,'331','lightings'),('2030',45,0,'332','Decorative'),('2031',52,0,'332','PRODUCTS'),('2032',124,0,'332','decorative'),('2033',125,0,'332','decorative'),('2034',45,0,'333','Tables'),('2035',52,0,'333','PRODUCTS'),('2036',124,0,'333','tables'),('2037',125,0,'333','tables'),('2038',45,0,'334','Stools'),('2039',52,0,'334','PRODUCTS'),('2040',124,0,'334','stools'),('2041',125,0,'334','stools'),('2042',45,0,'335','Chairs'),('2043',52,0,'335','PRODUCTS'),('2044',124,0,'335','chairs'),('2045',125,0,'335','chairs'),('2046',45,0,'336','Sleeper Sofas'),('2047',52,0,'336','PRODUCTS'),('2048',124,0,'336','sleeper-sofas'),('2049',125,0,'336','sleeper-sofas'),('2050',45,0,'337','Loveseats'),('2051',52,0,'337','PRODUCTS'),('2052',124,0,'337','loveseats'),('2053',125,0,'337','loveseats'),('2501',48,0,'335',NULL),('2502',49,0,'335',NULL),('2503',60,0,'335',NULL),('2504',63,0,'335',NULL),('2505',139,0,'335',NULL),('2509',48,0,'333',NULL),('2510',49,0,'333',NULL),('2511',60,0,'333',NULL),('2512',63,0,'333',NULL),('2513',139,0,'333',NULL),('2517',48,0,'334',NULL),('2518',49,0,'334',NULL),('2519',60,0,'334',NULL),('2520',63,0,'334',NULL),('2521',139,0,'334',NULL),('2525',48,0,'331',NULL),('2526',49,0,'331',NULL),('2527',60,0,'331',NULL),('2528',63,0,'331',NULL),('2529',139,0,'331',NULL),('2533',48,0,'332',NULL),('2534',49,0,'332',NULL),('2535',60,0,'332',NULL),('2536',63,0,'332',NULL),('2537',139,0,'332',NULL),('2541',48,0,'320',NULL),('2542',49,0,'320',NULL),('2543',60,0,'320',NULL),('2544',63,0,'320',NULL),('2545',139,0,'320',NULL),('2561',48,0,'255',NULL),('2562',49,0,'255',NULL),('2563',60,0,'255',NULL),('2564',63,0,'255',NULL),('2565',125,0,'255',NULL),('2566',139,0,'255',NULL),('2570',48,0,'256',NULL),('2571',49,0,'256',NULL),('2572',60,0,'256',NULL),('2573',63,0,'256','1column'),('2574',139,0,'256',NULL),('2584',48,0,'2','/safira/media/catalog/category/chairs-258x290_3.jpg'),('2585',49,0,'2',NULL),('2586',60,0,'2',NULL),('2587',63,0,'2',NULL),('2588',139,0,'2',NULL),('2601',155,0,'255',NULL),('2603',48,0,'282',NULL),('2604',49,0,'282',NULL),('2605',60,0,'282',NULL),('2606',63,0,'282',NULL),('2607',139,0,'282',NULL),('2608',155,0,'282',NULL),('2614',48,0,'281',NULL),('2615',49,0,'281',NULL),('2616',60,0,'281',NULL),('2617',63,0,'281',NULL),('2618',139,0,'281',NULL),('2619',155,0,'281',NULL),('2654',48,0,'3',NULL),('2655',49,0,'3',NULL),('2656',60,0,'3',NULL),('2657',63,0,'3',NULL),('2658',139,0,'3',NULL),('2659',155,0,'3',NULL),('2673',155,0,'335','/media/catalog/category/chairs-258x290_1_11.jpg'),('2675',155,0,'333','/media/catalog/category/tables-258x290.jpg'),('2677',155,0,'334','/media/catalog/category/stools-258x290.jpg'),('2679',155,0,'331','/media/catalog/category/lightings-258x290.jpg'),('2681',155,0,'332','/media/catalog/category/decorative-258x290.jpg'),('2683',155,0,'320','stools-258x290_1.jpg'),('2688',155,0,'256',NULL),('2689',45,0,'338','All Departments'),('2690',124,0,'338','all-departments'),('2691',45,0,'339','Home Electronics'),('2692',124,0,'339','home-electronics'),('2693',125,0,'339','home-electronics'),('2694',45,0,'340','Decor & Furniture'),('2695',124,0,'340','decor-furniture'),('2696',125,0,'340','decor-furniture'),('2697',45,0,'341','Smartphones & Tablets'),('2698',124,0,'341','smartphones-tablets'),('2699',125,0,'341','smartphones-tablets'),('2700',45,0,'342','Medical & Healthy'),('2701',124,0,'342','medical-healthy'),('2702',125,0,'342','medical-healthy'),('2706',45,0,'344','Smartphones'),('2707',124,0,'344','smartphones'),('2708',125,0,'344','smartphones-tablets/smartphones'),('2709',45,0,'345','Adapters, Cables'),('2710',124,0,'345','adapters-cables'),('2711',125,0,'345','smartphones-tablets/smartphones/adapters-cables'),('2712',45,0,'346','iPhone'),('2713',124,0,'346','iphone'),('2714',125,0,'346','smartphones-tablets/smartphones/iphone'),('2715',45,0,'347','Tablets'),('2716',124,0,'347','tablets'),('2717',125,0,'347','smartphones-tablets/tablets'),('2718',45,0,'348','E-Readers'),('2719',124,0,'348','e-readers'),('2720',125,0,'348','smartphones-tablets/tablets/e-readers'),('2721',45,0,'349','iPad'),('2722',124,0,'349','ipad'),('2723',125,0,'349','smartphones-tablets/tablets/ipad'),('2724',45,0,'350','Canned Goods'),('2725',124,0,'350','canned-goods'),('2726',125,0,'350','medical-healthy/canned-goods'),('2727',45,0,'351','Generic'),('2728',124,0,'351','generic'),('2729',125,0,'351','medical-healthy/canned-goods/generic'),('2730',45,0,'352','Gvasalia'),('2731',124,0,'352','gvasalia'),('2732',125,0,'352','medical-healthy/canned-goods/gvasalia'),('2733',45,0,'353','Hypebeast'),('2734',124,0,'353','hypebeast'),('2735',125,0,'353','medical-healthy/canned-goods/hypebeast'),('2736',45,0,'354','Dry Fruits & Snacks'),('2737',124,0,'354','dry-fruits-snacks'),('2738',125,0,'354','medical-healthy/dry-fruits-snacks'),('2739',45,0,'355','Arugula'),('2740',124,0,'355','arugula'),('2741',125,0,'355','medical-healthy/dry-fruits-snacks/arugula'),('2742',45,0,'356','Cell Phones'),('2743',124,0,'356','cell-phones'),('2744',125,0,'356','home-electronics/cell-phones'),('2745',45,0,'357','Cellphone Accessories'),('2746',124,0,'357','cellphone-accessories'),('2747',125,0,'357','home-electronics/cell-phones/cellphone-accessories'),('2748',45,0,'358','Mobile Hotspots & Plans'),('2749',124,0,'358','mobile-hotspots-plans'),('2750',125,0,'358','home-electronics/cell-phones/mobile-hotspots-plans'),('2751',45,0,'359','Phones With Plans'),('2752',124,0,'359','phones-with-plans'),('2753',125,0,'359','home-electronics/cell-phones/phones-with-plans'),('2754',45,0,'360','Prepaid Plans'),('2755',124,0,'360','prepaid-plans'),('2756',125,0,'360','home-electronics/cell-phones/prepaid-plans'),('2760',45,0,'362','Home Decor'),('2761',124,0,'362','home-decor'),('2762',125,0,'362','decor-furniture/home-decor'),('2763',45,0,'363','Chairs & Sofas'),('2764',124,0,'363','chairs-sofas'),('2765',125,0,'363','decor-furniture/home-decor/chairs-sofas'),('2766',45,0,'364','Chest'),('2767',124,0,'364','chest'),('2768',125,0,'364','decor-furniture/home-decor/chest'),('2769',45,0,'365','Loungers'),('2770',124,0,'365','loungers'),('2771',125,0,'365','decor-furniture/home-decor/loungers'),('2781',45,0,'369','GPS & Navigation'),('2782',124,0,'369','gps-navigation'),('2783',125,0,'369','home-electronics/gps-navigation'),('2784',45,0,'370','Accessories'),('2785',124,0,'370','accessories'),('2786',125,0,'370','home-electronics/gps-navigation/accessories'),('2787',45,0,'371','Cosmetics'),('2788',124,0,'371','cosmetics'),('2789',125,0,'371','cosmetics'),('2790',45,0,'372','Home Lightings'),('2791',124,0,'372','home-lightings'),('2792',125,0,'372','home-lightings'),('2793',45,0,'373','Fashion'),('2794',124,0,'373','fashion'),('2795',125,0,'373','fashion'),('2799',45,0,'375','iPad & Tablet Accessories'),('2800',124,0,'375','ipad-tablet-accessories'),('2801',125,0,'375','smartphones-tablets/tablets/ipad-tablet-accessories'),('2802',45,0,'376','Watches & Jewelry'),('2803',124,0,'376','watches-jewelry'),('2804',125,0,'376','watches-jewelry'),('2805',45,0,'377','Prepaid Phones'),('2806',124,0,'377','prepaid-phones'),('2807',125,0,'377','smartphones-tablets/smartphones/prepaid-phones'),('2808',45,0,'378','Home Audio & Theater'),('2809',124,0,'378','home-audio-theater'),('2810',125,0,'378','home-electronics/home-audio-theater'),('2811',45,0,'379','Home Theater'),('2812',124,0,'379','home-theater'),('2813',125,0,'379','home-electronics/home-audio-theater/home-theater'),('2814',45,0,'380','Sports'),('2815',124,0,'380','sports'),('2816',125,0,'380','home-electronics/home-audio-theater/sports'),('2817',45,0,'381','Stereo Receivers'),('2818',124,0,'381','stereo-receivers'),('2819',125,0,'381','home-electronics/home-audio-theater/stereo-receivers'),('2820',45,0,'382','Surround Sound Speakers'),('2821',124,0,'382','surround-sound-speakers'),('2822',125,0,'382','home-electronics/home-audio-theater/surround-sound-speakers'),('2826',45,0,'384','Game Devices'),('2827',124,0,'384','game-devices'),('2828',125,0,'384','game-devices'),('2832',45,0,'386','cameras-photo'),('2833',124,0,'386','80-off'),('2834',125,0,'386','80-off'),('2835',45,0,'387','Autoparts'),('2836',124,0,'387','autoparts'),('2837',125,0,'387','autoparts'),('2838',45,0,'388','Power Tools'),('2839',124,0,'388','power-tools'),('2840',125,0,'388','power-tools'),('2847',45,0,'391','Seals & Hubs'),('2848',124,0,'391','seals-hubs'),('2849',125,0,'391','game-devices/seals-hubs'),('2851',48,0,'339',NULL),('2852',49,0,'339',NULL),('2853',52,0,'339','PRODUCTS'),('2854',60,0,'339',NULL),('2855',63,0,'339',NULL),('2856',139,0,'339',NULL),('2857',155,0,'339','/media/catalog/category/home-electronics-412x170.jpg'),('2880',52,0,'340','PRODUCTS'),('2888',52,0,'341','PRODUCTS'),('2902',52,0,'342','PRODUCTS'),('2908',48,0,'371',NULL),('2909',49,0,'371',NULL),('2910',52,0,'371','PRODUCTS'),('2911',60,0,'371',NULL),('2912',63,0,'371',NULL),('2913',139,0,'371',NULL),('2914',155,0,'371','/media/catalog/category/cosmetics-412x170.jpg'),('2916',48,0,'372',NULL),('2917',49,0,'372',NULL),('2918',52,0,'372','PRODUCTS'),('2919',60,0,'372',NULL),('2920',63,0,'372',NULL),('2921',139,0,'372',NULL),('2922',155,0,'372','/media/catalog/category/home-lightings-412x170.jpg'),('2924',48,0,'373',NULL),('2925',49,0,'373',NULL),('2926',52,0,'373','PRODUCTS'),('2927',60,0,'373',NULL),('2928',63,0,'373',NULL),('2929',139,0,'373',NULL),('2930',155,0,'373','/safira/media/catalog/category/fashion-412x170.jpg'),('2934',52,0,'376','PRODUCTS'),('2941',48,0,'384',NULL),('2942',49,0,'384',NULL),('2943',52,0,'384','PRODUCTS'),('2944',60,0,'384',NULL),('2945',63,0,'384',NULL),('2946',139,0,'384',NULL),('2947',155,0,'384','/media/catalog/category/game-devices-412x170.jpg'),('2949',48,0,'386',NULL),('2950',49,0,'386',NULL),('2951',52,0,'386','PRODUCTS'),('2952',60,0,'386',NULL),('2953',63,0,'386',NULL),('2954',139,0,'386',NULL),('2955',155,0,'386',NULL),('2957',48,0,'387',NULL),('2958',49,0,'387',NULL),('2959',52,0,'387','PRODUCTS'),('2960',60,0,'387',NULL),('2961',63,0,'387',NULL),('2962',139,0,'387',NULL),('2963',155,0,'387',NULL),('2965',48,0,'388',NULL),('2966',49,0,'388',NULL),('2967',52,0,'388','PRODUCTS'),('2968',60,0,'388',NULL),('2969',63,0,'388',NULL),('2970',139,0,'388',NULL),('2971',155,0,'388',NULL),('2972',48,0,'338',NULL),('2973',49,0,'338',NULL),('2974',52,0,'338','PRODUCTS'),('2975',60,0,'338',NULL),('2976',63,0,'338',NULL),('2977',125,0,'338',NULL),('2978',139,0,'338',NULL),('2979',155,0,'338',NULL),('2986',48,0,'356',NULL),('2987',49,0,'356',NULL),('2988',52,0,'356','PRODUCTS'),('2989',60,0,'356',NULL),('2990',63,0,'356',NULL),('2991',139,0,'356',NULL),('2992',155,0,'356',NULL),('3000',48,0,'357',NULL),('3001',49,0,'357',NULL),('3002',52,0,'357','PRODUCTS'),('3003',60,0,'357',NULL),('3004',63,0,'357',NULL),('3005',139,0,'357',NULL),('3006',155,0,'357',NULL),('3008',48,0,'358',NULL),('3009',49,0,'358',NULL),('3010',52,0,'358','PRODUCTS'),('3011',60,0,'358',NULL),('3012',63,0,'358',NULL),('3013',139,0,'358',NULL),('3014',155,0,'358',NULL),('3018',52,0,'359','PRODUCTS'),('3026',52,0,'360','PRODUCTS'),('3033',48,0,'369',NULL),('3034',49,0,'369',NULL),('3035',52,0,'369','PRODUCTS'),('3036',60,0,'369',NULL),('3037',63,0,'369',NULL),('3038',139,0,'369',NULL),('3039',155,0,'369',NULL),('3043',52,0,'370','PRODUCTS'),('3048',45,0,'392','Auto GPS Units'),('3049',52,0,'392','PRODUCTS'),('3050',124,0,'392','auto-gps-units'),('3051',125,0,'392','home-electronics/gps-navigation/auto-gps-units'),('3052',45,0,'393','Fitness GPS Units'),('3053',52,0,'393','PRODUCTS'),('3054',124,0,'393','fitness-gps-units'),('3055',125,0,'393','home-electronics/gps-navigation/fitness-gps-units'),('3056',45,0,'394','Handheld GPS Units'),('3057',52,0,'394','PRODUCTS'),('3058',124,0,'394','handheld-gps-units'),('3059',125,0,'394','home-electronics/gps-navigation/handheld-gps-units'),('3066',48,0,'378',NULL),('3067',49,0,'378',NULL),('3068',52,0,'378','PRODUCTS'),('3069',60,0,'378',NULL),('3070',63,0,'378',NULL),('3071',139,0,'378',NULL),('3072',155,0,'378',NULL),('3076',52,0,'379','PRODUCTS'),('3084',52,0,'380','PRODUCTS'),('3092',52,0,'381','PRODUCTS'),('3100',52,0,'382','PRODUCTS'),('3109',48,0,'362',NULL),('3110',49,0,'362',NULL),('3111',52,0,'362','PRODUCTS'),('3112',60,0,'362',NULL),('3113',63,0,'362',NULL),('3114',139,0,'362',NULL),('3115',155,0,'362','/media/catalog/category/decor-furniture-412x170_1.jpg'),('3119',52,0,'363','PRODUCTS'),('3127',52,0,'364','PRODUCTS'),('3135',52,0,'365','PRODUCTS'),('3140',45,0,'395','Sets'),('3141',52,0,'395','PRODUCTS'),('3142',124,0,'395','sets'),('3143',125,0,'395','decor-furniture/home-decor/sets'),('3144',45,0,'396','Tables'),('3145',52,0,'396','PRODUCTS'),('3146',124,0,'396','tables'),('3147',125,0,'396','decor-furniture/home-decor/tables'),('3148',45,0,'397','Houseware'),('3149',52,0,'397','PRODUCTS'),('3150',124,0,'397','houseware'),('3151',125,0,'397','decor-furniture/houseware'),('3152',45,0,'398','Dining Chairs'),('3153',52,0,'398','PRODUCTS'),('3154',124,0,'398','dining-chairs'),('3155',125,0,'398','decor-furniture/houseware/dining-chairs'),('3156',45,0,'399','Dining Tables '),('3157',52,0,'399','PRODUCTS'),('3158',124,0,'399','dining-tables'),('3159',125,0,'399','decor-furniture/houseware/dining-tables'),('3160',45,0,'400','Gramophone'),('3161',52,0,'400','PRODUCTS'),('3162',124,0,'400','gramophone'),('3163',125,0,'400','decor-furniture/houseware/gramophone'),('3164',45,0,'401','Sideboards'),('3165',52,0,'401','PRODUCTS'),('3166',124,0,'401','sideboards'),('3167',125,0,'401','decor-furniture/houseware/sideboards'),('3168',45,0,'402','Tableware'),('3169',52,0,'402','PRODUCTS'),('3170',124,0,'402','tableware'),('3171',125,0,'402','decor-furniture/houseware/tableware'),('3172',45,0,'403','Outdoor'),('3173',52,0,'403','PRODUCTS'),('3174',124,0,'403','outdoor'),('3175',125,0,'403','decor-furniture/outdoor'),('3176',45,0,'404','Bed'),('3177',52,0,'404','PRODUCTS'),('3178',124,0,'404','bed'),('3179',125,0,'404','decor-furniture/outdoor/bed'),('3180',45,0,'405','Daybed'),('3181',52,0,'405','PRODUCTS'),('3182',124,0,'405','daybed'),('3183',125,0,'405','decor-furniture/outdoor/daybed'),('3184',45,0,'406','Futon'),('3185',52,0,'406','PRODUCTS'),('3186',124,0,'406','futon'),('3187',125,0,'406','decor-furniture/outdoor/futon'),('3188',45,0,'407','Hammock'),('3189',52,0,'407','PRODUCTS'),('3190',124,0,'407','hammock'),('3191',125,0,'407','decor-furniture/outdoor/hammock'),('3192',45,0,'408','Headboard'),('3193',52,0,'408','PRODUCTS'),('3194',124,0,'408','headboard'),('3195',125,0,'408','decor-furniture/outdoor/headboard'),('3196',45,0,'409','Bed Room'),('3197',52,0,'409','PRODUCTS'),('3198',124,0,'409','bed-room'),('3199',125,0,'409','decor-furniture/bed-room'),('3200',45,0,'410','Banquet camera'),('3201',52,0,'410','PRODUCTS'),('3202',124,0,'410','banquet-camera'),('3203',125,0,'410','decor-furniture/bed-room/banquet-camera'),('3204',45,0,'411','Bathroom storage'),('3205',52,0,'411','PRODUCTS'),('3206',124,0,'411','bathroom-storage'),('3207',125,0,'411','decor-furniture/bed-room/bathroom-storage'),('3208',45,0,'412','Bathroom Vanities'),('3209',52,0,'412','PRODUCTS'),('3210',124,0,'412','bathroom-vanities'),('3211',125,0,'412','decor-furniture/bed-room/bathroom-vanities'),('3212',45,0,'413','Hyllis'),('3213',52,0,'413','PRODUCTS'),('3214',124,0,'413','hyllis'),('3215',125,0,'413','decor-furniture/bed-room/hyllis'),('3216',45,0,'414','Sinks'),('3217',52,0,'414','PRODUCTS'),('3218',124,0,'414','sinks'),('3219',125,0,'414','decor-furniture/bed-room/sinks'),('3226',52,0,'344','PRODUCTS'),('3234',52,0,'345','PRODUCTS'),('3242',52,0,'346','PRODUCTS'),('3250',52,0,'377','PRODUCTS'),('3255',45,0,'415','Unlocked Phones'),('3256',52,0,'415','PRODUCTS'),('3257',124,0,'415','unlocked-phones'),('3258',125,0,'415','smartphones-tablets/smartphones/unlocked-phones'),('3263',48,0,'347',NULL),('3264',49,0,'347',NULL),('3265',52,0,'347','PRODUCTS'),('3266',60,0,'347',NULL),('3267',63,0,'347',NULL),('3268',139,0,'347',NULL),('3269',155,0,'347',NULL),('3273',52,0,'348','PRODUCTS'),('3281',52,0,'349','PRODUCTS'),('3287',48,0,'375',NULL),('3288',49,0,'375',NULL),('3289',52,0,'375','PRODUCTS'),('3290',60,0,'375',NULL),('3291',63,0,'375',NULL),('3292',139,0,'375',NULL),('3293',155,0,'375',NULL),('3294',45,0,'416','Kids Tablets'),('3295',52,0,'416','PRODUCTS'),('3296',124,0,'416','kids-tablets'),('3297',125,0,'416','smartphones-tablets/tablets/kids-tablets'),('3312',48,0,'350',NULL),('3313',49,0,'350',NULL),('3314',52,0,'350','PRODUCTS'),('3315',60,0,'350',NULL),('3316',63,0,'350',NULL),('3317',139,0,'350',NULL),('3318',155,0,'350',NULL),('3322',52,0,'351','PRODUCTS'),('3330',52,0,'352','PRODUCTS'),('3338',52,0,'353','PRODUCTS'),('3343',45,0,'417','Luxury'),('3344',52,0,'417','PRODUCTS'),('3345',124,0,'417','luxury'),('3346',125,0,'417','medical-healthy/canned-goods/luxury'),('3347',45,0,'418','Seasonal'),('3348',52,0,'418','PRODUCTS'),('3349',124,0,'418','seasonal'),('3350',125,0,'418','medical-healthy/canned-goods/seasonal'),('3353',48,0,'354',NULL),('3354',49,0,'354',NULL),('3355',52,0,'354','PRODUCTS'),('3356',60,0,'354',NULL),('3357',63,0,'354',NULL),('3358',139,0,'354',NULL),('3359',155,0,'354',NULL),('3363',52,0,'355','PRODUCTS'),('3368',45,0,'419','Beets'),('3369',52,0,'419','PRODUCTS'),('3370',124,0,'419','beets'),('3371',125,0,'419','medical-healthy/dry-fruits-snacks/beets'),('3372',45,0,'420','Cucumber'),('3373',52,0,'420','PRODUCTS'),('3374',124,0,'420','cucumber'),('3375',125,0,'420','medical-healthy/dry-fruits-snacks/cucumber'),('3376',45,0,'421','Eggplant'),('3377',52,0,'421','PRODUCTS'),('3378',124,0,'421','eggplant'),('3379',125,0,'421','medical-healthy/dry-fruits-snacks/eggplant'),('3380',45,0,'422','Fresh Fruits'),('3381',52,0,'422','PRODUCTS'),('3382',124,0,'422','fresh-fruits'),('3383',125,0,'422','medical-healthy/fresh-fruits'),('3384',45,0,'423','Avocado'),('3385',52,0,'423','PRODUCTS'),('3386',124,0,'423','avocado'),('3387',125,0,'423','medical-healthy/fresh-fruits/avocado'),('3388',45,0,'424','Banana'),('3389',52,0,'424','PRODUCTS'),('3390',124,0,'424','banana'),('3391',125,0,'424','medical-healthy/fresh-fruits/banana'),('3392',45,0,'425','Blueberries'),('3393',52,0,'425','PRODUCTS'),('3394',124,0,'425','blueberries'),('3395',125,0,'425','medical-healthy/fresh-fruits/blueberries'),('3396',45,0,'426','Coconut*'),('3397',52,0,'426','PRODUCTS'),('3398',124,0,'426','coconut'),('3399',125,0,'426','medical-healthy/fresh-fruits/coconut'),('3400',45,0,'427','Coffee'),('3401',52,0,'427','PRODUCTS'),('3402',124,0,'427','coffee'),('3403',125,0,'427','medical-healthy/fresh-fruits/coffee'),('3404',45,0,'428','Fresh Vegetables'),('3405',52,0,'428','PRODUCTS'),('3406',124,0,'428','fresh-vegetables'),('3407',125,0,'428','medical-healthy/fresh-vegetables'),('3408',45,0,'429','Cabbage'),('3409',52,0,'429','PRODUCTS'),('3410',124,0,'429','cabbage'),('3411',125,0,'429','medical-healthy/fresh-vegetables/cabbage'),('3412',45,0,'430','Carrots'),('3413',52,0,'430','PRODUCTS'),('3414',124,0,'430','carrots'),('3415',125,0,'430','medical-healthy/fresh-vegetables/carrots'),('3416',45,0,'431','Kale'),('3417',52,0,'431','PRODUCTS'),('3418',124,0,'431','kale'),('3419',125,0,'431','medical-healthy/fresh-vegetables/kale'),('3420',45,0,'432','Potatoes'),('3421',52,0,'432','PRODUCTS'),('3422',124,0,'432','potatoes'),('3423',125,0,'432','medical-healthy/fresh-vegetables/potatoes'),('3424',45,0,'433','Spinach'),('3425',52,0,'433','PRODUCTS'),('3426',124,0,'433','spinach'),('3427',125,0,'433','medical-healthy/fresh-vegetables/spinach'),('3428',45,0,'434','Bulbs'),('3429',52,0,'434','PRODUCTS'),('3430',124,0,'434','bulbs'),('3431',125,0,'434','home-lightings/bulbs'),('3432',45,0,'435','Headlights'),('3433',52,0,'435','PRODUCTS'),('3434',124,0,'435','headlights'),('3435',125,0,'435','home-lightings/headlights'),('3436',45,0,'436','Light Bars'),('3437',52,0,'436','PRODUCTS'),('3438',124,0,'436','light-bars'),('3439',125,0,'436','home-lightings/light-bars'),('3440',45,0,'437','Light Kits'),('3441',52,0,'437','PRODUCTS'),('3442',124,0,'437','light-kits'),('3443',125,0,'437','home-lightings/light-kits'),('3445',48,0,'391',NULL),('3446',49,0,'391',NULL),('3447',52,0,'391','PRODUCTS'),('3448',60,0,'391',NULL),('3449',63,0,'391',NULL),('3450',139,0,'391',NULL),('3451',155,0,'391',NULL),('3452',45,0,'438','Quad Core'),('3453',52,0,'438','PRODUCTS'),('3454',124,0,'438','quad-core'),('3455',125,0,'438','game-devices/seals-hubs/quad-core'),('3456',45,0,'439','Single Core'),('3457',52,0,'439','PRODUCTS'),('3458',124,0,'439','single-core'),('3459',125,0,'439','game-devices/seals-hubs/single-core'),('3460',45,0,'440','Top Picks for Monitors'),('3461',52,0,'440','PRODUCTS'),('3462',124,0,'440','top-picks-for-monitors'),('3463',125,0,'440','game-devices/seals-hubs/top-picks-for-monitors'),('3464',45,0,'441','LED Monitors'),('3465',52,0,'441','PRODUCTS'),('3466',124,0,'441','led-monitors'),('3467',125,0,'441','game-devices/seals-hubs/led-monitors'),('3468',45,0,'442','Wheel Bearings'),('3469',52,0,'442','PRODUCTS'),('3470',124,0,'442','wheel-bearings'),('3471',125,0,'442','game-devices/wheel-bearings'),('3472',45,0,'443','Dual Core'),('3473',52,0,'443','PRODUCTS'),('3474',124,0,'443','dual-core'),('3475',125,0,'443','game-devices/wheel-bearings/dual-core'),('3476',45,0,'444','Gaming Monitors'),('3477',52,0,'444','PRODUCTS'),('3478',124,0,'444','gaming-monitors'),('3479',125,0,'444','game-devices/wheel-bearings/gaming-monitors'),('3480',45,0,'445','GPS Monitors'),('3481',52,0,'445','PRODUCTS'),('3482',124,0,'445','gps-monitors'),('3483',125,0,'445','game-devices/wheel-bearings/gps-monitors'),('3484',45,0,'446','IPS Monitors'),('3485',52,0,'446','PRODUCTS'),('3486',124,0,'446','ips-monitors'),('3487',125,0,'446','game-devices/wheel-bearings/ips-monitors'),('3488',45,0,'447','LCD Monitors'),('3489',52,0,'447','PRODUCTS'),('3490',124,0,'447','lcd-monitors'),('3491',125,0,'447','game-devices/wheel-bearings/lcd-monitors'),('3492',45,0,'448','Wheel Rim Screws'),('3493',52,0,'448','PRODUCTS'),('3494',124,0,'448','wheel-rim-screws'),('3495',125,0,'448','game-devices/wheel-rim-screws'),('3496',45,0,'449','Aluminum Nonstick'),('3497',52,0,'449','PRODUCTS'),('3498',124,0,'449','aluminum-nonstick'),('3499',125,0,'449','game-devices/wheel-rim-screws/aluminum-nonstick'),('3500',45,0,'450','Calphalon'),('3501',52,0,'450','PRODUCTS'),('3502',124,0,'450','calphalon'),('3503',125,0,'450','game-devices/wheel-rim-screws/calphalon'),('3504',45,0,'451','Contemporary'),('3505',52,0,'451','PRODUCTS'),('3506',124,0,'451','contemporary'),('3507',125,0,'451','game-devices/wheel-rim-screws/contemporary'),('3508',45,0,'452','Hard-Anodized'),('3509',52,0,'452','PRODUCTS'),('3510',124,0,'452','hard-anodized'),('3511',125,0,'452','game-devices/wheel-rim-screws/hard-anodized'),('3512',45,0,'453','Sauce Pan'),('3513',52,0,'453','PRODUCTS'),('3514',124,0,'453','sauce-pan'),('3515',125,0,'453','game-devices/wheel-rim-screws/sauce-pan'),('3516',45,0,'454','Wheel Simulators'),('3517',52,0,'454','PRODUCTS'),('3518',124,0,'454','wheel-simulators'),('3519',125,0,'454','game-devices/wheel-simulators'),('3520',45,0,'455','Apple laptops'),('3521',52,0,'455','PRODUCTS'),('3522',124,0,'455','apple-laptops'),('3523',125,0,'455','game-devices/wheel-simulators/apple-laptops'),('3524',45,0,'456','Backlit'),('3525',52,0,'456','PRODUCTS'),('3526',124,0,'456','backlit'),('3527',125,0,'456','game-devices/wheel-simulators/backlit'),('3528',45,0,'457','Chromebooks'),('3529',52,0,'457','PRODUCTS'),('3530',124,0,'457','chromebooks'),('3531',125,0,'457','game-devices/wheel-simulators/chromebooks'),('3532',45,0,'458','Eluktronics'),('3533',52,0,'458','PRODUCTS'),('3534',124,0,'458','eluktronics'),('3535',125,0,'458','game-devices/wheel-simulators/eluktronics'),('3536',45,0,'459','EXcaliberPC'),('3537',52,0,'459','PRODUCTS'),('3538',124,0,'459','excaliberpc'),('3539',125,0,'459','game-devices/wheel-simulators/excaliberpc'),('3540',45,0,'460','Concrete Tools'),('3541',52,0,'460','PRODUCTS'),('3542',124,0,'460','concrete-tools'),('3543',125,0,'460','autoparts/concrete-tools'),('3544',45,0,'461','Circular Saws'),('3545',52,0,'461','PRODUCTS'),('3546',124,0,'461','circular-saws'),('3547',125,0,'461','autoparts/concrete-tools/circular-saws'),('3548',45,0,'462','Jigsaws'),('3549',52,0,'462','PRODUCTS'),('3550',124,0,'462','jigsaws'),('3551',125,0,'462','autoparts/concrete-tools/jigsaws'),('3552',45,0,'463','Mitre Saws'),('3553',52,0,'463','PRODUCTS'),('3554',124,0,'463','mitre-saws'),('3555',125,0,'463','autoparts/concrete-tools/mitre-saws'),('3556',45,0,'464','Reciprocating Saws'),('3557',52,0,'464','PRODUCTS'),('3558',124,0,'464','reciprocating-saws'),('3559',125,0,'464','autoparts/concrete-tools/reciprocating-saws'),('3560',45,0,'465','Table Saws'),('3561',52,0,'465','PRODUCTS'),('3562',124,0,'465','table-saws'),('3563',125,0,'465','autoparts/concrete-tools/table-saws'),('3564',45,0,'466','Drills'),('3565',52,0,'466','PRODUCTS'),('3566',124,0,'466','drills'),('3567',125,0,'466','autoparts/drills'),('3568',45,0,'467','Ceramic'),('3569',52,0,'467','PRODUCTS'),('3570',124,0,'467','ceramic'),('3571',125,0,'467','autoparts/drills/ceramic'),('3572',45,0,'468','Dishwasher-Safe'),('3573',52,0,'468','PRODUCTS'),('3574',124,0,'468','dishwasher-safe'),('3575',125,0,'468','autoparts/drills/dishwasher-safe'),('3576',45,0,'469','Gas Stovetop Compatible'),('3577',52,0,'469','PRODUCTS'),('3578',124,0,'469','gas-stovetop-compatible'),('3579',125,0,'469','autoparts/drills/gas-stovetop-compatible'),('3580',45,0,'470','Induction Stovetop'),('3581',52,0,'470','PRODUCTS'),('3582',124,0,'470','induction-stovetop'),('3583',125,0,'470','autoparts/drills/induction-stovetop'),('3584',45,0,'471','Mirror Satin'),('3585',52,0,'471','PRODUCTS'),('3586',124,0,'471','mirror-satin'),('3587',125,0,'471','autoparts/drills/mirror-satin'),('3588',45,0,'472','Sanders'),('3589',52,0,'472','PRODUCTS'),('3590',124,0,'472','sanders'),('3591',125,0,'472','autoparts/sanders'),('3592',45,0,'473','Aura Stainless'),('3593',52,0,'473','PRODUCTS'),('3594',124,0,'473','aura-stainless');
INSERT INTO `catalog_category_entity_varchar` VALUES ('3595',125,0,'473','autoparts/sanders/aura-stainless'),('3596',45,0,'474','Cuisinart'),('3597',52,0,'474','PRODUCTS'),('3598',124,0,'474','cuisinart'),('3599',125,0,'474','autoparts/sanders/cuisinart'),('3600',45,0,'475','Homeinart'),('3601',52,0,'475','PRODUCTS'),('3602',124,0,'475','homeinart'),('3603',125,0,'475','autoparts/sanders/homeinart'),('3604',45,0,'476','Kettle Stainless'),('3605',52,0,'476','PRODUCTS'),('3606',124,0,'476','kettle-stainless'),('3607',125,0,'476','autoparts/sanders/kettle-stainless'),('3608',45,0,'477','Steel Stovetop'),('3609',52,0,'477','PRODUCTS'),('3610',124,0,'477','steel-stovetop'),('3611',125,0,'477','autoparts/sanders/steel-stovetop'),('3612',45,0,'478','Saws'),('3613',52,0,'478','PRODUCTS'),('3614',124,0,'478','saws'),('3615',125,0,'478','autoparts/saws'),('3616',45,0,'479','Hard Anodized'),('3617',52,0,'479','PRODUCTS'),('3618',124,0,'479','hard-anodized'),('3619',125,0,'479','autoparts/saws/hard-anodized'),('3620',45,0,'480','Scratch Resistant'),('3621',52,0,'480','PRODUCTS'),('3622',124,0,'480','scratch-resistant'),('3623',125,0,'480','autoparts/saws/scratch-resistant'),('3624',45,0,'481','Thermo-Spot'),('3625',52,0,'481','PRODUCTS'),('3626',124,0,'481','thermo-spot'),('3627',125,0,'481','autoparts/saws/thermo-spot'),('3628',45,0,'482','Titanium Nonstick '),('3629',52,0,'482','PRODUCTS'),('3630',124,0,'482','titanium-nonstick'),('3631',125,0,'482','autoparts/saws/titanium-nonstick'),('3632',45,0,'483','Ultimate'),('3633',52,0,'483','PRODUCTS'),('3634',124,0,'483','ultimate'),('3635',125,0,'483','autoparts/saws/ultimate'),('3636',45,0,'484','Body B-Pillar Seal'),('3637',52,0,'484','PRODUCTS'),('3638',124,0,'484','body-b-pillar-seal'),('3639',125,0,'484','power-tools/body-b-pillar-seal'),('3640',45,0,'485','Body Lift Kit'),('3641',52,0,'485','PRODUCTS'),('3642',124,0,'485','body-lift-kit'),('3643',125,0,'485','power-tools/body-lift-kit'),('3644',45,0,'486','Body Mount '),('3645',52,0,'486','PRODUCTS'),('3646',124,0,'486','body-mount'),('3647',125,0,'486','power-tools/body-mount'),('3648',45,0,'487','Body Mount Plate '),('3649',52,0,'487','PRODUCTS'),('3650',124,0,'487','body-mount-plate'),('3651',125,0,'487','power-tools/body-mount-plate'),('3652',45,0,'488','Marketplace'),('3653',52,0,'488','PRODUCTS'),('3654',124,0,'488','marketplace'),('3655',125,0,'488','marketplace'),('3656',45,0,'489','Accessories'),('3657',52,0,'489','PRODUCTS'),('3658',124,0,'489','accessories'),('3659',125,0,'489','accessories'),('3660',45,0,'490','Auto Body Parts'),('3661',52,0,'490','PRODUCTS'),('3662',124,0,'490','auto-body-parts'),('3663',125,0,'490','accessories/auto-body-parts'),('3664',45,0,'491','Mice 1'),('3665',52,0,'491','PRODUCTS'),('3666',124,0,'491','mice-1'),('3667',125,0,'491','accessories/auto-body-parts/mice-1'),('3668',45,0,'492','Mice 2'),('3669',52,0,'492','PRODUCTS'),('3670',124,0,'492','mice-2'),('3671',125,0,'492','accessories/auto-body-parts/mice-2'),('3672',45,0,'493','Trackballs 1'),('3673',52,0,'493','PRODUCTS'),('3674',124,0,'493','trackballs-1'),('3675',125,0,'493','accessories/auto-body-parts/trackballs-1'),('3676',45,0,'494','Trackballs 2'),('3677',52,0,'494','PRODUCTS'),('3678',124,0,'494','trackballs-2'),('3679',125,0,'494','accessories/auto-body-parts/trackballs-2'),('3680',45,0,'495','Brakes & Steering'),('3681',52,0,'495','PRODUCTS'),('3682',124,0,'495','brakes-steering'),('3683',125,0,'495','accessories/brakes-steering'),('3684',45,0,'496','Scanners 1'),('3685',52,0,'496','PRODUCTS'),('3686',124,0,'496','scanners-1'),('3687',125,0,'496','accessories/brakes-steering/scanners-1'),('3688',45,0,'497','Scanners 2'),('3689',52,0,'497','PRODUCTS'),('3690',124,0,'497','scanners-2'),('3691',125,0,'497','accessories/brakes-steering/scanners-2'),('3692',45,0,'498','Scanners 3'),('3693',52,0,'498','PRODUCTS'),('3694',124,0,'498','scanners-3'),('3695',125,0,'498','accessories/brakes-steering/scanners-3'),('3696',45,0,'499','Scanners 4'),('3697',52,0,'499','PRODUCTS'),('3698',124,0,'499','scanners-4'),('3699',125,0,'499','accessories/brakes-steering/scanners-4'),('3700',45,0,'500','Specials'),('3701',52,0,'500','PRODUCTS'),('3702',124,0,'500','specials'),('3703',125,0,'500','specials'),('3785',48,0,'342',NULL),('3786',49,0,'342',NULL),('3787',60,0,'342',NULL),('3788',63,0,'342',NULL),('3789',139,0,'342',NULL),('3790',155,0,'342','/media/catalog/category/medical-healthy-412x170.jpg'),('3792',48,0,'340',NULL),('3793',49,0,'340',NULL),('3794',60,0,'340',NULL),('3795',63,0,'340',NULL),('3796',139,0,'340',NULL),('3797',155,0,'340','/media/catalog/category/decor-furniture-412x170.jpg'),('3800',48,0,'397',NULL),('3801',49,0,'397',NULL),('3802',60,0,'397',NULL),('3803',63,0,'397',NULL),('3804',139,0,'397',NULL),('3805',155,0,'397','/media/catalog/category/houseware-412x170.jpg'),('3809',48,0,'370',NULL),('3810',49,0,'370',NULL),('3811',60,0,'370',NULL),('3812',63,0,'370',NULL),('3813',139,0,'370',NULL),('3814',155,0,'370','/media/catalog/category/home-electronics-412x170_1.jpg'),('3817',48,0,'500',NULL),('3818',49,0,'500',NULL),('3819',60,0,'500',NULL),('3820',63,0,'500',NULL),('3821',139,0,'500',NULL),('3822',155,0,'500',NULL),('3824',48,0,'489',NULL),('3825',49,0,'489',NULL),('3826',60,0,'489',NULL),('3827',63,0,'489',NULL),('3828',139,0,'489',NULL),('3829',155,0,'489',NULL),('3831',48,0,'488',NULL),('3832',49,0,'488',NULL),('3833',60,0,'488',NULL),('3834',63,0,'488',NULL),('3835',139,0,'488',NULL),('3836',155,0,'488',NULL),('3838',48,0,'381',NULL),('3839',49,0,'381',NULL),('3840',60,0,'381',NULL),('3841',63,0,'381',NULL),('3842',139,0,'381',NULL),('3843',155,0,'381',NULL),('3846',48,0,'382',NULL),('3847',49,0,'382',NULL),('3848',60,0,'382',NULL),('3849',63,0,'382',NULL),('3850',139,0,'382',NULL),('3851',155,0,'382',NULL);

--
