-- Table structure for table `rating`
--

CREATE TABLE `rating` (
  `rating_id` smallint(5) unsigned NOT NULL AUTO_INCREMENT COMMENT 'Rating ID',
  `entity_id` smallint(5) unsigned NOT NULL DEFAULT 0 COMMENT 'Entity ID',
  `rating_code` varchar(64) NOT NULL COMMENT 'Rating Code',
  `position` smallint(5) unsigned NOT NULL DEFAULT 0 COMMENT 'Rating Position On Storefront',
  `is_active` smallint(6) NOT NULL DEFAULT 1 COMMENT 'Rating is active.',
  PRIMARY KEY (`rating_id`),
  UNIQUE KEY `RATING_RATING_CODE` (`rating_code`),
  KEY `RATING_ENTITY_ID` (`entity_id`)
) ENGINE=InnoDB AUTO_INCREMENT=4 DEFAULT CHARSET=utf8 COMMENT='Ratings';

--
-- Dumping data for table `rating`
--

INSERT INTO `rating` VALUES (1,1,'Quality',0,1),(2,1,'Value',0,1),(3,1,'Price',0,1);

--
-- Table structure for table `rating_entity`
--

CREATE TABLE `rating_entity` (
  `entity_id` smallint(5) unsigned NOT NULL AUTO_INCREMENT COMMENT 'Entity ID',
  `entity_code` varchar(64) NOT NULL COMMENT 'Entity Code',
  PRIMARY KEY (`entity_id`),
  UNIQUE KEY `RATING_ENTITY_ENTITY_CODE` (`entity_code`)
) ENGINE=InnoDB AUTO_INCREMENT=4 DEFAULT CHARSET=utf8 COMMENT='Rating entities';

--
-- Dumping data for table `rating_entity`
--

INSERT INTO `rating_entity` VALUES (1,'product'),(2,'product_review'),(3,'review');

--
-- Table structure for table `rating_option`
--

CREATE TABLE `rating_option` (
  `option_id` int(10) unsigned NOT NULL AUTO_INCREMENT COMMENT 'Rating Option ID',
  `rating_id` smallint(5) unsigned NOT NULL DEFAULT 0 COMMENT 'Rating ID',
  `code` varchar(32) NOT NULL COMMENT 'Rating Option Code',
  `value` smallint(5) unsigned NOT NULL DEFAULT 0 COMMENT 'Rating Option Value',
  `position` smallint(5) unsigned NOT NULL DEFAULT 0 COMMENT 'Ration option position on Storefront',
  PRIMARY KEY (`option_id`),
  KEY `RATING_OPTION_RATING_ID` (`rating_id`)
) ENGINE=InnoDB AUTO_INCREMENT=16 DEFAULT CHARSET=utf8 COMMENT='Rating options';

--
-- Dumping data for table `rating_option`
--

INSERT INTO `rating_option` VALUES ('1',1,'1',1,1),('2',1,'2',2,2),('3',1,'3',3,3),('4',1,'4',4,4),('5',1,'5',5,5),('6',2,'1',1,1),('7',2,'2',2,2),('8',2,'3',3,3),('9',2,'4',4,4),('10',2,'5',5,5),('11',3,'1',1,1),('12',3,'2',2,2),('13',3,'3',3,3),('14',3,'4',4,4),('15',3,'5',5,5);

--
-- Table structure for table `rating_option_vote`
--

CREATE TABLE `rating_option_vote` (
  `vote_id` bigint(20) unsigned NOT NULL AUTO_INCREMENT COMMENT 'Vote ID',
  `option_id` int(10) unsigned NOT NULL DEFAULT 0 COMMENT 'Vote option ID',
  `remote_ip` varchar(16) NOT NULL COMMENT 'Customer IP',
  `remote_ip_long` bigint(20) NOT NULL DEFAULT 0 COMMENT 'Customer IP converted to long integer format',
  `customer_id` int(10) unsigned DEFAULT 0 COMMENT 'Customer ID',
  `entity_pk_value` bigint(20) unsigned NOT NULL DEFAULT 0 COMMENT 'Product ID',
  `rating_id` smallint(5) unsigned NOT NULL DEFAULT 0 COMMENT 'Rating ID',
  `review_id` bigint(20) unsigned DEFAULT NULL COMMENT 'Review ID',
  `percent` smallint(6) NOT NULL DEFAULT 0 COMMENT 'Percent amount',
  `value` smallint(6) NOT NULL DEFAULT 0 COMMENT 'Vote option value',
  PRIMARY KEY (`vote_id`),
  KEY `RATING_OPTION_VOTE_OPTION_ID` (`option_id`),
  KEY `RATING_OPTION_VOTE_REVIEW_ID_REVIEW_REVIEW_ID` (`review_id`)
) ENGINE=InnoDB AUTO_INCREMENT=397 DEFAULT CHARSET=utf8 COMMENT='Rating option values';

--
-- Dumping data for table `rating_option_vote`
--

INSERT INTO `rating_option_vote` VALUES (7,'15','149.28.132.155',14928,NULL,105,3,4,100,5),(8,'10','149.28.132.155',14928,NULL,105,2,4,100,5),(9,'5','149.28.132.155',14928,NULL,105,1,4,100,5),(31,'13','149.28.132.155',14928,NULL,1,3,13,60,3),(32,'10','149.28.132.155',14928,NULL,1,2,13,100,5),(33,'5','149.28.132.155',14928,NULL,1,1,13,100,5),(43,'13','149.28.132.155',14928,NULL,12,3,17,60,3),(44,'10','149.28.132.155',14928,NULL,12,2,17,100,5),(45,'3','149.28.132.155',14928,NULL,12,1,17,60,3),(55,'13','149.28.132.155',14928,NULL,1,3,21,60,3),(56,'9','149.28.132.155',14928,NULL,1,2,21,80,4),(57,'3','149.28.132.155',14928,NULL,1,1,21,60,3),(73,'13','149.28.132.155',14928,NULL,3,3,27,60,3),(74,'8','149.28.132.155',14928,NULL,3,2,27,60,3),(75,'4','149.28.132.155',14928,NULL,3,1,27,80,4),(100,'8','149.28.132.155',14928,NULL,138,2,36,60,3),(101,'4','149.28.132.155',14928,NULL,138,1,36,80,4),(102,'15','149.28.132.155',14928,NULL,138,3,36,100,5),(103,'8','149.28.132.155',14928,NULL,138,2,37,60,3),(104,'4','149.28.132.155',14928,NULL,138,1,37,80,4),(105,'15','149.28.132.155',14928,NULL,138,3,37,100,5),(106,'13','149.28.132.155',14928,NULL,139,3,38,60,3),(107,'9','149.28.132.155',14928,NULL,139,2,38,80,4),(108,'5','149.28.132.155',14928,NULL,139,1,38,100,5),(121,'12','14.231.142.104',14231,NULL,343,3,43,40,2),(122,'8','14.231.142.104',14231,NULL,343,2,43,60,3),(123,'3','14.231.142.104',14231,NULL,343,1,43,60,3),(124,'10','14.231.142.104',14231,NULL,322,2,44,100,5),(125,'5','14.231.142.104',14231,NULL,322,1,44,100,5),(126,'15','14.231.142.104',14231,NULL,322,3,44,100,5),(127,'13','27.3.66.126',273,NULL,368,3,45,60,3),(128,'9','27.3.66.126',273,NULL,368,2,45,80,4),(129,'5','27.3.66.126',273,NULL,368,1,45,100,5),(130,'13','27.3.66.126',273,NULL,346,3,46,60,3),(131,'9','27.3.66.126',273,NULL,346,2,46,80,4),(132,'4','27.3.66.126',273,NULL,346,1,46,80,4),(133,'13','27.3.66.126',273,NULL,344,3,47,60,3),(134,'9','27.3.66.126',273,NULL,344,2,47,80,4),(135,'5','27.3.66.126',273,NULL,344,1,47,100,5),(136,'13','27.3.66.126',273,NULL,342,3,48,60,3),(137,'8','27.3.66.126',273,NULL,342,2,48,60,3),(138,'3','27.3.66.126',273,NULL,342,1,48,60,3),(139,'12','27.3.66.126',273,NULL,340,3,49,40,2),(140,'9','27.3.66.126',273,NULL,340,2,49,80,4),(141,'5','27.3.66.126',273,NULL,340,1,49,100,5),(142,'13','27.3.66.126',273,NULL,338,3,50,60,3),(143,'9','27.3.66.126',273,NULL,338,2,50,80,4),(144,'5','27.3.66.126',273,NULL,338,1,50,100,5),(145,'13','27.3.66.126',273,NULL,347,3,51,60,3),(146,'10','27.3.66.126',273,NULL,347,2,51,100,5),(147,'5','27.3.66.126',273,NULL,347,1,51,100,5),(148,'13','27.3.66.126',273,NULL,345,3,52,60,3),(149,'10','27.3.66.126',273,NULL,345,2,52,100,5),(150,'5','27.3.66.126',273,NULL,345,1,52,100,5),(151,'12','27.3.66.126',273,NULL,341,3,53,40,2),(152,'9','27.3.66.126',273,NULL,341,2,53,80,4),(153,'5','27.3.66.126',273,NULL,341,1,53,100,5),(154,'12','27.3.66.126',273,NULL,339,3,54,40,2),(155,'9','27.3.66.126',273,NULL,339,2,54,80,4),(156,'4','27.3.66.126',273,NULL,339,1,54,80,4),(157,'8','27.3.66.126',273,NULL,337,2,55,60,3),(158,'4','27.3.66.126',273,NULL,337,1,55,80,4),(159,'14','27.3.66.126',273,NULL,337,3,55,80,4),(160,'14','27.3.66.126',273,NULL,336,3,56,80,4),(161,'9','27.3.66.126',273,NULL,336,2,56,80,4),(162,'4','27.3.66.126',273,NULL,336,1,56,80,4),(163,'13','27.3.66.126',273,NULL,332,3,57,60,3),(164,'9','27.3.66.126',273,NULL,332,2,57,80,4),(165,'5','27.3.66.126',273,NULL,332,1,57,100,5),(166,'12','27.3.66.126',273,NULL,335,3,58,40,2),(167,'9','27.3.66.126',273,NULL,335,2,58,80,4),(168,'5','27.3.66.126',273,NULL,335,1,58,100,5),(169,'13','27.3.66.126',273,NULL,331,3,59,60,3),(170,'9','27.3.66.126',273,NULL,331,2,59,80,4),(171,'5','27.3.66.126',273,NULL,331,1,59,100,5),(172,'13','27.3.66.126',273,NULL,455,3,60,60,3),(173,'8','27.3.66.126',273,NULL,455,2,60,60,3),(174,'4','27.3.66.126',273,NULL,455,1,60,80,4),(175,'13','27.3.66.126',273,NULL,456,3,61,60,3),(176,'9','27.3.66.126',273,NULL,456,2,61,80,4),(177,'5','27.3.66.126',273,NULL,456,1,61,100,5),(178,'12','27.3.66.126',273,NULL,457,3,62,40,2),(179,'9','27.3.66.126',273,NULL,457,2,62,80,4),(180,'5','27.3.66.126',273,NULL,457,1,62,100,5),(181,'14','27.3.66.126',273,NULL,458,3,63,80,4),(182,'9','27.3.66.126',273,NULL,458,2,63,80,4),(183,'5','27.3.66.126',273,NULL,458,1,63,100,5),(184,'13','27.3.66.126',273,NULL,459,3,64,60,3),(185,'9','27.3.66.126',273,NULL,459,2,64,80,4),(186,'5','27.3.66.126',273,NULL,459,1,64,100,5),(187,'13','27.3.66.126',273,NULL,460,3,65,60,3),(188,'7','27.3.66.126',273,NULL,460,2,65,40,2),(189,'4','27.3.66.126',273,NULL,460,1,65,80,4),(190,'12','27.3.66.126',273,NULL,461,3,66,40,2),(191,'9','27.3.66.126',273,NULL,461,2,66,80,4),(192,'5','27.3.66.126',273,NULL,461,1,66,100,5),(193,'15','27.3.66.126',273,NULL,462,3,67,100,5),(194,'7','27.3.66.126',273,NULL,462,2,67,40,2),(195,'5','27.3.66.126',273,NULL,462,1,67,100,5),(196,'12','27.3.66.126',273,NULL,466,3,68,40,2),(197,'8','27.3.66.126',273,NULL,466,2,68,60,3),(198,'4','27.3.66.126',273,NULL,466,1,68,80,4),(199,'14','27.3.66.126',273,NULL,467,3,69,80,4),(200,'10','27.3.66.126',273,NULL,467,2,69,100,5),(201,'5','27.3.66.126',273,NULL,467,1,69,100,5),(202,'13','27.3.66.126',273,NULL,468,3,70,60,3),(203,'9','27.3.66.126',273,NULL,468,2,70,80,4),(204,'5','27.3.66.126',273,NULL,468,1,70,100,5),(205,'12','27.3.66.126',273,NULL,514,3,71,40,2),(206,'8','27.3.66.126',273,NULL,514,2,71,60,3),(207,'5','27.3.66.126',273,NULL,514,1,71,100,5),(208,'12','27.3.66.126',273,NULL,524,3,72,40,2),(209,'8','27.3.66.126',273,NULL,524,2,72,60,3),(210,'4','27.3.66.126',273,NULL,524,1,72,80,4),(211,'13','27.3.66.126',273,NULL,525,3,73,60,3),(212,'8','27.3.66.126',273,NULL,525,2,73,60,3),(213,'4','27.3.66.126',273,NULL,525,1,73,80,4),(214,'13','27.3.66.126',273,NULL,378,3,74,60,3),(215,'8','27.3.66.126',273,NULL,378,2,74,60,3),(216,'4','27.3.66.126',273,NULL,378,1,74,80,4),(217,'13','27.3.66.126',273,NULL,379,3,75,60,3),(218,'8','27.3.66.126',273,NULL,379,2,75,60,3),(219,'4','27.3.66.126',273,NULL,379,1,75,80,4),(220,'13','27.3.66.126',273,NULL,380,3,76,60,3),(221,'9','27.3.66.126',273,NULL,380,2,76,80,4),(222,'5','27.3.66.126',273,NULL,380,1,76,100,5),(223,'13','27.3.66.126',273,NULL,382,3,77,60,3),(224,'9','27.3.66.126',273,NULL,382,2,77,80,4),(225,'5','27.3.66.126',273,NULL,382,1,77,100,5),(226,'13','27.3.66.126',273,NULL,416,3,78,60,3),(227,'9','27.3.66.126',273,NULL,416,2,78,80,4),(228,'5','27.3.66.126',273,NULL,416,1,78,100,5),(229,'7','27.3.66.126',273,NULL,417,2,79,40,2),(230,'3','27.3.66.126',273,NULL,417,1,79,60,3),(231,'15','27.3.66.126',273,NULL,417,3,79,100,5),(232,'13','27.3.66.126',273,NULL,418,3,80,60,3),(233,'10','27.3.66.126',273,NULL,418,2,80,100,5),(234,'5','27.3.66.126',273,NULL,418,1,80,100,5),(235,'13','27.3.66.126',273,NULL,419,3,81,60,3),(236,'8','27.3.66.126',273,NULL,419,2,81,60,3),(237,'5','27.3.66.126',273,NULL,419,1,81,100,5),(238,'7','27.3.66.126',273,NULL,420,2,82,40,2),(239,'3','27.3.66.126',273,NULL,420,1,82,60,3),(240,'14','27.3.66.126',273,NULL,420,3,82,80,4),(241,'12','27.3.66.126',273,NULL,421,3,83,40,2),(242,'8','27.3.66.126',273,NULL,421,2,83,60,3),(243,'4','27.3.66.126',273,NULL,421,1,83,80,4),(244,'3','27.3.66.126',273,NULL,428,1,84,60,3),(245,'15','27.3.66.126',273,NULL,428,3,84,100,5),(246,'10','27.3.66.126',273,NULL,428,2,84,100,5),(247,'12','27.3.66.126',273,NULL,429,3,85,40,2),(248,'8','27.3.66.126',273,NULL,429,2,85,60,3),(249,'3','27.3.66.126',273,NULL,429,1,85,60,3),(250,'14','27.3.66.126',273,NULL,430,3,86,80,4),(251,'10','27.3.66.126',273,NULL,430,2,86,100,5),(252,'5','27.3.66.126',273,NULL,430,1,86,100,5),(253,'12','27.3.66.126',273,NULL,431,3,87,40,2),(254,'8','27.3.66.126',273,NULL,431,2,87,60,3),(255,'5','27.3.66.126',273,NULL,431,1,87,100,5),(256,'12','27.3.66.126',273,NULL,449,3,88,40,2),(257,'9','27.3.66.126',273,NULL,449,2,88,80,4),(258,'5','27.3.66.126',273,NULL,449,1,88,100,5),(259,'2','27.3.66.126',273,NULL,432,1,89,40,2),(260,'13','27.3.66.126',273,NULL,432,3,89,60,3),(261,'9','27.3.66.126',273,NULL,432,2,89,80,4),(262,'12','27.3.66.126',273,NULL,433,3,90,40,2),(263,'8','27.3.66.126',273,NULL,433,2,90,60,3),(264,'5','27.3.66.126',273,NULL,433,1,90,100,5),(265,'13','27.3.66.126',273,NULL,434,3,91,60,3),(266,'8','27.3.66.126',273,NULL,434,2,91,60,3),(267,'4','27.3.66.126',273,NULL,434,1,91,80,4),(268,'13','27.3.66.126',273,NULL,435,3,92,60,3),(269,'9','27.3.66.126',273,NULL,435,2,92,80,4),(270,'3','27.3.66.126',273,NULL,435,1,92,60,3),(271,'3','27.3.66.126',273,NULL,436,1,93,60,3),(272,'14','27.3.66.126',273,NULL,436,3,93,80,4),(273,'10','27.3.66.126',273,NULL,436,2,93,100,5),(274,'13','27.3.66.126',273,NULL,437,3,94,60,3),(275,'9','27.3.66.126',273,NULL,437,2,94,80,4),(276,'5','27.3.66.126',273,NULL,437,1,94,100,5),(277,'13','27.3.66.126',273,NULL,438,3,95,60,3),(278,'8','27.3.66.126',273,NULL,438,2,95,60,3),(279,'4','27.3.66.126',273,NULL,438,1,95,80,4),(280,'12','27.3.66.126',273,NULL,439,3,96,40,2),(281,'8','27.3.66.126',273,NULL,439,2,96,60,3),(282,'4','27.3.66.126',273,NULL,439,1,96,80,4),(283,'13','27.3.66.126',273,NULL,440,3,97,60,3),(284,'8','27.3.66.126',273,NULL,440,2,97,60,3),(285,'5','27.3.66.126',273,NULL,440,1,97,100,5),(286,'12','27.3.66.126',273,NULL,446,3,98,40,2),(287,'7','27.3.66.126',273,NULL,446,2,98,40,2),(288,'3','27.3.66.126',273,NULL,446,1,98,60,3),(289,'13','27.3.66.126',273,NULL,447,3,99,60,3),(290,'8','27.3.66.126',273,NULL,447,2,99,60,3),(291,'4','27.3.66.126',273,NULL,447,1,99,80,4),(292,'13','27.3.66.126',273,NULL,448,3,100,60,3),(293,'8','27.3.66.126',273,NULL,448,2,100,60,3),(294,'4','27.3.66.126',273,NULL,448,1,100,80,4),(295,'12','27.3.66.126',273,NULL,499,3,101,40,2),(296,'8','27.3.66.126',273,NULL,499,2,101,60,3),(297,'3','27.3.66.126',273,NULL,499,1,101,60,3),(298,'13','27.3.66.126',273,NULL,469,3,102,60,3),(299,'8','27.3.66.126',273,NULL,469,2,102,60,3),(300,'3','27.3.66.126',273,NULL,469,1,102,60,3),(301,'13','27.3.66.126',273,NULL,470,3,103,60,3),(302,'8','27.3.66.126',273,NULL,470,2,103,60,3),(303,'4','27.3.66.126',273,NULL,470,1,103,80,4),(304,'12','27.3.66.126',273,NULL,471,3,104,40,2),(305,'8','27.3.66.126',273,NULL,471,2,104,60,3),(306,'3','27.3.66.126',273,NULL,471,1,104,60,3),(307,'14','27.3.66.126',273,NULL,472,3,105,80,4),(308,'9','27.3.66.126',273,NULL,472,2,105,80,4),(309,'4','27.3.66.126',273,NULL,472,1,105,80,4),(310,'13','27.3.66.126',273,NULL,475,3,106,60,3),(311,'8','27.3.66.126',273,NULL,475,2,106,60,3),(312,'4','27.3.66.126',273,NULL,475,1,106,80,4),(313,'13','27.3.66.126',273,NULL,478,3,107,60,3),(314,'9','27.3.66.126',273,NULL,478,2,107,80,4),(315,'5','27.3.66.126',273,NULL,478,1,107,100,5),(316,'12','27.3.66.126',273,NULL,481,3,108,40,2),(317,'8','27.3.66.126',273,NULL,481,2,108,60,3),(318,'3','27.3.66.126',273,NULL,481,1,108,60,3),(319,'13','27.3.66.126',273,NULL,482,3,109,60,3),(320,'9','27.3.66.126',273,NULL,482,2,109,80,4),(321,'4','27.3.66.126',273,NULL,482,1,109,80,4),(322,'13','27.3.66.126',273,NULL,483,3,110,60,3),(323,'8','27.3.66.126',273,NULL,483,2,110,60,3),(324,'4','27.3.66.126',273,NULL,483,1,110,80,4),(325,'11','27.3.66.126',273,NULL,484,3,111,20,1),(326,'9','27.3.66.126',273,NULL,484,2,111,80,4),(327,'5','27.3.66.126',273,NULL,484,1,111,100,5),(328,'13','27.3.66.126',273,NULL,485,3,112,60,3),(329,'8','27.3.66.126',273,NULL,485,2,112,60,3),(330,'4','27.3.66.126',273,NULL,485,1,112,80,4),(331,'13','27.3.66.126',273,NULL,486,3,113,60,3),(332,'9','27.3.66.126',273,NULL,486,2,113,80,4),(333,'4','27.3.66.126',273,NULL,486,1,113,80,4),(334,'14','27.3.66.126',273,NULL,487,3,114,80,4),(335,'10','27.3.66.126',273,NULL,487,2,114,100,5),(336,'5','27.3.66.126',273,NULL,487,1,114,100,5),(337,'3','27.3.66.126',273,NULL,489,1,115,60,3),(338,'13','27.3.66.126',273,NULL,489,3,115,60,3),(339,'9','27.3.66.126',273,NULL,489,2,115,80,4),(340,'14','27.3.66.126',273,NULL,490,3,116,80,4),(341,'9','27.3.66.126',273,NULL,490,2,116,80,4),(342,'5','27.3.66.126',273,NULL,490,1,116,100,5),(343,'14','27.3.66.126',273,NULL,491,3,117,80,4),(344,'9','27.3.66.126',273,NULL,491,2,117,80,4),(345,'5','27.3.66.126',273,NULL,491,1,117,100,5),(346,'14','27.3.66.126',273,NULL,492,3,118,80,4),(347,'9','27.3.66.126',273,NULL,492,2,118,80,4),(348,'5','27.3.66.126',273,NULL,492,1,118,100,5),(349,'3','27.3.66.126',273,NULL,495,1,119,60,3),(350,'13','27.3.66.126',273,NULL,495,3,119,60,3),(351,'9','27.3.66.126',273,NULL,495,2,119,80,4),(352,'13','27.3.66.126',273,NULL,496,3,120,60,3),(353,'8','27.3.66.126',273,NULL,496,2,120,60,3),(354,'5','27.3.66.126',273,NULL,496,1,120,100,5),(355,'12','27.3.66.126',273,NULL,497,3,121,40,2),(356,'8','27.3.66.126',273,NULL,497,2,121,60,3),(357,'3','27.3.66.126',273,NULL,497,1,121,60,3),(358,'13','171.241.13.122',171241,NULL,432,3,122,60,3),(359,'7','171.241.13.122',171241,NULL,432,2,122,40,2),(360,'4','171.241.13.122',171241,NULL,432,1,122,80,4),(361,'13','171.241.13.122',171241,NULL,433,3,123,60,3),(362,'9','171.241.13.122',171241,NULL,433,2,123,80,4),(363,'5','171.241.13.122',171241,NULL,433,1,123,100,5),(364,'8','171.241.13.122',171241,NULL,434,2,124,60,3),(365,'3','171.241.13.122',171241,NULL,434,1,124,60,3),(366,'14','171.241.13.122',171241,NULL,434,3,124,80,4),(367,'12','171.241.13.122',171241,NULL,435,3,125,40,2),(368,'8','171.241.13.122',171241,NULL,435,2,125,60,3),(369,'5','171.241.13.122',171241,NULL,435,1,125,100,5),(370,'13','171.241.13.122',171241,NULL,437,3,126,60,3),(371,'9','171.241.13.122',171241,NULL,437,2,126,80,4),(372,'4','171.241.13.122',171241,NULL,437,1,126,80,4),(373,'2','171.241.13.122',171241,NULL,438,1,127,40,2),(374,'13','171.241.13.122',171241,NULL,438,3,127,60,3),(375,'9','171.241.13.122',171241,NULL,438,2,127,80,4),(376,'12','171.241.13.122',171241,NULL,439,3,128,40,2),(377,'8','171.241.13.122',171241,NULL,439,2,128,60,3),(378,'4','171.241.13.122',171241,NULL,439,1,128,80,4),(379,'13','171.241.13.122',171241,NULL,440,3,129,60,3),(380,'8','171.241.13.122',171241,NULL,440,2,129,60,3),(381,'4','171.241.13.122',171241,NULL,440,1,129,80,4),(382,'2','171.241.13.122',171241,NULL,446,1,130,40,2),(383,'13','171.241.13.122',171241,NULL,446,3,130,60,3),(384,'9','171.241.13.122',171241,NULL,446,2,130,80,4),(385,'14','171.241.13.122',171241,NULL,447,3,131,80,4),(386,'10','171.241.13.122',171241,NULL,447,2,131,100,5),(387,'5','171.241.13.122',171241,NULL,447,1,131,100,5),(388,'12','171.241.13.122',171241,NULL,448,3,132,40,2),(389,'9','171.241.13.122',171241,NULL,448,2,132,80,4),(390,'5','171.241.13.122',171241,NULL,448,1,132,100,5),(391,'11','209.250.228.11',3522880523,NULL,1,3,133,20,1),(392,'6','209.250.228.11',3522880523,NULL,1,2,133,20,1),(393,'1','209.250.228.11',3522880523,NULL,1,1,133,20,1),(394,'11','209.250.228.11',3522880523,NULL,1,3,134,20,1),(395,'7','209.250.228.11',3522880523,NULL,1,2,134,40,2),(396,'3','209.250.228.11',3522880523,NULL,1,1,134,60,3);

--
-- Table structure for table `rating_option_vote_aggregated`
--

CREATE TABLE `rating_option_vote_aggregated` (
  `primary_id` int(11) NOT NULL AUTO_INCREMENT COMMENT 'Vote aggregation ID',
  `rating_id` smallint(5) unsigned NOT NULL DEFAULT 0 COMMENT 'Rating ID',
  `entity_pk_value` bigint(20) unsigned NOT NULL DEFAULT 0 COMMENT 'Product ID',
  `vote_count` int(10) unsigned NOT NULL DEFAULT 0 COMMENT 'Vote dty',
  `vote_value_sum` int(10) unsigned NOT NULL DEFAULT 0 COMMENT 'General vote sum',
  `percent` smallint(6) NOT NULL DEFAULT 0 COMMENT 'Vote percent',
  `percent_approved` smallint(6) DEFAULT 0 COMMENT 'Vote percent approved by admin',
  `store_id` smallint(5) unsigned NOT NULL DEFAULT 0 COMMENT 'Store ID',
  PRIMARY KEY (`primary_id`),
  KEY `RATING_OPTION_VOTE_AGGREGATED_RATING_ID` (`rating_id`),
  KEY `RATING_OPTION_VOTE_AGGREGATED_STORE_ID` (`store_id`)
) ENGINE=InnoDB AUTO_INCREMENT=7302 DEFAULT CHARSET=utf8 COMMENT='Rating vote aggregated';

--
-- Dumping data for table `rating_option_vote_aggregated`
--

INSERT INTO `rating_option_vote_aggregated` VALUES ('100',3,105,'1','5',100,100,0),('101',3,105,'1','5',100,100,1),('102',2,105,'1','5',100,100,0),('103',2,105,'1','5',100,100,1),('104',1,105,'1','5',100,100,0),('105',1,105,'1','5',100,100,1),('199',1,105,'1','5',100,100,2),('200',1,105,'1','5',100,100,3),('201',1,105,'1','5',100,100,4),('202',1,105,'1','5',100,100,5),('203',1,105,'1','5',100,100,6),('204',1,105,'1','5',100,100,7),('205',1,105,'1','5',100,100,8),('206',1,105,'1','5',100,100,9),('207',1,105,'1','5',100,100,10),('208',1,105,'1','5',100,100,11),('209',1,105,'1','5',100,100,12),('210',1,105,'1','5',100,100,13),('211',1,105,'1','5',100,100,14),('212',1,105,'1','5',100,100,15),('213',1,105,'1','5',100,100,16),('214',1,105,'1','5',100,100,17),('215',1,105,'1','5',100,100,18),('216',1,105,'1','5',100,100,19),('217',1,105,'1','5',100,100,20),('228',2,105,'1','5',100,100,2),('229',2,105,'1','5',100,100,3),('230',2,105,'1','5',100,100,4),('231',2,105,'1','5',100,100,5),('232',2,105,'1','5',100,100,6),('233',2,105,'1','5',100,100,7),('234',2,105,'1','5',100,100,8),('235',2,105,'1','5',100,100,9),('236',2,105,'1','5',100,100,10),('237',2,105,'1','5',100,100,11),('238',2,105,'1','5',100,100,12),('239',2,105,'1','5',100,100,13),('240',2,105,'1','5',100,100,14),('241',2,105,'1','5',100,100,15),('242',2,105,'1','5',100,100,16),('243',2,105,'1','5',100,100,17),('244',2,105,'1','5',100,100,18),('245',2,105,'1','5',100,100,19),('246',2,105,'1','5',100,100,20),('257',3,105,'1','5',100,100,2),('258',3,105,'1','5',100,100,3),('259',3,105,'1','5',100,100,4),('260',3,105,'1','5',100,100,5),('261',3,105,'1','5',100,100,6),('262',3,105,'1','5',100,100,7),('263',3,105,'1','5',100,100,8),('264',3,105,'1','5',100,100,9),('265',3,105,'1','5',100,100,10),('266',3,105,'1','5',100,100,11),('267',3,105,'1','5',100,100,12),('268',3,105,'1','5',100,100,13),('269',3,105,'1','5',100,100,14),('270',3,105,'1','5',100,100,15),('271',3,105,'1','5',100,100,16),('272',3,105,'1','5',100,100,17),('273',3,105,'1','5',100,100,18),('274',3,105,'1','5',100,100,19),('275',3,105,'1','5',100,100,20),('403',3,1,'4','8',40,60,0),('404',3,1,'3','7',47,60,1),('405',2,1,'4','12',60,90,0),('406',2,1,'3','10',67,90,1),('407',1,1,'4','12',60,80,0),('408',1,1,'3','9',60,80,1),('421',3,12,'1','3',60,60,0),('422',3,12,'1','3',60,60,1),('423',2,12,'1','5',100,100,0),('424',2,12,'1','5',100,100,1),('425',1,12,'1','3',60,60,0),('426',1,12,'1','3',60,60,1),('445',1,1,'2','8',80,80,2),('446',1,1,'2','8',80,80,3),('447',1,1,'2','8',80,80,4),('448',1,1,'2','8',80,80,5),('449',1,1,'2','8',80,80,6),('450',1,1,'3','11',73,80,7),('451',1,1,'2','8',80,80,8),('452',1,1,'2','8',80,80,9),('453',1,1,'2','8',80,80,10),('454',1,1,'2','8',80,80,11),('455',1,1,'2','8',80,80,12),('456',1,1,'2','8',80,80,13),('457',1,1,'2','8',80,80,14),('458',1,1,'2','8',80,80,15),('459',1,1,'2','8',80,80,16),('460',1,1,'2','8',80,80,17),('461',1,1,'2','8',80,80,18),('462',1,1,'2','8',80,80,19),('463',1,1,'2','8',80,80,20),('474',2,1,'2','9',90,90,2),('475',2,1,'2','9',90,90,3),('476',2,1,'2','9',90,90,4),('477',2,1,'2','9',90,90,5),('478',2,1,'2','9',90,90,6),('479',2,1,'3','11',73,90,7),('480',2,1,'2','9',90,90,8),('481',2,1,'2','9',90,90,9),('482',2,1,'2','9',90,90,10),('483',2,1,'2','9',90,90,11),('484',2,1,'2','9',90,90,12),('485',2,1,'2','9',90,90,13),('486',2,1,'2','9',90,90,14),('487',2,1,'2','9',90,90,15),('488',2,1,'2','9',90,90,16),('489',2,1,'2','9',90,90,17),('490',2,1,'2','9',90,90,18),('491',2,1,'2','9',90,90,19),('492',2,1,'2','9',90,90,20),('503',3,1,'2','6',60,60,2),('504',3,1,'2','6',60,60,3),('505',3,1,'2','6',60,60,4),('506',3,1,'2','6',60,60,5),('507',3,1,'2','6',60,60,6),('508',3,1,'3','7',47,60,7),('509',3,1,'2','6',60,60,8),('510',3,1,'2','6',60,60,9),('511',3,1,'2','6',60,60,10),('512',3,1,'2','6',60,60,11),('513',3,1,'2','6',60,60,12),('514',3,1,'2','6',60,60,13),('515',3,1,'2','6',60,60,14),('516',3,1,'2','6',60,60,15),('517',3,1,'2','6',60,60,16),('518',3,1,'2','6',60,60,17),('519',3,1,'2','6',60,60,18),('520',3,1,'2','6',60,60,19),('521',3,1,'2','6',60,60,20),('967',1,12,'1','3',60,60,2),('968',1,12,'1','3',60,60,3),('969',1,12,'1','3',60,60,4),('970',1,12,'1','3',60,60,5),('971',1,12,'1','3',60,60,6),('972',1,12,'1','3',60,60,7),('973',1,12,'1','3',60,60,8),('974',1,12,'1','3',60,60,9),('975',1,12,'1','3',60,60,10),('976',1,12,'1','3',60,60,11),('977',1,12,'1','3',60,60,12),('978',1,12,'1','3',60,60,13),('979',1,12,'1','3',60,60,14),('980',1,12,'1','3',60,60,15),('981',1,12,'1','3',60,60,16),('982',1,12,'1','3',60,60,17),('983',1,12,'1','3',60,60,18),('984',1,12,'1','3',60,60,19),('985',1,12,'1','3',60,60,20),('996',2,12,'1','5',100,100,2),('997',2,12,'1','5',100,100,3),('998',2,12,'1','5',100,100,4),('999',2,12,'1','5',100,100,5),('1000',2,12,'1','5',100,100,6),('1001',2,12,'1','5',100,100,7),('1002',2,12,'1','5',100,100,8),('1003',2,12,'1','5',100,100,9),('1004',2,12,'1','5',100,100,10),('1005',2,12,'1','5',100,100,11),('1006',2,12,'1','5',100,100,12),('1007',2,12,'1','5',100,100,13),('1008',2,12,'1','5',100,100,14),('1009',2,12,'1','5',100,100,15),('1010',2,12,'1','5',100,100,16),('1011',2,12,'1','5',100,100,17),('1012',2,12,'1','5',100,100,18),('1013',2,12,'1','5',100,100,19),('1014',2,12,'1','5',100,100,20),('1025',3,12,'1','3',60,60,2),('1026',3,12,'1','3',60,60,3),('1027',3,12,'1','3',60,60,4),('1028',3,12,'1','3',60,60,5),('1029',3,12,'1','3',60,60,6),('1030',3,12,'1','3',60,60,7),('1031',3,12,'1','3',60,60,8),('1032',3,12,'1','3',60,60,9),('1033',3,12,'1','3',60,60,10),('1034',3,12,'1','3',60,60,11),('1035',3,12,'1','3',60,60,12),('1036',3,12,'1','3',60,60,13),('1037',3,12,'1','3',60,60,14),('1038',3,12,'1','3',60,60,15),('1039',3,12,'1','3',60,60,16),('1040',3,12,'1','3',60,60,17),('1041',3,12,'1','3',60,60,18),('1042',3,12,'1','3',60,60,19),('1043',3,12,'1','3',60,60,20),('1327',3,3,'1','3',60,60,0),('1328',3,3,'1','3',60,60,1),('1329',2,3,'1','3',60,60,0),('1330',2,3,'1','3',60,60,1),('1331',1,3,'1','4',80,80,0),('1332',1,3,'1','4',80,80,1),('1333',1,3,'1','4',80,80,2),('1334',1,3,'1','4',80,80,3),('1335',1,3,'1','4',80,80,4),('1336',1,3,'1','4',80,80,5),('1337',1,3,'1','4',80,80,6),('1338',1,3,'1','4',80,80,7),('1339',1,3,'1','4',80,80,8),('1340',1,3,'1','4',80,80,9),('1341',1,3,'1','4',80,80,10),('1342',1,3,'1','4',80,80,11),('1343',1,3,'1','4',80,80,12),('1344',1,3,'1','4',80,80,13),('1345',1,3,'1','4',80,80,14),('1346',1,3,'1','4',80,80,15),('1347',1,3,'1','4',80,80,16),('1348',1,3,'1','4',80,80,17),('1349',1,3,'1','4',80,80,18),('1350',1,3,'1','4',80,80,19),('1351',1,3,'1','4',80,80,20),('1362',2,3,'1','3',60,60,2),('1363',2,3,'1','3',60,60,3),('1364',2,3,'1','3',60,60,4),('1365',2,3,'1','3',60,60,5),('1366',2,3,'1','3',60,60,6),('1367',2,3,'1','3',60,60,7),('1368',2,3,'1','3',60,60,8),('1369',2,3,'1','3',60,60,9),('1370',2,3,'1','3',60,60,10),('1371',2,3,'1','3',60,60,11),('1372',2,3,'1','3',60,60,12),('1373',2,3,'1','3',60,60,13),('1374',2,3,'1','3',60,60,14),('1375',2,3,'1','3',60,60,15),('1376',2,3,'1','3',60,60,16),('1377',2,3,'1','3',60,60,17),('1378',2,3,'1','3',60,60,18),('1379',2,3,'1','3',60,60,19),('1380',2,3,'1','3',60,60,20),('1391',3,3,'1','3',60,60,2),('1392',3,3,'1','3',60,60,3),('1393',3,3,'1','3',60,60,4),('1394',3,3,'1','3',60,60,5),('1395',3,3,'1','3',60,60,6),('1396',3,3,'1','3',60,60,7),('1397',3,3,'1','3',60,60,8),('1398',3,3,'1','3',60,60,9),('1399',3,3,'1','3',60,60,10),('1400',3,3,'1','3',60,60,11),('1401',3,3,'1','3',60,60,12),('1402',3,3,'1','3',60,60,13),('1403',3,3,'1','3',60,60,14),('1404',3,3,'1','3',60,60,15),('1405',3,3,'1','3',60,60,16),('1406',3,3,'1','3',60,60,17),('1407',3,3,'1','3',60,60,18),('1408',3,3,'1','3',60,60,19),('1409',3,3,'1','3',60,60,20),('2071',2,138,'2','6',60,60,0),('2072',2,138,'2','6',60,60,1),('2073',1,138,'2','8',80,80,0),('2074',1,138,'2','8',80,80,1),('2075',3,138,'2','10',100,100,0),('2076',3,138,'2','10',100,100,1),('2077',3,139,'1','3',60,60,0),('2078',3,139,'1','3',60,60,1),('2079',2,139,'1','4',80,80,0),('2080',2,139,'1','4',80,80,1),('2081',1,139,'1','5',100,100,0),('2082',1,139,'1','5',100,100,1),('2344',1,138,'2','8',80,80,2),('2345',1,138,'2','8',80,80,3),('2346',1,138,'2','8',80,80,4),('2347',1,138,'2','8',80,80,5),('2348',1,138,'2','8',80,80,6),('2349',1,138,'2','8',80,80,7),('2350',1,138,'2','8',80,80,8),('2351',1,138,'2','8',80,80,9),('2352',1,138,'2','8',80,80,10),('2353',1,138,'2','8',80,80,11),('2354',1,138,'2','8',80,80,12),('2355',1,138,'2','8',80,80,13),('2356',1,138,'2','8',80,80,14),('2357',1,138,'2','8',80,80,15),('2358',1,138,'2','8',80,80,16),('2359',1,138,'2','8',80,80,17),('2360',1,138,'2','8',80,80,18),('2361',1,138,'2','8',80,80,19),('2362',1,138,'2','8',80,80,20),('2373',2,138,'2','6',60,60,2),('2374',2,138,'2','6',60,60,3),('2375',2,138,'2','6',60,60,4),('2376',2,138,'2','6',60,60,5),('2377',2,138,'2','6',60,60,6),('2378',2,138,'2','6',60,60,7),('2379',2,138,'2','6',60,60,8),('2380',2,138,'2','6',60,60,9),('2381',2,138,'2','6',60,60,10),('2382',2,138,'2','6',60,60,11),('2383',2,138,'2','6',60,60,12),('2384',2,138,'2','6',60,60,13),('2385',2,138,'2','6',60,60,14),('2386',2,138,'2','6',60,60,15),('2387',2,138,'2','6',60,60,16),('2388',2,138,'2','6',60,60,17),('2389',2,138,'2','6',60,60,18),('2390',2,138,'2','6',60,60,19),('2391',2,138,'2','6',60,60,20),('2402',3,138,'2','10',100,100,2),('2403',3,138,'2','10',100,100,3),('2404',3,138,'2','10',100,100,4),('2405',3,138,'2','10',100,100,5),('2406',3,138,'2','10',100,100,6),('2407',3,138,'2','10',100,100,7),('2408',3,138,'2','10',100,100,8),('2409',3,138,'2','10',100,100,9),('2410',3,138,'2','10',100,100,10),('2411',3,138,'2','10',100,100,11),('2412',3,138,'2','10',100,100,12),('2413',3,138,'2','10',100,100,13),('2414',3,138,'2','10',100,100,14),('2415',3,138,'2','10',100,100,15),('2416',3,138,'2','10',100,100,16),('2417',3,138,'2','10',100,100,17),('2418',3,138,'2','10',100,100,18),('2419',3,138,'2','10',100,100,19),('2420',3,138,'2','10',100,100,20),('2431',1,139,'1','5',100,100,2),('2432',1,139,'1','5',100,100,3),('2433',1,139,'1','5',100,100,4),('2434',1,139,'1','5',100,100,5),('2435',1,139,'1','5',100,100,6),('2436',1,139,'1','5',100,100,7),('2437',1,139,'1','5',100,100,8),('2438',1,139,'1','5',100,100,9),('2439',1,139,'1','5',100,100,10),('2440',1,139,'1','5',100,100,11),('2441',1,139,'1','5',100,100,12),('2442',1,139,'1','5',100,100,13),('2443',1,139,'1','5',100,100,14),('2444',1,139,'1','5',100,100,15),('2445',1,139,'1','5',100,100,16),('2446',1,139,'1','5',100,100,17),('2447',1,139,'1','5',100,100,18),('2448',1,139,'1','5',100,100,19),('2449',1,139,'1','5',100,100,20),('2460',2,139,'1','4',80,80,2),('2461',2,139,'1','4',80,80,3),('2462',2,139,'1','4',80,80,4),('2463',2,139,'1','4',80,80,5),('2464',2,139,'1','4',80,80,6),('2465',2,139,'1','4',80,80,7),('2466',2,139,'1','4',80,80,8),('2467',2,139,'1','4',80,80,9),('2468',2,139,'1','4',80,80,10),('2469',2,139,'1','4',80,80,11),('2470',2,139,'1','4',80,80,12),('2471',2,139,'1','4',80,80,13),('2472',2,139,'1','4',80,80,14),('2473',2,139,'1','4',80,80,15),('2474',2,139,'1','4',80,80,16),('2475',2,139,'1','4',80,80,17),('2476',2,139,'1','4',80,80,18),('2477',2,139,'1','4',80,80,19),('2478',2,139,'1','4',80,80,20),('2489',3,139,'1','3',60,60,2),('2490',3,139,'1','3',60,60,3),('2491',3,139,'1','3',60,60,4),('2492',3,139,'1','3',60,60,5),('2493',3,139,'1','3',60,60,6),('2494',3,139,'1','3',60,60,7),('2495',3,139,'1','3',60,60,8),('2496',3,139,'1','3',60,60,9),('2497',3,139,'1','3',60,60,10),('2498',3,139,'1','3',60,60,11),('2499',3,139,'1','3',60,60,12),('2500',3,139,'1','3',60,60,13),('2501',3,139,'1','3',60,60,14),('2502',3,139,'1','3',60,60,15),('2503',3,139,'1','3',60,60,16),('2504',3,139,'1','3',60,60,17),('2505',3,139,'1','3',60,60,18),('2506',3,139,'1','3',60,60,19),('2507',3,139,'1','3',60,60,20),('2874',3,343,'1','2',40,40,0),('2875',3,343,'1','2',40,40,1),('2876',2,343,'1','3',60,60,0),('2877',2,343,'1','3',60,60,1),('2878',1,343,'1','3',60,60,0),('2879',1,343,'1','3',60,60,1),('2880',1,343,'1','3',60,60,2),('2881',1,343,'1','3',60,60,3),('2882',1,343,'1','3',60,60,4),('2883',1,343,'1','3',60,60,5),('2884',1,343,'1','3',60,60,6),('2885',1,343,'1','3',60,60,7),('2886',1,343,'1','3',60,60,8),('2887',1,343,'1','3',60,60,9),('2888',1,343,'1','3',60,60,10),('2889',1,343,'1','3',60,60,11),('2890',1,343,'1','3',60,60,12),('2891',1,343,'1','3',60,60,13),('2892',1,343,'1','3',60,60,14),('2893',1,343,'1','3',60,60,15),('2894',1,343,'1','3',60,60,16),('2895',1,343,'1','3',60,60,17),('2896',1,343,'1','3',60,60,18),('2897',1,343,'1','3',60,60,19),('2898',1,343,'1','3',60,60,20),('2899',2,343,'1','3',60,60,2),('2900',2,343,'1','3',60,60,3),('2901',2,343,'1','3',60,60,4),('2902',2,343,'1','3',60,60,5),('2903',2,343,'1','3',60,60,6),('2904',2,343,'1','3',60,60,7),('2905',2,343,'1','3',60,60,8),('2906',2,343,'1','3',60,60,9),('2907',2,343,'1','3',60,60,10),('2908',2,343,'1','3',60,60,11),('2909',2,343,'1','3',60,60,12),('2910',2,343,'1','3',60,60,13),('2911',2,343,'1','3',60,60,14),('2912',2,343,'1','3',60,60,15),('2913',2,343,'1','3',60,60,16),('2914',2,343,'1','3',60,60,17),('2915',2,343,'1','3',60,60,18),('2916',2,343,'1','3',60,60,19),('2917',2,343,'1','3',60,60,20),('2918',3,343,'1','2',40,40,2),('2919',3,343,'1','2',40,40,3),('2920',3,343,'1','2',40,40,4),('2921',3,343,'1','2',40,40,5),('2922',3,343,'1','2',40,40,6),('2923',3,343,'1','2',40,40,7),('2924',3,343,'1','2',40,40,8),('2925',3,343,'1','2',40,40,9),('2926',3,343,'1','2',40,40,10),('2927',3,343,'1','2',40,40,11),('2928',3,343,'1','2',40,40,12),('2929',3,343,'1','2',40,40,13),('2930',3,343,'1','2',40,40,14),('2931',3,343,'1','2',40,40,15),('2932',3,343,'1','2',40,40,16),('2933',3,343,'1','2',40,40,17),('2934',3,343,'1','2',40,40,18),('2935',3,343,'1','2',40,40,19),('2936',3,343,'1','2',40,40,20),('2937',2,322,'1','5',100,100,0),('2938',2,322,'1','5',100,100,1),('2939',1,322,'1','5',100,100,0),('2940',1,322,'1','5',100,100,1),('2941',3,322,'1','5',100,100,0),('2942',3,322,'1','5',100,100,1),('2943',3,368,'1','3',60,60,0),('2944',3,368,'1','3',60,60,1),('2945',2,368,'1','4',80,80,0),('2946',2,368,'1','4',80,80,1),('2947',1,368,'1','5',100,100,0),('2948',1,368,'1','5',100,100,1),('2949',3,346,'1','3',60,60,0),('2950',3,346,'1','3',60,60,1),('2951',2,346,'1','4',80,80,0),('2952',2,346,'1','4',80,80,1),('2953',1,346,'1','4',80,80,0),('2954',1,346,'1','4',80,80,1),('2955',3,344,'1','3',60,60,0),('2956',3,344,'1','3',60,60,1),('2957',2,344,'1','4',80,80,0),('2958',2,344,'1','4',80,80,1),('2959',1,344,'1','5',100,100,0),('2960',1,344,'1','5',100,100,1),('2961',3,342,'1','3',60,60,0),('2962',3,342,'1','3',60,60,1),('2963',2,342,'1','3',60,60,0),('2964',2,342,'1','3',60,60,1),('2965',1,342,'1','3',60,60,0),('2966',1,342,'1','3',60,60,1),('2967',3,340,'1','2',40,40,0),('2968',3,340,'1','2',40,40,1),('2969',2,340,'1','4',80,80,0),('2970',2,340,'1','4',80,80,1),('2971',1,340,'1','5',100,100,0),('2972',1,340,'1','5',100,100,1),('2973',3,338,'1','3',60,60,0),('2974',3,338,'1','3',60,60,1),('2975',2,338,'1','4',80,80,0),('2976',2,338,'1','4',80,80,1),('2977',1,338,'1','5',100,100,0),('2978',1,338,'1','5',100,100,1),('2979',3,347,'1','3',60,60,0),('2980',3,347,'1','3',60,60,1),('2981',2,347,'1','5',100,100,0),('2982',2,347,'1','5',100,100,1),('2983',1,347,'1','5',100,100,0),('2984',1,347,'1','5',100,100,1),('2985',3,345,'1','3',60,60,0),('2986',3,345,'1','3',60,60,1),('2987',2,345,'1','5',100,100,0),('2988',2,345,'1','5',100,100,1),('2989',1,345,'1','5',100,100,0),('2990',1,345,'1','5',100,100,1),('2991',3,341,'1','2',40,40,0),('2992',3,341,'1','2',40,40,1),('2993',2,341,'1','4',80,80,0),('2994',2,341,'1','4',80,80,1),('2995',1,341,'1','5',100,100,0),('2996',1,341,'1','5',100,100,1),('2997',3,339,'1','2',40,40,0),('2998',3,339,'1','2',40,40,1),('2999',2,339,'1','4',80,80,0),('3000',2,339,'1','4',80,80,1),('3001',1,339,'1','4',80,80,0),('3002',1,339,'1','4',80,80,1),('3003',2,337,'1','3',60,60,0),('3004',2,337,'1','3',60,60,1),('3005',1,337,'1','4',80,80,0),('3006',1,337,'1','4',80,80,1),('3007',3,337,'1','4',80,80,0),('3008',3,337,'1','4',80,80,1),('3009',3,336,'1','4',80,80,0),('3010',3,336,'1','4',80,80,1),('3011',2,336,'1','4',80,80,0),('3012',2,336,'1','4',80,80,1),('3013',1,336,'1','4',80,80,0),('3014',1,336,'1','4',80,80,1),('3015',3,332,'1','3',60,60,0),('3016',3,332,'1','3',60,60,1),('3017',2,332,'1','4',80,80,0),('3018',2,332,'1','4',80,80,1),('3019',1,332,'1','5',100,100,0),('3020',1,332,'1','5',100,100,1),('3021',3,335,'1','2',40,40,0),('3022',3,335,'1','2',40,40,1),('3023',2,335,'1','4',80,80,0),('3024',2,335,'1','4',80,80,1),('3025',1,335,'1','5',100,100,0),('3026',1,335,'1','5',100,100,1),('3027',3,331,'1','3',60,60,0),('3028',3,331,'1','3',60,60,1),('3029',2,331,'1','4',80,80,0),('3030',2,331,'1','4',80,80,1),('3031',1,331,'1','5',100,100,0),('3032',1,331,'1','5',100,100,1),('3033',3,455,'1','3',60,60,0),('3034',3,455,'1','3',60,60,9),('3035',2,455,'1','3',60,60,0),('3036',2,455,'1','3',60,60,9),('3037',1,455,'1','4',80,80,0),('3038',1,455,'1','4',80,80,9),('3039',3,456,'1','3',60,60,0),('3040',3,456,'1','3',60,60,9),('3041',2,456,'1','4',80,80,0),('3042',2,456,'1','4',80,80,9),('3043',1,456,'1','5',100,100,0),('3044',1,456,'1','5',100,100,9),('3045',3,457,'1','2',40,40,0),('3046',3,457,'1','2',40,40,9),('3047',2,457,'1','4',80,80,0),('3048',2,457,'1','4',80,80,9),('3049',1,457,'1','5',100,100,0),('3050',1,457,'1','5',100,100,9),('3051',3,458,'1','4',80,80,0),('3052',3,458,'1','4',80,80,9),('3053',2,458,'1','4',80,80,0),('3054',2,458,'1','4',80,80,9),('3055',1,458,'1','5',100,100,0),('3056',1,458,'1','5',100,100,9),('3057',3,459,'1','3',60,60,0),('3058',3,459,'1','3',60,60,9),('3059',2,459,'1','4',80,80,0),('3060',2,459,'1','4',80,80,9),('3061',1,459,'1','5',100,100,0),('3062',1,459,'1','5',100,100,9),('3063',3,460,'1','3',60,60,0),('3064',3,460,'1','3',60,60,9),('3065',2,460,'1','2',40,40,0),('3066',2,460,'1','2',40,40,9),('3067',1,460,'1','4',80,80,0),('3068',1,460,'1','4',80,80,9),('3069',3,461,'1','2',40,40,0),('3070',3,461,'1','2',40,40,9),('3071',2,461,'1','4',80,80,0),('3072',2,461,'1','4',80,80,9),('3073',1,461,'1','5',100,100,0),('3074',1,461,'1','5',100,100,9),('3075',3,462,'1','5',100,100,0),('3076',3,462,'1','5',100,100,9),('3077',2,462,'1','2',40,40,0),('3078',2,462,'1','2',40,40,9),('3079',1,462,'1','5',100,100,0),('3080',1,462,'1','5',100,100,9),('3081',3,466,'1','2',40,40,0),('3082',3,466,'1','2',40,40,9),('3083',2,466,'1','3',60,60,0),('3084',2,466,'1','3',60,60,9),('3085',1,466,'1','4',80,80,0),('3086',1,466,'1','4',80,80,9),('3087',3,467,'1','4',80,80,0),('3088',3,467,'1','4',80,80,9),('3089',2,467,'1','5',100,100,0),('3090',2,467,'1','5',100,100,9),('3091',1,467,'1','5',100,100,0),('3092',1,467,'1','5',100,100,9),('3093',3,468,'1','3',60,60,0),('3094',3,468,'1','3',60,60,9),('3095',2,468,'1','4',80,80,0),('3096',2,468,'1','4',80,80,9),('3097',1,468,'1','5',100,100,0),('3098',1,468,'1','5',100,100,9),('3099',3,514,'1','2',40,40,0),('3100',3,514,'1','2',40,40,9),('3101',2,514,'1','3',60,60,0),('3102',2,514,'1','3',60,60,9),('3103',1,514,'1','5',100,100,0),('3104',1,514,'1','5',100,100,9),('3105',3,524,'1','2',40,40,0),('3106',3,524,'1','2',40,40,9),('3107',2,524,'1','3',60,60,0),('3108',2,524,'1','3',60,60,9),('3109',1,524,'1','4',80,80,0),('3110',1,524,'1','4',80,80,9),('3111',3,525,'1','3',60,60,0),('3112',3,525,'1','3',60,60,9),('3113',2,525,'1','3',60,60,0),('3114',2,525,'1','3',60,60,9),('3115',1,525,'1','4',80,80,0),('3116',1,525,'1','4',80,80,9),('3117',1,524,'1','4',80,80,1),('3118',1,524,'1','4',80,80,2),('3119',1,524,'1','4',80,80,3),('3120',1,524,'1','4',80,80,4),('3121',1,524,'1','4',80,80,5),('3122',1,524,'1','4',80,80,6),('3123',1,524,'1','4',80,80,7),('3124',1,524,'1','4',80,80,8),('3125',1,524,'1','4',80,80,10),('3126',1,524,'1','4',80,80,11),('3127',1,524,'1','4',80,80,12),('3128',1,524,'1','4',80,80,13),('3129',1,524,'1','4',80,80,14),('3130',1,524,'1','4',80,80,15),('3131',1,524,'1','4',80,80,16),('3132',1,524,'1','4',80,80,17),('3133',1,524,'1','4',80,80,18),('3134',1,524,'1','4',80,80,19),('3135',1,524,'1','4',80,80,20),('3136',2,524,'1','3',60,60,1),('3137',2,524,'1','3',60,60,2),('3138',2,524,'1','3',60,60,3),('3139',2,524,'1','3',60,60,4),('3140',2,524,'1','3',60,60,5),('3141',2,524,'1','3',60,60,6),('3142',2,524,'1','3',60,60,7),('3143',2,524,'1','3',60,60,8),('3144',2,524,'1','3',60,60,10),('3145',2,524,'1','3',60,60,11),('3146',2,524,'1','3',60,60,12),('3147',2,524,'1','3',60,60,13),('3148',2,524,'1','3',60,60,14),('3149',2,524,'1','3',60,60,15),('3150',2,524,'1','3',60,60,16),('3151',2,524,'1','3',60,60,17),('3152',2,524,'1','3',60,60,18),('3153',2,524,'1','3',60,60,19),('3154',2,524,'1','3',60,60,20),('3155',3,524,'1','2',40,40,1),('3156',3,524,'1','2',40,40,2),('3157',3,524,'1','2',40,40,3),('3158',3,524,'1','2',40,40,4),('3159',3,524,'1','2',40,40,5),('3160',3,524,'1','2',40,40,6),('3161',3,524,'1','2',40,40,7),('3162',3,524,'1','2',40,40,8),('3163',3,524,'1','2',40,40,10),('3164',3,524,'1','2',40,40,11),('3165',3,524,'1','2',40,40,12),('3166',3,524,'1','2',40,40,13),('3167',3,524,'1','2',40,40,14),('3168',3,524,'1','2',40,40,15),('3169',3,524,'1','2',40,40,16),('3170',3,524,'1','2',40,40,17),('3171',3,524,'1','2',40,40,18),('3172',3,524,'1','2',40,40,19),('3173',3,524,'1','2',40,40,20),('3174',1,514,'1','5',100,100,1),('3175',1,514,'1','5',100,100,2),('3176',1,514,'1','5',100,100,3),('3177',1,514,'1','5',100,100,4),('3178',1,514,'1','5',100,100,5),('3179',1,514,'1','5',100,100,6),('3180',1,514,'1','5',100,100,7),('3181',1,514,'1','5',100,100,8),('3182',1,514,'1','5',100,100,10),('3183',1,514,'1','5',100,100,11),('3184',1,514,'1','5',100,100,12),('3185',1,514,'1','5',100,100,13),('3186',1,514,'1','5',100,100,14),('3187',1,514,'1','5',100,100,15),('3188',1,514,'1','5',100,100,16),('3189',1,514,'1','5',100,100,17),('3190',1,514,'1','5',100,100,18),('3191',1,514,'1','5',100,100,19),('3192',1,514,'1','5',100,100,20),('3193',2,514,'1','3',60,60,1),('3194',2,514,'1','3',60,60,2),('3195',2,514,'1','3',60,60,3),('3196',2,514,'1','3',60,60,4),('3197',2,514,'1','3',60,60,5),('3198',2,514,'1','3',60,60,6),('3199',2,514,'1','3',60,60,7),('3200',2,514,'1','3',60,60,8),('3201',2,514,'1','3',60,60,10),('3202',2,514,'1','3',60,60,11),('3203',2,514,'1','3',60,60,12),('3204',2,514,'1','3',60,60,13),('3205',2,514,'1','3',60,60,14),('3206',2,514,'1','3',60,60,15),('3207',2,514,'1','3',60,60,16),('3208',2,514,'1','3',60,60,17),('3209',2,514,'1','3',60,60,18),('3210',2,514,'1','3',60,60,19),('3211',2,514,'1','3',60,60,20),('3212',3,514,'1','2',40,40,1),('3213',3,514,'1','2',40,40,2),('3214',3,514,'1','2',40,40,3),('3215',3,514,'1','2',40,40,4),('3216',3,514,'1','2',40,40,5),('3217',3,514,'1','2',40,40,6),('3218',3,514,'1','2',40,40,7),('3219',3,514,'1','2',40,40,8),('3220',3,514,'1','2',40,40,10),('3221',3,514,'1','2',40,40,11),('3222',3,514,'1','2',40,40,12),('3223',3,514,'1','2',40,40,13),('3224',3,514,'1','2',40,40,14),('3225',3,514,'1','2',40,40,15),('3226',3,514,'1','2',40,40,16),('3227',3,514,'1','2',40,40,17),('3228',3,514,'1','2',40,40,18),('3229',3,514,'1','2',40,40,19),('3230',3,514,'1','2',40,40,20),('3231',1,525,'1','4',80,80,1),('3232',1,525,'1','4',80,80,2),('3233',1,525,'1','4',80,80,3),('3234',1,525,'1','4',80,80,4),('3235',1,525,'1','4',80,80,5),('3236',1,525,'1','4',80,80,6),('3237',1,525,'1','4',80,80,7),('3238',1,525,'1','4',80,80,8),('3239',1,525,'1','4',80,80,10),('3240',1,525,'1','4',80,80,11),('3241',1,525,'1','4',80,80,12),('3242',1,525,'1','4',80,80,13),('3243',1,525,'1','4',80,80,14),('3244',1,525,'1','4',80,80,15),('3245',1,525,'1','4',80,80,16),('3246',1,525,'1','4',80,80,17),('3247',1,525,'1','4',80,80,18),('3248',1,525,'1','4',80,80,19),('3249',1,525,'1','4',80,80,20),('3250',2,525,'1','3',60,60,1),('3251',2,525,'1','3',60,60,2),('3252',2,525,'1','3',60,60,3),('3253',2,525,'1','3',60,60,4),('3254',2,525,'1','3',60,60,5),('3255',2,525,'1','3',60,60,6),('3256',2,525,'1','3',60,60,7),('3257',2,525,'1','3',60,60,8),('3258',2,525,'1','3',60,60,10),('3259',2,525,'1','3',60,60,11),('3260',2,525,'1','3',60,60,12),('3261',2,525,'1','3',60,60,13),('3262',2,525,'1','3',60,60,14),('3263',2,525,'1','3',60,60,15),('3264',2,525,'1','3',60,60,16),('3265',2,525,'1','3',60,60,17),('3266',2,525,'1','3',60,60,18),('3267',2,525,'1','3',60,60,19),('3268',2,525,'1','3',60,60,20),('3269',3,525,'1','3',60,60,1),('3270',3,525,'1','3',60,60,2),('3271',3,525,'1','3',60,60,3),('3272',3,525,'1','3',60,60,4),('3273',3,525,'1','3',60,60,5),('3274',3,525,'1','3',60,60,6),('3275',3,525,'1','3',60,60,7),('3276',3,525,'1','3',60,60,8),('3277',3,525,'1','3',60,60,10),('3278',3,525,'1','3',60,60,11),('3279',3,525,'1','3',60,60,12),('3280',3,525,'1','3',60,60,13),('3281',3,525,'1','3',60,60,14),('3282',3,525,'1','3',60,60,15),('3283',3,525,'1','3',60,60,16),('3284',3,525,'1','3',60,60,17),('3285',3,525,'1','3',60,60,18),('3286',3,525,'1','3',60,60,19),('3287',3,525,'1','3',60,60,20),('3288',1,468,'1','5',100,100,1),('3289',1,468,'1','5',100,100,2),('3290',1,468,'1','5',100,100,3),('3291',1,468,'1','5',100,100,4),('3292',1,468,'1','5',100,100,5),('3293',1,468,'1','5',100,100,6),('3294',1,468,'1','5',100,100,7),('3295',1,468,'1','5',100,100,8),('3296',1,468,'1','5',100,100,10),('3297',1,468,'1','5',100,100,11),('3298',1,468,'1','5',100,100,12),('3299',1,468,'1','5',100,100,13),('3300',1,468,'1','5',100,100,14),('3301',1,468,'1','5',100,100,15),('3302',1,468,'1','5',100,100,16),('3303',1,468,'1','5',100,100,17),('3304',1,468,'1','5',100,100,18),('3305',1,468,'1','5',100,100,19),('3306',1,468,'1','5',100,100,20),('3307',2,468,'1','4',80,80,1),('3308',2,468,'1','4',80,80,2),('3309',2,468,'1','4',80,80,3),('3310',2,468,'1','4',80,80,4),('3311',2,468,'1','4',80,80,5),('3312',2,468,'1','4',80,80,6),('3313',2,468,'1','4',80,80,7),('3314',2,468,'1','4',80,80,8),('3315',2,468,'1','4',80,80,10),('3316',2,468,'1','4',80,80,11),('3317',2,468,'1','4',80,80,12),('3318',2,468,'1','4',80,80,13),('3319',2,468,'1','4',80,80,14),('3320',2,468,'1','4',80,80,15),('3321',2,468,'1','4',80,80,16),('3322',2,468,'1','4',80,80,17),('3323',2,468,'1','4',80,80,18),('3324',2,468,'1','4',80,80,19),('3325',2,468,'1','4',80,80,20),('3326',3,468,'1','3',60,60,1),('3327',3,468,'1','3',60,60,2),('3328',3,468,'1','3',60,60,3),('3329',3,468,'1','3',60,60,4),('3330',3,468,'1','3',60,60,5),('3331',3,468,'1','3',60,60,6),('3332',3,468,'1','3',60,60,7),('3333',3,468,'1','3',60,60,8),('3334',3,468,'1','3',60,60,10),('3335',3,468,'1','3',60,60,11),('3336',3,468,'1','3',60,60,12),('3337',3,468,'1','3',60,60,13),('3338',3,468,'1','3',60,60,14),('3339',3,468,'1','3',60,60,15),('3340',3,468,'1','3',60,60,16),('3341',3,468,'1','3',60,60,17),('3342',3,468,'1','3',60,60,18),('3343',3,468,'1','3',60,60,19),('3344',3,468,'1','3',60,60,20),('3345',1,467,'1','5',100,100,1),('3346',1,467,'1','5',100,100,2),('3347',1,467,'1','5',100,100,3),('3348',1,467,'1','5',100,100,4),('3349',1,467,'1','5',100,100,5),('3350',1,467,'1','5',100,100,6),('3351',1,467,'1','5',100,100,7),('3352',1,467,'1','5',100,100,8),('3353',1,467,'1','5',100,100,10),('3354',1,467,'1','5',100,100,11),('3355',1,467,'1','5',100,100,12),('3356',1,467,'1','5',100,100,13),('3357',1,467,'1','5',100,100,14),('3358',1,467,'1','5',100,100,15),('3359',1,467,'1','5',100,100,16),('3360',1,467,'1','5',100,100,17),('3361',1,467,'1','5',100,100,18),('3362',1,467,'1','5',100,100,19),('3363',1,467,'1','5',100,100,20),('3364',2,467,'1','5',100,100,1),('3365',2,467,'1','5',100,100,2),('3366',2,467,'1','5',100,100,3),('3367',2,467,'1','5',100,100,4),('3368',2,467,'1','5',100,100,5),('3369',2,467,'1','5',100,100,6),('3370',2,467,'1','5',100,100,7),('3371',2,467,'1','5',100,100,8),('3372',2,467,'1','5',100,100,10),('3373',2,467,'1','5',100,100,11),('3374',2,467,'1','5',100,100,12),('3375',2,467,'1','5',100,100,13),('3376',2,467,'1','5',100,100,14),('3377',2,467,'1','5',100,100,15),('3378',2,467,'1','5',100,100,16),('3379',2,467,'1','5',100,100,17),('3380',2,467,'1','5',100,100,18),('3381',2,467,'1','5',100,100,19),('3382',2,467,'1','5',100,100,20),('3383',3,467,'1','4',80,80,1),('3384',3,467,'1','4',80,80,2),('3385',3,467,'1','4',80,80,3),('3386',3,467,'1','4',80,80,4),('3387',3,467,'1','4',80,80,5),('3388',3,467,'1','4',80,80,6),('3389',3,467,'1','4',80,80,7),('3390',3,467,'1','4',80,80,8),('3391',3,467,'1','4',80,80,10),('3392',3,467,'1','4',80,80,11),('3393',3,467,'1','4',80,80,12),('3394',3,467,'1','4',80,80,13),('3395',3,467,'1','4',80,80,14),('3396',3,467,'1','4',80,80,15),('3397',3,467,'1','4',80,80,16),('3398',3,467,'1','4',80,80,17),('3399',3,467,'1','4',80,80,18),('3400',3,467,'1','4',80,80,19),('3401',3,467,'1','4',80,80,20),('3402',1,466,'1','4',80,80,1),('3403',1,466,'1','4',80,80,2),('3404',1,466,'1','4',80,80,3),('3405',1,466,'1','4',80,80,4),('3406',1,466,'1','4',80,80,5),('3407',1,466,'1','4',80,80,6),('3408',1,466,'1','4',80,80,7),('3409',1,466,'1','4',80,80,8),('3410',1,466,'1','4',80,80,10),('3411',1,466,'1','4',80,80,11),('3412',1,466,'1','4',80,80,12),('3413',1,466,'1','4',80,80,13),('3414',1,466,'1','4',80,80,14),('3415',1,466,'1','4',80,80,15),('3416',1,466,'1','4',80,80,16),('3417',1,466,'1','4',80,80,17),('3418',1,466,'1','4',80,80,18),('3419',1,466,'1','4',80,80,19),('3420',1,466,'1','4',80,80,20),('3421',2,466,'1','3',60,60,1),('3422',2,466,'1','3',60,60,2),('3423',2,466,'1','3',60,60,3),('3424',2,466,'1','3',60,60,4),('3425',2,466,'1','3',60,60,5),('3426',2,466,'1','3',60,60,6),('3427',2,466,'1','3',60,60,7),('3428',2,466,'1','3',60,60,8),('3429',2,466,'1','3',60,60,10),('3430',2,466,'1','3',60,60,11),('3431',2,466,'1','3',60,60,12),('3432',2,466,'1','3',60,60,13),('3433',2,466,'1','3',60,60,14),('3434',2,466,'1','3',60,60,15),('3435',2,466,'1','3',60,60,16),('3436',2,466,'1','3',60,60,17),('3437',2,466,'1','3',60,60,18),('3438',2,466,'1','3',60,60,19),('3439',2,466,'1','3',60,60,20),('3440',3,466,'1','2',40,40,1),('3441',3,466,'1','2',40,40,2),('3442',3,466,'1','2',40,40,3),('3443',3,466,'1','2',40,40,4),('3444',3,466,'1','2',40,40,5),('3445',3,466,'1','2',40,40,6),('3446',3,466,'1','2',40,40,7),('3447',3,466,'1','2',40,40,8),('3448',3,466,'1','2',40,40,10),('3449',3,466,'1','2',40,40,11),('3450',3,466,'1','2',40,40,12),('3451',3,466,'1','2',40,40,13),('3452',3,466,'1','2',40,40,14),('3453',3,466,'1','2',40,40,15),('3454',3,466,'1','2',40,40,16),('3455',3,466,'1','2',40,40,17),('3456',3,466,'1','2',40,40,18),('3457',3,466,'1','2',40,40,19),('3458',3,466,'1','2',40,40,20),('3459',1,462,'1','5',100,100,1),('3460',1,462,'1','5',100,100,2),('3461',1,462,'1','5',100,100,3),('3462',1,462,'1','5',100,100,4),('3463',1,462,'1','5',100,100,5),('3464',1,462,'1','5',100,100,6),('3465',1,462,'1','5',100,100,7),('3466',1,462,'1','5',100,100,8),('3467',1,462,'1','5',100,100,10),('3468',1,462,'1','5',100,100,11),('3469',1,462,'1','5',100,100,12),('3470',1,462,'1','5',100,100,13),('3471',1,462,'1','5',100,100,14),('3472',1,462,'1','5',100,100,15),('3473',1,462,'1','5',100,100,16),('3474',1,462,'1','5',100,100,17),('3475',1,462,'1','5',100,100,18),('3476',1,462,'1','5',100,100,19),('3477',1,462,'1','5',100,100,20),('3478',2,462,'1','2',40,40,1),('3479',2,462,'1','2',40,40,2),('3480',2,462,'1','2',40,40,3),('3481',2,462,'1','2',40,40,4),('3482',2,462,'1','2',40,40,5),('3483',2,462,'1','2',40,40,6),('3484',2,462,'1','2',40,40,7),('3485',2,462,'1','2',40,40,8),('3486',2,462,'1','2',40,40,10),('3487',2,462,'1','2',40,40,11),('3488',2,462,'1','2',40,40,12),('3489',2,462,'1','2',40,40,13),('3490',2,462,'1','2',40,40,14),('3491',2,462,'1','2',40,40,15),('3492',2,462,'1','2',40,40,16),('3493',2,462,'1','2',40,40,17),('3494',2,462,'1','2',40,40,18),('3495',2,462,'1','2',40,40,19),('3496',2,462,'1','2',40,40,20),('3497',3,462,'1','5',100,100,1),('3498',3,462,'1','5',100,100,2),('3499',3,462,'1','5',100,100,3),('3500',3,462,'1','5',100,100,4),('3501',3,462,'1','5',100,100,5),('3502',3,462,'1','5',100,100,6),('3503',3,462,'1','5',100,100,7),('3504',3,462,'1','5',100,100,8),('3505',3,462,'1','5',100,100,10),('3506',3,462,'1','5',100,100,11),('3507',3,462,'1','5',100,100,12),('3508',3,462,'1','5',100,100,13),('3509',3,462,'1','5',100,100,14),('3510',3,462,'1','5',100,100,15),('3511',3,462,'1','5',100,100,16),('3512',3,462,'1','5',100,100,17),('3513',3,462,'1','5',100,100,18),('3514',3,462,'1','5',100,100,19),('3515',3,462,'1','5',100,100,20),('3516',1,461,'1','5',100,100,1),('3517',1,461,'1','5',100,100,2),('3518',1,461,'1','5',100,100,3),('3519',1,461,'1','5',100,100,4),('3520',1,461,'1','5',100,100,5),('3521',1,461,'1','5',100,100,6),('3522',1,461,'1','5',100,100,7),('3523',1,461,'1','5',100,100,8),('3524',1,461,'1','5',100,100,10),('3525',1,461,'1','5',100,100,11),('3526',1,461,'1','5',100,100,12),('3527',1,461,'1','5',100,100,13),('3528',1,461,'1','5',100,100,14),('3529',1,461,'1','5',100,100,15),('3530',1,461,'1','5',100,100,16),('3531',1,461,'1','5',100,100,17),('3532',1,461,'1','5',100,100,18),('3533',1,461,'1','5',100,100,19),('3534',1,461,'1','5',100,100,20),('3535',2,461,'1','4',80,80,1),('3536',2,461,'1','4',80,80,2),('3537',2,461,'1','4',80,80,3),('3538',2,461,'1','4',80,80,4),('3539',2,461,'1','4',80,80,5),('3540',2,461,'1','4',80,80,6),('3541',2,461,'1','4',80,80,7),('3542',2,461,'1','4',80,80,8),('3543',2,461,'1','4',80,80,10),('3544',2,461,'1','4',80,80,11),('3545',2,461,'1','4',80,80,12),('3546',2,461,'1','4',80,80,13),('3547',2,461,'1','4',80,80,14),('3548',2,461,'1','4',80,80,15),('3549',2,461,'1','4',80,80,16),('3550',2,461,'1','4',80,80,17),('3551',2,461,'1','4',80,80,18),('3552',2,461,'1','4',80,80,19),('3553',2,461,'1','4',80,80,20),('3554',3,461,'1','2',40,40,1),('3555',3,461,'1','2',40,40,2),('3556',3,461,'1','2',40,40,3),('3557',3,461,'1','2',40,40,4),('3558',3,461,'1','2',40,40,5),('3559',3,461,'1','2',40,40,6),('3560',3,461,'1','2',40,40,7),('3561',3,461,'1','2',40,40,8),('3562',3,461,'1','2',40,40,10),('3563',3,461,'1','2',40,40,11),('3564',3,461,'1','2',40,40,12),('3565',3,461,'1','2',40,40,13),('3566',3,461,'1','2',40,40,14),('3567',3,461,'1','2',40,40,15),('3568',3,461,'1','2',40,40,16),('3569',3,461,'1','2',40,40,17),('3570',3,461,'1','2',40,40,18),('3571',3,461,'1','2',40,40,19),('3572',3,461,'1','2',40,40,20),('3573',1,460,'1','4',80,80,1),('3574',1,460,'1','4',80,80,2),('3575',1,460,'1','4',80,80,3),('3576',1,460,'1','4',80,80,4),('3577',1,460,'1','4',80,80,5),('3578',1,460,'1','4',80,80,6),('3579',1,460,'1','4',80,80,7),('3580',1,460,'1','4',80,80,8),('3581',1,460,'1','4',80,80,10),('3582',1,460,'1','4',80,80,11),('3583',1,460,'1','4',80,80,12),('3584',1,460,'1','4',80,80,13),('3585',1,460,'1','4',80,80,14),('3586',1,460,'1','4',80,80,15),('3587',1,460,'1','4',80,80,16),('3588',1,460,'1','4',80,80,17),('3589',1,460,'1','4',80,80,18),('3590',1,460,'1','4',80,80,19),('3591',1,460,'1','4',80,80,20),('3592',2,460,'1','2',40,40,1),('3593',2,460,'1','2',40,40,2),('3594',2,460,'1','2',40,40,3),('3595',2,460,'1','2',40,40,4),('3596',2,460,'1','2',40,40,5),('3597',2,460,'1','2',40,40,6),('3598',2,460,'1','2',40,40,7),('3599',2,460,'1','2',40,40,8),('3600',2,460,'1','2',40,40,10),('3601',2,460,'1','2',40,40,11),('3602',2,460,'1','2',40,40,12),('3603',2,460,'1','2',40,40,13),('3604',2,460,'1','2',40,40,14),('3605',2,460,'1','2',40,40,15),('3606',2,460,'1','2',40,40,16),('3607',2,460,'1','2',40,40,17),('3608',2,460,'1','2',40,40,18),('3609',2,460,'1','2',40,40,19),('3610',2,460,'1','2',40,40,20),('3611',3,460,'1','3',60,60,1),('3612',3,460,'1','3',60,60,2),('3613',3,460,'1','3',60,60,3),('3614',3,460,'1','3',60,60,4),('3615',3,460,'1','3',60,60,5),('3616',3,460,'1','3',60,60,6),('3617',3,460,'1','3',60,60,7),('3618',3,460,'1','3',60,60,8),('3619',3,460,'1','3',60,60,10),('3620',3,460,'1','3',60,60,11),('3621',3,460,'1','3',60,60,12),('3622',3,460,'1','3',60,60,13),('3623',3,460,'1','3',60,60,14),('3624',3,460,'1','3',60,60,15),('3625',3,460,'1','3',60,60,16),('3626',3,460,'1','3',60,60,17),('3627',3,460,'1','3',60,60,18),('3628',3,460,'1','3',60,60,19),('3629',3,460,'1','3',60,60,20),('3630',1,459,'1','5',100,100,1),('3631',1,459,'1','5',100,100,2),('3632',1,459,'1','5',100,100,3),('3633',1,459,'1','5',100,100,4),('3634',1,459,'1','5',100,100,5),('3635',1,459,'1','5',100,100,6),('3636',1,459,'1','5',100,100,7),('3637',1,459,'1','5',100,100,8),('3638',1,459,'1','5',100,100,10),('3639',1,459,'1','5',100,100,11),('3640',1,459,'1','5',100,100,12),('3641',1,459,'1','5',100,100,13),('3642',1,459,'1','5',100,100,14),('3643',1,459,'1','5',100,100,15),('3644',1,459,'1','5',100,100,16),('3645',1,459,'1','5',100,100,17),('3646',1,459,'1','5',100,100,18),('3647',1,459,'1','5',100,100,19),('3648',1,459,'1','5',100,100,20),('3649',2,459,'1','4',80,80,1),('3650',2,459,'1','4',80,80,2),('3651',2,459,'1','4',80,80,3),('3652',2,459,'1','4',80,80,4),('3653',2,459,'1','4',80,80,5),('3654',2,459,'1','4',80,80,6),('3655',2,459,'1','4',80,80,7),('3656',2,459,'1','4',80,80,8),('3657',2,459,'1','4',80,80,10),('3658',2,459,'1','4',80,80,11),('3659',2,459,'1','4',80,80,12),('3660',2,459,'1','4',80,80,13),('3661',2,459,'1','4',80,80,14),('3662',2,459,'1','4',80,80,15),('3663',2,459,'1','4',80,80,16),('3664',2,459,'1','4',80,80,17),('3665',2,459,'1','4',80,80,18),('3666',2,459,'1','4',80,80,19),('3667',2,459,'1','4',80,80,20),('3668',3,459,'1','3',60,60,1),('3669',3,459,'1','3',60,60,2),('3670',3,459,'1','3',60,60,3),('3671',3,459,'1','3',60,60,4),('3672',3,459,'1','3',60,60,5),('3673',3,459,'1','3',60,60,6),('3674',3,459,'1','3',60,60,7),('3675',3,459,'1','3',60,60,8),('3676',3,459,'1','3',60,60,10),('3677',3,459,'1','3',60,60,11),('3678',3,459,'1','3',60,60,12),('3679',3,459,'1','3',60,60,13),('3680',3,459,'1','3',60,60,14),('3681',3,459,'1','3',60,60,15),('3682',3,459,'1','3',60,60,16),('3683',3,459,'1','3',60,60,17),('3684',3,459,'1','3',60,60,18),('3685',3,459,'1','3',60,60,19),('3686',3,459,'1','3',60,60,20),('3687',1,458,'1','5',100,100,1),('3688',1,458,'1','5',100,100,2),('3689',1,458,'1','5',100,100,3),('3690',1,458,'1','5',100,100,4),('3691',1,458,'1','5',100,100,5),('3692',1,458,'1','5',100,100,6),('3693',1,458,'1','5',100,100,7),('3694',1,458,'1','5',100,100,8),('3695',1,458,'1','5',100,100,10),('3696',1,458,'1','5',100,100,11),('3697',1,458,'1','5',100,100,12),('3698',1,458,'1','5',100,100,13),('3699',1,458,'1','5',100,100,14),('3700',1,458,'1','5',100,100,15),('3701',1,458,'1','5',100,100,16),('3702',1,458,'1','5',100,100,17),('3703',1,458,'1','5',100,100,18),('3704',1,458,'1','5',100,100,19),('3705',1,458,'1','5',100,100,20),('3706',2,458,'1','4',80,80,1),('3707',2,458,'1','4',80,80,2),('3708',2,458,'1','4',80,80,3),('3709',2,458,'1','4',80,80,4),('3710',2,458,'1','4',80,80,5),('3711',2,458,'1','4',80,80,6),('3712',2,458,'1','4',80,80,7),('3713',2,458,'1','4',80,80,8),('3714',2,458,'1','4',80,80,10),('3715',2,458,'1','4',80,80,11),('3716',2,458,'1','4',80,80,12),('3717',2,458,'1','4',80,80,13),('3718',2,458,'1','4',80,80,14),('3719',2,458,'1','4',80,80,15),('3720',2,458,'1','4',80,80,16),('3721',2,458,'1','4',80,80,17),('3722',2,458,'1','4',80,80,18),('3723',2,458,'1','4',80,80,19),('3724',2,458,'1','4',80,80,20),('3725',3,458,'1','4',80,80,1),('3726',3,458,'1','4',80,80,2),('3727',3,458,'1','4',80,80,3),('3728',3,458,'1','4',80,80,4),('3729',3,458,'1','4',80,80,5),('3730',3,458,'1','4',80,80,6),('3731',3,458,'1','4',80,80,7),('3732',3,458,'1','4',80,80,8),('3733',3,458,'1','4',80,80,10),('3734',3,458,'1','4',80,80,11),('3735',3,458,'1','4',80,80,12),('3736',3,458,'1','4',80,80,13),('3737',3,458,'1','4',80,80,14),('3738',3,458,'1','4',80,80,15),('3739',3,458,'1','4',80,80,16),('3740',3,458,'1','4',80,80,17),('3741',3,458,'1','4',80,80,18),('3742',3,458,'1','4',80,80,19),('3743',3,458,'1','4',80,80,20),('3744',1,457,'1','5',100,100,1),('3745',1,457,'1','5',100,100,2),('3746',1,457,'1','5',100,100,3),('3747',1,457,'1','5',100,100,4),('3748',1,457,'1','5',100,100,5),('3749',1,457,'1','5',100,100,6),('3750',1,457,'1','5',100,100,7),('3751',1,457,'1','5',100,100,8),('3752',1,457,'1','5',100,100,10),('3753',1,457,'1','5',100,100,11),('3754',1,457,'1','5',100,100,12),('3755',1,457,'1','5',100,100,13),('3756',1,457,'1','5',100,100,14),('3757',1,457,'1','5',100,100,15),('3758',1,457,'1','5',100,100,16),('3759',1,457,'1','5',100,100,17),('3760',1,457,'1','5',100,100,18),('3761',1,457,'1','5',100,100,19),('3762',1,457,'1','5',100,100,20),('3763',2,457,'1','4',80,80,1),('3764',2,457,'1','4',80,80,2),('3765',2,457,'1','4',80,80,3),('3766',2,457,'1','4',80,80,4),('3767',2,457,'1','4',80,80,5),('3768',2,457,'1','4',80,80,6),('3769',2,457,'1','4',80,80,7),('3770',2,457,'1','4',80,80,8),('3771',2,457,'1','4',80,80,10),('3772',2,457,'1','4',80,80,11),('3773',2,457,'1','4',80,80,12),('3774',2,457,'1','4',80,80,13),('3775',2,457,'1','4',80,80,14),('3776',2,457,'1','4',80,80,15),('3777',2,457,'1','4',80,80,16),('3778',2,457,'1','4',80,80,17),('3779',2,457,'1','4',80,80,18),('3780',2,457,'1','4',80,80,19),('3781',2,457,'1','4',80,80,20),('3782',3,457,'1','2',40,40,1),('3783',3,457,'1','2',40,40,2),('3784',3,457,'1','2',40,40,3),('3785',3,457,'1','2',40,40,4),('3786',3,457,'1','2',40,40,5),('3787',3,457,'1','2',40,40,6),('3788',3,457,'1','2',40,40,7),('3789',3,457,'1','2',40,40,8),('3790',3,457,'1','2',40,40,10),('3791',3,457,'1','2',40,40,11),('3792',3,457,'1','2',40,40,12),('3793',3,457,'1','2',40,40,13),('3794',3,457,'1','2',40,40,14),('3795',3,457,'1','2',40,40,15),('3796',3,457,'1','2',40,40,16),('3797',3,457,'1','2',40,40,17),('3798',3,457,'1','2',40,40,18),('3799',3,457,'1','2',40,40,19),('3800',3,457,'1','2',40,40,20),('3801',1,456,'1','5',100,100,1),('3802',1,456,'1','5',100,100,2),('3803',1,456,'1','5',100,100,3),('3804',1,456,'1','5',100,100,4),('3805',1,456,'1','5',100,100,5),('3806',1,456,'1','5',100,100,6),('3807',1,456,'1','5',100,100,7),('3808',1,456,'1','5',100,100,8),('3809',1,456,'1','5',100,100,10),('3810',1,456,'1','5',100,100,11),('3811',1,456,'1','5',100,100,12),('3812',1,456,'1','5',100,100,13),('3813',1,456,'1','5',100,100,14),('3814',1,456,'1','5',100,100,15),('3815',1,456,'1','5',100,100,16),('3816',1,456,'1','5',100,100,17),('3817',1,456,'1','5',100,100,18),('3818',1,456,'1','5',100,100,19),('3819',1,456,'1','5',100,100,20),('3820',2,456,'1','4',80,80,1),('3821',2,456,'1','4',80,80,2),('3822',2,456,'1','4',80,80,3),('3823',2,456,'1','4',80,80,4),('3824',2,456,'1','4',80,80,5),('3825',2,456,'1','4',80,80,6),('3826',2,456,'1','4',80,80,7),('3827',2,456,'1','4',80,80,8),('3828',2,456,'1','4',80,80,10),('3829',2,456,'1','4',80,80,11),('3830',2,456,'1','4',80,80,12),('3831',2,456,'1','4',80,80,13),('3832',2,456,'1','4',80,80,14),('3833',2,456,'1','4',80,80,15),('3834',2,456,'1','4',80,80,16),('3835',2,456,'1','4',80,80,17),('3836',2,456,'1','4',80,80,18),('3837',2,456,'1','4',80,80,19),('3838',2,456,'1','4',80,80,20),('3839',3,456,'1','3',60,60,1),('3840',3,456,'1','3',60,60,2),('3841',3,456,'1','3',60,60,3),('3842',3,456,'1','3',60,60,4),('3843',3,456,'1','3',60,60,5),('3844',3,456,'1','3',60,60,6),('3845',3,456,'1','3',60,60,7),('3846',3,456,'1','3',60,60,8),('3847',3,456,'1','3',60,60,10),('3848',3,456,'1','3',60,60,11),('3849',3,456,'1','3',60,60,12),('3850',3,456,'1','3',60,60,13),('3851',3,456,'1','3',60,60,14),('3852',3,456,'1','3',60,60,15),('3853',3,456,'1','3',60,60,16),('3854',3,456,'1','3',60,60,17),('3855',3,456,'1','3',60,60,18),('3856',3,456,'1','3',60,60,19),('3857',3,456,'1','3',60,60,20),('3858',1,455,'1','4',80,80,1),('3859',1,455,'1','4',80,80,2),('3860',1,455,'1','4',80,80,3),('3861',1,455,'1','4',80,80,4),('3862',1,455,'1','4',80,80,5),('3863',1,455,'1','4',80,80,6),('3864',1,455,'1','4',80,80,7),('3865',1,455,'1','4',80,80,8),('3866',1,455,'1','4',80,80,10),('3867',1,455,'1','4',80,80,11),('3868',1,455,'1','4',80,80,12),('3869',1,455,'1','4',80,80,13),('3870',1,455,'1','4',80,80,14),('3871',1,455,'1','4',80,80,15),('3872',1,455,'1','4',80,80,16),('3873',1,455,'1','4',80,80,17),('3874',1,455,'1','4',80,80,18),('3875',1,455,'1','4',80,80,19),('3876',1,455,'1','4',80,80,20),('3877',2,455,'1','3',60,60,1),('3878',2,455,'1','3',60,60,2),('3879',2,455,'1','3',60,60,3),('3880',2,455,'1','3',60,60,4),('3881',2,455,'1','3',60,60,5),('3882',2,455,'1','3',60,60,6),('3883',2,455,'1','3',60,60,7),('3884',2,455,'1','3',60,60,8),('3885',2,455,'1','3',60,60,10),('3886',2,455,'1','3',60,60,11),('3887',2,455,'1','3',60,60,12),('3888',2,455,'1','3',60,60,13),('3889',2,455,'1','3',60,60,14),('3890',2,455,'1','3',60,60,15),('3891',2,455,'1','3',60,60,16),('3892',2,455,'1','3',60,60,17),('3893',2,455,'1','3',60,60,18),('3894',2,455,'1','3',60,60,19),('3895',2,455,'1','3',60,60,20),('3896',3,455,'1','3',60,60,1),('3897',3,455,'1','3',60,60,2),('3898',3,455,'1','3',60,60,3),('3899',3,455,'1','3',60,60,4),('3900',3,455,'1','3',60,60,5),('3901',3,455,'1','3',60,60,6),('3902',3,455,'1','3',60,60,7),('3903',3,455,'1','3',60,60,8),('3904',3,455,'1','3',60,60,10),('3905',3,455,'1','3',60,60,11),('3906',3,455,'1','3',60,60,12),('3907',3,455,'1','3',60,60,13),('3908',3,455,'1','3',60,60,14),('3909',3,455,'1','3',60,60,15),('3910',3,455,'1','3',60,60,16),('3911',3,455,'1','3',60,60,17),('3912',3,455,'1','3',60,60,18),('3913',3,455,'1','3',60,60,19),('3914',3,455,'1','3',60,60,20),('3915',1,331,'1','5',100,100,2),('3916',1,331,'1','5',100,100,3),('3917',1,331,'1','5',100,100,4),('3918',1,331,'1','5',100,100,5),('3919',1,331,'1','5',100,100,6),('3920',1,331,'1','5',100,100,7),('3921',1,331,'1','5',100,100,8),('3922',1,331,'1','5',100,100,9),('3923',1,331,'1','5',100,100,10),('3924',1,331,'1','5',100,100,11),('3925',1,331,'1','5',100,100,12),('3926',1,331,'1','5',100,100,13),('3927',1,331,'1','5',100,100,14),('3928',1,331,'1','5',100,100,15),('3929',1,331,'1','5',100,100,16),('3930',1,331,'1','5',100,100,17),('3931',1,331,'1','5',100,100,18),('3932',1,331,'1','5',100,100,19),('3933',1,331,'1','5',100,100,20),('3934',2,331,'1','4',80,80,2),('3935',2,331,'1','4',80,80,3),('3936',2,331,'1','4',80,80,4),('3937',2,331,'1','4',80,80,5),('3938',2,331,'1','4',80,80,6),('3939',2,331,'1','4',80,80,7),('3940',2,331,'1','4',80,80,8),('3941',2,331,'1','4',80,80,9),('3942',2,331,'1','4',80,80,10),('3943',2,331,'1','4',80,80,11),('3944',2,331,'1','4',80,80,12),('3945',2,331,'1','4',80,80,13),('3946',2,331,'1','4',80,80,14),('3947',2,331,'1','4',80,80,15),('3948',2,331,'1','4',80,80,16),('3949',2,331,'1','4',80,80,17),('3950',2,331,'1','4',80,80,18),('3951',2,331,'1','4',80,80,19),('3952',2,331,'1','4',80,80,20),('3953',3,331,'1','3',60,60,2),('3954',3,331,'1','3',60,60,3),('3955',3,331,'1','3',60,60,4),('3956',3,331,'1','3',60,60,5),('3957',3,331,'1','3',60,60,6),('3958',3,331,'1','3',60,60,7),('3959',3,331,'1','3',60,60,8),('3960',3,331,'1','3',60,60,9),('3961',3,331,'1','3',60,60,10),('3962',3,331,'1','3',60,60,11),('3963',3,331,'1','3',60,60,12),('3964',3,331,'1','3',60,60,13),('3965',3,331,'1','3',60,60,14),('3966',3,331,'1','3',60,60,15),('3967',3,331,'1','3',60,60,16),('3968',3,331,'1','3',60,60,17),('3969',3,331,'1','3',60,60,18),('3970',3,331,'1','3',60,60,19),('3971',3,331,'1','3',60,60,20),('3972',1,335,'1','5',100,100,2),('3973',1,335,'1','5',100,100,3),('3974',1,335,'1','5',100,100,4),('3975',1,335,'1','5',100,100,5),('3976',1,335,'1','5',100,100,6),('3977',1,335,'1','5',100,100,7),('3978',1,335,'1','5',100,100,8),('3979',1,335,'1','5',100,100,9),('3980',1,335,'1','5',100,100,10),('3981',1,335,'1','5',100,100,11),('3982',1,335,'1','5',100,100,12),('3983',1,335,'1','5',100,100,13),('3984',1,335,'1','5',100,100,14),('3985',1,335,'1','5',100,100,15),('3986',1,335,'1','5',100,100,16),('3987',1,335,'1','5',100,100,17),('3988',1,335,'1','5',100,100,18),('3989',1,335,'1','5',100,100,19),('3990',1,335,'1','5',100,100,20),('3991',2,335,'1','4',80,80,2),('3992',2,335,'1','4',80,80,3),('3993',2,335,'1','4',80,80,4),('3994',2,335,'1','4',80,80,5),('3995',2,335,'1','4',80,80,6),('3996',2,335,'1','4',80,80,7),('3997',2,335,'1','4',80,80,8),('3998',2,335,'1','4',80,80,9),('3999',2,335,'1','4',80,80,10),('4000',2,335,'1','4',80,80,11),('4001',2,335,'1','4',80,80,12),('4002',2,335,'1','4',80,80,13),('4003',2,335,'1','4',80,80,14),('4004',2,335,'1','4',80,80,15),('4005',2,335,'1','4',80,80,16),('4006',2,335,'1','4',80,80,17),('4007',2,335,'1','4',80,80,18),('4008',2,335,'1','4',80,80,19),('4009',2,335,'1','4',80,80,20),('4010',3,335,'1','2',40,40,2),('4011',3,335,'1','2',40,40,3),('4012',3,335,'1','2',40,40,4),('4013',3,335,'1','2',40,40,5),('4014',3,335,'1','2',40,40,6),('4015',3,335,'1','2',40,40,7),('4016',3,335,'1','2',40,40,8),('4017',3,335,'1','2',40,40,9),('4018',3,335,'1','2',40,40,10),('4019',3,335,'1','2',40,40,11),('4020',3,335,'1','2',40,40,12),('4021',3,335,'1','2',40,40,13),('4022',3,335,'1','2',40,40,14),('4023',3,335,'1','2',40,40,15),('4024',3,335,'1','2',40,40,16),('4025',3,335,'1','2',40,40,17),('4026',3,335,'1','2',40,40,18),('4027',3,335,'1','2',40,40,19),('4028',3,335,'1','2',40,40,20),('4029',1,332,'1','5',100,100,2),('4030',1,332,'1','5',100,100,3),('4031',1,332,'1','5',100,100,4),('4032',1,332,'1','5',100,100,5),('4033',1,332,'1','5',100,100,6),('4034',1,332,'1','5',100,100,7),('4035',1,332,'1','5',100,100,8),('4036',1,332,'1','5',100,100,9),('4037',1,332,'1','5',100,100,10),('4038',1,332,'1','5',100,100,11),('4039',1,332,'1','5',100,100,12),('4040',1,332,'1','5',100,100,13),('4041',1,332,'1','5',100,100,14),('4042',1,332,'1','5',100,100,15),('4043',1,332,'1','5',100,100,16),('4044',1,332,'1','5',100,100,17),('4045',1,332,'1','5',100,100,18),('4046',1,332,'1','5',100,100,19),('4047',1,332,'1','5',100,100,20),('4048',2,332,'1','4',80,80,2),('4049',2,332,'1','4',80,80,3),('4050',2,332,'1','4',80,80,4),('4051',2,332,'1','4',80,80,5),('4052',2,332,'1','4',80,80,6),('4053',2,332,'1','4',80,80,7),('4054',2,332,'1','4',80,80,8),('4055',2,332,'1','4',80,80,9),('4056',2,332,'1','4',80,80,10),('4057',2,332,'1','4',80,80,11),('4058',2,332,'1','4',80,80,12),('4059',2,332,'1','4',80,80,13),('4060',2,332,'1','4',80,80,14),('4061',2,332,'1','4',80,80,15),('4062',2,332,'1','4',80,80,16),('4063',2,332,'1','4',80,80,17),('4064',2,332,'1','4',80,80,18),('4065',2,332,'1','4',80,80,19),('4066',2,332,'1','4',80,80,20),('4067',3,332,'1','3',60,60,2),('4068',3,332,'1','3',60,60,3),('4069',3,332,'1','3',60,60,4),('4070',3,332,'1','3',60,60,5),('4071',3,332,'1','3',60,60,6),('4072',3,332,'1','3',60,60,7),('4073',3,332,'1','3',60,60,8),('4074',3,332,'1','3',60,60,9),('4075',3,332,'1','3',60,60,10),('4076',3,332,'1','3',60,60,11),('4077',3,332,'1','3',60,60,12),('4078',3,332,'1','3',60,60,13),('4079',3,332,'1','3',60,60,14),('4080',3,332,'1','3',60,60,15),('4081',3,332,'1','3',60,60,16),('4082',3,332,'1','3',60,60,17),('4083',3,332,'1','3',60,60,18),('4084',3,332,'1','3',60,60,19),('4085',3,332,'1','3',60,60,20),('4086',1,336,'1','4',80,80,2),('4087',1,336,'1','4',80,80,3),('4088',1,336,'1','4',80,80,4),('4089',1,336,'1','4',80,80,5),('4090',1,336,'1','4',80,80,6),('4091',1,336,'1','4',80,80,7),('4092',1,336,'1','4',80,80,8),('4093',1,336,'1','4',80,80,9),('4094',1,336,'1','4',80,80,10),('4095',1,336,'1','4',80,80,11),('4096',1,336,'1','4',80,80,12),('4097',1,336,'1','4',80,80,13),('4098',1,336,'1','4',80,80,14),('4099',1,336,'1','4',80,80,15),('4100',1,336,'1','4',80,80,16),('4101',1,336,'1','4',80,80,17),('4102',1,336,'1','4',80,80,18),('4103',1,336,'1','4',80,80,19),('4104',1,336,'1','4',80,80,20),('4105',2,336,'1','4',80,80,2),('4106',2,336,'1','4',80,80,3),('4107',2,336,'1','4',80,80,4),('4108',2,336,'1','4',80,80,5),('4109',2,336,'1','4',80,80,6),('4110',2,336,'1','4',80,80,7),('4111',2,336,'1','4',80,80,8),('4112',2,336,'1','4',80,80,9),('4113',2,336,'1','4',80,80,10),('4114',2,336,'1','4',80,80,11),('4115',2,336,'1','4',80,80,12),('4116',2,336,'1','4',80,80,13),('4117',2,336,'1','4',80,80,14),('4118',2,336,'1','4',80,80,15),('4119',2,336,'1','4',80,80,16),('4120',2,336,'1','4',80,80,17),('4121',2,336,'1','4',80,80,18),('4122',2,336,'1','4',80,80,19),('4123',2,336,'1','4',80,80,20),('4124',3,336,'1','4',80,80,2),('4125',3,336,'1','4',80,80,3),('4126',3,336,'1','4',80,80,4),('4127',3,336,'1','4',80,80,5),('4128',3,336,'1','4',80,80,6),('4129',3,336,'1','4',80,80,7),('4130',3,336,'1','4',80,80,8),('4131',3,336,'1','4',80,80,9),('4132',3,336,'1','4',80,80,10),('4133',3,336,'1','4',80,80,11),('4134',3,336,'1','4',80,80,12),('4135',3,336,'1','4',80,80,13),('4136',3,336,'1','4',80,80,14),('4137',3,336,'1','4',80,80,15),('4138',3,336,'1','4',80,80,16),('4139',3,336,'1','4',80,80,17),('4140',3,336,'1','4',80,80,18),('4141',3,336,'1','4',80,80,19),('4142',3,336,'1','4',80,80,20),('4143',1,337,'1','4',80,80,2),('4144',1,337,'1','4',80,80,3),('4145',1,337,'1','4',80,80,4),('4146',1,337,'1','4',80,80,5),('4147',1,337,'1','4',80,80,6),('4148',1,337,'1','4',80,80,7),('4149',1,337,'1','4',80,80,8),('4150',1,337,'1','4',80,80,9),('4151',1,337,'1','4',80,80,10),('4152',1,337,'1','4',80,80,11),('4153',1,337,'1','4',80,80,12),('4154',1,337,'1','4',80,80,13),('4155',1,337,'1','4',80,80,14),('4156',1,337,'1','4',80,80,15),('4157',1,337,'1','4',80,80,16),('4158',1,337,'1','4',80,80,17),('4159',1,337,'1','4',80,80,18),('4160',1,337,'1','4',80,80,19),('4161',1,337,'1','4',80,80,20),('4162',2,337,'1','3',60,60,2),('4163',2,337,'1','3',60,60,3),('4164',2,337,'1','3',60,60,4),('4165',2,337,'1','3',60,60,5),('4166',2,337,'1','3',60,60,6),('4167',2,337,'1','3',60,60,7),('4168',2,337,'1','3',60,60,8),('4169',2,337,'1','3',60,60,9),('4170',2,337,'1','3',60,60,10),('4171',2,337,'1','3',60,60,11),('4172',2,337,'1','3',60,60,12),('4173',2,337,'1','3',60,60,13),('4174',2,337,'1','3',60,60,14),('4175',2,337,'1','3',60,60,15),('4176',2,337,'1','3',60,60,16),('4177',2,337,'1','3',60,60,17),('4178',2,337,'1','3',60,60,18),('4179',2,337,'1','3',60,60,19),('4180',2,337,'1','3',60,60,20),('4181',3,337,'1','4',80,80,2),('4182',3,337,'1','4',80,80,3),('4183',3,337,'1','4',80,80,4),('4184',3,337,'1','4',80,80,5),('4185',3,337,'1','4',80,80,6),('4186',3,337,'1','4',80,80,7),('4187',3,337,'1','4',80,80,8),('4188',3,337,'1','4',80,80,9),('4189',3,337,'1','4',80,80,10),('4190',3,337,'1','4',80,80,11),('4191',3,337,'1','4',80,80,12),('4192',3,337,'1','4',80,80,13),('4193',3,337,'1','4',80,80,14),('4194',3,337,'1','4',80,80,15),('4195',3,337,'1','4',80,80,16),('4196',3,337,'1','4',80,80,17),('4197',3,337,'1','4',80,80,18),('4198',3,337,'1','4',80,80,19),('4199',3,337,'1','4',80,80,20),('4200',1,341,'1','5',100,100,2),('4201',1,341,'1','5',100,100,3),('4202',1,341,'1','5',100,100,4),('4203',1,341,'1','5',100,100,5),('4204',1,341,'1','5',100,100,6),('4205',1,341,'1','5',100,100,7),('4206',1,341,'1','5',100,100,8),('4207',1,341,'1','5',100,100,9),('4208',1,341,'1','5',100,100,10),('4209',1,341,'1','5',100,100,11),('4210',1,341,'1','5',100,100,12),('4211',1,341,'1','5',100,100,13),('4212',1,341,'1','5',100,100,14),('4213',1,341,'1','5',100,100,15),('4214',1,341,'1','5',100,100,16),('4215',1,341,'1','5',100,100,17),('4216',1,341,'1','5',100,100,18),('4217',1,341,'1','5',100,100,19),('4218',1,341,'1','5',100,100,20),('4219',2,341,'1','4',80,80,2),('4220',2,341,'1','4',80,80,3),('4221',2,341,'1','4',80,80,4),('4222',2,341,'1','4',80,80,5),('4223',2,341,'1','4',80,80,6),('4224',2,341,'1','4',80,80,7),('4225',2,341,'1','4',80,80,8),('4226',2,341,'1','4',80,80,9),('4227',2,341,'1','4',80,80,10),('4228',2,341,'1','4',80,80,11),('4229',2,341,'1','4',80,80,12),('4230',2,341,'1','4',80,80,13),('4231',2,341,'1','4',80,80,14),('4232',2,341,'1','4',80,80,15),('4233',2,341,'1','4',80,80,16),('4234',2,341,'1','4',80,80,17),('4235',2,341,'1','4',80,80,18),('4236',2,341,'1','4',80,80,19),('4237',2,341,'1','4',80,80,20),('4238',3,341,'1','2',40,40,2),('4239',3,341,'1','2',40,40,3),('4240',3,341,'1','2',40,40,4),('4241',3,341,'1','2',40,40,5),('4242',3,341,'1','2',40,40,6),('4243',3,341,'1','2',40,40,7),('4244',3,341,'1','2',40,40,8),('4245',3,341,'1','2',40,40,9),('4246',3,341,'1','2',40,40,10),('4247',3,341,'1','2',40,40,11),('4248',3,341,'1','2',40,40,12),('4249',3,341,'1','2',40,40,13),('4250',3,341,'1','2',40,40,14),('4251',3,341,'1','2',40,40,15),('4252',3,341,'1','2',40,40,16),('4253',3,341,'1','2',40,40,17),('4254',3,341,'1','2',40,40,18),('4255',3,341,'1','2',40,40,19),('4256',3,341,'1','2',40,40,20),('4257',1,345,'1','5',100,100,2),('4258',1,345,'1','5',100,100,3),('4259',1,345,'1','5',100,100,4),('4260',1,345,'1','5',100,100,5),('4261',1,345,'1','5',100,100,6),('4262',1,345,'1','5',100,100,7),('4263',1,345,'1','5',100,100,8),('4264',1,345,'1','5',100,100,9),('4265',1,345,'1','5',100,100,10),('4266',1,345,'1','5',100,100,11),('4267',1,345,'1','5',100,100,12),('4268',1,345,'1','5',100,100,13),('4269',1,345,'1','5',100,100,14),('4270',1,345,'1','5',100,100,15),('4271',1,345,'1','5',100,100,16),('4272',1,345,'1','5',100,100,17),('4273',1,345,'1','5',100,100,18),('4274',1,345,'1','5',100,100,19),('4275',1,345,'1','5',100,100,20),('4276',2,345,'1','5',100,100,2),('4277',2,345,'1','5',100,100,3),('4278',2,345,'1','5',100,100,4),('4279',2,345,'1','5',100,100,5),('4280',2,345,'1','5',100,100,6),('4281',2,345,'1','5',100,100,7),('4282',2,345,'1','5',100,100,8),('4283',2,345,'1','5',100,100,9),('4284',2,345,'1','5',100,100,10),('4285',2,345,'1','5',100,100,11),('4286',2,345,'1','5',100,100,12),('4287',2,345,'1','5',100,100,13),('4288',2,345,'1','5',100,100,14),('4289',2,345,'1','5',100,100,15),('4290',2,345,'1','5',100,100,16),('4291',2,345,'1','5',100,100,17);
INSERT INTO `rating_option_vote_aggregated` VALUES ('4292',2,345,'1','5',100,100,18),('4293',2,345,'1','5',100,100,19),('4294',2,345,'1','5',100,100,20),('4295',3,345,'1','3',60,60,2),('4296',3,345,'1','3',60,60,3),('4297',3,345,'1','3',60,60,4),('4298',3,345,'1','3',60,60,5),('4299',3,345,'1','3',60,60,6),('4300',3,345,'1','3',60,60,7),('4301',3,345,'1','3',60,60,8),('4302',3,345,'1','3',60,60,9),('4303',3,345,'1','3',60,60,10),('4304',3,345,'1','3',60,60,11),('4305',3,345,'1','3',60,60,12),('4306',3,345,'1','3',60,60,13),('4307',3,345,'1','3',60,60,14),('4308',3,345,'1','3',60,60,15),('4309',3,345,'1','3',60,60,16),('4310',3,345,'1','3',60,60,17),('4311',3,345,'1','3',60,60,18),('4312',3,345,'1','3',60,60,19),('4313',3,345,'1','3',60,60,20),('4314',1,347,'1','5',100,100,2),('4315',1,347,'1','5',100,100,3),('4316',1,347,'1','5',100,100,4),('4317',1,347,'1','5',100,100,5),('4318',1,347,'1','5',100,100,6),('4319',1,347,'1','5',100,100,7),('4320',1,347,'1','5',100,100,8),('4321',1,347,'1','5',100,100,9),('4322',1,347,'1','5',100,100,10),('4323',1,347,'1','5',100,100,11),('4324',1,347,'1','5',100,100,12),('4325',1,347,'1','5',100,100,13),('4326',1,347,'1','5',100,100,14),('4327',1,347,'1','5',100,100,15),('4328',1,347,'1','5',100,100,16),('4329',1,347,'1','5',100,100,17),('4330',1,347,'1','5',100,100,18),('4331',1,347,'1','5',100,100,19),('4332',1,347,'1','5',100,100,20),('4333',2,347,'1','5',100,100,2),('4334',2,347,'1','5',100,100,3),('4335',2,347,'1','5',100,100,4),('4336',2,347,'1','5',100,100,5),('4337',2,347,'1','5',100,100,6),('4338',2,347,'1','5',100,100,7),('4339',2,347,'1','5',100,100,8),('4340',2,347,'1','5',100,100,9),('4341',2,347,'1','5',100,100,10),('4342',2,347,'1','5',100,100,11),('4343',2,347,'1','5',100,100,12),('4344',2,347,'1','5',100,100,13),('4345',2,347,'1','5',100,100,14),('4346',2,347,'1','5',100,100,15),('4347',2,347,'1','5',100,100,16),('4348',2,347,'1','5',100,100,17),('4349',2,347,'1','5',100,100,18),('4350',2,347,'1','5',100,100,19),('4351',2,347,'1','5',100,100,20),('4352',3,347,'1','3',60,60,2),('4353',3,347,'1','3',60,60,3),('4354',3,347,'1','3',60,60,4),('4355',3,347,'1','3',60,60,5),('4356',3,347,'1','3',60,60,6),('4357',3,347,'1','3',60,60,7),('4358',3,347,'1','3',60,60,8),('4359',3,347,'1','3',60,60,9),('4360',3,347,'1','3',60,60,10),('4361',3,347,'1','3',60,60,11),('4362',3,347,'1','3',60,60,12),('4363',3,347,'1','3',60,60,13),('4364',3,347,'1','3',60,60,14),('4365',3,347,'1','3',60,60,15),('4366',3,347,'1','3',60,60,16),('4367',3,347,'1','3',60,60,17),('4368',3,347,'1','3',60,60,18),('4369',3,347,'1','3',60,60,19),('4370',3,347,'1','3',60,60,20),('4371',1,338,'1','5',100,100,2),('4372',1,338,'1','5',100,100,3),('4373',1,338,'1','5',100,100,4),('4374',1,338,'1','5',100,100,5),('4375',1,338,'1','5',100,100,6),('4376',1,338,'1','5',100,100,7),('4377',1,338,'1','5',100,100,8),('4378',1,338,'1','5',100,100,9),('4379',1,338,'1','5',100,100,10),('4380',1,338,'1','5',100,100,11),('4381',1,338,'1','5',100,100,12),('4382',1,338,'1','5',100,100,13),('4383',1,338,'1','5',100,100,14),('4384',1,338,'1','5',100,100,15),('4385',1,338,'1','5',100,100,16),('4386',1,338,'1','5',100,100,17),('4387',1,338,'1','5',100,100,18),('4388',1,338,'1','5',100,100,19),('4389',1,338,'1','5',100,100,20),('4390',2,338,'1','4',80,80,2),('4391',2,338,'1','4',80,80,3),('4392',2,338,'1','4',80,80,4),('4393',2,338,'1','4',80,80,5),('4394',2,338,'1','4',80,80,6),('4395',2,338,'1','4',80,80,7),('4396',2,338,'1','4',80,80,8),('4397',2,338,'1','4',80,80,9),('4398',2,338,'1','4',80,80,10),('4399',2,338,'1','4',80,80,11),('4400',2,338,'1','4',80,80,12),('4401',2,338,'1','4',80,80,13),('4402',2,338,'1','4',80,80,14),('4403',2,338,'1','4',80,80,15),('4404',2,338,'1','4',80,80,16),('4405',2,338,'1','4',80,80,17),('4406',2,338,'1','4',80,80,18),('4407',2,338,'1','4',80,80,19),('4408',2,338,'1','4',80,80,20),('4409',3,338,'1','3',60,60,2),('4410',3,338,'1','3',60,60,3),('4411',3,338,'1','3',60,60,4),('4412',3,338,'1','3',60,60,5),('4413',3,338,'1','3',60,60,6),('4414',3,338,'1','3',60,60,7),('4415',3,338,'1','3',60,60,8),('4416',3,338,'1','3',60,60,9),('4417',3,338,'1','3',60,60,10),('4418',3,338,'1','3',60,60,11),('4419',3,338,'1','3',60,60,12),('4420',3,338,'1','3',60,60,13),('4421',3,338,'1','3',60,60,14),('4422',3,338,'1','3',60,60,15),('4423',3,338,'1','3',60,60,16),('4424',3,338,'1','3',60,60,17),('4425',3,338,'1','3',60,60,18),('4426',3,338,'1','3',60,60,19),('4427',3,338,'1','3',60,60,20),('4428',1,340,'1','5',100,100,2),('4429',1,340,'1','5',100,100,3),('4430',1,340,'1','5',100,100,4),('4431',1,340,'1','5',100,100,5),('4432',1,340,'1','5',100,100,6),('4433',1,340,'1','5',100,100,7),('4434',1,340,'1','5',100,100,8),('4435',1,340,'1','5',100,100,9),('4436',1,340,'1','5',100,100,10),('4437',1,340,'1','5',100,100,11),('4438',1,340,'1','5',100,100,12),('4439',1,340,'1','5',100,100,13),('4440',1,340,'1','5',100,100,14),('4441',1,340,'1','5',100,100,15),('4442',1,340,'1','5',100,100,16),('4443',1,340,'1','5',100,100,17),('4444',1,340,'1','5',100,100,18),('4445',1,340,'1','5',100,100,19),('4446',1,340,'1','5',100,100,20),('4447',2,340,'1','4',80,80,2),('4448',2,340,'1','4',80,80,3),('4449',2,340,'1','4',80,80,4),('4450',2,340,'1','4',80,80,5),('4451',2,340,'1','4',80,80,6),('4452',2,340,'1','4',80,80,7),('4453',2,340,'1','4',80,80,8),('4454',2,340,'1','4',80,80,9),('4455',2,340,'1','4',80,80,10),('4456',2,340,'1','4',80,80,11),('4457',2,340,'1','4',80,80,12),('4458',2,340,'1','4',80,80,13),('4459',2,340,'1','4',80,80,14),('4460',2,340,'1','4',80,80,15),('4461',2,340,'1','4',80,80,16),('4462',2,340,'1','4',80,80,17),('4463',2,340,'1','4',80,80,18),('4464',2,340,'1','4',80,80,19),('4465',2,340,'1','4',80,80,20),('4466',3,340,'1','2',40,40,2),('4467',3,340,'1','2',40,40,3),('4468',3,340,'1','2',40,40,4),('4469',3,340,'1','2',40,40,5),('4470',3,340,'1','2',40,40,6),('4471',3,340,'1','2',40,40,7),('4472',3,340,'1','2',40,40,8),('4473',3,340,'1','2',40,40,9),('4474',3,340,'1','2',40,40,10),('4475',3,340,'1','2',40,40,11),('4476',3,340,'1','2',40,40,12),('4477',3,340,'1','2',40,40,13),('4478',3,340,'1','2',40,40,14),('4479',3,340,'1','2',40,40,15),('4480',3,340,'1','2',40,40,16),('4481',3,340,'1','2',40,40,17),('4482',3,340,'1','2',40,40,18),('4483',3,340,'1','2',40,40,19),('4484',3,340,'1','2',40,40,20),('4485',1,342,'1','3',60,60,2),('4486',1,342,'1','3',60,60,3),('4487',1,342,'1','3',60,60,4),('4488',1,342,'1','3',60,60,5),('4489',1,342,'1','3',60,60,6),('4490',1,342,'1','3',60,60,7),('4491',1,342,'1','3',60,60,8),('4492',1,342,'1','3',60,60,9),('4493',1,342,'1','3',60,60,10),('4494',1,342,'1','3',60,60,11),('4495',1,342,'1','3',60,60,12),('4496',1,342,'1','3',60,60,13),('4497',1,342,'1','3',60,60,14),('4498',1,342,'1','3',60,60,15),('4499',1,342,'1','3',60,60,16),('4500',1,342,'1','3',60,60,17),('4501',1,342,'1','3',60,60,18),('4502',1,342,'1','3',60,60,19),('4503',1,342,'1','3',60,60,20),('4504',2,342,'1','3',60,60,2),('4505',2,342,'1','3',60,60,3),('4506',2,342,'1','3',60,60,4),('4507',2,342,'1','3',60,60,5),('4508',2,342,'1','3',60,60,6),('4509',2,342,'1','3',60,60,7),('4510',2,342,'1','3',60,60,8),('4511',2,342,'1','3',60,60,9),('4512',2,342,'1','3',60,60,10),('4513',2,342,'1','3',60,60,11),('4514',2,342,'1','3',60,60,12),('4515',2,342,'1','3',60,60,13),('4516',2,342,'1','3',60,60,14),('4517',2,342,'1','3',60,60,15),('4518',2,342,'1','3',60,60,16),('4519',2,342,'1','3',60,60,17),('4520',2,342,'1','3',60,60,18),('4521',2,342,'1','3',60,60,19),('4522',2,342,'1','3',60,60,20),('4523',3,342,'1','3',60,60,2),('4524',3,342,'1','3',60,60,3),('4525',3,342,'1','3',60,60,4),('4526',3,342,'1','3',60,60,5),('4527',3,342,'1','3',60,60,6),('4528',3,342,'1','3',60,60,7),('4529',3,342,'1','3',60,60,8),('4530',3,342,'1','3',60,60,9),('4531',3,342,'1','3',60,60,10),('4532',3,342,'1','3',60,60,11),('4533',3,342,'1','3',60,60,12),('4534',3,342,'1','3',60,60,13),('4535',3,342,'1','3',60,60,14),('4536',3,342,'1','3',60,60,15),('4537',3,342,'1','3',60,60,16),('4538',3,342,'1','3',60,60,17),('4539',3,342,'1','3',60,60,18),('4540',3,342,'1','3',60,60,19),('4541',3,342,'1','3',60,60,20),('4542',1,344,'1','5',100,100,2),('4543',1,344,'1','5',100,100,3),('4544',1,344,'1','5',100,100,4),('4545',1,344,'1','5',100,100,5),('4546',1,344,'1','5',100,100,6),('4547',1,344,'1','5',100,100,7),('4548',1,344,'1','5',100,100,8),('4549',1,344,'1','5',100,100,9),('4550',1,344,'1','5',100,100,10),('4551',1,344,'1','5',100,100,11),('4552',1,344,'1','5',100,100,12),('4553',1,344,'1','5',100,100,13),('4554',1,344,'1','5',100,100,14),('4555',1,344,'1','5',100,100,15),('4556',1,344,'1','5',100,100,16),('4557',1,344,'1','5',100,100,17),('4558',1,344,'1','5',100,100,18),('4559',1,344,'1','5',100,100,19),('4560',1,344,'1','5',100,100,20),('4561',2,344,'1','4',80,80,2),('4562',2,344,'1','4',80,80,3),('4563',2,344,'1','4',80,80,4),('4564',2,344,'1','4',80,80,5),('4565',2,344,'1','4',80,80,6),('4566',2,344,'1','4',80,80,7),('4567',2,344,'1','4',80,80,8),('4568',2,344,'1','4',80,80,9),('4569',2,344,'1','4',80,80,10),('4570',2,344,'1','4',80,80,11),('4571',2,344,'1','4',80,80,12),('4572',2,344,'1','4',80,80,13),('4573',2,344,'1','4',80,80,14),('4574',2,344,'1','4',80,80,15),('4575',2,344,'1','4',80,80,16),('4576',2,344,'1','4',80,80,17),('4577',2,344,'1','4',80,80,18),('4578',2,344,'1','4',80,80,19),('4579',2,344,'1','4',80,80,20),('4580',3,344,'1','3',60,60,2),('4581',3,344,'1','3',60,60,3),('4582',3,344,'1','3',60,60,4),('4583',3,344,'1','3',60,60,5),('4584',3,344,'1','3',60,60,6),('4585',3,344,'1','3',60,60,7),('4586',3,344,'1','3',60,60,8),('4587',3,344,'1','3',60,60,9),('4588',3,344,'1','3',60,60,10),('4589',3,344,'1','3',60,60,11),('4590',3,344,'1','3',60,60,12),('4591',3,344,'1','3',60,60,13),('4592',3,344,'1','3',60,60,14),('4593',3,344,'1','3',60,60,15),('4594',3,344,'1','3',60,60,16),('4595',3,344,'1','3',60,60,17),('4596',3,344,'1','3',60,60,18),('4597',3,344,'1','3',60,60,19),('4598',3,344,'1','3',60,60,20),('4599',1,346,'1','4',80,80,2),('4600',1,346,'1','4',80,80,3),('4601',1,346,'1','4',80,80,4),('4602',1,346,'1','4',80,80,5),('4603',1,346,'1','4',80,80,6),('4604',1,346,'1','4',80,80,7),('4605',1,346,'1','4',80,80,8),('4606',1,346,'1','4',80,80,9),('4607',1,346,'1','4',80,80,10),('4608',1,346,'1','4',80,80,11),('4609',1,346,'1','4',80,80,12),('4610',1,346,'1','4',80,80,13),('4611',1,346,'1','4',80,80,14),('4612',1,346,'1','4',80,80,15),('4613',1,346,'1','4',80,80,16),('4614',1,346,'1','4',80,80,17),('4615',1,346,'1','4',80,80,18),('4616',1,346,'1','4',80,80,19),('4617',1,346,'1','4',80,80,20),('4618',2,346,'1','4',80,80,2),('4619',2,346,'1','4',80,80,3),('4620',2,346,'1','4',80,80,4),('4621',2,346,'1','4',80,80,5),('4622',2,346,'1','4',80,80,6),('4623',2,346,'1','4',80,80,7),('4624',2,346,'1','4',80,80,8),('4625',2,346,'1','4',80,80,9),('4626',2,346,'1','4',80,80,10),('4627',2,346,'1','4',80,80,11),('4628',2,346,'1','4',80,80,12),('4629',2,346,'1','4',80,80,13),('4630',2,346,'1','4',80,80,14),('4631',2,346,'1','4',80,80,15),('4632',2,346,'1','4',80,80,16),('4633',2,346,'1','4',80,80,17),('4634',2,346,'1','4',80,80,18),('4635',2,346,'1','4',80,80,19),('4636',2,346,'1','4',80,80,20),('4637',3,346,'1','3',60,60,2),('4638',3,346,'1','3',60,60,3),('4639',3,346,'1','3',60,60,4),('4640',3,346,'1','3',60,60,5),('4641',3,346,'1','3',60,60,6),('4642',3,346,'1','3',60,60,7),('4643',3,346,'1','3',60,60,8),('4644',3,346,'1','3',60,60,9),('4645',3,346,'1','3',60,60,10),('4646',3,346,'1','3',60,60,11),('4647',3,346,'1','3',60,60,12),('4648',3,346,'1','3',60,60,13),('4649',3,346,'1','3',60,60,14),('4650',3,346,'1','3',60,60,15),('4651',3,346,'1','3',60,60,16),('4652',3,346,'1','3',60,60,17),('4653',3,346,'1','3',60,60,18),('4654',3,346,'1','3',60,60,19),('4655',3,346,'1','3',60,60,20),('4656',1,368,'1','5',100,100,2),('4657',1,368,'1','5',100,100,3),('4658',1,368,'1','5',100,100,4),('4659',1,368,'1','5',100,100,5),('4660',1,368,'1','5',100,100,6),('4661',1,368,'1','5',100,100,7),('4662',1,368,'1','5',100,100,8),('4663',1,368,'1','5',100,100,9),('4664',1,368,'1','5',100,100,10),('4665',1,368,'1','5',100,100,11),('4666',1,368,'1','5',100,100,12),('4667',1,368,'1','5',100,100,13),('4668',1,368,'1','5',100,100,14),('4669',1,368,'1','5',100,100,15),('4670',1,368,'1','5',100,100,16),('4671',1,368,'1','5',100,100,17),('4672',1,368,'1','5',100,100,18),('4673',1,368,'1','5',100,100,19),('4674',1,368,'1','5',100,100,20),('4675',2,368,'1','4',80,80,2),('4676',2,368,'1','4',80,80,3),('4677',2,368,'1','4',80,80,4),('4678',2,368,'1','4',80,80,5),('4679',2,368,'1','4',80,80,6),('4680',2,368,'1','4',80,80,7),('4681',2,368,'1','4',80,80,8),('4682',2,368,'1','4',80,80,9),('4683',2,368,'1','4',80,80,10),('4684',2,368,'1','4',80,80,11),('4685',2,368,'1','4',80,80,12),('4686',2,368,'1','4',80,80,13),('4687',2,368,'1','4',80,80,14),('4688',2,368,'1','4',80,80,15),('4689',2,368,'1','4',80,80,16),('4690',2,368,'1','4',80,80,17),('4691',2,368,'1','4',80,80,18),('4692',2,368,'1','4',80,80,19),('4693',2,368,'1','4',80,80,20),('4694',3,368,'1','3',60,60,2),('4695',3,368,'1','3',60,60,3),('4696',3,368,'1','3',60,60,4),('4697',3,368,'1','3',60,60,5),('4698',3,368,'1','3',60,60,6),('4699',3,368,'1','3',60,60,7),('4700',3,368,'1','3',60,60,8),('4701',3,368,'1','3',60,60,9),('4702',3,368,'1','3',60,60,10),('4703',3,368,'1','3',60,60,11),('4704',3,368,'1','3',60,60,12),('4705',3,368,'1','3',60,60,13),('4706',3,368,'1','3',60,60,14),('4707',3,368,'1','3',60,60,15),('4708',3,368,'1','3',60,60,16),('4709',3,368,'1','3',60,60,17),('4710',3,368,'1','3',60,60,18),('4711',3,368,'1','3',60,60,19),('4712',3,368,'1','3',60,60,20),('4713',1,322,'1','5',100,100,2),('4714',1,322,'1','5',100,100,3),('4715',1,322,'1','5',100,100,4),('4716',1,322,'1','5',100,100,5),('4717',1,322,'1','5',100,100,6),('4718',1,322,'1','5',100,100,7),('4719',1,322,'1','5',100,100,8),('4720',1,322,'1','5',100,100,9),('4721',1,322,'1','5',100,100,10),('4722',1,322,'1','5',100,100,11),('4723',1,322,'1','5',100,100,12),('4724',1,322,'1','5',100,100,13),('4725',1,322,'1','5',100,100,14),('4726',1,322,'1','5',100,100,15),('4727',1,322,'1','5',100,100,16),('4728',1,322,'1','5',100,100,17),('4729',1,322,'1','5',100,100,18),('4730',1,322,'1','5',100,100,19),('4731',1,322,'1','5',100,100,20),('4732',2,322,'1','5',100,100,2),('4733',2,322,'1','5',100,100,3),('4734',2,322,'1','5',100,100,4),('4735',2,322,'1','5',100,100,5),('4736',2,322,'1','5',100,100,6),('4737',2,322,'1','5',100,100,7),('4738',2,322,'1','5',100,100,8),('4739',2,322,'1','5',100,100,9),('4740',2,322,'1','5',100,100,10),('4741',2,322,'1','5',100,100,11),('4742',2,322,'1','5',100,100,12),('4743',2,322,'1','5',100,100,13),('4744',2,322,'1','5',100,100,14),('4745',2,322,'1','5',100,100,15),('4746',2,322,'1','5',100,100,16),('4747',2,322,'1','5',100,100,17),('4748',2,322,'1','5',100,100,18),('4749',2,322,'1','5',100,100,19),('4750',2,322,'1','5',100,100,20),('4751',3,322,'1','5',100,100,2),('4752',3,322,'1','5',100,100,3),('4753',3,322,'1','5',100,100,4),('4754',3,322,'1','5',100,100,5),('4755',3,322,'1','5',100,100,6),('4756',3,322,'1','5',100,100,7),('4757',3,322,'1','5',100,100,8),('4758',3,322,'1','5',100,100,9),('4759',3,322,'1','5',100,100,10),('4760',3,322,'1','5',100,100,11),('4761',3,322,'1','5',100,100,12),('4762',3,322,'1','5',100,100,13),('4763',3,322,'1','5',100,100,14),('4764',3,322,'1','5',100,100,15),('4765',3,322,'1','5',100,100,16),('4766',3,322,'1','5',100,100,17),('4767',3,322,'1','5',100,100,18),('4768',3,322,'1','5',100,100,19),('4769',3,322,'1','5',100,100,20),('4770',3,378,'1','3',60,60,0),('4771',3,378,'1','3',60,60,9),('4772',2,378,'1','3',60,60,0),('4773',2,378,'1','3',60,60,9),('4774',1,378,'1','4',80,80,0),('4775',1,378,'1','4',80,80,9),('4776',3,379,'1','3',60,60,0),('4777',3,379,'1','3',60,60,9),('4778',2,379,'1','3',60,60,0),('4779',2,379,'1','3',60,60,9),('4780',1,379,'1','4',80,80,0),('4781',1,379,'1','4',80,80,9),('4782',3,380,'1','3',60,60,0),('4783',3,380,'1','3',60,60,9),('4784',2,380,'1','4',80,80,0),('4785',2,380,'1','4',80,80,9),('4786',1,380,'1','5',100,100,0),('4787',1,380,'1','5',100,100,9),('4788',3,382,'1','3',60,60,0),('4789',3,382,'1','3',60,60,9),('4790',2,382,'1','4',80,80,0),('4791',2,382,'1','4',80,80,9),('4792',1,382,'1','5',100,100,0),('4793',1,382,'1','5',100,100,9),('4794',3,416,'1','3',60,60,0),('4795',3,416,'1','3',60,60,9),('4796',2,416,'1','4',80,80,0),('4797',2,416,'1','4',80,80,9),('4798',1,416,'1','5',100,100,0),('4799',1,416,'1','5',100,100,9),('4800',2,417,'1','2',40,40,0),('4801',2,417,'1','2',40,40,9),('4802',1,417,'1','3',60,60,0),('4803',1,417,'1','3',60,60,9),('4804',3,417,'1','5',100,100,0),('4805',3,417,'1','5',100,100,9),('4806',3,418,'1','3',60,60,0),('4807',3,418,'1','3',60,60,9),('4808',2,418,'1','5',100,100,0),('4809',2,418,'1','5',100,100,9),('4810',1,418,'1','5',100,100,0),('4811',1,418,'1','5',100,100,9),('4812',3,419,'1','3',60,60,0),('4813',3,419,'1','3',60,60,9),('4814',2,419,'1','3',60,60,0),('4815',2,419,'1','3',60,60,9),('4816',1,419,'1','5',100,100,0),('4817',1,419,'1','5',100,100,9),('4818',2,420,'1','2',40,0,0),('4819',2,420,'1','2',40,0,9),('4820',1,420,'1','3',60,0,0),('4821',1,420,'1','3',60,0,9),('4822',3,420,'1','4',80,0,0),('4823',3,420,'1','4',80,0,9),('4824',3,421,'1','2',40,40,0),('4825',3,421,'1','2',40,40,9),('4826',2,421,'1','3',60,60,0),('4827',2,421,'1','3',60,60,9),('4828',1,421,'1','4',80,80,0),('4829',1,421,'1','4',80,80,9),('4830',1,428,'1','3',60,60,0),('4831',1,428,'1','3',60,60,9),('4832',3,428,'1','5',100,100,0),('4833',3,428,'1','5',100,100,9),('4834',2,428,'1','5',100,100,0),('4835',2,428,'1','5',100,100,9),('4836',3,429,'1','2',40,40,0),('4837',3,429,'1','2',40,40,9),('4838',2,429,'1','3',60,60,0),('4839',2,429,'1','3',60,60,9),('4840',1,429,'1','3',60,60,0),('4841',1,429,'1','3',60,60,9),('4842',3,430,'1','4',80,80,0),('4843',3,430,'1','4',80,80,9),('4844',2,430,'1','5',100,100,0),('4845',2,430,'1','5',100,100,9),('4846',1,430,'1','5',100,100,0),('4847',1,430,'1','5',100,100,9),('4848',3,431,'1','2',40,40,0),('4849',3,431,'1','2',40,40,9),('4850',2,431,'1','3',60,60,0),('4851',2,431,'1','3',60,60,9),('4852',1,431,'1','5',100,100,0),('4853',1,431,'1','5',100,100,9),('4854',3,449,'1','2',40,40,0),('4855',3,449,'1','2',40,40,9),('4856',2,449,'1','4',80,80,0),('4857',2,449,'1','4',80,80,9),('4858',1,449,'1','5',100,100,0),('4859',1,449,'1','5',100,100,9),('4860',1,432,'2','6',60,40,0),('4861',1,432,'1','2',40,40,9),('4862',3,432,'2','6',60,60,0),('4863',3,432,'1','3',60,60,9),('4864',2,432,'2','6',60,80,0),('4865',2,432,'1','4',80,80,9),('4866',3,433,'2','5',50,40,0),('4867',3,433,'1','2',40,40,9),('4868',2,433,'2','7',70,60,0),('4869',2,433,'1','3',60,60,9),('4870',1,433,'2','10',100,100,0),('4871',1,433,'1','5',100,100,9),('4872',3,434,'2','7',70,60,0),('4873',3,434,'1','3',60,60,9),('4874',2,434,'2','6',60,60,0),('4875',2,434,'1','3',60,60,9),('4876',1,434,'2','7',70,80,0),('4877',1,434,'1','4',80,80,9),('4878',3,435,'2','5',50,60,0),('4879',3,435,'1','3',60,60,9),('4880',2,435,'2','7',70,80,0),('4881',2,435,'1','4',80,80,9),('4882',1,435,'2','8',80,60,0),('4883',1,435,'1','3',60,60,9),('4884',1,436,'1','3',60,0,0),('4885',1,436,'1','3',60,0,9),('4886',3,436,'1','4',80,0,0),('4887',3,436,'1','4',80,0,9),('4888',2,436,'1','5',100,0,0),('4889',2,436,'1','5',100,0,9),('4890',3,437,'2','6',60,0,0),('4891',3,437,'1','3',60,0,9),('4892',2,437,'2','8',80,0,0),('4893',2,437,'1','4',80,0,9),('4894',1,437,'2','9',90,0,0),('4895',1,437,'1','5',100,0,9),('4896',3,438,'2','6',60,0,0),('4897',3,438,'1','3',60,0,9),('4898',2,438,'2','7',70,0,0),('4899',2,438,'1','3',60,0,9),('4900',1,438,'2','6',60,0,0),('4901',1,438,'1','4',80,0,9),('4902',3,439,'2','4',40,0,0),('4903',3,439,'1','2',40,0,9),('4904',2,439,'2','6',60,0,0),('4905',2,439,'1','3',60,0,9),('4906',1,439,'2','8',80,0,0),('4907',1,439,'1','4',80,0,9),('4908',3,440,'2','6',60,0,0),('4909',3,440,'1','3',60,0,9),('4910',2,440,'2','6',60,0,0),('4911',2,440,'1','3',60,0,9),('4912',1,440,'2','9',90,0,0),('4913',1,440,'1','5',100,0,9),('4914',3,446,'2','5',50,0,0),('4915',3,446,'1','2',40,0,9),('4916',2,446,'2','6',60,0,0),('4917',2,446,'1','2',40,0,9),('4918',1,446,'2','5',50,0,0),('4919',1,446,'1','3',60,0,9),('4920',3,447,'2','7',70,0,0),('4921',3,447,'1','3',60,0,9),('4922',2,447,'2','8',80,0,0),('4923',2,447,'1','3',60,0,9),('4924',1,447,'2','9',90,0,0),('4925',1,447,'1','4',80,0,9),('4926',3,448,'2','5',50,0,0),('4927',3,448,'1','3',60,0,9),('4928',2,448,'2','7',70,0,0),('4929',2,448,'1','3',60,0,9),('4930',1,448,'2','9',90,0,0),('4931',1,448,'1','4',80,0,9),('4932',3,499,'1','2',40,0,0),('4933',3,499,'1','2',40,0,9),('4934',2,499,'1','3',60,0,0),('4935',2,499,'1','3',60,0,9),('4936',1,499,'1','3',60,0,0),('4937',1,499,'1','3',60,0,9),('4938',3,469,'1','3',60,60,0),('4939',3,469,'1','3',60,60,9),('4940',2,469,'1','3',60,60,0),('4941',2,469,'1','3',60,60,9),('4942',1,469,'1','3',60,60,0),('4943',1,469,'1','3',60,60,9),('4944',3,470,'1','3',60,60,0),('4945',3,470,'1','3',60,60,9),('4946',2,470,'1','3',60,60,0),('4947',2,470,'1','3',60,60,9),('4948',1,470,'1','4',80,80,0),('4949',1,470,'1','4',80,80,9),('4950',3,471,'1','2',40,40,0),('4951',3,471,'1','2',40,40,9),('4952',2,471,'1','3',60,60,0),('4953',2,471,'1','3',60,60,9),('4954',1,471,'1','3',60,60,0),('4955',1,471,'1','3',60,60,9),('4956',3,472,'1','4',80,80,0),('4957',3,472,'1','4',80,80,9),('4958',2,472,'1','4',80,80,0),('4959',2,472,'1','4',80,80,9),('4960',1,472,'1','4',80,80,0),('4961',1,472,'1','4',80,80,9),('4962',3,475,'1','3',60,60,0),('4963',3,475,'1','3',60,60,9),('4964',2,475,'1','3',60,60,0),('4965',2,475,'1','3',60,60,9),('4966',1,475,'1','4',80,80,0),('4967',1,475,'1','4',80,80,9),('4968',3,478,'1','3',60,60,0),('4969',3,478,'1','3',60,60,9),('4970',2,478,'1','4',80,80,0),('4971',2,478,'1','4',80,80,9),('4972',1,478,'1','5',100,100,0),('4973',1,478,'1','5',100,100,9),('4974',3,481,'1','2',40,40,0),('4975',3,481,'1','2',40,40,9),('4976',2,481,'1','3',60,60,0),('4977',2,481,'1','3',60,60,9),('4978',1,481,'1','3',60,60,0),('4979',1,481,'1','3',60,60,9),('4980',3,482,'1','3',60,60,0),('4981',3,482,'1','3',60,60,9),('4982',2,482,'1','4',80,80,0),('4983',2,482,'1','4',80,80,9),('4984',1,482,'1','4',80,80,0),('4985',1,482,'1','4',80,80,9),('4986',3,483,'1','3',60,60,0),('4987',3,483,'1','3',60,60,9),('4988',2,483,'1','3',60,60,0),('4989',2,483,'1','3',60,60,9),('4990',1,483,'1','4',80,80,0),('4991',1,483,'1','4',80,80,9),('4992',3,484,'1','1',20,20,0),('4993',3,484,'1','1',20,20,9),('4994',2,484,'1','4',80,80,0),('4995',2,484,'1','4',80,80,9),('4996',1,484,'1','5',100,100,0),('4997',1,484,'1','5',100,100,9),('4998',3,485,'1','3',60,60,0),('4999',3,485,'1','3',60,60,9),('5000',2,485,'1','3',60,60,0),('5001',2,485,'1','3',60,60,9),('5002',1,485,'1','4',80,80,0),('5003',1,485,'1','4',80,80,9),('5004',3,486,'1','3',60,60,0),('5005',3,486,'1','3',60,60,9),('5006',2,486,'1','4',80,80,0),('5007',2,486,'1','4',80,80,9),('5008',1,486,'1','4',80,80,0),('5009',1,486,'1','4',80,80,9),('5010',3,487,'1','4',80,80,0),('5011',3,487,'1','4',80,80,9),('5012',2,487,'1','5',100,100,0),('5013',2,487,'1','5',100,100,9),('5014',1,487,'1','5',100,100,0),('5015',1,487,'1','5',100,100,9),('5016',1,489,'1','3',60,60,0),('5017',1,489,'1','3',60,60,9),('5018',3,489,'1','3',60,60,0),('5019',3,489,'1','3',60,60,9),('5020',2,489,'1','4',80,80,0),('5021',2,489,'1','4',80,80,9),('5022',3,490,'1','4',80,80,0),('5023',3,490,'1','4',80,80,9),('5024',2,490,'1','4',80,80,0),('5025',2,490,'1','4',80,80,9),('5026',1,490,'1','5',100,100,0),('5027',1,490,'1','5',100,100,9),('5028',3,491,'1','4',80,80,0),('5029',3,491,'1','4',80,80,9),('5030',2,491,'1','4',80,80,0),('5031',2,491,'1','4',80,80,9),('5032',1,491,'1','5',100,100,0),('5033',1,491,'1','5',100,100,9),('5034',3,492,'1','4',80,80,0),('5035',3,492,'1','4',80,80,9),('5036',2,492,'1','4',80,80,0),('5037',2,492,'1','4',80,80,9),('5038',1,492,'1','5',100,100,0),('5039',1,492,'1','5',100,100,9),('5040',1,495,'1','3',60,60,0),('5041',1,495,'1','3',60,60,9),('5042',3,495,'1','3',60,60,0),('5043',3,495,'1','3',60,60,9),('5044',2,495,'1','4',80,80,0),('5045',2,495,'1','4',80,80,9),('5046',3,496,'1','3',60,60,0),('5047',3,496,'1','3',60,60,9),('5048',2,496,'1','3',60,60,0),('5049',2,496,'1','3',60,60,9),('5050',1,496,'1','5',100,100,0),('5051',1,496,'1','5',100,100,9),('5052',3,497,'1','2',40,40,0),('5053',3,497,'1','2',40,40,9),('5054',2,497,'1','3',60,60,0),('5055',2,497,'1','3',60,60,9),('5056',1,497,'1','3',60,60,0),('5057',1,497,'1','3',60,60,9),('5058',1,497,'1','3',60,60,1),('5059',1,497,'1','3',60,60,2),('5060',1,497,'1','3',60,60,3),('5061',1,497,'1','3',60,60,4),('5062',1,497,'1','3',60,60,5),('5063',1,497,'1','3',60,60,6),('5064',1,497,'1','3',60,60,7),('5065',1,497,'1','3',60,60,8),('5066',1,497,'1','3',60,60,10),('5067',1,497,'1','3',60,60,11),('5068',1,497,'1','3',60,60,12),('5069',1,497,'1','3',60,60,13),('5070',1,497,'1','3',60,60,14),('5071',1,497,'1','3',60,60,15),('5072',1,497,'1','3',60,60,16),('5073',1,497,'1','3',60,60,17),('5074',1,497,'1','3',60,60,18),('5075',1,497,'1','3',60,60,19),('5076',1,497,'1','3',60,60,20),('5077',2,497,'1','3',60,60,1),('5078',2,497,'1','3',60,60,2),('5079',2,497,'1','3',60,60,3),('5080',2,497,'1','3',60,60,4),('5081',2,497,'1','3',60,60,5),('5082',2,497,'1','3',60,60,6),('5083',2,497,'1','3',60,60,7),('5084',2,497,'1','3',60,60,8),('5085',2,497,'1','3',60,60,10),('5086',2,497,'1','3',60,60,11),('5087',2,497,'1','3',60,60,12),('5088',2,497,'1','3',60,60,13),('5089',2,497,'1','3',60,60,14),('5090',2,497,'1','3',60,60,15),('5091',2,497,'1','3',60,60,16),('5092',2,497,'1','3',60,60,17),('5093',2,497,'1','3',60,60,18),('5094',2,497,'1','3',60,60,19),('5095',2,497,'1','3',60,60,20),('5096',3,497,'1','2',40,40,1),('5097',3,497,'1','2',40,40,2),('5098',3,497,'1','2',40,40,3),('5099',3,497,'1','2',40,40,4),('5100',3,497,'1','2',40,40,5),('5101',3,497,'1','2',40,40,6),('5102',3,497,'1','2',40,40,7),('5103',3,497,'1','2',40,40,8),('5104',3,497,'1','2',40,40,10),('5105',3,497,'1','2',40,40,11),('5106',3,497,'1','2',40,40,12),('5107',3,497,'1','2',40,40,13),('5108',3,497,'1','2',40,40,14),('5109',3,497,'1','2',40,40,15),('5110',3,497,'1','2',40,40,16),('5111',3,497,'1','2',40,40,17),('5112',3,497,'1','2',40,40,18),('5113',3,497,'1','2',40,40,19),('5114',3,497,'1','2',40,40,20),('5115',1,496,'1','5',100,100,1),('5116',1,496,'1','5',100,100,2),('5117',1,496,'1','5',100,100,3),('5118',1,496,'1','5',100,100,4),('5119',1,496,'1','5',100,100,5),('5120',1,496,'1','5',100,100,6),('5121',1,496,'1','5',100,100,7),('5122',1,496,'1','5',100,100,8),('5123',1,496,'1','5',100,100,10),('5124',1,496,'1','5',100,100,11),('5125',1,496,'1','5',100,100,12),('5126',1,496,'1','5',100,100,13),('5127',1,496,'1','5',100,100,14),('5128',1,496,'1','5',100,100,15),('5129',1,496,'1','5',100,100,16),('5130',1,496,'1','5',100,100,17),('5131',1,496,'1','5',100,100,18),('5132',1,496,'1','5',100,100,19),('5133',1,496,'1','5',100,100,20),('5134',2,496,'1','3',60,60,1),('5135',2,496,'1','3',60,60,2),('5136',2,496,'1','3',60,60,3),('5137',2,496,'1','3',60,60,4),('5138',2,496,'1','3',60,60,5),('5139',2,496,'1','3',60,60,6),('5140',2,496,'1','3',60,60,7),('5141',2,496,'1','3',60,60,8),('5142',2,496,'1','3',60,60,10),('5143',2,496,'1','3',60,60,11),('5144',2,496,'1','3',60,60,12),('5145',2,496,'1','3',60,60,13),('5146',2,496,'1','3',60,60,14),('5147',2,496,'1','3',60,60,15),('5148',2,496,'1','3',60,60,16),('5149',2,496,'1','3',60,60,17),('5150',2,496,'1','3',60,60,18),('5151',2,496,'1','3',60,60,19),('5152',2,496,'1','3',60,60,20),('5153',3,496,'1','3',60,60,1),('5154',3,496,'1','3',60,60,2),('5155',3,496,'1','3',60,60,3),('5156',3,496,'1','3',60,60,4),('5157',3,496,'1','3',60,60,5),('5158',3,496,'1','3',60,60,6),('5159',3,496,'1','3',60,60,7),('5160',3,496,'1','3',60,60,8),('5161',3,496,'1','3',60,60,10),('5162',3,496,'1','3',60,60,11),('5163',3,496,'1','3',60,60,12),('5164',3,496,'1','3',60,60,13),('5165',3,496,'1','3',60,60,14),('5166',3,496,'1','3',60,60,15),('5167',3,496,'1','3',60,60,16),('5168',3,496,'1','3',60,60,17),('5169',3,496,'1','3',60,60,18),('5170',3,496,'1','3',60,60,19),('5171',3,496,'1','3',60,60,20),('5172',1,495,'1','3',60,60,1),('5173',1,495,'1','3',60,60,2),('5174',1,495,'1','3',60,60,3),('5175',1,495,'1','3',60,60,4),('5176',1,495,'1','3',60,60,5),('5177',1,495,'1','3',60,60,6),('5178',1,495,'1','3',60,60,7),('5179',1,495,'1','3',60,60,8),('5180',1,495,'1','3',60,60,10),('5181',1,495,'1','3',60,60,11),('5182',1,495,'1','3',60,60,12),('5183',1,495,'1','3',60,60,13),('5184',1,495,'1','3',60,60,14),('5185',1,495,'1','3',60,60,15),('5186',1,495,'1','3',60,60,16),('5187',1,495,'1','3',60,60,17),('5188',1,495,'1','3',60,60,18),('5189',1,495,'1','3',60,60,19),('5190',1,495,'1','3',60,60,20),('5191',2,495,'1','4',80,80,1),('5192',2,495,'1','4',80,80,2),('5193',2,495,'1','4',80,80,3),('5194',2,495,'1','4',80,80,4),('5195',2,495,'1','4',80,80,5),('5196',2,495,'1','4',80,80,6),('5197',2,495,'1','4',80,80,7),('5198',2,495,'1','4',80,80,8),('5199',2,495,'1','4',80,80,10),('5200',2,495,'1','4',80,80,11),('5201',2,495,'1','4',80,80,12),('5202',2,495,'1','4',80,80,13),('5203',2,495,'1','4',80,80,14),('5204',2,495,'1','4',80,80,15),('5205',2,495,'1','4',80,80,16),('5206',2,495,'1','4',80,80,17),('5207',2,495,'1','4',80,80,18),('5208',2,495,'1','4',80,80,19),('5209',2,495,'1','4',80,80,20),('5210',3,495,'1','3',60,60,1),('5211',3,495,'1','3',60,60,2),('5212',3,495,'1','3',60,60,3),('5213',3,495,'1','3',60,60,4),('5214',3,495,'1','3',60,60,5),('5215',3,495,'1','3',60,60,6),('5216',3,495,'1','3',60,60,7),('5217',3,495,'1','3',60,60,8),('5218',3,495,'1','3',60,60,10),('5219',3,495,'1','3',60,60,11),('5220',3,495,'1','3',60,60,12),('5221',3,495,'1','3',60,60,13),('5222',3,495,'1','3',60,60,14),('5223',3,495,'1','3',60,60,15),('5224',3,495,'1','3',60,60,16),('5225',3,495,'1','3',60,60,17),('5226',3,495,'1','3',60,60,18),('5227',3,495,'1','3',60,60,19),('5228',3,495,'1','3',60,60,20),('5229',1,492,'1','5',100,100,1),('5230',1,492,'1','5',100,100,2),('5231',1,492,'1','5',100,100,3),('5232',1,492,'1','5',100,100,4),('5233',1,492,'1','5',100,100,5),('5234',1,492,'1','5',100,100,6),('5235',1,492,'1','5',100,100,7),('5236',1,492,'1','5',100,100,8),('5237',1,492,'1','5',100,100,10),('5238',1,492,'1','5',100,100,11),('5239',1,492,'1','5',100,100,12),('5240',1,492,'1','5',100,100,13),('5241',1,492,'1','5',100,100,14),('5242',1,492,'1','5',100,100,15),('5243',1,492,'1','5',100,100,16),('5244',1,492,'1','5',100,100,17),('5245',1,492,'1','5',100,100,18),('5246',1,492,'1','5',100,100,19),('5247',1,492,'1','5',100,100,20),('5248',2,492,'1','4',80,80,1),('5249',2,492,'1','4',80,80,2),('5250',2,492,'1','4',80,80,3),('5251',2,492,'1','4',80,80,4),('5252',2,492,'1','4',80,80,5),('5253',2,492,'1','4',80,80,6),('5254',2,492,'1','4',80,80,7),('5255',2,492,'1','4',80,80,8),('5256',2,492,'1','4',80,80,10),('5257',2,492,'1','4',80,80,11),('5258',2,492,'1','4',80,80,12),('5259',2,492,'1','4',80,80,13),('5260',2,492,'1','4',80,80,14),('5261',2,492,'1','4',80,80,15),('5262',2,492,'1','4',80,80,16),('5263',2,492,'1','4',80,80,17),('5264',2,492,'1','4',80,80,18),('5265',2,492,'1','4',80,80,19),('5266',2,492,'1','4',80,80,20),('5267',3,492,'1','4',80,80,1),('5268',3,492,'1','4',80,80,2),('5269',3,492,'1','4',80,80,3),('5270',3,492,'1','4',80,80,4),('5271',3,492,'1','4',80,80,5),('5272',3,492,'1','4',80,80,6),('5273',3,492,'1','4',80,80,7),('5274',3,492,'1','4',80,80,8),('5275',3,492,'1','4',80,80,10),('5276',3,492,'1','4',80,80,11),('5277',3,492,'1','4',80,80,12),('5278',3,492,'1','4',80,80,13),('5279',3,492,'1','4',80,80,14),('5280',3,492,'1','4',80,80,15),('5281',3,492,'1','4',80,80,16),('5282',3,492,'1','4',80,80,17),('5283',3,492,'1','4',80,80,18),('5284',3,492,'1','4',80,80,19),('5285',3,492,'1','4',80,80,20),('5286',1,491,'1','5',100,100,1),('5287',1,491,'1','5',100,100,2),('5288',1,491,'1','5',100,100,3),('5289',1,491,'1','5',100,100,4),('5290',1,491,'1','5',100,100,5),('5291',1,491,'1','5',100,100,6),('5292',1,491,'1','5',100,100,7),('5293',1,491,'1','5',100,100,8),('5294',1,491,'1','5',100,100,10),('5295',1,491,'1','5',100,100,11),('5296',1,491,'1','5',100,100,12),('5297',1,491,'1','5',100,100,13),('5298',1,491,'1','5',100,100,14),('5299',1,491,'1','5',100,100,15),('5300',1,491,'1','5',100,100,16),('5301',1,491,'1','5',100,100,17),('5302',1,491,'1','5',100,100,18),('5303',1,491,'1','5',100,100,19),('5304',1,491,'1','5',100,100,20),('5305',2,491,'1','4',80,80,1),('5306',2,491,'1','4',80,80,2),('5307',2,491,'1','4',80,80,3),('5308',2,491,'1','4',80,80,4),('5309',2,491,'1','4',80,80,5),('5310',2,491,'1','4',80,80,6),('5311',2,491,'1','4',80,80,7),('5312',2,491,'1','4',80,80,8),('5313',2,491,'1','4',80,80,10),('5314',2,491,'1','4',80,80,11),('5315',2,491,'1','4',80,80,12),('5316',2,491,'1','4',80,80,13),('5317',2,491,'1','4',80,80,14),('5318',2,491,'1','4',80,80,15),('5319',2,491,'1','4',80,80,16),('5320',2,491,'1','4',80,80,17),('5321',2,491,'1','4',80,80,18),('5322',2,491,'1','4',80,80,19),('5323',2,491,'1','4',80,80,20),('5324',3,491,'1','4',80,80,1),('5325',3,491,'1','4',80,80,2),('5326',3,491,'1','4',80,80,3),('5327',3,491,'1','4',80,80,4),('5328',3,491,'1','4',80,80,5),('5329',3,491,'1','4',80,80,6),('5330',3,491,'1','4',80,80,7),('5331',3,491,'1','4',80,80,8),('5332',3,491,'1','4',80,80,10),('5333',3,491,'1','4',80,80,11),('5334',3,491,'1','4',80,80,12),('5335',3,491,'1','4',80,80,13),('5336',3,491,'1','4',80,80,14),('5337',3,491,'1','4',80,80,15),('5338',3,491,'1','4',80,80,16),('5339',3,491,'1','4',80,80,17),('5340',3,491,'1','4',80,80,18),('5341',3,491,'1','4',80,80,19),('5342',3,491,'1','4',80,80,20),('5343',1,490,'1','5',100,100,1),('5344',1,490,'1','5',100,100,2),('5345',1,490,'1','5',100,100,3),('5346',1,490,'1','5',100,100,4),('5347',1,490,'1','5',100,100,5),('5348',1,490,'1','5',100,100,6),('5349',1,490,'1','5',100,100,7),('5350',1,490,'1','5',100,100,8),('5351',1,490,'1','5',100,100,10),('5352',1,490,'1','5',100,100,11),('5353',1,490,'1','5',100,100,12),('5354',1,490,'1','5',100,100,13),('5355',1,490,'1','5',100,100,14),('5356',1,490,'1','5',100,100,15),('5357',1,490,'1','5',100,100,16),('5358',1,490,'1','5',100,100,17),('5359',1,490,'1','5',100,100,18),('5360',1,490,'1','5',100,100,19),('5361',1,490,'1','5',100,100,20),('5362',2,490,'1','4',80,80,1),('5363',2,490,'1','4',80,80,2),('5364',2,490,'1','4',80,80,3),('5365',2,490,'1','4',80,80,4),('5366',2,490,'1','4',80,80,5),('5367',2,490,'1','4',80,80,6),('5368',2,490,'1','4',80,80,7),('5369',2,490,'1','4',80,80,8),('5370',2,490,'1','4',80,80,10),('5371',2,490,'1','4',80,80,11),('5372',2,490,'1','4',80,80,12),('5373',2,490,'1','4',80,80,13),('5374',2,490,'1','4',80,80,14),('5375',2,490,'1','4',80,80,15),('5376',2,490,'1','4',80,80,16),('5377',2,490,'1','4',80,80,17),('5378',2,490,'1','4',80,80,18),('5379',2,490,'1','4',80,80,19),('5380',2,490,'1','4',80,80,20),('5381',3,490,'1','4',80,80,1),('5382',3,490,'1','4',80,80,2),('5383',3,490,'1','4',80,80,3),('5384',3,490,'1','4',80,80,4),('5385',3,490,'1','4',80,80,5),('5386',3,490,'1','4',80,80,6),('5387',3,490,'1','4',80,80,7),('5388',3,490,'1','4',80,80,8),('5389',3,490,'1','4',80,80,10),('5390',3,490,'1','4',80,80,11),('5391',3,490,'1','4',80,80,12),('5392',3,490,'1','4',80,80,13),('5393',3,490,'1','4',80,80,14),('5394',3,490,'1','4',80,80,15),('5395',3,490,'1','4',80,80,16),('5396',3,490,'1','4',80,80,17),('5397',3,490,'1','4',80,80,18),('5398',3,490,'1','4',80,80,19),('5399',3,490,'1','4',80,80,20),('5400',1,489,'1','3',60,60,1),('5401',1,489,'1','3',60,60,2),('5402',1,489,'1','3',60,60,3),('5403',1,489,'1','3',60,60,4),('5404',1,489,'1','3',60,60,5),('5405',1,489,'1','3',60,60,6),('5406',1,489,'1','3',60,60,7),('5407',1,489,'1','3',60,60,8),('5408',1,489,'1','3',60,60,10),('5409',1,489,'1','3',60,60,11),('5410',1,489,'1','3',60,60,12),('5411',1,489,'1','3',60,60,13),('5412',1,489,'1','3',60,60,14),('5413',1,489,'1','3',60,60,15),('5414',1,489,'1','3',60,60,16),('5415',1,489,'1','3',60,60,17),('5416',1,489,'1','3',60,60,18),('5417',1,489,'1','3',60,60,19),('5418',1,489,'1','3',60,60,20),('5419',2,489,'1','4',80,80,1),('5420',2,489,'1','4',80,80,2),('5421',2,489,'1','4',80,80,3),('5422',2,489,'1','4',80,80,4),('5423',2,489,'1','4',80,80,5),('5424',2,489,'1','4',80,80,6),('5425',2,489,'1','4',80,80,7),('5426',2,489,'1','4',80,80,8),('5427',2,489,'1','4',80,80,10),('5428',2,489,'1','4',80,80,11),('5429',2,489,'1','4',80,80,12),('5430',2,489,'1','4',80,80,13),('5431',2,489,'1','4',80,80,14),('5432',2,489,'1','4',80,80,15),('5433',2,489,'1','4',80,80,16),('5434',2,489,'1','4',80,80,17),('5435',2,489,'1','4',80,80,18),('5436',2,489,'1','4',80,80,19),('5437',2,489,'1','4',80,80,20),('5438',3,489,'1','3',60,60,1),('5439',3,489,'1','3',60,60,2),('5440',3,489,'1','3',60,60,3),('5441',3,489,'1','3',60,60,4),('5442',3,489,'1','3',60,60,5),('5443',3,489,'1','3',60,60,6),('5444',3,489,'1','3',60,60,7),('5445',3,489,'1','3',60,60,8),('5446',3,489,'1','3',60,60,10),('5447',3,489,'1','3',60,60,11),('5448',3,489,'1','3',60,60,12),('5449',3,489,'1','3',60,60,13),('5450',3,489,'1','3',60,60,14),('5451',3,489,'1','3',60,60,15),('5452',3,489,'1','3',60,60,16),('5453',3,489,'1','3',60,60,17),('5454',3,489,'1','3',60,60,18),('5455',3,489,'1','3',60,60,19),('5456',3,489,'1','3',60,60,20),('5457',1,487,'1','5',100,100,1),('5458',1,487,'1','5',100,100,2),('5459',1,487,'1','5',100,100,3),('5460',1,487,'1','5',100,100,4),('5461',1,487,'1','5',100,100,5),('5462',1,487,'1','5',100,100,6),('5463',1,487,'1','5',100,100,7),('5464',1,487,'1','5',100,100,8),('5465',1,487,'1','5',100,100,10),('5466',1,487,'1','5',100,100,11),('5467',1,487,'1','5',100,100,12),('5468',1,487,'1','5',100,100,13),('5469',1,487,'1','5',100,100,14),('5470',1,487,'1','5',100,100,15),('5471',1,487,'1','5',100,100,16),('5472',1,487,'1','5',100,100,17),('5473',1,487,'1','5',100,100,18),('5474',1,487,'1','5',100,100,19),('5475',1,487,'1','5',100,100,20),('5476',2,487,'1','5',100,100,1),('5477',2,487,'1','5',100,100,2),('5478',2,487,'1','5',100,100,3),('5479',2,487,'1','5',100,100,4),('5480',2,487,'1','5',100,100,5),('5481',2,487,'1','5',100,100,6),('5482',2,487,'1','5',100,100,7),('5483',2,487,'1','5',100,100,8),('5484',2,487,'1','5',100,100,10),('5485',2,487,'1','5',100,100,11),('5486',2,487,'1','5',100,100,12),('5487',2,487,'1','5',100,100,13),('5488',2,487,'1','5',100,100,14),('5489',2,487,'1','5',100,100,15),('5490',2,487,'1','5',100,100,16),('5491',2,487,'1','5',100,100,17),('5492',2,487,'1','5',100,100,18),('5493',2,487,'1','5',100,100,19),('5494',2,487,'1','5',100,100,20),('5495',3,487,'1','4',80,80,1),('5496',3,487,'1','4',80,80,2),('5497',3,487,'1','4',80,80,3),('5498',3,487,'1','4',80,80,4),('5499',3,487,'1','4',80,80,5),('5500',3,487,'1','4',80,80,6),('5501',3,487,'1','4',80,80,7),('5502',3,487,'1','4',80,80,8),('5503',3,487,'1','4',80,80,10),('5504',3,487,'1','4',80,80,11),('5505',3,487,'1','4',80,80,12),('5506',3,487,'1','4',80,80,13),('5507',3,487,'1','4',80,80,14),('5508',3,487,'1','4',80,80,15),('5509',3,487,'1','4',80,80,16),('5510',3,487,'1','4',80,80,17),('5511',3,487,'1','4',80,80,18),('5512',3,487,'1','4',80,80,19),('5513',3,487,'1','4',80,80,20),('5514',1,486,'1','4',80,80,1),('5515',1,486,'1','4',80,80,2),('5516',1,486,'1','4',80,80,3),('5517',1,486,'1','4',80,80,4),('5518',1,486,'1','4',80,80,5),('5519',1,486,'1','4',80,80,6),('5520',1,486,'1','4',80,80,7),('5521',1,486,'1','4',80,80,8),('5522',1,486,'1','4',80,80,10),('5523',1,486,'1','4',80,80,11),('5524',1,486,'1','4',80,80,12),('5525',1,486,'1','4',80,80,13),('5526',1,486,'1','4',80,80,14),('5527',1,486,'1','4',80,80,15),('5528',1,486,'1','4',80,80,16),('5529',1,486,'1','4',80,80,17),('5530',1,486,'1','4',80,80,18),('5531',1,486,'1','4',80,80,19),('5532',1,486,'1','4',80,80,20),('5533',2,486,'1','4',80,80,1),('5534',2,486,'1','4',80,80,2),('5535',2,486,'1','4',80,80,3),('5536',2,486,'1','4',80,80,4),('5537',2,486,'1','4',80,80,5),('5538',2,486,'1','4',80,80,6),('5539',2,486,'1','4',80,80,7),('5540',2,486,'1','4',80,80,8),('5541',2,486,'1','4',80,80,10),('5542',2,486,'1','4',80,80,11),('5543',2,486,'1','4',80,80,12),('5544',2,486,'1','4',80,80,13),('5545',2,486,'1','4',80,80,14),('5546',2,486,'1','4',80,80,15),('5547',2,486,'1','4',80,80,16),('5548',2,486,'1','4',80,80,17),('5549',2,486,'1','4',80,80,18),('5550',2,486,'1','4',80,80,19),('5551',2,486,'1','4',80,80,20),('5552',3,486,'1','3',60,60,1),('5553',3,486,'1','3',60,60,2),('5554',3,486,'1','3',60,60,3),('5555',3,486,'1','3',60,60,4),('5556',3,486,'1','3',60,60,5),('5557',3,486,'1','3',60,60,6),('5558',3,486,'1','3',60,60,7),('5559',3,486,'1','3',60,60,8),('5560',3,486,'1','3',60,60,10),('5561',3,486,'1','3',60,60,11),('5562',3,486,'1','3',60,60,12),('5563',3,486,'1','3',60,60,13),('5564',3,486,'1','3',60,60,14),('5565',3,486,'1','3',60,60,15),('5566',3,486,'1','3',60,60,16),('5567',3,486,'1','3',60,60,17),('5568',3,486,'1','3',60,60,18),('5569',3,486,'1','3',60,60,19),('5570',3,486,'1','3',60,60,20),('5571',1,485,'1','4',80,80,1),('5572',1,485,'1','4',80,80,2),('5573',1,485,'1','4',80,80,3),('5574',1,485,'1','4',80,80,4),('5575',1,485,'1','4',80,80,5),('5576',1,485,'1','4',80,80,6),('5577',1,485,'1','4',80,80,7),('5578',1,485,'1','4',80,80,8),('5579',1,485,'1','4',80,80,10),('5580',1,485,'1','4',80,80,11),('5581',1,485,'1','4',80,80,12),('5582',1,485,'1','4',80,80,13),('5583',1,485,'1','4',80,80,14),('5584',1,485,'1','4',80,80,15),('5585',1,485,'1','4',80,80,16),('5586',1,485,'1','4',80,80,17),('5587',1,485,'1','4',80,80,18),('5588',1,485,'1','4',80,80,19),('5589',1,485,'1','4',80,80,20),('5590',2,485,'1','3',60,60,1),('5591',2,485,'1','3',60,60,2),('5592',2,485,'1','3',60,60,3),('5593',2,485,'1','3',60,60,4),('5594',2,485,'1','3',60,60,5),('5595',2,485,'1','3',60,60,6),('5596',2,485,'1','3',60,60,7),('5597',2,485,'1','3',60,60,8),('5598',2,485,'1','3',60,60,10),('5599',2,485,'1','3',60,60,11),('5600',2,485,'1','3',60,60,12),('5601',2,485,'1','3',60,60,13),('5602',2,485,'1','3',60,60,14),('5603',2,485,'1','3',60,60,15),('5604',2,485,'1','3',60,60,16),('5605',2,485,'1','3',60,60,17),('5606',2,485,'1','3',60,60,18),('5607',2,485,'1','3',60,60,19),('5608',2,485,'1','3',60,60,20),('5609',3,485,'1','3',60,60,1),('5610',3,485,'1','3',60,60,2),('5611',3,485,'1','3',60,60,3),('5612',3,485,'1','3',60,60,4),('5613',3,485,'1','3',60,60,5),('5614',3,485,'1','3',60,60,6),('5615',3,485,'1','3',60,60,7),('5616',3,485,'1','3',60,60,8),('5617',3,485,'1','3',60,60,10),('5618',3,485,'1','3',60,60,11),('5619',3,485,'1','3',60,60,12),('5620',3,485,'1','3',60,60,13),('5621',3,485,'1','3',60,60,14),('5622',3,485,'1','3',60,60,15),('5623',3,485,'1','3',60,60,16),('5624',3,485,'1','3',60,60,17),('5625',3,485,'1','3',60,60,18),('5626',3,485,'1','3',60,60,19),('5627',3,485,'1','3',60,60,20),('5628',1,484,'1','5',100,100,1),('5629',1,484,'1','5',100,100,2),('5630',1,484,'1','5',100,100,3),('5631',1,484,'1','5',100,100,4),('5632',1,484,'1','5',100,100,5),('5633',1,484,'1','5',100,100,6),('5634',1,484,'1','5',100,100,7),('5635',1,484,'1','5',100,100,8),('5636',1,484,'1','5',100,100,10),('5637',1,484,'1','5',100,100,11),('5638',1,484,'1','5',100,100,12),('5639',1,484,'1','5',100,100,13),('5640',1,484,'1','5',100,100,14),('5641',1,484,'1','5',100,100,15),('5642',1,484,'1','5',100,100,16),('5643',1,484,'1','5',100,100,17),('5644',1,484,'1','5',100,100,18),('5645',1,484,'1','5',100,100,19),('5646',1,484,'1','5',100,100,20),('5647',2,484,'1','4',80,80,1),('5648',2,484,'1','4',80,80,2),('5649',2,484,'1','4',80,80,3),('5650',2,484,'1','4',80,80,4),('5651',2,484,'1','4',80,80,5),('5652',2,484,'1','4',80,80,6),('5653',2,484,'1','4',80,80,7),('5654',2,484,'1','4',80,80,8),('5655',2,484,'1','4',80,80,10),('5656',2,484,'1','4',80,80,11),('5657',2,484,'1','4',80,80,12),('5658',2,484,'1','4',80,80,13),('5659',2,484,'1','4',80,80,14),('5660',2,484,'1','4',80,80,15),('5661',2,484,'1','4',80,80,16),('5662',2,484,'1','4',80,80,17),('5663',2,484,'1','4',80,80,18),('5664',2,484,'1','4',80,80,19),('5665',2,484,'1','4',80,80,20),('5666',3,484,'1','1',20,20,1),('5667',3,484,'1','1',20,20,2),('5668',3,484,'1','1',20,20,3),('5669',3,484,'1','1',20,20,4),('5670',3,484,'1','1',20,20,5),('5671',3,484,'1','1',20,20,6),('5672',3,484,'1','1',20,20,7),('5673',3,484,'1','1',20,20,8),('5674',3,484,'1','1',20,20,10),('5675',3,484,'1','1',20,20,11),('5676',3,484,'1','1',20,20,12),('5677',3,484,'1','1',20,20,13),('5678',3,484,'1','1',20,20,14),('5679',3,484,'1','1',20,20,15),('5680',3,484,'1','1',20,20,16),('5681',3,484,'1','1',20,20,17),('5682',3,484,'1','1',20,20,18),('5683',3,484,'1','1',20,20,19),('5684',3,484,'1','1',20,20,20),('5685',1,483,'1','4',80,80,1),('5686',1,483,'1','4',80,80,2),('5687',1,483,'1','4',80,80,3),('5688',1,483,'1','4',80,80,4),('5689',1,483,'1','4',80,80,5),('5690',1,483,'1','4',80,80,6),('5691',1,483,'1','4',80,80,7),('5692',1,483,'1','4',80,80,8),('5693',1,483,'1','4',80,80,10),('5694',1,483,'1','4',80,80,11),('5695',1,483,'1','4',80,80,12),('5696',1,483,'1','4',80,80,13),('5697',1,483,'1','4',80,80,14),('5698',1,483,'1','4',80,80,15),('5699',1,483,'1','4',80,80,16),('5700',1,483,'1','4',80,80,17),('5701',1,483,'1','4',80,80,18),('5702',1,483,'1','4',80,80,19),('5703',1,483,'1','4',80,80,20),('5704',2,483,'1','3',60,60,1),('5705',2,483,'1','3',60,60,2),('5706',2,483,'1','3',60,60,3),('5707',2,483,'1','3',60,60,4),('5708',2,483,'1','3',60,60,5),('5709',2,483,'1','3',60,60,6),('5710',2,483,'1','3',60,60,7),('5711',2,483,'1','3',60,60,8),('5712',2,483,'1','3',60,60,10),('5713',2,483,'1','3',60,60,11),('5714',2,483,'1','3',60,60,12),('5715',2,483,'1','3',60,60,13),('5716',2,483,'1','3',60,60,14),('5717',2,483,'1','3',60,60,15),('5718',2,483,'1','3',60,60,16),('5719',2,483,'1','3',60,60,17),('5720',2,483,'1','3',60,60,18),('5721',2,483,'1','3',60,60,19),('5722',2,483,'1','3',60,60,20),('5723',3,483,'1','3',60,60,1),('5724',3,483,'1','3',60,60,2),('5725',3,483,'1','3',60,60,3),('5726',3,483,'1','3',60,60,4),('5727',3,483,'1','3',60,60,5),('5728',3,483,'1','3',60,60,6),('5729',3,483,'1','3',60,60,7),('5730',3,483,'1','3',60,60,8),('5731',3,483,'1','3',60,60,10),('5732',3,483,'1','3',60,60,11),('5733',3,483,'1','3',60,60,12),('5734',3,483,'1','3',60,60,13),('5735',3,483,'1','3',60,60,14),('5736',3,483,'1','3',60,60,15),('5737',3,483,'1','3',60,60,16),('5738',3,483,'1','3',60,60,17),('5739',3,483,'1','3',60,60,18),('5740',3,483,'1','3',60,60,19),('5741',3,483,'1','3',60,60,20),('5742',1,482,'1','4',80,80,1),('5743',1,482,'1','4',80,80,2),('5744',1,482,'1','4',80,80,3),('5745',1,482,'1','4',80,80,4),('5746',1,482,'1','4',80,80,5),('5747',1,482,'1','4',80,80,6),('5748',1,482,'1','4',80,80,7),('5749',1,482,'1','4',80,80,8),('5750',1,482,'1','4',80,80,10),('5751',1,482,'1','4',80,80,11),('5752',1,482,'1','4',80,80,12),('5753',1,482,'1','4',80,80,13),('5754',1,482,'1','4',80,80,14),('5755',1,482,'1','4',80,80,15),('5756',1,482,'1','4',80,80,16),('5757',1,482,'1','4',80,80,17),('5758',1,482,'1','4',80,80,18),('5759',1,482,'1','4',80,80,19),('5760',1,482,'1','4',80,80,20),('5761',2,482,'1','4',80,80,1),('5762',2,482,'1','4',80,80,2),('5763',2,482,'1','4',80,80,3),('5764',2,482,'1','4',80,80,4),('5765',2,482,'1','4',80,80,5),('5766',2,482,'1','4',80,80,6),('5767',2,482,'1','4',80,80,7),('5768',2,482,'1','4',80,80,8),('5769',2,482,'1','4',80,80,10),('5770',2,482,'1','4',80,80,11),('5771',2,482,'1','4',80,80,12),('5772',2,482,'1','4',80,80,13),('5773',2,482,'1','4',80,80,14),('5774',2,482,'1','4',80,80,15),('5775',2,482,'1','4',80,80,16),('5776',2,482,'1','4',80,80,17),('5777',2,482,'1','4',80,80,18),('5778',2,482,'1','4',80,80,19),('5779',2,482,'1','4',80,80,20),('5780',3,482,'1','3',60,60,1),('5781',3,482,'1','3',60,60,2),('5782',3,482,'1','3',60,60,3),('5783',3,482,'1','3',60,60,4),('5784',3,482,'1','3',60,60,5),('5785',3,482,'1','3',60,60,6),('5786',3,482,'1','3',60,60,7),('5787',3,482,'1','3',60,60,8),('5788',3,482,'1','3',60,60,10),('5789',3,482,'1','3',60,60,11),('5790',3,482,'1','3',60,60,12),('5791',3,482,'1','3',60,60,13),('5792',3,482,'1','3',60,60,14),('5793',3,482,'1','3',60,60,15),('5794',3,482,'1','3',60,60,16),('5795',3,482,'1','3',60,60,17),('5796',3,482,'1','3',60,60,18),('5797',3,482,'1','3',60,60,19),('5798',3,482,'1','3',60,60,20),('5799',1,481,'1','3',60,60,1),('5800',1,481,'1','3',60,60,2),('5801',1,481,'1','3',60,60,3),('5802',1,481,'1','3',60,60,4),('5803',1,481,'1','3',60,60,5),('5804',1,481,'1','3',60,60,6),('5805',1,481,'1','3',60,60,7),('5806',1,481,'1','3',60,60,8),('5807',1,481,'1','3',60,60,10),('5808',1,481,'1','3',60,60,11),('5809',1,481,'1','3',60,60,12),('5810',1,481,'1','3',60,60,13),('5811',1,481,'1','3',60,60,14),('5812',1,481,'1','3',60,60,15),('5813',1,481,'1','3',60,60,16),('5814',1,481,'1','3',60,60,17),('5815',1,481,'1','3',60,60,18),('5816',1,481,'1','3',60,60,19),('5817',1,481,'1','3',60,60,20),('5818',2,481,'1','3',60,60,1),('5819',2,481,'1','3',60,60,2),('5820',2,481,'1','3',60,60,3),('5821',2,481,'1','3',60,60,4),('5822',2,481,'1','3',60,60,5),('5823',2,481,'1','3',60,60,6),('5824',2,481,'1','3',60,60,7),('5825',2,481,'1','3',60,60,8),('5826',2,481,'1','3',60,60,10),('5827',2,481,'1','3',60,60,11),('5828',2,481,'1','3',60,60,12),('5829',2,481,'1','3',60,60,13),('5830',2,481,'1','3',60,60,14),('5831',2,481,'1','3',60,60,15),('5832',2,481,'1','3',60,60,16),('5833',2,481,'1','3',60,60,17),('5834',2,481,'1','3',60,60,18),('5835',2,481,'1','3',60,60,19),('5836',2,481,'1','3',60,60,20),('5837',3,481,'1','2',40,40,1),('5838',3,481,'1','2',40,40,2),('5839',3,481,'1','2',40,40,3),('5840',3,481,'1','2',40,40,4),('5841',3,481,'1','2',40,40,5),('5842',3,481,'1','2',40,40,6),('5843',3,481,'1','2',40,40,7),('5844',3,481,'1','2',40,40,8),('5845',3,481,'1','2',40,40,10),('5846',3,481,'1','2',40,40,11),('5847',3,481,'1','2',40,40,12),('5848',3,481,'1','2',40,40,13),('5849',3,481,'1','2',40,40,14),('5850',3,481,'1','2',40,40,15),('5851',3,481,'1','2',40,40,16),('5852',3,481,'1','2',40,40,17),('5853',3,481,'1','2',40,40,18),('5854',3,481,'1','2',40,40,19),('5855',3,481,'1','2',40,40,20),('5856',1,478,'1','5',100,100,1),('5857',1,478,'1','5',100,100,2),('5858',1,478,'1','5',100,100,3),('5859',1,478,'1','5',100,100,4),('5860',1,478,'1','5',100,100,5),('5861',1,478,'1','5',100,100,6),('5862',1,478,'1','5',100,100,7),('5863',1,478,'1','5',100,100,8),('5864',1,478,'1','5',100,100,10),('5865',1,478,'1','5',100,100,11),('5866',1,478,'1','5',100,100,12),('5867',1,478,'1','5',100,100,13),('5868',1,478,'1','5',100,100,14),('5869',1,478,'1','5',100,100,15),('5870',1,478,'1','5',100,100,16),('5871',1,478,'1','5',100,100,17),('5872',1,478,'1','5',100,100,18),('5873',1,478,'1','5',100,100,19),('5874',1,478,'1','5',100,100,20),('5875',2,478,'1','4',80,80,1),('5876',2,478,'1','4',80,80,2),('5877',2,478,'1','4',80,80,3),('5878',2,478,'1','4',80,80,4),('5879',2,478,'1','4',80,80,5),('5880',2,478,'1','4',80,80,6),('5881',2,478,'1','4',80,80,7),('5882',2,478,'1','4',80,80,8),('5883',2,478,'1','4',80,80,10),('5884',2,478,'1','4',80,80,11),('5885',2,478,'1','4',80,80,12),('5886',2,478,'1','4',80,80,13),('5887',2,478,'1','4',80,80,14),('5888',2,478,'1','4',80,80,15),('5889',2,478,'1','4',80,80,16),('5890',2,478,'1','4',80,80,17),('5891',2,478,'1','4',80,80,18),('5892',2,478,'1','4',80,80,19),('5893',2,478,'1','4',80,80,20),('5894',3,478,'1','3',60,60,1),('5895',3,478,'1','3',60,60,2),('5896',3,478,'1','3',60,60,3),('5897',3,478,'1','3',60,60,4),('5898',3,478,'1','3',60,60,5),('5899',3,478,'1','3',60,60,6),('5900',3,478,'1','3',60,60,7),('5901',3,478,'1','3',60,60,8),('5902',3,478,'1','3',60,60,10),('5903',3,478,'1','3',60,60,11),('5904',3,478,'1','3',60,60,12),('5905',3,478,'1','3',60,60,13),('5906',3,478,'1','3',60,60,14),('5907',3,478,'1','3',60,60,15),('5908',3,478,'1','3',60,60,16),('5909',3,478,'1','3',60,60,17),('5910',3,478,'1','3',60,60,18),('5911',3,478,'1','3',60,60,19),('5912',3,478,'1','3',60,60,20),('5913',1,475,'1','4',80,80,1),('5914',1,475,'1','4',80,80,2),('5915',1,475,'1','4',80,80,3),('5916',1,475,'1','4',80,80,4),('5917',1,475,'1','4',80,80,5),('5918',1,475,'1','4',80,80,6),('5919',1,475,'1','4',80,80,7),('5920',1,475,'1','4',80,80,8),('5921',1,475,'1','4',80,80,10),('5922',1,475,'1','4',80,80,11),('5923',1,475,'1','4',80,80,12),('5924',1,475,'1','4',80,80,13),('5925',1,475,'1','4',80,80,14),('5926',1,475,'1','4',80,80,15),('5927',1,475,'1','4',80,80,16),('5928',1,475,'1','4',80,80,17),('5929',1,475,'1','4',80,80,18),('5930',1,475,'1','4',80,80,19),('5931',1,475,'1','4',80,80,20),('5932',2,475,'1','3',60,60,1),('5933',2,475,'1','3',60,60,2),('5934',2,475,'1','3',60,60,3),('5935',2,475,'1','3',60,60,4),('5936',2,475,'1','3',60,60,5),('5937',2,475,'1','3',60,60,6),('5938',2,475,'1','3',60,60,7),('5939',2,475,'1','3',60,60,8),('5940',2,475,'1','3',60,60,10),('5941',2,475,'1','3',60,60,11),('5942',2,475,'1','3',60,60,12),('5943',2,475,'1','3',60,60,13),('5944',2,475,'1','3',60,60,14),('5945',2,475,'1','3',60,60,15),('5946',2,475,'1','3',60,60,16),('5947',2,475,'1','3',60,60,17),('5948',2,475,'1','3',60,60,18),('5949',2,475,'1','3',60,60,19),('5950',2,475,'1','3',60,60,20),('5951',3,475,'1','3',60,60,1),('5952',3,475,'1','3',60,60,2),('5953',3,475,'1','3',60,60,3),('5954',3,475,'1','3',60,60,4),('5955',3,475,'1','3',60,60,5),('5956',3,475,'1','3',60,60,6),('5957',3,475,'1','3',60,60,7),('5958',3,475,'1','3',60,60,8),('5959',3,475,'1','3',60,60,10),('5960',3,475,'1','3',60,60,11),('5961',3,475,'1','3',60,60,12),('5962',3,475,'1','3',60,60,13),('5963',3,475,'1','3',60,60,14),('5964',3,475,'1','3',60,60,15),('5965',3,475,'1','3',60,60,16),('5966',3,475,'1','3',60,60,17),('5967',3,475,'1','3',60,60,18),('5968',3,475,'1','3',60,60,19),('5969',3,475,'1','3',60,60,20),('5970',1,472,'1','4',80,80,1),('5971',1,472,'1','4',80,80,2),('5972',1,472,'1','4',80,80,3),('5973',1,472,'1','4',80,80,4),('5974',1,472,'1','4',80,80,5),('5975',1,472,'1','4',80,80,6),('5976',1,472,'1','4',80,80,7),('5977',1,472,'1','4',80,80,8),('5978',1,472,'1','4',80,80,10),('5979',1,472,'1','4',80,80,11),('5980',1,472,'1','4',80,80,12),('5981',1,472,'1','4',80,80,13),('5982',1,472,'1','4',80,80,14),('5983',1,472,'1','4',80,80,15),('5984',1,472,'1','4',80,80,16),('5985',1,472,'1','4',80,80,17),('5986',1,472,'1','4',80,80,18),('5987',1,472,'1','4',80,80,19),('5988',1,472,'1','4',80,80,20),('5989',2,472,'1','4',80,80,1),('5990',2,472,'1','4',80,80,2),('5991',2,472,'1','4',80,80,3),('5992',2,472,'1','4',80,80,4),('5993',2,472,'1','4',80,80,5),('5994',2,472,'1','4',80,80,6),('5995',2,472,'1','4',80,80,7),('5996',2,472,'1','4',80,80,8),('5997',2,472,'1','4',80,80,10),('5998',2,472,'1','4',80,80,11),('5999',2,472,'1','4',80,80,12),('6000',2,472,'1','4',80,80,13),('6001',2,472,'1','4',80,80,14),('6002',2,472,'1','4',80,80,15),('6003',2,472,'1','4',80,80,16),('6004',2,472,'1','4',80,80,17),('6005',2,472,'1','4',80,80,18),('6006',2,472,'1','4',80,80,19),('6007',2,472,'1','4',80,80,20),('6008',3,472,'1','4',80,80,1),('6009',3,472,'1','4',80,80,2),('6010',3,472,'1','4',80,80,3),('6011',3,472,'1','4',80,80,4),('6012',3,472,'1','4',80,80,5),('6013',3,472,'1','4',80,80,6),('6014',3,472,'1','4',80,80,7),('6015',3,472,'1','4',80,80,8),('6016',3,472,'1','4',80,80,10),('6017',3,472,'1','4',80,80,11),('6018',3,472,'1','4',80,80,12),('6019',3,472,'1','4',80,80,13),('6020',3,472,'1','4',80,80,14),('6021',3,472,'1','4',80,80,15),('6022',3,472,'1','4',80,80,16),('6023',3,472,'1','4',80,80,17),('6024',3,472,'1','4',80,80,18),('6025',3,472,'1','4',80,80,19),('6026',3,472,'1','4',80,80,20),('6027',1,471,'1','3',60,60,1),('6028',1,471,'1','3',60,60,2),('6029',1,471,'1','3',60,60,3),('6030',1,471,'1','3',60,60,4),('6031',1,471,'1','3',60,60,5),('6032',1,471,'1','3',60,60,6),('6033',1,471,'1','3',60,60,7),('6034',1,471,'1','3',60,60,8),('6035',1,471,'1','3',60,60,10),('6036',1,471,'1','3',60,60,11),('6037',1,471,'1','3',60,60,12),('6038',1,471,'1','3',60,60,13),('6039',1,471,'1','3',60,60,14),('6040',1,471,'1','3',60,60,15),('6041',1,471,'1','3',60,60,16),('6042',1,471,'1','3',60,60,17),('6043',1,471,'1','3',60,60,18),('6044',1,471,'1','3',60,60,19),('6045',1,471,'1','3',60,60,20),('6046',2,471,'1','3',60,60,1),('6047',2,471,'1','3',60,60,2),('6048',2,471,'1','3',60,60,3),('6049',2,471,'1','3',60,60,4),('6050',2,471,'1','3',60,60,5),('6051',2,471,'1','3',60,60,6),('6052',2,471,'1','3',60,60,7),('6053',2,471,'1','3',60,60,8),('6054',2,471,'1','3',60,60,10),('6055',2,471,'1','3',60,60,11),('6056',2,471,'1','3',60,60,12),('6057',2,471,'1','3',60,60,13),('6058',2,471,'1','3',60,60,14),('6059',2,471,'1','3',60,60,15),('6060',2,471,'1','3',60,60,16),('6061',2,471,'1','3',60,60,17),('6062',2,471,'1','3',60,60,18),('6063',2,471,'1','3',60,60,19),('6064',2,471,'1','3',60,60,20),('6065',3,471,'1','2',40,40,1),('6066',3,471,'1','2',40,40,2),('6067',3,471,'1','2',40,40,3),('6068',3,471,'1','2',40,40,4),('6069',3,471,'1','2',40,40,5),('6070',3,471,'1','2',40,40,6),('6071',3,471,'1','2',40,40,7),('6072',3,471,'1','2',40,40,8),('6073',3,471,'1','2',40,40,10),('6074',3,471,'1','2',40,40,11),('6075',3,471,'1','2',40,40,12),('6076',3,471,'1','2',40,40,13),('6077',3,471,'1','2',40,40,14),('6078',3,471,'1','2',40,40,15),('6079',3,471,'1','2',40,40,16),('6080',3,471,'1','2',40,40,17),('6081',3,471,'1','2',40,40,18),('6082',3,471,'1','2',40,40,19),('6083',3,471,'1','2',40,40,20),('6084',1,470,'1','4',80,80,1),('6085',1,470,'1','4',80,80,2),('6086',1,470,'1','4',80,80,3),('6087',1,470,'1','4',80,80,4);
INSERT INTO `rating_option_vote_aggregated` VALUES ('6088',1,470,'1','4',80,80,5),('6089',1,470,'1','4',80,80,6),('6090',1,470,'1','4',80,80,7),('6091',1,470,'1','4',80,80,8),('6092',1,470,'1','4',80,80,10),('6093',1,470,'1','4',80,80,11),('6094',1,470,'1','4',80,80,12),('6095',1,470,'1','4',80,80,13),('6096',1,470,'1','4',80,80,14),('6097',1,470,'1','4',80,80,15),('6098',1,470,'1','4',80,80,16),('6099',1,470,'1','4',80,80,17),('6100',1,470,'1','4',80,80,18),('6101',1,470,'1','4',80,80,19),('6102',1,470,'1','4',80,80,20),('6103',2,470,'1','3',60,60,1),('6104',2,470,'1','3',60,60,2),('6105',2,470,'1','3',60,60,3),('6106',2,470,'1','3',60,60,4),('6107',2,470,'1','3',60,60,5),('6108',2,470,'1','3',60,60,6),('6109',2,470,'1','3',60,60,7),('6110',2,470,'1','3',60,60,8),('6111',2,470,'1','3',60,60,10),('6112',2,470,'1','3',60,60,11),('6113',2,470,'1','3',60,60,12),('6114',2,470,'1','3',60,60,13),('6115',2,470,'1','3',60,60,14),('6116',2,470,'1','3',60,60,15),('6117',2,470,'1','3',60,60,16),('6118',2,470,'1','3',60,60,17),('6119',2,470,'1','3',60,60,18),('6120',2,470,'1','3',60,60,19),('6121',2,470,'1','3',60,60,20),('6122',3,470,'1','3',60,60,1),('6123',3,470,'1','3',60,60,2),('6124',3,470,'1','3',60,60,3),('6125',3,470,'1','3',60,60,4),('6126',3,470,'1','3',60,60,5),('6127',3,470,'1','3',60,60,6),('6128',3,470,'1','3',60,60,7),('6129',3,470,'1','3',60,60,8),('6130',3,470,'1','3',60,60,10),('6131',3,470,'1','3',60,60,11),('6132',3,470,'1','3',60,60,12),('6133',3,470,'1','3',60,60,13),('6134',3,470,'1','3',60,60,14),('6135',3,470,'1','3',60,60,15),('6136',3,470,'1','3',60,60,16),('6137',3,470,'1','3',60,60,17),('6138',3,470,'1','3',60,60,18),('6139',3,470,'1','3',60,60,19),('6140',3,470,'1','3',60,60,20),('6141',1,469,'1','3',60,60,1),('6142',1,469,'1','3',60,60,2),('6143',1,469,'1','3',60,60,3),('6144',1,469,'1','3',60,60,4),('6145',1,469,'1','3',60,60,5),('6146',1,469,'1','3',60,60,6),('6147',1,469,'1','3',60,60,7),('6148',1,469,'1','3',60,60,8),('6149',1,469,'1','3',60,60,10),('6150',1,469,'1','3',60,60,11),('6151',1,469,'1','3',60,60,12),('6152',1,469,'1','3',60,60,13),('6153',1,469,'1','3',60,60,14),('6154',1,469,'1','3',60,60,15),('6155',1,469,'1','3',60,60,16),('6156',1,469,'1','3',60,60,17),('6157',1,469,'1','3',60,60,18),('6158',1,469,'1','3',60,60,19),('6159',1,469,'1','3',60,60,20),('6160',2,469,'1','3',60,60,1),('6161',2,469,'1','3',60,60,2),('6162',2,469,'1','3',60,60,3),('6163',2,469,'1','3',60,60,4),('6164',2,469,'1','3',60,60,5),('6165',2,469,'1','3',60,60,6),('6166',2,469,'1','3',60,60,7),('6167',2,469,'1','3',60,60,8),('6168',2,469,'1','3',60,60,10),('6169',2,469,'1','3',60,60,11),('6170',2,469,'1','3',60,60,12),('6171',2,469,'1','3',60,60,13),('6172',2,469,'1','3',60,60,14),('6173',2,469,'1','3',60,60,15),('6174',2,469,'1','3',60,60,16),('6175',2,469,'1','3',60,60,17),('6176',2,469,'1','3',60,60,18),('6177',2,469,'1','3',60,60,19),('6178',2,469,'1','3',60,60,20),('6179',3,469,'1','3',60,60,1),('6180',3,469,'1','3',60,60,2),('6181',3,469,'1','3',60,60,3),('6182',3,469,'1','3',60,60,4),('6183',3,469,'1','3',60,60,5),('6184',3,469,'1','3',60,60,6),('6185',3,469,'1','3',60,60,7),('6186',3,469,'1','3',60,60,8),('6187',3,469,'1','3',60,60,10),('6188',3,469,'1','3',60,60,11),('6189',3,469,'1','3',60,60,12),('6190',3,469,'1','3',60,60,13),('6191',3,469,'1','3',60,60,14),('6192',3,469,'1','3',60,60,15),('6193',3,469,'1','3',60,60,16),('6194',3,469,'1','3',60,60,17),('6195',3,469,'1','3',60,60,18),('6196',3,469,'1','3',60,60,19),('6197',3,469,'1','3',60,60,20),('6198',1,419,'1','5',100,100,1),('6199',1,419,'1','5',100,100,2),('6200',1,419,'1','5',100,100,3),('6201',1,419,'1','5',100,100,4),('6202',1,419,'1','5',100,100,5),('6203',1,419,'1','5',100,100,6),('6204',1,419,'1','5',100,100,7),('6205',1,419,'1','5',100,100,8),('6206',1,419,'1','5',100,100,10),('6207',1,419,'1','5',100,100,11),('6208',1,419,'1','5',100,100,12),('6209',1,419,'1','5',100,100,13),('6210',1,419,'1','5',100,100,14),('6211',1,419,'1','5',100,100,15),('6212',1,419,'1','5',100,100,16),('6213',1,419,'1','5',100,100,17),('6214',1,419,'1','5',100,100,18),('6215',1,419,'1','5',100,100,19),('6216',1,419,'1','5',100,100,20),('6217',2,419,'1','3',60,60,1),('6218',2,419,'1','3',60,60,2),('6219',2,419,'1','3',60,60,3),('6220',2,419,'1','3',60,60,4),('6221',2,419,'1','3',60,60,5),('6222',2,419,'1','3',60,60,6),('6223',2,419,'1','3',60,60,7),('6224',2,419,'1','3',60,60,8),('6225',2,419,'1','3',60,60,10),('6226',2,419,'1','3',60,60,11),('6227',2,419,'1','3',60,60,12),('6228',2,419,'1','3',60,60,13),('6229',2,419,'1','3',60,60,14),('6230',2,419,'1','3',60,60,15),('6231',2,419,'1','3',60,60,16),('6232',2,419,'1','3',60,60,17),('6233',2,419,'1','3',60,60,18),('6234',2,419,'1','3',60,60,19),('6235',2,419,'1','3',60,60,20),('6236',3,419,'1','3',60,60,1),('6237',3,419,'1','3',60,60,2),('6238',3,419,'1','3',60,60,3),('6239',3,419,'1','3',60,60,4),('6240',3,419,'1','3',60,60,5),('6241',3,419,'1','3',60,60,6),('6242',3,419,'1','3',60,60,7),('6243',3,419,'1','3',60,60,8),('6244',3,419,'1','3',60,60,10),('6245',3,419,'1','3',60,60,11),('6246',3,419,'1','3',60,60,12),('6247',3,419,'1','3',60,60,13),('6248',3,419,'1','3',60,60,14),('6249',3,419,'1','3',60,60,15),('6250',3,419,'1','3',60,60,16),('6251',3,419,'1','3',60,60,17),('6252',3,419,'1','3',60,60,18),('6253',3,419,'1','3',60,60,19),('6254',3,419,'1','3',60,60,20),('6255',1,418,'1','5',100,100,1),('6256',1,418,'1','5',100,100,2),('6257',1,418,'1','5',100,100,3),('6258',1,418,'1','5',100,100,4),('6259',1,418,'1','5',100,100,5),('6260',1,418,'1','5',100,100,6),('6261',1,418,'1','5',100,100,7),('6262',1,418,'1','5',100,100,8),('6263',1,418,'1','5',100,100,10),('6264',1,418,'1','5',100,100,11),('6265',1,418,'1','5',100,100,12),('6266',1,418,'1','5',100,100,13),('6267',1,418,'1','5',100,100,14),('6268',1,418,'1','5',100,100,15),('6269',1,418,'1','5',100,100,16),('6270',1,418,'1','5',100,100,17),('6271',1,418,'1','5',100,100,18),('6272',1,418,'1','5',100,100,19),('6273',1,418,'1','5',100,100,20),('6274',2,418,'1','5',100,100,1),('6275',2,418,'1','5',100,100,2),('6276',2,418,'1','5',100,100,3),('6277',2,418,'1','5',100,100,4),('6278',2,418,'1','5',100,100,5),('6279',2,418,'1','5',100,100,6),('6280',2,418,'1','5',100,100,7),('6281',2,418,'1','5',100,100,8),('6282',2,418,'1','5',100,100,10),('6283',2,418,'1','5',100,100,11),('6284',2,418,'1','5',100,100,12),('6285',2,418,'1','5',100,100,13),('6286',2,418,'1','5',100,100,14),('6287',2,418,'1','5',100,100,15),('6288',2,418,'1','5',100,100,16),('6289',2,418,'1','5',100,100,17),('6290',2,418,'1','5',100,100,18),('6291',2,418,'1','5',100,100,19),('6292',2,418,'1','5',100,100,20),('6293',3,418,'1','3',60,60,1),('6294',3,418,'1','3',60,60,2),('6295',3,418,'1','3',60,60,3),('6296',3,418,'1','3',60,60,4),('6297',3,418,'1','3',60,60,5),('6298',3,418,'1','3',60,60,6),('6299',3,418,'1','3',60,60,7),('6300',3,418,'1','3',60,60,8),('6301',3,418,'1','3',60,60,10),('6302',3,418,'1','3',60,60,11),('6303',3,418,'1','3',60,60,12),('6304',3,418,'1','3',60,60,13),('6305',3,418,'1','3',60,60,14),('6306',3,418,'1','3',60,60,15),('6307',3,418,'1','3',60,60,16),('6308',3,418,'1','3',60,60,17),('6309',3,418,'1','3',60,60,18),('6310',3,418,'1','3',60,60,19),('6311',3,418,'1','3',60,60,20),('6312',1,417,'1','3',60,60,1),('6313',1,417,'1','3',60,60,2),('6314',1,417,'1','3',60,60,3),('6315',1,417,'1','3',60,60,4),('6316',1,417,'1','3',60,60,5),('6317',1,417,'1','3',60,60,6),('6318',1,417,'1','3',60,60,7),('6319',1,417,'1','3',60,60,8),('6320',1,417,'1','3',60,60,10),('6321',1,417,'1','3',60,60,11),('6322',1,417,'1','3',60,60,12),('6323',1,417,'1','3',60,60,13),('6324',1,417,'1','3',60,60,14),('6325',1,417,'1','3',60,60,15),('6326',1,417,'1','3',60,60,16),('6327',1,417,'1','3',60,60,17),('6328',1,417,'1','3',60,60,18),('6329',1,417,'1','3',60,60,19),('6330',1,417,'1','3',60,60,20),('6331',2,417,'1','2',40,40,1),('6332',2,417,'1','2',40,40,2),('6333',2,417,'1','2',40,40,3),('6334',2,417,'1','2',40,40,4),('6335',2,417,'1','2',40,40,5),('6336',2,417,'1','2',40,40,6),('6337',2,417,'1','2',40,40,7),('6338',2,417,'1','2',40,40,8),('6339',2,417,'1','2',40,40,10),('6340',2,417,'1','2',40,40,11),('6341',2,417,'1','2',40,40,12),('6342',2,417,'1','2',40,40,13),('6343',2,417,'1','2',40,40,14),('6344',2,417,'1','2',40,40,15),('6345',2,417,'1','2',40,40,16),('6346',2,417,'1','2',40,40,17),('6347',2,417,'1','2',40,40,18),('6348',2,417,'1','2',40,40,19),('6349',2,417,'1','2',40,40,20),('6350',3,417,'1','5',100,100,1),('6351',3,417,'1','5',100,100,2),('6352',3,417,'1','5',100,100,3),('6353',3,417,'1','5',100,100,4),('6354',3,417,'1','5',100,100,5),('6355',3,417,'1','5',100,100,6),('6356',3,417,'1','5',100,100,7),('6357',3,417,'1','5',100,100,8),('6358',3,417,'1','5',100,100,10),('6359',3,417,'1','5',100,100,11),('6360',3,417,'1','5',100,100,12),('6361',3,417,'1','5',100,100,13),('6362',3,417,'1','5',100,100,14),('6363',3,417,'1','5',100,100,15),('6364',3,417,'1','5',100,100,16),('6365',3,417,'1','5',100,100,17),('6366',3,417,'1','5',100,100,18),('6367',3,417,'1','5',100,100,19),('6368',3,417,'1','5',100,100,20),('6369',1,416,'1','5',100,100,1),('6370',1,416,'1','5',100,100,2),('6371',1,416,'1','5',100,100,3),('6372',1,416,'1','5',100,100,4),('6373',1,416,'1','5',100,100,5),('6374',1,416,'1','5',100,100,6),('6375',1,416,'1','5',100,100,7),('6376',1,416,'1','5',100,100,8),('6377',1,416,'1','5',100,100,10),('6378',1,416,'1','5',100,100,11),('6379',1,416,'1','5',100,100,12),('6380',1,416,'1','5',100,100,13),('6381',1,416,'1','5',100,100,14),('6382',1,416,'1','5',100,100,15),('6383',1,416,'1','5',100,100,16),('6384',1,416,'1','5',100,100,17),('6385',1,416,'1','5',100,100,18),('6386',1,416,'1','5',100,100,19),('6387',1,416,'1','5',100,100,20),('6388',2,416,'1','4',80,80,1),('6389',2,416,'1','4',80,80,2),('6390',2,416,'1','4',80,80,3),('6391',2,416,'1','4',80,80,4),('6392',2,416,'1','4',80,80,5),('6393',2,416,'1','4',80,80,6),('6394',2,416,'1','4',80,80,7),('6395',2,416,'1','4',80,80,8),('6396',2,416,'1','4',80,80,10),('6397',2,416,'1','4',80,80,11),('6398',2,416,'1','4',80,80,12),('6399',2,416,'1','4',80,80,13),('6400',2,416,'1','4',80,80,14),('6401',2,416,'1','4',80,80,15),('6402',2,416,'1','4',80,80,16),('6403',2,416,'1','4',80,80,17),('6404',2,416,'1','4',80,80,18),('6405',2,416,'1','4',80,80,19),('6406',2,416,'1','4',80,80,20),('6407',3,416,'1','3',60,60,1),('6408',3,416,'1','3',60,60,2),('6409',3,416,'1','3',60,60,3),('6410',3,416,'1','3',60,60,4),('6411',3,416,'1','3',60,60,5),('6412',3,416,'1','3',60,60,6),('6413',3,416,'1','3',60,60,7),('6414',3,416,'1','3',60,60,8),('6415',3,416,'1','3',60,60,10),('6416',3,416,'1','3',60,60,11),('6417',3,416,'1','3',60,60,12),('6418',3,416,'1','3',60,60,13),('6419',3,416,'1','3',60,60,14),('6420',3,416,'1','3',60,60,15),('6421',3,416,'1','3',60,60,16),('6422',3,416,'1','3',60,60,17),('6423',3,416,'1','3',60,60,18),('6424',3,416,'1','3',60,60,19),('6425',3,416,'1','3',60,60,20),('6426',1,382,'1','5',100,100,1),('6427',1,382,'1','5',100,100,2),('6428',1,382,'1','5',100,100,3),('6429',1,382,'1','5',100,100,4),('6430',1,382,'1','5',100,100,5),('6431',1,382,'1','5',100,100,6),('6432',1,382,'1','5',100,100,7),('6433',1,382,'1','5',100,100,8),('6434',1,382,'1','5',100,100,10),('6435',1,382,'1','5',100,100,11),('6436',1,382,'1','5',100,100,12),('6437',1,382,'1','5',100,100,13),('6438',1,382,'1','5',100,100,14),('6439',1,382,'1','5',100,100,15),('6440',1,382,'1','5',100,100,16),('6441',1,382,'1','5',100,100,17),('6442',1,382,'1','5',100,100,18),('6443',1,382,'1','5',100,100,19),('6444',1,382,'1','5',100,100,20),('6445',2,382,'1','4',80,80,1),('6446',2,382,'1','4',80,80,2),('6447',2,382,'1','4',80,80,3),('6448',2,382,'1','4',80,80,4),('6449',2,382,'1','4',80,80,5),('6450',2,382,'1','4',80,80,6),('6451',2,382,'1','4',80,80,7),('6452',2,382,'1','4',80,80,8),('6453',2,382,'1','4',80,80,10),('6454',2,382,'1','4',80,80,11),('6455',2,382,'1','4',80,80,12),('6456',2,382,'1','4',80,80,13),('6457',2,382,'1','4',80,80,14),('6458',2,382,'1','4',80,80,15),('6459',2,382,'1','4',80,80,16),('6460',2,382,'1','4',80,80,17),('6461',2,382,'1','4',80,80,18),('6462',2,382,'1','4',80,80,19),('6463',2,382,'1','4',80,80,20),('6464',3,382,'1','3',60,60,1),('6465',3,382,'1','3',60,60,2),('6466',3,382,'1','3',60,60,3),('6467',3,382,'1','3',60,60,4),('6468',3,382,'1','3',60,60,5),('6469',3,382,'1','3',60,60,6),('6470',3,382,'1','3',60,60,7),('6471',3,382,'1','3',60,60,8),('6472',3,382,'1','3',60,60,10),('6473',3,382,'1','3',60,60,11),('6474',3,382,'1','3',60,60,12),('6475',3,382,'1','3',60,60,13),('6476',3,382,'1','3',60,60,14),('6477',3,382,'1','3',60,60,15),('6478',3,382,'1','3',60,60,16),('6479',3,382,'1','3',60,60,17),('6480',3,382,'1','3',60,60,18),('6481',3,382,'1','3',60,60,19),('6482',3,382,'1','3',60,60,20),('6483',1,380,'1','5',100,100,1),('6484',1,380,'1','5',100,100,2),('6485',1,380,'1','5',100,100,3),('6486',1,380,'1','5',100,100,4),('6487',1,380,'1','5',100,100,5),('6488',1,380,'1','5',100,100,6),('6489',1,380,'1','5',100,100,7),('6490',1,380,'1','5',100,100,8),('6491',1,380,'1','5',100,100,10),('6492',1,380,'1','5',100,100,11),('6493',1,380,'1','5',100,100,12),('6494',1,380,'1','5',100,100,13),('6495',1,380,'1','5',100,100,14),('6496',1,380,'1','5',100,100,15),('6497',1,380,'1','5',100,100,16),('6498',1,380,'1','5',100,100,17),('6499',1,380,'1','5',100,100,18),('6500',1,380,'1','5',100,100,19),('6501',1,380,'1','5',100,100,20),('6502',2,380,'1','4',80,80,1),('6503',2,380,'1','4',80,80,2),('6504',2,380,'1','4',80,80,3),('6505',2,380,'1','4',80,80,4),('6506',2,380,'1','4',80,80,5),('6507',2,380,'1','4',80,80,6),('6508',2,380,'1','4',80,80,7),('6509',2,380,'1','4',80,80,8),('6510',2,380,'1','4',80,80,10),('6511',2,380,'1','4',80,80,11),('6512',2,380,'1','4',80,80,12),('6513',2,380,'1','4',80,80,13),('6514',2,380,'1','4',80,80,14),('6515',2,380,'1','4',80,80,15),('6516',2,380,'1','4',80,80,16),('6517',2,380,'1','4',80,80,17),('6518',2,380,'1','4',80,80,18),('6519',2,380,'1','4',80,80,19),('6520',2,380,'1','4',80,80,20),('6521',3,380,'1','3',60,60,1),('6522',3,380,'1','3',60,60,2),('6523',3,380,'1','3',60,60,3),('6524',3,380,'1','3',60,60,4),('6525',3,380,'1','3',60,60,5),('6526',3,380,'1','3',60,60,6),('6527',3,380,'1','3',60,60,7),('6528',3,380,'1','3',60,60,8),('6529',3,380,'1','3',60,60,10),('6530',3,380,'1','3',60,60,11),('6531',3,380,'1','3',60,60,12),('6532',3,380,'1','3',60,60,13),('6533',3,380,'1','3',60,60,14),('6534',3,380,'1','3',60,60,15),('6535',3,380,'1','3',60,60,16),('6536',3,380,'1','3',60,60,17),('6537',3,380,'1','3',60,60,18),('6538',3,380,'1','3',60,60,19),('6539',3,380,'1','3',60,60,20),('6540',1,379,'1','4',80,80,1),('6541',1,379,'1','4',80,80,2),('6542',1,379,'1','4',80,80,3),('6543',1,379,'1','4',80,80,4),('6544',1,379,'1','4',80,80,5),('6545',1,379,'1','4',80,80,6),('6546',1,379,'1','4',80,80,7),('6547',1,379,'1','4',80,80,8),('6548',1,379,'1','4',80,80,10),('6549',1,379,'1','4',80,80,11),('6550',1,379,'1','4',80,80,12),('6551',1,379,'1','4',80,80,13),('6552',1,379,'1','4',80,80,14),('6553',1,379,'1','4',80,80,15),('6554',1,379,'1','4',80,80,16),('6555',1,379,'1','4',80,80,17),('6556',1,379,'1','4',80,80,18),('6557',1,379,'1','4',80,80,19),('6558',1,379,'1','4',80,80,20),('6559',2,379,'1','3',60,60,1),('6560',2,379,'1','3',60,60,2),('6561',2,379,'1','3',60,60,3),('6562',2,379,'1','3',60,60,4),('6563',2,379,'1','3',60,60,5),('6564',2,379,'1','3',60,60,6),('6565',2,379,'1','3',60,60,7),('6566',2,379,'1','3',60,60,8),('6567',2,379,'1','3',60,60,10),('6568',2,379,'1','3',60,60,11),('6569',2,379,'1','3',60,60,12),('6570',2,379,'1','3',60,60,13),('6571',2,379,'1','3',60,60,14),('6572',2,379,'1','3',60,60,15),('6573',2,379,'1','3',60,60,16),('6574',2,379,'1','3',60,60,17),('6575',2,379,'1','3',60,60,18),('6576',2,379,'1','3',60,60,19),('6577',2,379,'1','3',60,60,20),('6578',3,379,'1','3',60,60,1),('6579',3,379,'1','3',60,60,2),('6580',3,379,'1','3',60,60,3),('6581',3,379,'1','3',60,60,4),('6582',3,379,'1','3',60,60,5),('6583',3,379,'1','3',60,60,6),('6584',3,379,'1','3',60,60,7),('6585',3,379,'1','3',60,60,8),('6586',3,379,'1','3',60,60,10),('6587',3,379,'1','3',60,60,11),('6588',3,379,'1','3',60,60,12),('6589',3,379,'1','3',60,60,13),('6590',3,379,'1','3',60,60,14),('6591',3,379,'1','3',60,60,15),('6592',3,379,'1','3',60,60,16),('6593',3,379,'1','3',60,60,17),('6594',3,379,'1','3',60,60,18),('6595',3,379,'1','3',60,60,19),('6596',3,379,'1','3',60,60,20),('6597',1,378,'1','4',80,80,1),('6598',1,378,'1','4',80,80,2),('6599',1,378,'1','4',80,80,3),('6600',1,378,'1','4',80,80,4),('6601',1,378,'1','4',80,80,5),('6602',1,378,'1','4',80,80,6),('6603',1,378,'1','4',80,80,7),('6604',1,378,'1','4',80,80,8),('6605',1,378,'1','4',80,80,10),('6606',1,378,'1','4',80,80,11),('6607',1,378,'1','4',80,80,12),('6608',1,378,'1','4',80,80,13),('6609',1,378,'1','4',80,80,14),('6610',1,378,'1','4',80,80,15),('6611',1,378,'1','4',80,80,16),('6612',1,378,'1','4',80,80,17),('6613',1,378,'1','4',80,80,18),('6614',1,378,'1','4',80,80,19),('6615',1,378,'1','4',80,80,20),('6616',2,378,'1','3',60,60,1),('6617',2,378,'1','3',60,60,2),('6618',2,378,'1','3',60,60,3),('6619',2,378,'1','3',60,60,4),('6620',2,378,'1','3',60,60,5),('6621',2,378,'1','3',60,60,6),('6622',2,378,'1','3',60,60,7),('6623',2,378,'1','3',60,60,8),('6624',2,378,'1','3',60,60,10),('6625',2,378,'1','3',60,60,11),('6626',2,378,'1','3',60,60,12),('6627',2,378,'1','3',60,60,13),('6628',2,378,'1','3',60,60,14),('6629',2,378,'1','3',60,60,15),('6630',2,378,'1','3',60,60,16),('6631',2,378,'1','3',60,60,17),('6632',2,378,'1','3',60,60,18),('6633',2,378,'1','3',60,60,19),('6634',2,378,'1','3',60,60,20),('6635',3,378,'1','3',60,60,1),('6636',3,378,'1','3',60,60,2),('6637',3,378,'1','3',60,60,3),('6638',3,378,'1','3',60,60,4),('6639',3,378,'1','3',60,60,5),('6640',3,378,'1','3',60,60,6),('6641',3,378,'1','3',60,60,7),('6642',3,378,'1','3',60,60,8),('6643',3,378,'1','3',60,60,10),('6644',3,378,'1','3',60,60,11),('6645',3,378,'1','3',60,60,12),('6646',3,378,'1','3',60,60,13),('6647',3,378,'1','3',60,60,14),('6648',3,378,'1','3',60,60,15),('6649',3,378,'1','3',60,60,16),('6650',3,378,'1','3',60,60,17),('6651',3,378,'1','3',60,60,18),('6652',3,378,'1','3',60,60,19),('6653',3,378,'1','3',60,60,20),('6654',1,339,'1','4',80,80,2),('6655',1,339,'1','4',80,80,3),('6656',1,339,'1','4',80,80,4),('6657',1,339,'1','4',80,80,5),('6658',1,339,'1','4',80,80,6),('6659',1,339,'1','4',80,80,7),('6660',1,339,'1','4',80,80,8),('6661',1,339,'1','4',80,80,9),('6662',1,339,'1','4',80,80,10),('6663',1,339,'1','4',80,80,11),('6664',1,339,'1','4',80,80,12),('6665',1,339,'1','4',80,80,13),('6666',1,339,'1','4',80,80,14),('6667',1,339,'1','4',80,80,15),('6668',1,339,'1','4',80,80,16),('6669',1,339,'1','4',80,80,17),('6670',1,339,'1','4',80,80,18),('6671',1,339,'1','4',80,80,19),('6672',1,339,'1','4',80,80,20),('6673',2,339,'1','4',80,80,2),('6674',2,339,'1','4',80,80,3),('6675',2,339,'1','4',80,80,4),('6676',2,339,'1','4',80,80,5),('6677',2,339,'1','4',80,80,6),('6678',2,339,'1','4',80,80,7),('6679',2,339,'1','4',80,80,8),('6680',2,339,'1','4',80,80,9),('6681',2,339,'1','4',80,80,10),('6682',2,339,'1','4',80,80,11),('6683',2,339,'1','4',80,80,12),('6684',2,339,'1','4',80,80,13),('6685',2,339,'1','4',80,80,14),('6686',2,339,'1','4',80,80,15),('6687',2,339,'1','4',80,80,16),('6688',2,339,'1','4',80,80,17),('6689',2,339,'1','4',80,80,18),('6690',2,339,'1','4',80,80,19),('6691',2,339,'1','4',80,80,20),('6692',3,339,'1','2',40,40,2),('6693',3,339,'1','2',40,40,3),('6694',3,339,'1','2',40,40,4),('6695',3,339,'1','2',40,40,5),('6696',3,339,'1','2',40,40,6),('6697',3,339,'1','2',40,40,7),('6698',3,339,'1','2',40,40,8),('6699',3,339,'1','2',40,40,9),('6700',3,339,'1','2',40,40,10),('6701',3,339,'1','2',40,40,11),('6702',3,339,'1','2',40,40,12),('6703',3,339,'1','2',40,40,13),('6704',3,339,'1','2',40,40,14),('6705',3,339,'1','2',40,40,15),('6706',3,339,'1','2',40,40,16),('6707',3,339,'1','2',40,40,17),('6708',3,339,'1','2',40,40,18),('6709',3,339,'1','2',40,40,19),('6710',3,339,'1','2',40,40,20),('6711',3,432,'2','6',60,60,15),('6712',2,432,'2','6',60,80,15),('6713',1,432,'2','6',60,40,15),('6714',3,433,'2','5',50,40,15),('6715',2,433,'2','7',70,60,15),('6716',1,433,'2','10',100,100,15),('6717',2,434,'2','6',60,60,15),('6718',1,434,'2','7',70,80,15),('6719',3,434,'2','7',70,60,15),('6720',3,435,'2','5',50,60,15),('6721',2,435,'2','7',70,80,15),('6722',1,435,'2','8',80,60,15),('6723',3,437,'1','3',60,0,15),('6724',2,437,'1','4',80,0,15),('6725',1,437,'1','4',80,0,15),('6726',1,438,'1','2',40,0,15),('6727',3,438,'1','3',60,0,15),('6728',2,438,'1','4',80,0,15),('6729',3,439,'1','2',40,0,15),('6730',2,439,'1','3',60,0,15),('6731',1,439,'1','4',80,0,15),('6732',3,440,'1','3',60,0,15),('6733',2,440,'1','3',60,0,15),('6734',1,440,'1','4',80,0,15),('6735',1,446,'1','2',40,0,15),('6736',3,446,'1','3',60,0,15),('6737',2,446,'1','4',80,0,15),('6738',3,447,'1','4',80,0,15),('6739',2,447,'1','5',100,0,15),('6740',1,447,'1','5',100,0,15),('6741',3,448,'1','2',40,0,15),('6742',2,448,'1','4',80,0,15),('6743',1,448,'1','5',100,0,15),('6744',1,435,'1','3',60,60,1),('6745',1,435,'1','3',60,60,2),('6746',1,435,'1','3',60,60,3),('6747',1,435,'1','3',60,60,4),('6748',1,435,'1','3',60,60,5),('6749',1,435,'1','3',60,60,6),('6750',1,435,'1','3',60,60,7),('6751',1,435,'1','3',60,60,8),('6752',1,435,'1','3',60,60,10),('6753',1,435,'1','3',60,60,11),('6754',1,435,'1','3',60,60,12),('6755',1,435,'1','3',60,60,13),('6756',1,435,'1','3',60,60,14),('6757',1,435,'1','3',60,60,16),('6758',1,435,'1','3',60,60,17),('6759',1,435,'1','3',60,60,18),('6760',1,435,'1','3',60,60,19),('6761',1,435,'1','3',60,60,20),('6762',2,435,'1','4',80,80,1),('6763',2,435,'1','4',80,80,2),('6764',2,435,'1','4',80,80,3),('6765',2,435,'1','4',80,80,4),('6766',2,435,'1','4',80,80,5),('6767',2,435,'1','4',80,80,6),('6768',2,435,'1','4',80,80,7),('6769',2,435,'1','4',80,80,8),('6770',2,435,'1','4',80,80,10),('6771',2,435,'1','4',80,80,11),('6772',2,435,'1','4',80,80,12),('6773',2,435,'1','4',80,80,13),('6774',2,435,'1','4',80,80,14),('6775',2,435,'1','4',80,80,16),('6776',2,435,'1','4',80,80,17),('6777',2,435,'1','4',80,80,18),('6778',2,435,'1','4',80,80,19),('6779',2,435,'1','4',80,80,20),('6780',3,435,'1','3',60,60,1),('6781',3,435,'1','3',60,60,2),('6782',3,435,'1','3',60,60,3),('6783',3,435,'1','3',60,60,4),('6784',3,435,'1','3',60,60,5),('6785',3,435,'1','3',60,60,6),('6786',3,435,'1','3',60,60,7),('6787',3,435,'1','3',60,60,8),('6788',3,435,'1','3',60,60,10),('6789',3,435,'1','3',60,60,11),('6790',3,435,'1','3',60,60,12),('6791',3,435,'1','3',60,60,13),('6792',3,435,'1','3',60,60,14),('6793',3,435,'1','3',60,60,16),('6794',3,435,'1','3',60,60,17),('6795',3,435,'1','3',60,60,18),('6796',3,435,'1','3',60,60,19),('6797',3,435,'1','3',60,60,20),('6798',1,434,'1','4',80,80,1),('6799',1,434,'1','4',80,80,2),('6800',1,434,'1','4',80,80,3),('6801',1,434,'1','4',80,80,4),('6802',1,434,'1','4',80,80,5),('6803',1,434,'1','4',80,80,6),('6804',1,434,'1','4',80,80,7),('6805',1,434,'1','4',80,80,8),('6806',1,434,'1','4',80,80,10),('6807',1,434,'1','4',80,80,11),('6808',1,434,'1','4',80,80,12),('6809',1,434,'1','4',80,80,13),('6810',1,434,'1','4',80,80,14),('6811',1,434,'1','4',80,80,16),('6812',1,434,'1','4',80,80,17),('6813',1,434,'1','4',80,80,18),('6814',1,434,'1','4',80,80,19),('6815',1,434,'1','4',80,80,20),('6816',2,434,'1','3',60,60,1),('6817',2,434,'1','3',60,60,2),('6818',2,434,'1','3',60,60,3),('6819',2,434,'1','3',60,60,4),('6820',2,434,'1','3',60,60,5),('6821',2,434,'1','3',60,60,6),('6822',2,434,'1','3',60,60,7),('6823',2,434,'1','3',60,60,8),('6824',2,434,'1','3',60,60,10),('6825',2,434,'1','3',60,60,11),('6826',2,434,'1','3',60,60,12),('6827',2,434,'1','3',60,60,13),('6828',2,434,'1','3',60,60,14),('6829',2,434,'1','3',60,60,16),('6830',2,434,'1','3',60,60,17),('6831',2,434,'1','3',60,60,18),('6832',2,434,'1','3',60,60,19),('6833',2,434,'1','3',60,60,20),('6834',3,434,'1','3',60,60,1),('6835',3,434,'1','3',60,60,2),('6836',3,434,'1','3',60,60,3),('6837',3,434,'1','3',60,60,4),('6838',3,434,'1','3',60,60,5),('6839',3,434,'1','3',60,60,6),('6840',3,434,'1','3',60,60,7),('6841',3,434,'1','3',60,60,8),('6842',3,434,'1','3',60,60,10),('6843',3,434,'1','3',60,60,11),('6844',3,434,'1','3',60,60,12),('6845',3,434,'1','3',60,60,13),('6846',3,434,'1','3',60,60,14),('6847',3,434,'1','3',60,60,16),('6848',3,434,'1','3',60,60,17),('6849',3,434,'1','3',60,60,18),('6850',3,434,'1','3',60,60,19),('6851',3,434,'1','3',60,60,20),('6852',1,433,'1','5',100,100,1),('6853',1,433,'1','5',100,100,2),('6854',1,433,'1','5',100,100,3),('6855',1,433,'1','5',100,100,4),('6856',1,433,'1','5',100,100,5),('6857',1,433,'1','5',100,100,6),('6858',1,433,'1','5',100,100,7),('6859',1,433,'1','5',100,100,8),('6860',1,433,'1','5',100,100,10),('6861',1,433,'1','5',100,100,11),('6862',1,433,'1','5',100,100,12),('6863',1,433,'1','5',100,100,13),('6864',1,433,'1','5',100,100,14),('6865',1,433,'1','5',100,100,16),('6866',1,433,'1','5',100,100,17),('6867',1,433,'1','5',100,100,18),('6868',1,433,'1','5',100,100,19),('6869',1,433,'1','5',100,100,20),('6870',2,433,'1','3',60,60,1),('6871',2,433,'1','3',60,60,2),('6872',2,433,'1','3',60,60,3),('6873',2,433,'1','3',60,60,4),('6874',2,433,'1','3',60,60,5),('6875',2,433,'1','3',60,60,6),('6876',2,433,'1','3',60,60,7),('6877',2,433,'1','3',60,60,8),('6878',2,433,'1','3',60,60,10),('6879',2,433,'1','3',60,60,11),('6880',2,433,'1','3',60,60,12),('6881',2,433,'1','3',60,60,13),('6882',2,433,'1','3',60,60,14),('6883',2,433,'1','3',60,60,16),('6884',2,433,'1','3',60,60,17),('6885',2,433,'1','3',60,60,18),('6886',2,433,'1','3',60,60,19),('6887',2,433,'1','3',60,60,20),('6888',3,433,'1','2',40,40,1),('6889',3,433,'1','2',40,40,2),('6890',3,433,'1','2',40,40,3),('6891',3,433,'1','2',40,40,4),('6892',3,433,'1','2',40,40,5),('6893',3,433,'1','2',40,40,6),('6894',3,433,'1','2',40,40,7),('6895',3,433,'1','2',40,40,8),('6896',3,433,'1','2',40,40,10),('6897',3,433,'1','2',40,40,11),('6898',3,433,'1','2',40,40,12),('6899',3,433,'1','2',40,40,13),('6900',3,433,'1','2',40,40,14),('6901',3,433,'1','2',40,40,16),('6902',3,433,'1','2',40,40,17),('6903',3,433,'1','2',40,40,18),('6904',3,433,'1','2',40,40,19),('6905',3,433,'1','2',40,40,20),('6906',1,432,'1','2',40,40,1),('6907',1,432,'1','2',40,40,2),('6908',1,432,'1','2',40,40,3),('6909',1,432,'1','2',40,40,4),('6910',1,432,'1','2',40,40,5),('6911',1,432,'1','2',40,40,6),('6912',1,432,'1','2',40,40,7),('6913',1,432,'1','2',40,40,8),('6914',1,432,'1','2',40,40,10),('6915',1,432,'1','2',40,40,11),('6916',1,432,'1','2',40,40,12),('6917',1,432,'1','2',40,40,13),('6918',1,432,'1','2',40,40,14),('6919',1,432,'1','2',40,40,16),('6920',1,432,'1','2',40,40,17),('6921',1,432,'1','2',40,40,18),('6922',1,432,'1','2',40,40,19),('6923',1,432,'1','2',40,40,20),('6924',2,432,'1','4',80,80,1),('6925',2,432,'1','4',80,80,2),('6926',2,432,'1','4',80,80,3),('6927',2,432,'1','4',80,80,4),('6928',2,432,'1','4',80,80,5),('6929',2,432,'1','4',80,80,6),('6930',2,432,'1','4',80,80,7),('6931',2,432,'1','4',80,80,8),('6932',2,432,'1','4',80,80,10),('6933',2,432,'1','4',80,80,11),('6934',2,432,'1','4',80,80,12),('6935',2,432,'1','4',80,80,13),('6936',2,432,'1','4',80,80,14),('6937',2,432,'1','4',80,80,16),('6938',2,432,'1','4',80,80,17),('6939',2,432,'1','4',80,80,18),('6940',2,432,'1','4',80,80,19),('6941',2,432,'1','4',80,80,20),('6942',3,432,'1','3',60,60,1),('6943',3,432,'1','3',60,60,2),('6944',3,432,'1','3',60,60,3),('6945',3,432,'1','3',60,60,4),('6946',3,432,'1','3',60,60,5),('6947',3,432,'1','3',60,60,6),('6948',3,432,'1','3',60,60,7),('6949',3,432,'1','3',60,60,8),('6950',3,432,'1','3',60,60,10),('6951',3,432,'1','3',60,60,11),('6952',3,432,'1','3',60,60,12),('6953',3,432,'1','3',60,60,13),('6954',3,432,'1','3',60,60,14),('6955',3,432,'1','3',60,60,16),('6956',3,432,'1','3',60,60,17),('6957',3,432,'1','3',60,60,18),('6958',3,432,'1','3',60,60,19),('6959',3,432,'1','3',60,60,20),('6960',1,449,'1','5',100,100,1),('6961',1,449,'1','5',100,100,2),('6962',1,449,'1','5',100,100,3),('6963',1,449,'1','5',100,100,4),('6964',1,449,'1','5',100,100,5),('6965',1,449,'1','5',100,100,6),('6966',1,449,'1','5',100,100,7),('6967',1,449,'1','5',100,100,8),('6968',1,449,'1','5',100,100,10),('6969',1,449,'1','5',100,100,11),('6970',1,449,'1','5',100,100,12),('6971',1,449,'1','5',100,100,13),('6972',1,449,'1','5',100,100,14),('6973',1,449,'1','5',100,100,15),('6974',1,449,'1','5',100,100,16),('6975',1,449,'1','5',100,100,17),('6976',1,449,'1','5',100,100,18),('6977',1,449,'1','5',100,100,19),('6978',1,449,'1','5',100,100,20),('6979',2,449,'1','4',80,80,1),('6980',2,449,'1','4',80,80,2),('6981',2,449,'1','4',80,80,3),('6982',2,449,'1','4',80,80,4),('6983',2,449,'1','4',80,80,5),('6984',2,449,'1','4',80,80,6),('6985',2,449,'1','4',80,80,7),('6986',2,449,'1','4',80,80,8),('6987',2,449,'1','4',80,80,10),('6988',2,449,'1','4',80,80,11),('6989',2,449,'1','4',80,80,12),('6990',2,449,'1','4',80,80,13),('6991',2,449,'1','4',80,80,14),('6992',2,449,'1','4',80,80,15),('6993',2,449,'1','4',80,80,16),('6994',2,449,'1','4',80,80,17),('6995',2,449,'1','4',80,80,18),('6996',2,449,'1','4',80,80,19),('6997',2,449,'1','4',80,80,20),('6998',3,449,'1','2',40,40,1),('6999',3,449,'1','2',40,40,2),('7000',3,449,'1','2',40,40,3),('7001',3,449,'1','2',40,40,4),('7002',3,449,'1','2',40,40,5),('7003',3,449,'1','2',40,40,6),('7004',3,449,'1','2',40,40,7),('7005',3,449,'1','2',40,40,8),('7006',3,449,'1','2',40,40,10),('7007',3,449,'1','2',40,40,11),('7008',3,449,'1','2',40,40,12),('7009',3,449,'1','2',40,40,13),('7010',3,449,'1','2',40,40,14),('7011',3,449,'1','2',40,40,15),('7012',3,449,'1','2',40,40,16),('7013',3,449,'1','2',40,40,17),('7014',3,449,'1','2',40,40,18),('7015',3,449,'1','2',40,40,19),('7016',3,449,'1','2',40,40,20),('7017',1,431,'1','5',100,100,1),('7018',1,431,'1','5',100,100,2),('7019',1,431,'1','5',100,100,3),('7020',1,431,'1','5',100,100,4),('7021',1,431,'1','5',100,100,5),('7022',1,431,'1','5',100,100,6),('7023',1,431,'1','5',100,100,7),('7024',1,431,'1','5',100,100,8),('7025',1,431,'1','5',100,100,10),('7026',1,431,'1','5',100,100,11),('7027',1,431,'1','5',100,100,12),('7028',1,431,'1','5',100,100,13),('7029',1,431,'1','5',100,100,14),('7030',1,431,'1','5',100,100,15),('7031',1,431,'1','5',100,100,16),('7032',1,431,'1','5',100,100,17),('7033',1,431,'1','5',100,100,18),('7034',1,431,'1','5',100,100,19),('7035',1,431,'1','5',100,100,20),('7036',2,431,'1','3',60,60,1),('7037',2,431,'1','3',60,60,2),('7038',2,431,'1','3',60,60,3),('7039',2,431,'1','3',60,60,4),('7040',2,431,'1','3',60,60,5),('7041',2,431,'1','3',60,60,6),('7042',2,431,'1','3',60,60,7),('7043',2,431,'1','3',60,60,8),('7044',2,431,'1','3',60,60,10),('7045',2,431,'1','3',60,60,11),('7046',2,431,'1','3',60,60,12),('7047',2,431,'1','3',60,60,13),('7048',2,431,'1','3',60,60,14),('7049',2,431,'1','3',60,60,15),('7050',2,431,'1','3',60,60,16),('7051',2,431,'1','3',60,60,17),('7052',2,431,'1','3',60,60,18),('7053',2,431,'1','3',60,60,19),('7054',2,431,'1','3',60,60,20),('7055',3,431,'1','2',40,40,1),('7056',3,431,'1','2',40,40,2),('7057',3,431,'1','2',40,40,3),('7058',3,431,'1','2',40,40,4),('7059',3,431,'1','2',40,40,5),('7060',3,431,'1','2',40,40,6),('7061',3,431,'1','2',40,40,7),('7062',3,431,'1','2',40,40,8),('7063',3,431,'1','2',40,40,10),('7064',3,431,'1','2',40,40,11),('7065',3,431,'1','2',40,40,12),('7066',3,431,'1','2',40,40,13),('7067',3,431,'1','2',40,40,14),('7068',3,431,'1','2',40,40,15),('7069',3,431,'1','2',40,40,16),('7070',3,431,'1','2',40,40,17),('7071',3,431,'1','2',40,40,18),('7072',3,431,'1','2',40,40,19),('7073',3,431,'1','2',40,40,20),('7074',1,430,'1','5',100,100,1),('7075',1,430,'1','5',100,100,2),('7076',1,430,'1','5',100,100,3),('7077',1,430,'1','5',100,100,4),('7078',1,430,'1','5',100,100,5),('7079',1,430,'1','5',100,100,6),('7080',1,430,'1','5',100,100,7),('7081',1,430,'1','5',100,100,8),('7082',1,430,'1','5',100,100,10),('7083',1,430,'1','5',100,100,11),('7084',1,430,'1','5',100,100,12),('7085',1,430,'1','5',100,100,13),('7086',1,430,'1','5',100,100,14),('7087',1,430,'1','5',100,100,15),('7088',1,430,'1','5',100,100,16),('7089',1,430,'1','5',100,100,17),('7090',1,430,'1','5',100,100,18),('7091',1,430,'1','5',100,100,19),('7092',1,430,'1','5',100,100,20),('7093',2,430,'1','5',100,100,1),('7094',2,430,'1','5',100,100,2),('7095',2,430,'1','5',100,100,3),('7096',2,430,'1','5',100,100,4),('7097',2,430,'1','5',100,100,5),('7098',2,430,'1','5',100,100,6),('7099',2,430,'1','5',100,100,7),('7100',2,430,'1','5',100,100,8),('7101',2,430,'1','5',100,100,10),('7102',2,430,'1','5',100,100,11),('7103',2,430,'1','5',100,100,12),('7104',2,430,'1','5',100,100,13),('7105',2,430,'1','5',100,100,14),('7106',2,430,'1','5',100,100,15),('7107',2,430,'1','5',100,100,16),('7108',2,430,'1','5',100,100,17),('7109',2,430,'1','5',100,100,18),('7110',2,430,'1','5',100,100,19),('7111',2,430,'1','5',100,100,20),('7112',3,430,'1','4',80,80,1),('7113',3,430,'1','4',80,80,2),('7114',3,430,'1','4',80,80,3),('7115',3,430,'1','4',80,80,4),('7116',3,430,'1','4',80,80,5),('7117',3,430,'1','4',80,80,6),('7118',3,430,'1','4',80,80,7),('7119',3,430,'1','4',80,80,8),('7120',3,430,'1','4',80,80,10),('7121',3,430,'1','4',80,80,11),('7122',3,430,'1','4',80,80,12),('7123',3,430,'1','4',80,80,13),('7124',3,430,'1','4',80,80,14),('7125',3,430,'1','4',80,80,15),('7126',3,430,'1','4',80,80,16),('7127',3,430,'1','4',80,80,17),('7128',3,430,'1','4',80,80,18),('7129',3,430,'1','4',80,80,19),('7130',3,430,'1','4',80,80,20),('7131',1,429,'1','3',60,60,1),('7132',1,429,'1','3',60,60,2),('7133',1,429,'1','3',60,60,3),('7134',1,429,'1','3',60,60,4),('7135',1,429,'1','3',60,60,5),('7136',1,429,'1','3',60,60,6),('7137',1,429,'1','3',60,60,7),('7138',1,429,'1','3',60,60,8),('7139',1,429,'1','3',60,60,10),('7140',1,429,'1','3',60,60,11),('7141',1,429,'1','3',60,60,12),('7142',1,429,'1','3',60,60,13),('7143',1,429,'1','3',60,60,14),('7144',1,429,'1','3',60,60,15),('7145',1,429,'1','3',60,60,16),('7146',1,429,'1','3',60,60,17),('7147',1,429,'1','3',60,60,18),('7148',1,429,'1','3',60,60,19),('7149',1,429,'1','3',60,60,20),('7150',2,429,'1','3',60,60,1),('7151',2,429,'1','3',60,60,2),('7152',2,429,'1','3',60,60,3),('7153',2,429,'1','3',60,60,4),('7154',2,429,'1','3',60,60,5),('7155',2,429,'1','3',60,60,6),('7156',2,429,'1','3',60,60,7),('7157',2,429,'1','3',60,60,8),('7158',2,429,'1','3',60,60,10),('7159',2,429,'1','3',60,60,11),('7160',2,429,'1','3',60,60,12),('7161',2,429,'1','3',60,60,13),('7162',2,429,'1','3',60,60,14),('7163',2,429,'1','3',60,60,15),('7164',2,429,'1','3',60,60,16),('7165',2,429,'1','3',60,60,17),('7166',2,429,'1','3',60,60,18),('7167',2,429,'1','3',60,60,19),('7168',2,429,'1','3',60,60,20),('7169',3,429,'1','2',40,40,1),('7170',3,429,'1','2',40,40,2),('7171',3,429,'1','2',40,40,3),('7172',3,429,'1','2',40,40,4),('7173',3,429,'1','2',40,40,5),('7174',3,429,'1','2',40,40,6),('7175',3,429,'1','2',40,40,7),('7176',3,429,'1','2',40,40,8),('7177',3,429,'1','2',40,40,10),('7178',3,429,'1','2',40,40,11),('7179',3,429,'1','2',40,40,12),('7180',3,429,'1','2',40,40,13),('7181',3,429,'1','2',40,40,14),('7182',3,429,'1','2',40,40,15),('7183',3,429,'1','2',40,40,16),('7184',3,429,'1','2',40,40,17),('7185',3,429,'1','2',40,40,18),('7186',3,429,'1','2',40,40,19),('7187',3,429,'1','2',40,40,20),('7188',1,428,'1','3',60,60,1),('7189',1,428,'1','3',60,60,2),('7190',1,428,'1','3',60,60,3),('7191',1,428,'1','3',60,60,4),('7192',1,428,'1','3',60,60,5),('7193',1,428,'1','3',60,60,6),('7194',1,428,'1','3',60,60,7),('7195',1,428,'1','3',60,60,8),('7196',1,428,'1','3',60,60,10),('7197',1,428,'1','3',60,60,11),('7198',1,428,'1','3',60,60,12),('7199',1,428,'1','3',60,60,13),('7200',1,428,'1','3',60,60,14),('7201',1,428,'1','3',60,60,15),('7202',1,428,'1','3',60,60,16),('7203',1,428,'1','3',60,60,17),('7204',1,428,'1','3',60,60,18),('7205',1,428,'1','3',60,60,19),('7206',1,428,'1','3',60,60,20),('7207',2,428,'1','5',100,100,1),('7208',2,428,'1','5',100,100,2),('7209',2,428,'1','5',100,100,3),('7210',2,428,'1','5',100,100,4),('7211',2,428,'1','5',100,100,5),('7212',2,428,'1','5',100,100,6),('7213',2,428,'1','5',100,100,7),('7214',2,428,'1','5',100,100,8),('7215',2,428,'1','5',100,100,10),('7216',2,428,'1','5',100,100,11),('7217',2,428,'1','5',100,100,12),('7218',2,428,'1','5',100,100,13),('7219',2,428,'1','5',100,100,14),('7220',2,428,'1','5',100,100,15),('7221',2,428,'1','5',100,100,16),('7222',2,428,'1','5',100,100,17),('7223',2,428,'1','5',100,100,18),('7224',2,428,'1','5',100,100,19),('7225',2,428,'1','5',100,100,20),('7226',3,428,'1','5',100,100,1),('7227',3,428,'1','5',100,100,2),('7228',3,428,'1','5',100,100,3),('7229',3,428,'1','5',100,100,4),('7230',3,428,'1','5',100,100,5),('7231',3,428,'1','5',100,100,6),('7232',3,428,'1','5',100,100,7),('7233',3,428,'1','5',100,100,8),('7234',3,428,'1','5',100,100,10),('7235',3,428,'1','5',100,100,11),('7236',3,428,'1','5',100,100,12),('7237',3,428,'1','5',100,100,13),('7238',3,428,'1','5',100,100,14),('7239',3,428,'1','5',100,100,15),('7240',3,428,'1','5',100,100,16),('7241',3,428,'1','5',100,100,17),('7242',3,428,'1','5',100,100,18),('7243',3,428,'1','5',100,100,19),('7244',3,428,'1','5',100,100,20),('7245',1,421,'1','4',80,80,1),('7246',1,421,'1','4',80,80,2),('7247',1,421,'1','4',80,80,3),('7248',1,421,'1','4',80,80,4),('7249',1,421,'1','4',80,80,5),('7250',1,421,'1','4',80,80,6),('7251',1,421,'1','4',80,80,7),('7252',1,421,'1','4',80,80,8),('7253',1,421,'1','4',80,80,10),('7254',1,421,'1','4',80,80,11),('7255',1,421,'1','4',80,80,12),('7256',1,421,'1','4',80,80,13),('7257',1,421,'1','4',80,80,14),('7258',1,421,'1','4',80,80,15),('7259',1,421,'1','4',80,80,16),('7260',1,421,'1','4',80,80,17),('7261',1,421,'1','4',80,80,18),('7262',1,421,'1','4',80,80,19),('7263',1,421,'1','4',80,80,20),('7264',2,421,'1','3',60,60,1),('7265',2,421,'1','3',60,60,2),('7266',2,421,'1','3',60,60,3),('7267',2,421,'1','3',60,60,4),('7268',2,421,'1','3',60,60,5),('7269',2,421,'1','3',60,60,6),('7270',2,421,'1','3',60,60,7),('7271',2,421,'1','3',60,60,8),('7272',2,421,'1','3',60,60,10),('7273',2,421,'1','3',60,60,11),('7274',2,421,'1','3',60,60,12),('7275',2,421,'1','3',60,60,13),('7276',2,421,'1','3',60,60,14),('7277',2,421,'1','3',60,60,15),('7278',2,421,'1','3',60,60,16),('7279',2,421,'1','3',60,60,17),('7280',2,421,'1','3',60,60,18),('7281',2,421,'1','3',60,60,19),('7282',2,421,'1','3',60,60,20),('7283',3,421,'1','2',40,40,1),('7284',3,421,'1','2',40,40,2),('7285',3,421,'1','2',40,40,3),('7286',3,421,'1','2',40,40,4),('7287',3,421,'1','2',40,40,5),('7288',3,421,'1','2',40,40,6),('7289',3,421,'1','2',40,40,7),('7290',3,421,'1','2',40,40,8),('7291',3,421,'1','2',40,40,10),('7292',3,421,'1','2',40,40,11),('7293',3,421,'1','2',40,40,12),('7294',3,421,'1','2',40,40,13),('7295',3,421,'1','2',40,40,14),('7296',3,421,'1','2',40,40,15),('7297',3,421,'1','2',40,40,16),('7298',3,421,'1','2',40,40,17),('7299',3,421,'1','2',40,40,18),('7300',3,421,'1','2',40,40,19),('7301',3,421,'1','2',40,40,20);

--
-- Table structure for table `rating_store`
--

CREATE TABLE `rating_store` (
  `rating_id` smallint(5) unsigned NOT NULL DEFAULT 0 COMMENT 'Rating ID',
  `store_id` smallint(5) unsigned NOT NULL DEFAULT 0 COMMENT 'Store ID',
  PRIMARY KEY (`rating_id`,`store_id`),
  KEY `RATING_STORE_STORE_ID` (`store_id`)
) ENGINE=InnoDB DEFAULT CHARSET=utf8 COMMENT='Rating Store';

--
-- Dumping data for table `rating_store`
--

INSERT INTO `rating_store` VALUES (1,0),(1,1),(1,2),(1,3),(1,4),(1,5),(1,6),(1,7),(1,8),(1,9),(1,10),(1,11),(1,12),(1,13),(1,14),(1,15),(1,16),(1,17),(1,18),(1,19),(1,20),(2,0),(2,1),(2,2),(2,3),(2,4),(2,5),(2,6),(2,7),(2,8),(2,9),(2,10),(2,11),(2,12),(2,13),(2,14),(2,15),(2,16),(2,17),(2,18),(2,19),(2,20),(3,0),(3,1),(3,2),(3,3),(3,4),(3,5),(3,6),(3,7),(3,8),(3,9),(3,10),(3,11),(3,12),(3,13),(3,14),(3,15),(3,16),(3,17),(3,18),(3,19),(3,20);

--
-- Table structure for table `rating_title`
--

CREATE TABLE `rating_title` (
  `rating_id` smallint(5) unsigned NOT NULL DEFAULT 0 COMMENT 'Rating ID',
  `store_id` smallint(5) unsigned NOT NULL DEFAULT 0 COMMENT 'Store ID',
  `value` varchar(255) NOT NULL COMMENT 'Rating Label',
  PRIMARY KEY (`rating_id`,`store_id`),
  KEY `RATING_TITLE_STORE_ID` (`store_id`)
) ENGINE=InnoDB DEFAULT CHARSET=utf8 COMMENT='Rating Title';

--
-- Table structure for table `release_notification_viewer_log`
--

CREATE TABLE `release_notification_viewer_log` (
  `id` int(10) unsigned NOT NULL AUTO_INCREMENT COMMENT 'Log ID',
  `viewer_id` int(10) unsigned NOT NULL COMMENT 'Viewer admin user ID',
  `last_view_version` varchar(16) NOT NULL COMMENT 'Viewer last view on product version',
  PRIMARY KEY (`id`),
  UNIQUE KEY `RELEASE_NOTIFICATION_VIEWER_LOG_VIEWER_ID` (`viewer_id`)
) ENGINE=InnoDB AUTO_INCREMENT=2 DEFAULT CHARSET=utf8 COMMENT='Release Notification Viewer Log Table';

--
-- Dumping data for table `release_notification_viewer_log`
--

INSERT INTO `release_notification_viewer_log` VALUES ('1','1','2.3.0');

--
-- Table structure for table `report_compared_product_index`
--

CREATE TABLE `report_compared_product_index` (
  `index_id` bigint(20) unsigned NOT NULL AUTO_INCREMENT COMMENT 'Index ID',
  `visitor_id` int(10) unsigned DEFAULT NULL COMMENT 'Visitor ID',
  `customer_id` int(10) unsigned DEFAULT NULL COMMENT 'Customer ID',
  `product_id` int(10) unsigned NOT NULL COMMENT 'Product ID',
  `store_id` smallint(5) unsigned DEFAULT NULL COMMENT 'Store ID',
  `added_at` timestamp NOT NULL DEFAULT current_timestamp() COMMENT 'Added At',
  PRIMARY KEY (`index_id`),
  UNIQUE KEY `REPORT_COMPARED_PRODUCT_INDEX_VISITOR_ID_PRODUCT_ID` (`visitor_id`,`product_id`),
  UNIQUE KEY `REPORT_COMPARED_PRODUCT_INDEX_CUSTOMER_ID_PRODUCT_ID` (`customer_id`,`product_id`),
  KEY `REPORT_COMPARED_PRODUCT_INDEX_STORE_ID` (`store_id`),
  KEY `REPORT_COMPARED_PRODUCT_INDEX_ADDED_AT` (`added_at`),
  KEY `REPORT_COMPARED_PRODUCT_INDEX_PRODUCT_ID` (`product_id`)
) ENGINE=InnoDB AUTO_INCREMENT=50 DEFAULT CHARSET=utf8 COMMENT='Reports Compared Product Index Table';

--
-- Dumping data for table `report_compared_product_index`
--

INSERT INTO `report_compared_product_index` VALUES (7,'6','3','105',1,'2019-05-28 03:07:12'),(10,NULL,'3','139',NULL,'2019-07-04 03:04:05'),(29,'11684',NULL,'138',NULL,'2019-09-10 08:13:35'),(35,'11883',NULL,'3',NULL,'2019-09-11 01:30:29'),(36,'11883',NULL,'138',NULL,'2019-09-11 01:30:48');

--
-- Table structure for table `report_event`
--

CREATE TABLE `report_event` (
  `event_id` bigint(20) unsigned NOT NULL AUTO_INCREMENT COMMENT 'Event ID',
  `logged_at` timestamp NOT NULL DEFAULT current_timestamp() COMMENT 'Logged At',
  `event_type_id` smallint(5) unsigned NOT NULL DEFAULT 0 COMMENT 'Event Type ID',
  `object_id` int(10) unsigned NOT NULL DEFAULT 0 COMMENT 'Object ID',
  `subject_id` int(10) unsigned NOT NULL DEFAULT 0 COMMENT 'Subject ID',
  `subtype` smallint(5) unsigned NOT NULL DEFAULT 0 COMMENT 'Subtype',
  `store_id` smallint(5) unsigned NOT NULL COMMENT 'Store ID',
  PRIMARY KEY (`event_id`),
  KEY `REPORT_EVENT_EVENT_TYPE_ID` (`event_type_id`),
  KEY `REPORT_EVENT_SUBJECT_ID` (`subject_id`),
  KEY `REPORT_EVENT_OBJECT_ID` (`object_id`),
  KEY `REPORT_EVENT_SUBTYPE` (`subtype`),
  KEY `REPORT_EVENT_STORE_ID` (`store_id`)
) ENGINE=InnoDB DEFAULT CHARSET=utf8 COMMENT='Reports Event Table';

--
-- Table structure for table `report_event_types`
--

CREATE TABLE `report_event_types` (
  `event_type_id` smallint(5) unsigned NOT NULL AUTO_INCREMENT COMMENT 'Event Type ID',
  `event_name` varchar(64) NOT NULL COMMENT 'Event Name',
  `customer_login` smallint(5) unsigned NOT NULL DEFAULT 0 COMMENT 'Customer Login',
  PRIMARY KEY (`event_type_id`)
) ENGINE=InnoDB AUTO_INCREMENT=7 DEFAULT CHARSET=utf8 COMMENT='Reports Event Type Table';

--
-- Dumping data for table `report_event_types`
--

INSERT INTO `report_event_types` VALUES (1,'catalog_product_view',0),(2,'sendfriend_product',0),(3,'catalog_product_compare_add_product',0),(4,'checkout_cart_add_product',0),(5,'wishlist_add_product',0),(6,'wishlist_share',0);

--
-- Table structure for table `report_viewed_product_aggregated_daily`
--

CREATE TABLE `report_viewed_product_aggregated_daily` (
  `id` int(10) unsigned NOT NULL AUTO_INCREMENT COMMENT 'ID',
  `period` date DEFAULT NULL COMMENT 'Period',
  `store_id` smallint(5) unsigned DEFAULT NULL COMMENT 'Store ID',
  `product_id` int(10) unsigned DEFAULT NULL COMMENT 'Product ID',
  `product_name` varchar(255) DEFAULT NULL COMMENT 'Product Name',
  `product_price` decimal(12,4) NOT NULL DEFAULT 0.0000 COMMENT 'Product Price',
  `views_num` int(11) NOT NULL DEFAULT 0 COMMENT 'Number of Views',
  `rating_pos` smallint(5) unsigned NOT NULL DEFAULT 0 COMMENT 'Rating Pos',
  PRIMARY KEY (`id`),
  UNIQUE KEY `REPORT_VIEWED_PRD_AGGRED_DAILY_PERIOD_STORE_ID_PRD_ID` (`period`,`store_id`,`product_id`),
  KEY `REPORT_VIEWED_PRODUCT_AGGREGATED_DAILY_STORE_ID` (`store_id`),
  KEY `REPORT_VIEWED_PRODUCT_AGGREGATED_DAILY_PRODUCT_ID` (`product_id`)
) ENGINE=InnoDB DEFAULT CHARSET=utf8 COMMENT='Most Viewed Products Aggregated Daily';

--
-- Table structure for table `report_viewed_product_aggregated_monthly`
--

CREATE TABLE `report_viewed_product_aggregated_monthly` (
  `id` int(10) unsigned NOT NULL AUTO_INCREMENT COMMENT 'ID',
  `period` date DEFAULT NULL COMMENT 'Period',
  `store_id` smallint(5) unsigned DEFAULT NULL COMMENT 'Store ID',
  `product_id` int(10) unsigned DEFAULT NULL COMMENT 'Product ID',
  `product_name` varchar(255) DEFAULT NULL COMMENT 'Product Name',
  `product_price` decimal(12,4) NOT NULL DEFAULT 0.0000 COMMENT 'Product Price',
  `views_num` int(11) NOT NULL DEFAULT 0 COMMENT 'Number of Views',
  `rating_pos` smallint(5) unsigned NOT NULL DEFAULT 0 COMMENT 'Rating Pos',
  PRIMARY KEY (`id`),
  UNIQUE KEY `REPORT_VIEWED_PRD_AGGRED_MONTHLY_PERIOD_STORE_ID_PRD_ID` (`period`,`store_id`,`product_id`),
  KEY `REPORT_VIEWED_PRODUCT_AGGREGATED_MONTHLY_STORE_ID` (`store_id`),
  KEY `REPORT_VIEWED_PRODUCT_AGGREGATED_MONTHLY_PRODUCT_ID` (`product_id`)
) ENGINE=InnoDB AUTO_INCREMENT=120 DEFAULT CHARSET=utf8 COMMENT='Most Viewed Products Aggregated Monthly';

--
-- Dumping data for table `report_viewed_product_aggregated_monthly`
--

INSERT INTO `report_viewed_product_aggregated_monthly` VALUES ('4','2019-02-01',1,'1','Faux Suede Black','50.0000','9',1),('11','2019-02-01',1,'105','Bundle Product','0.0000','4',13),('16','2019-03-01',1,'105','Bundle Product','0.0000','5',2),('22','2019-02-01',1,'12','Faux Suede Oxfords Brown','50.0000','4',10),('29','2019-02-01',1,'3','Sporty T-Shirt','60.0000','2',17),('31','2019-03-01',1,'70','Faux Suede Oxfords Brown List','60.0000','2',5),('33','2019-03-01',1,'3','Sporty T-Shirt','60.0000','1',8),('38','2019-08-01',1,'138','Fashion 2column left','50.0000','1',21),('45','2019-08-01',1,'1','Faux Suede Black','50.0000','7',2),('46','2019-08-01',1,'139','Fashion full width','70.0000','4',5),('49','2019-08-01',1,'3','Sporty T-Shirt','60.0000','4',4),('91','2019-08-01',1,'12','Faux Suede Oxfords Brown','50.0000','1',28),('98','2019-09-01',1,'139','Fashion full width','70.0000','3',4),('107','2019-09-01',1,'1','Faux Suede Black','50.0000','2',13),('109','2019-09-01',1,'138','Fashion 2column left','50.0000','1',15),('112','2019-09-01',1,'3','Sporty T-Shirt','60.0000','1',18);

--
-- Table structure for table `report_viewed_product_aggregated_yearly`
--

CREATE TABLE `report_viewed_product_aggregated_yearly` (
  `id` int(10) unsigned NOT NULL AUTO_INCREMENT COMMENT 'ID',
  `period` date DEFAULT NULL COMMENT 'Period',
  `store_id` smallint(5) unsigned DEFAULT NULL COMMENT 'Store ID',
  `product_id` int(10) unsigned DEFAULT NULL COMMENT 'Product ID',
  `product_name` varchar(255) DEFAULT NULL COMMENT 'Product Name',
  `product_price` decimal(12,4) NOT NULL DEFAULT 0.0000 COMMENT 'Product Price',
  `views_num` int(11) NOT NULL DEFAULT 0 COMMENT 'Number of Views',
  `rating_pos` smallint(5) unsigned NOT NULL DEFAULT 0 COMMENT 'Rating Pos',
  PRIMARY KEY (`id`),
  UNIQUE KEY `REPORT_VIEWED_PRD_AGGRED_YEARLY_PERIOD_STORE_ID_PRD_ID` (`period`,`store_id`,`product_id`),
  KEY `REPORT_VIEWED_PRODUCT_AGGREGATED_YEARLY_STORE_ID` (`store_id`),
  KEY `REPORT_VIEWED_PRODUCT_AGGREGATED_YEARLY_PRODUCT_ID` (`product_id`)
) ENGINE=InnoDB AUTO_INCREMENT=83 DEFAULT CHARSET=utf8 COMMENT='Most Viewed Products Aggregated Yearly';

--
-- Dumping data for table `report_viewed_product_aggregated_yearly`
--

INSERT INTO `report_viewed_product_aggregated_yearly` VALUES ('4','2019-01-01',1,'1','Faux Suede Black','50.0000','18',2),('11','2019-01-01',1,'105','Bundle Product','0.0000','9',8),('16','2019-01-01',1,'12','Faux Suede Oxfords Brown','50.0000','5',19),('21','2019-01-01',1,'3','Sporty T-Shirt','60.0000','8',10),('24','2019-01-01',1,'70','Faux Suede Oxfords Brown List','60.0000','2',31),('28','2019-01-01',1,'138','Fashion 2column left','50.0000','2',29),('29','2019-01-01',1,'139','Fashion full width','70.0000','7',14);

--
-- Table structure for table `report_viewed_product_index`
--

CREATE TABLE `report_viewed_product_index` (
  `index_id` bigint(20) unsigned NOT NULL AUTO_INCREMENT COMMENT 'Index ID',
  `visitor_id` int(10) unsigned DEFAULT NULL COMMENT 'Visitor ID',
  `customer_id` int(10) unsigned DEFAULT NULL COMMENT 'Customer ID',
  `product_id` int(10) unsigned NOT NULL COMMENT 'Product ID',
  `store_id` smallint(5) unsigned DEFAULT NULL COMMENT 'Store ID',
  `added_at` timestamp NOT NULL DEFAULT current_timestamp() COMMENT 'Added At',
  PRIMARY KEY (`index_id`),
  UNIQUE KEY `REPORT_VIEWED_PRODUCT_INDEX_VISITOR_ID_PRODUCT_ID` (`visitor_id`,`product_id`),
  UNIQUE KEY `REPORT_VIEWED_PRODUCT_INDEX_CUSTOMER_ID_PRODUCT_ID` (`customer_id`,`product_id`),
  KEY `REPORT_VIEWED_PRODUCT_INDEX_STORE_ID` (`store_id`),
  KEY `REPORT_VIEWED_PRODUCT_INDEX_ADDED_AT` (`added_at`),
  KEY `REPORT_VIEWED_PRODUCT_INDEX_PRODUCT_ID` (`product_id`)
) ENGINE=InnoDB DEFAULT CHARSET=utf8 COMMENT='Reports Viewed Product Index Table';

--
-- Table structure for table `reporting_counts`
--

CREATE TABLE `reporting_counts` (
  `entity_id` int(10) unsigned NOT NULL AUTO_INCREMENT COMMENT 'Entity ID',
  `type` varchar(255) DEFAULT NULL COMMENT 'Item Reported',
  `count` int(10) unsigned DEFAULT NULL COMMENT 'Count Value',
  `updated_at` timestamp NOT NULL DEFAULT current_timestamp() ON UPDATE current_timestamp() COMMENT 'Updated At',
  PRIMARY KEY (`entity_id`)
) ENGINE=InnoDB DEFAULT CHARSET=utf8 COMMENT='Reporting for all count related events generated via the cron job';

--
-- Table structure for table `reporting_module_status`
--

CREATE TABLE `reporting_module_status` (
  `entity_id` int(10) unsigned NOT NULL AUTO_INCREMENT COMMENT 'Module ID',
  `name` varchar(255) DEFAULT NULL COMMENT 'Module Name',
  `active` varchar(255) DEFAULT NULL COMMENT 'Module Active Status',
  `setup_version` varchar(255) DEFAULT NULL COMMENT 'Module Version',
  `state` varchar(255) DEFAULT NULL COMMENT 'Module State',
  `updated_at` timestamp NOT NULL DEFAULT current_timestamp() ON UPDATE current_timestamp() COMMENT 'Updated At',
  PRIMARY KEY (`entity_id`)
) ENGINE=InnoDB DEFAULT CHARSET=utf8 COMMENT='Module Status Table';

--
-- Table structure for table `reporting_orders`
--

CREATE TABLE `reporting_orders` (
  `entity_id` int(10) unsigned NOT NULL AUTO_INCREMENT COMMENT 'Entity ID',
  `customer_id` int(10) unsigned DEFAULT NULL COMMENT 'Customer ID',
  `total` decimal(20,4) unsigned DEFAULT NULL,
  `total_base` decimal(20,4) unsigned DEFAULT NULL,
  `item_count` int(10) unsigned NOT NULL COMMENT 'Line Item Count',
  `updated_at` timestamp NOT NULL DEFAULT current_timestamp() COMMENT 'Updated At',
  PRIMARY KEY (`entity_id`)
) ENGINE=InnoDB DEFAULT CHARSET=utf8 COMMENT='Reporting for all orders';

--
-- Table structure for table `reporting_system_updates`
--

CREATE TABLE `reporting_system_updates` (
  `entity_id` int(10) unsigned NOT NULL AUTO_INCREMENT COMMENT 'Entity ID',
  `type` varchar(255) DEFAULT NULL COMMENT 'Update Type',
  `action` varchar(255) DEFAULT NULL COMMENT 'Action Performed',
  `updated_at` timestamp NOT NULL DEFAULT current_timestamp() COMMENT 'Updated At',
  PRIMARY KEY (`entity_id`)
) ENGINE=InnoDB DEFAULT CHARSET=utf8 COMMENT='Reporting for system updates';

--
-- Table structure for table `reporting_users`
--

CREATE TABLE `reporting_users` (
  `entity_id` int(10) unsigned NOT NULL AUTO_INCREMENT COMMENT 'Entity ID',
  `type` varchar(255) DEFAULT NULL COMMENT 'User Type',
  `action` varchar(255) DEFAULT NULL COMMENT 'Action Performed',
  `updated_at` timestamp NOT NULL DEFAULT current_timestamp() COMMENT 'Updated At',
  PRIMARY KEY (`entity_id`)
) ENGINE=InnoDB DEFAULT CHARSET=utf8 COMMENT='Reporting for user actions';

--
-- Table structure for table `review`
--

CREATE TABLE `review` (
  `review_id` bigint(20) unsigned NOT NULL AUTO_INCREMENT COMMENT 'Review ID',
  `created_at` timestamp NOT NULL DEFAULT current_timestamp() COMMENT 'Review create date',
  `entity_id` smallint(5) unsigned NOT NULL DEFAULT 0 COMMENT 'Entity ID',
  `entity_pk_value` int(10) unsigned NOT NULL DEFAULT 0 COMMENT 'Product ID',
  `status_id` smallint(5) unsigned NOT NULL DEFAULT 0 COMMENT 'Status code',
  PRIMARY KEY (`review_id`),
  KEY `REVIEW_ENTITY_ID` (`entity_id`),
  KEY `REVIEW_STATUS_ID` (`status_id`),
  KEY `REVIEW_ENTITY_PK_VALUE` (`entity_pk_value`)
) ENGINE=InnoDB AUTO_INCREMENT=135 DEFAULT CHARSET=utf8 COMMENT='Review base information';

--
-- Dumping data for table `review`
--

INSERT INTO `review` VALUES (4,'2019-02-27 09:58:16',1,'105',1),(13,'2019-02-28 04:32:50',1,'1',1),(17,'2019-02-28 04:44:29',1,'12',1),(21,'2019-02-28 04:48:26',1,'1',1),(27,'2019-02-28 10:26:20',1,'3',1),(36,'2019-06-18 07:20:41',1,'138',1),(37,'2019-06-18 07:20:53',1,'138',1),(38,'2019-06-18 07:21:29',1,'139',1),(43,'2021-04-14 04:48:21',1,'343',1),(44,'2021-04-22 03:10:01',1,'322',1),(45,'2021-06-18 14:33:47',1,'368',1),(46,'2021-06-18 14:34:31',1,'346',1),(47,'2021-06-18 14:35:07',1,'344',1),(48,'2021-06-18 14:35:48',1,'342',1),(49,'2021-06-18 14:36:40',1,'340',1),(50,'2021-06-18 14:37:46',1,'338',1),(51,'2021-06-18 14:38:18',1,'347',1),(52,'2021-06-18 14:38:59',1,'345',1),(53,'2021-06-18 14:39:40',1,'341',1),(54,'2021-06-18 14:40:18',1,'339',1),(55,'2021-06-18 14:40:44',1,'337',1),(56,'2021-06-18 14:42:48',1,'336',1),(57,'2021-06-18 14:43:15',1,'332',1),(58,'2021-06-18 14:43:41',1,'335',1),(59,'2021-06-18 14:44:10',1,'331',1),(60,'2021-06-18 15:13:26',1,'455',1),(61,'2021-06-18 15:14:00',1,'456',1),(62,'2021-06-18 15:14:31',1,'457',1),(63,'2021-06-18 15:15:03',1,'458',1),(64,'2021-06-18 15:15:24',1,'459',1),(65,'2021-06-18 15:15:48',1,'460',1),(66,'2021-06-18 15:16:08',1,'461',1),(67,'2021-06-18 15:16:26',1,'462',1),(68,'2021-06-18 15:16:56',1,'466',1),(69,'2021-06-18 15:17:18',1,'467',1),(70,'2021-06-18 15:17:37',1,'468',1),(71,'2021-06-18 15:17:53',1,'514',1),(72,'2021-06-18 15:18:13',1,'524',1),(73,'2021-06-18 15:18:30',1,'525',1),(74,'2021-06-18 15:37:26',1,'378',1),(75,'2021-06-18 15:37:57',1,'379',1),(76,'2021-06-18 15:38:23',1,'380',1),(77,'2021-06-18 15:38:51',1,'382',1),(78,'2021-06-18 15:39:57',1,'416',1),(79,'2021-06-18 15:40:22',1,'417',1),(80,'2021-06-18 15:40:48',1,'418',1),(81,'2021-06-18 15:41:17',1,'419',1),(82,'2021-06-18 15:41:39',1,'420',2),(83,'2021-06-18 15:42:04',1,'421',1),(84,'2021-06-18 15:42:29',1,'428',1),(85,'2021-06-18 15:42:58',1,'429',1),(86,'2021-06-18 15:43:26',1,'430',1),(87,'2021-06-18 15:43:50',1,'431',1),(88,'2021-06-18 15:44:09',1,'449',1),(89,'2021-06-18 15:48:24',1,'432',1),(90,'2021-06-18 15:49:12',1,'433',1),(91,'2021-06-18 15:49:32',1,'434',1),(92,'2021-06-18 15:50:03',1,'435',1),(93,'2021-06-18 15:50:24',1,'436',2),(94,'2021-06-18 15:50:52',1,'437',2),(95,'2021-06-18 15:51:13',1,'438',2),(96,'2021-06-18 15:51:36',1,'439',2),(97,'2021-06-18 15:52:00',1,'440',2),(98,'2021-06-18 15:52:22',1,'446',2),(99,'2021-06-18 15:52:48',1,'447',2),(100,'2021-06-18 15:53:09',1,'448',2),(101,'2021-06-18 15:53:32',1,'499',2),(102,'2021-06-18 15:55:56',1,'469',1),(103,'2021-06-18 15:56:22',1,'470',1),(104,'2021-06-18 15:56:42',1,'471',1),(105,'2021-06-18 15:57:13',1,'472',1),(106,'2021-06-18 15:57:26',1,'475',1),(107,'2021-06-18 15:57:48',1,'478',1),(108,'2021-06-18 15:58:04',1,'481',1),(109,'2021-06-18 15:58:26',1,'482',1),(110,'2021-06-18 16:01:12',1,'483',1),(111,'2021-06-18 16:01:34',1,'484',1),(112,'2021-06-18 16:01:51',1,'485',1),(113,'2021-06-18 16:02:15',1,'486',1),(114,'2021-06-18 16:02:36',1,'487',1),(115,'2021-06-18 16:02:53',1,'489',1),(116,'2021-06-18 16:03:10',1,'490',1),(117,'2021-06-18 16:03:34',1,'491',1),(118,'2021-06-18 16:03:55',1,'492',1),(119,'2021-06-18 16:04:11',1,'495',1),(120,'2021-06-18 16:04:28',1,'496',1),(121,'2021-06-18 16:04:42',1,'497',1),(122,'2021-06-19 03:00:47',1,'432',2),(123,'2021-06-19 03:01:42',1,'433',2),(124,'2021-06-19 03:02:03',1,'434',2),(125,'2021-06-19 03:02:31',1,'435',2),(126,'2021-06-19 03:02:49',1,'437',2),(127,'2021-06-19 03:03:07',1,'438',2),(128,'2021-06-19 03:03:28',1,'439',2),(129,'2021-06-19 03:03:47',1,'440',2),(130,'2021-06-19 03:04:02',1,'446',2),(131,'2021-06-19 03:04:19',1,'447',2),(132,'2021-06-19 03:04:39',1,'448',2),(133,'2022-01-21 05:48:18',1,'1',2),(134,'2022-02-21 11:44:36',1,'1',2);

--
-- Table structure for table `review_detail`
--

CREATE TABLE `review_detail` (
  `detail_id` bigint(20) unsigned NOT NULL AUTO_INCREMENT COMMENT 'Review detail ID',
  `review_id` bigint(20) unsigned NOT NULL DEFAULT 0 COMMENT 'Review ID',
  `store_id` smallint(5) unsigned DEFAULT 0 COMMENT 'Store ID',
  `title` varchar(255) NOT NULL COMMENT 'Title',
  `detail` text NOT NULL COMMENT 'Detail description',
  `nickname` varchar(128) NOT NULL COMMENT 'User nickname',
  `customer_id` int(10) unsigned DEFAULT NULL COMMENT 'Customer ID',
  PRIMARY KEY (`detail_id`),
  KEY `REVIEW_DETAIL_REVIEW_ID` (`review_id`),
  KEY `REVIEW_DETAIL_STORE_ID` (`store_id`),
  KEY `REVIEW_DETAIL_CUSTOMER_ID` (`customer_id`)
) ENGINE=InnoDB AUTO_INCREMENT=135 DEFAULT CHARSET=utf8 COMMENT='Review detail information';

--
-- Dumping data for table `review_detail`
--

INSERT INTO `review_detail` VALUES (4,4,1,'Alotheme','Lorem ipsum dolor sit amet, an munere tibique consequat mel, congue albucius no qui, at everti meliore erroribus sea. Vero graeco cotidieque ea duo, in eirmod insolens interpretaris nam. Pro at nostrud percipit definitiones, eu tale porro cum. Sea ne accusata voluptatibus. Ne cum falli dolor voluptua, duo ei sonet choro facilisis, labores officiis torquatos cum ei.','Binh Dong',NULL),(13,13,1,'Alotheme','Lorem ipsum dolor sit amet, an munere tibique consequat mel, congue albucius no qui, at everti meliore erroribus sea. Vero graeco cotidieque ea duo, in eirmod insolens interpretaris nam. Pro at nostrud percipit definitiones, eu tale porro cum. Sea ne accusata voluptatibus. Ne cum falli dolor voluptua, duo ei sonet choro facilisis, labores officiis torquatos cum ei.','Binh Dong',NULL),(17,17,1,'Alotheme','Lorem ipsum dolor sit amet, an munere tibique consequat mel, congue albucius no qui, at everti meliore erroribus sea. Vero graeco cotidieque ea duo, in eirmod insolens interpretaris nam. Pro at nostrud percipit definitiones, eu tale porro cum. Sea ne accusata voluptatibus. Ne cum falli dolor voluptua, duo ei sonet choro facilisis, labores officiis torquatos cum ei.','Binh Dong',NULL),(21,21,1,'Alotheme','Lorem ipsum dolor sit amet, an munere tibique consequat mel, congue albucius no qui, at everti meliore erroribus sea. Vero graeco cotidieque ea duo, in eirmod insolens interpretaris nam. Pro at nostrud percipit definitiones, eu tale porro cum. Sea ne accusata voluptatibus. Ne cum falli dolor voluptua, duo ei sonet choro facilisis, labores officiis torquatos cum ei.','Binh Dong',NULL),(27,27,1,'Alotheme','Lorem ipsum dolor sit amet, an munere tibique consequat mel, congue albucius no qui, at everti meliore erroribus sea. Vero graeco cotidieque ea duo, in eirmod insolens interpretaris nam. Pro at nostrud percipit definitiones, eu tale porro cum. Sea ne accusata voluptatibus. Ne cum falli dolor voluptua, duo ei sonet choro facilisis, labores officiis torquatos cum ei.','Binh Dong',NULL),(36,36,1,'Alotheme','Lorem ipsum dolor sit amet, an munere tibique consequat mel, congue albucius no qui, at everti meliore erroribus sea. Vero graeco cotidieque ea duo, in eirmod insolens interpretaris nam. Pro at nostrud percipit definitiones, eu tale porro cum. Sea ne accusata voluptatibus. Ne cum falli dolor voluptua, duo ei sonet choro facilisis, labores officiis torquatos cum ei.','Binh Dong',NULL),(37,37,1,'Alotheme','Lorem ipsum dolor sit amet, an munere tibique consequat mel, congue albucius no qui, at everti meliore erroribus sea. Vero graeco cotidieque ea duo, in eirmod insolens interpretaris nam. Pro at nostrud percipit definitiones, eu tale porro cum. Sea ne accusata voluptatibus. Ne cum falli dolor voluptua, duo ei sonet choro facilisis, labores officiis torquatos cum ei.','Binh Dong',NULL),(38,38,1,'Alotheme','Lorem ipsum dolor sit amet, an munere tibique consequat mel, congue albucius no qui, at everti meliore erroribus sea. Vero graeco cotidieque ea duo, in eirmod insolens interpretaris nam. Pro at nostrud percipit definitiones, eu tale porro cum. Sea ne accusata voluptatibus. Ne cum falli dolor voluptua, duo ei sonet choro facilisis, labores officiis torquatos cum ei.','Binh Dong',NULL),(43,43,1,'Alothemes','Lorem ipsum dolor sit amet, an munere tibique consequat mel, congue albucius no qui, at everti meliore erroribus sea. Vero graeco cotidieque ea duo, in eirmod insolens interpretaris nam. Pro at nostrud percipit definitiones, eu tale porro cum. Sea ne accusata voluptatibus. Ne cum falli dolor voluptua, duo ei sonet choro facilisis, labores officiis torquatos cum ei.','binh',NULL),(44,44,1,'Alothemes Store','like','Tony Nguyen',NULL),(45,45,1,'Alothemes','Lorem ipsum dolor sit amet, an munere tibique consequat mel, congue albucius no qui, at everti meliore erroribus sea. Vero graeco cotidieque ea duo, in eirmod insolens interpretaris nam. Pro at nostrud percipit definitiones, eu tale porro cum. Sea ne accusata voluptatibus. Ne cum falli dolor voluptua, duo ei sonet choro facilisis, labores officiis torquatos cum ei.','Tony',NULL),(46,46,1,'Alothemes','Lorem ipsum dolor sit amet, an munere tibique consequat mel, congue albucius no qui, at everti meliore erroribus sea. Vero graeco cotidieque ea duo, in eirmod insolens interpretaris nam. Pro at nostrud percipit definitiones, eu tale porro cum. Sea ne accusata voluptatibus. Ne cum falli dolor voluptua, duo ei sonet choro facilisis, labores officiis torquatos cum ei.','Tony',NULL),(47,47,1,'Alothemes','Lorem ipsum dolor sit amet, an munere tibique consequat mel, congue albucius no qui, at everti meliore erroribus sea. Vero graeco cotidieque ea duo, in eirmod insolens interpretaris nam. Pro at nostrud percipit definitiones, eu tale porro cum. Sea ne accusata voluptatibus. Ne cum falli dolor voluptua, duo ei sonet choro facilisis, labores officiis torquatos cum ei.','Tony',NULL),(48,48,1,'Alothemes','Lorem ipsum dolor sit amet, an munere tibique consequat mel, congue albucius no qui, at everti meliore erroribus sea. Vero graeco cotidieque ea duo, in eirmod insolens interpretaris nam. Pro at nostrud percipit definitiones, eu tale porro cum. Sea ne accusata voluptatibus. Ne cum falli dolor voluptua, duo ei sonet choro facilisis, labores officiis torquatos cum ei.','Tony',NULL),(49,49,1,'Alothemes','Lorem ipsum dolor sit amet, an munere tibique consequat mel, congue albucius no qui, at everti meliore erroribus sea. Vero graeco cotidieque ea duo, in eirmod insolens interpretaris nam. Pro at nostrud percipit definitiones, eu tale porro cum. Sea ne accusata voluptatibus. Ne cum falli dolor voluptua, duo ei sonet choro facilisis, labores officiis torquatos cum ei.','Tony',NULL),(50,50,1,'Alothemes','Lorem ipsum dolor sit amet, an munere tibique consequat mel, congue albucius no qui, at everti meliore erroribus sea. Vero graeco cotidieque ea duo, in eirmod insolens interpretaris nam. Pro at nostrud percipit definitiones, eu tale porro cum. Sea ne accusata voluptatibus. Ne cum falli dolor voluptua, duo ei sonet choro facilisis, labores officiis torquatos cum ei.','Tony',NULL),(51,51,1,'Alothemes','Lorem ipsum dolor sit amet, an munere tibique consequat mel, congue albucius no qui, at everti meliore erroribus sea. Vero graeco cotidieque ea duo, in eirmod insolens interpretaris nam. Pro at nostrud percipit definitiones, eu tale porro cum. Sea ne accusata voluptatibus. Ne cum falli dolor voluptua, duo ei sonet choro facilisis, labores officiis torquatos cum ei.','Tony',NULL),(52,52,1,'Alothemes','Lorem ipsum dolor sit amet, an munere tibique consequat mel, congue albucius no qui, at everti meliore erroribus sea. Vero graeco cotidieque ea duo, in eirmod insolens interpretaris nam. Pro at nostrud percipit definitiones, eu tale porro cum. Sea ne accusata voluptatibus. Ne cum falli dolor voluptua, duo ei sonet choro facilisis, labores officiis torquatos cum ei.','Tony',NULL),(53,53,1,'Alothemes','Lorem ipsum dolor sit amet, an munere tibique consequat mel, congue albucius no qui, at everti meliore erroribus sea. Vero graeco cotidieque ea duo, in eirmod insolens interpretaris nam. Pro at nostrud percipit definitiones, eu tale porro cum. Sea ne accusata voluptatibus. Ne cum falli dolor voluptua, duo ei sonet choro facilisis, labores officiis torquatos cum ei.','Tony',NULL),(54,54,1,'Alothemes','Lorem ipsum dolor sit amet, an munere tibique consequat mel, congue albucius no qui, at everti meliore erroribus sea. Vero graeco cotidieque ea duo, in eirmod insolens interpretaris nam. Pro at nostrud percipit definitiones, eu tale porro cum. Sea ne accusata voluptatibus. Ne cum falli dolor voluptua, duo ei sonet choro facilisis, labores officiis torquatos cum ei.','Tony',NULL),(55,55,1,'Alothemes','Lorem ipsum dolor sit amet, an munere tibique consequat mel, congue albucius no qui, at everti meliore erroribus sea. Vero graeco cotidieque ea duo, in eirmod insolens interpretaris nam. Pro at nostrud percipit definitiones, eu tale porro cum. Sea ne accusata voluptatibus. Ne cum falli dolor voluptua, duo ei sonet choro facilisis, labores officiis torquatos cum ei.','Tony',NULL),(56,56,1,'Alothemes','Lorem ipsum dolor sit amet, an munere tibique consequat mel, congue albucius no qui, at everti meliore erroribus sea. Vero graeco cotidieque ea duo, in eirmod insolens interpretaris nam. Pro at nostrud percipit definitiones, eu tale porro cum. Sea ne accusata voluptatibus. Ne cum falli dolor voluptua, duo ei sonet choro facilisis, labores officiis torquatos cum ei.','Tony',NULL),(57,57,1,'Alothemes','Lorem ipsum dolor sit amet, an munere tibique consequat mel, congue albucius no qui, at everti meliore erroribus sea. Vero graeco cotidieque ea duo, in eirmod insolens interpretaris nam. Pro at nostrud percipit definitiones, eu tale porro cum. Sea ne accusata voluptatibus. Ne cum falli dolor voluptua, duo ei sonet choro facilisis, labores officiis torquatos cum ei.','Tony',NULL),(58,58,1,'Alothemes','Lorem ipsum dolor sit amet, an munere tibique consequat mel, congue albucius no qui, at everti meliore erroribus sea. Vero graeco cotidieque ea duo, in eirmod insolens interpretaris nam. Pro at nostrud percipit definitiones, eu tale porro cum. Sea ne accusata voluptatibus. Ne cum falli dolor voluptua, duo ei sonet choro facilisis, labores officiis torquatos cum ei.','Tony',NULL),(59,59,1,'Alothemes','Lorem ipsum dolor sit amet, an munere tibique consequat mel, congue albucius no qui, at everti meliore erroribus sea. Vero graeco cotidieque ea duo, in eirmod insolens interpretaris nam. Pro at nostrud percipit definitiones, eu tale porro cum. Sea ne accusata voluptatibus. Ne cum falli dolor voluptua, duo ei sonet choro facilisis, labores officiis torquatos cum ei.','Tony',NULL),(60,60,9,'Alothemes','Lorem ipsum dolor sit amet, an munere tibique consequat mel, congue albucius no qui, at everti meliore erroribus sea. Vero graeco cotidieque ea duo, in eirmod insolens interpretaris nam. Pro at nostrud percipit definitiones, eu tale porro cum. Sea ne accusata voluptatibus. Ne cum falli dolor voluptua, duo ei sonet choro facilisis, labores officiis torquatos cum ei.','Tony',NULL),(61,61,9,'Alothemes','Lorem ipsum dolor sit amet, an munere tibique consequat mel, congue albucius no qui, at everti meliore erroribus sea. Vero graeco cotidieque ea duo, in eirmod insolens interpretaris nam. Pro at nostrud percipit definitiones, eu tale porro cum. Sea ne accusata voluptatibus. Ne cum falli dolor voluptua, duo ei sonet choro facilisis, labores officiis torquatos cum ei.','Tony',NULL),(62,62,9,'Alothemes','Lorem ipsum dolor sit amet, an munere tibique consequat mel, congue albucius no qui, at everti meliore erroribus sea. Vero graeco cotidieque ea duo, in eirmod insolens interpretaris nam. Pro at nostrud percipit definitiones, eu tale porro cum. Sea ne accusata voluptatibus. Ne cum falli dolor voluptua, duo ei sonet choro facilisis, labores officiis torquatos cum ei.','Tony',NULL),(63,63,9,'Alothemes','Lorem ipsum dolor sit amet, an munere tibique consequat mel, congue albucius no qui, at everti meliore erroribus sea. Vero graeco cotidieque ea duo, in eirmod insolens interpretaris nam. Pro at nostrud percipit definitiones, eu tale porro cum. Sea ne accusata voluptatibus. Ne cum falli dolor voluptua, duo ei sonet choro facilisis, labores officiis torquatos cum ei.','Tony',NULL),(64,64,9,'Alothemes','Lorem ipsum dolor sit amet, an munere tibique consequat mel, congue albucius no qui, at everti meliore erroribus sea. Vero graeco cotidieque ea duo, in eirmod insolens interpretaris nam. Pro at nostrud percipit definitiones, eu tale porro cum. Sea ne accusata voluptatibus. Ne cum falli dolor voluptua, duo ei sonet choro facilisis, labores officiis torquatos cum ei.','Tony',NULL),(65,65,9,'Alothemes','Lorem ipsum dolor sit amet, an munere tibique consequat mel, congue albucius no qui, at everti meliore erroribus sea. Vero graeco cotidieque ea duo, in eirmod insolens interpretaris nam. Pro at nostrud percipit definitiones, eu tale porro cum. Sea ne accusata voluptatibus. Ne cum falli dolor voluptua, duo ei sonet choro facilisis, labores officiis torquatos cum ei.','Tony',NULL),(66,66,9,'Alothemes','Lorem ipsum dolor sit amet, an munere tibique consequat mel, congue albucius no qui, at everti meliore erroribus sea. Vero graeco cotidieque ea duo, in eirmod insolens interpretaris nam. Pro at nostrud percipit definitiones, eu tale porro cum. Sea ne accusata voluptatibus. Ne cum falli dolor voluptua, duo ei sonet choro facilisis, labores officiis torquatos cum ei.','Tony',NULL),(67,67,9,'Alothemes','Lorem ipsum dolor sit amet, an munere tibique consequat mel, congue albucius no qui, at everti meliore erroribus sea. Vero graeco cotidieque ea duo, in eirmod insolens interpretaris nam. Pro at nostrud percipit definitiones, eu tale porro cum. Sea ne accusata voluptatibus. Ne cum falli dolor voluptua, duo ei sonet choro facilisis, labores officiis torquatos cum ei.','Tony',NULL),(68,68,9,'Alothemes','Lorem ipsum dolor sit amet, an munere tibique consequat mel, congue albucius no qui, at everti meliore erroribus sea. Vero graeco cotidieque ea duo, in eirmod insolens interpretaris nam. Pro at nostrud percipit definitiones, eu tale porro cum. Sea ne accusata voluptatibus. Ne cum falli dolor voluptua, duo ei sonet choro facilisis, labores officiis torquatos cum ei.','Tony',NULL),(69,69,9,'Alothemes','Lorem ipsum dolor sit amet, an munere tibique consequat mel, congue albucius no qui, at everti meliore erroribus sea. Vero graeco cotidieque ea duo, in eirmod insolens interpretaris nam. Pro at nostrud percipit definitiones, eu tale porro cum. Sea ne accusata voluptatibus. Ne cum falli dolor voluptua, duo ei sonet choro facilisis, labores officiis torquatos cum ei.','Tony',NULL),(70,70,9,'Alothemes','Lorem ipsum dolor sit amet, an munere tibique consequat mel, congue albucius no qui, at everti meliore erroribus sea. Vero graeco cotidieque ea duo, in eirmod insolens interpretaris nam. Pro at nostrud percipit definitiones, eu tale porro cum. Sea ne accusata voluptatibus. Ne cum falli dolor voluptua, duo ei sonet choro facilisis, labores officiis torquatos cum ei.','Tony',NULL),(71,71,9,'Alothemes','Lorem ipsum dolor sit amet, an munere tibique consequat mel, congue albucius no qui, at everti meliore erroribus sea. Vero graeco cotidieque ea duo, in eirmod insolens interpretaris nam. Pro at nostrud percipit definitiones, eu tale porro cum. Sea ne accusata voluptatibus. Ne cum falli dolor voluptua, duo ei sonet choro facilisis, labores officiis torquatos cum ei.','Tony',NULL),(72,72,9,'Alothemes','Lorem ipsum dolor sit amet, an munere tibique consequat mel, congue albucius no qui, at everti meliore erroribus sea. Vero graeco cotidieque ea duo, in eirmod insolens interpretaris nam. Pro at nostrud percipit definitiones, eu tale porro cum. Sea ne accusata voluptatibus. Ne cum falli dolor voluptua, duo ei sonet choro facilisis, labores officiis torquatos cum ei.','Tony',NULL),(73,73,9,'Alothemes','Lorem ipsum dolor sit amet, an munere tibique consequat mel, congue albucius no qui, at everti meliore erroribus sea. Vero graeco cotidieque ea duo, in eirmod insolens interpretaris nam. Pro at nostrud percipit definitiones, eu tale porro cum. Sea ne accusata voluptatibus. Ne cum falli dolor voluptua, duo ei sonet choro facilisis, labores officiis torquatos cum ei.','Tony',NULL),(74,74,9,'Alothemes','Lorem ipsum dolor sit amet, an munere tibique consequat mel, congue albucius no qui, at everti meliore erroribus sea. Vero graeco cotidieque ea duo, in eirmod insolens interpretaris nam. Pro at nostrud percipit definitiones, eu tale porro cum. Sea ne accusata voluptatibus. Ne cum falli dolor voluptua, duo ei sonet choro facilisis, labores officiis torquatos cum ei.','Tony',NULL),(75,75,9,'Alothemes','Lorem ipsum dolor sit amet, an munere tibique consequat mel, congue albucius no qui, at everti meliore erroribus sea. Vero graeco cotidieque ea duo, in eirmod insolens interpretaris nam. Pro at nostrud percipit definitiones, eu tale porro cum. Sea ne accusata voluptatibus. Ne cum falli dolor voluptua, duo ei sonet choro facilisis, labores officiis torquatos cum ei.','Tony',NULL),(76,76,9,'Alothemes','Lorem ipsum dolor sit amet, an munere tibique consequat mel, congue albucius no qui, at everti meliore erroribus sea. Vero graeco cotidieque ea duo, in eirmod insolens interpretaris nam. Pro at nostrud percipit definitiones, eu tale porro cum. Sea ne accusata voluptatibus. Ne cum falli dolor voluptua, duo ei sonet choro facilisis, labores officiis torquatos cum ei.','Tony',NULL),(77,77,9,'Alothemes','Lorem ipsum dolor sit amet, an munere tibique consequat mel, congue albucius no qui, at everti meliore erroribus sea. Vero graeco cotidieque ea duo, in eirmod insolens interpretaris nam. Pro at nostrud percipit definitiones, eu tale porro cum. Sea ne accusata voluptatibus. Ne cum falli dolor voluptua, duo ei sonet choro facilisis, labores officiis torquatos cum ei.','Tony',NULL),(78,78,9,'Alothemes','Lorem ipsum dolor sit amet, an munere tibique consequat mel, congue albucius no qui, at everti meliore erroribus sea. Vero graeco cotidieque ea duo, in eirmod insolens interpretaris nam. Pro at nostrud percipit definitiones, eu tale porro cum. Sea ne accusata voluptatibus. Ne cum falli dolor voluptua, duo ei sonet choro facilisis, labores officiis torquatos cum ei.','Tony',NULL),(79,79,9,'Alothemes','Lorem ipsum dolor sit amet, an munere tibique consequat mel, congue albucius no qui, at everti meliore erroribus sea. Vero graeco cotidieque ea duo, in eirmod insolens interpretaris nam. Pro at nostrud percipit definitiones, eu tale porro cum. Sea ne accusata voluptatibus. Ne cum falli dolor voluptua, duo ei sonet choro facilisis, labores officiis torquatos cum ei.','Tony',NULL),(80,80,9,'Alothemes','Lorem ipsum dolor sit amet, an munere tibique consequat mel, congue albucius no qui, at everti meliore erroribus sea. Vero graeco cotidieque ea duo, in eirmod insolens interpretaris nam. Pro at nostrud percipit definitiones, eu tale porro cum. Sea ne accusata voluptatibus. Ne cum falli dolor voluptua, duo ei sonet choro facilisis, labores officiis torquatos cum ei.','Tony',NULL),(81,81,9,'Alothemes','Lorem ipsum dolor sit amet, an munere tibique consequat mel, congue albucius no qui, at everti meliore erroribus sea. Vero graeco cotidieque ea duo, in eirmod insolens interpretaris nam. Pro at nostrud percipit definitiones, eu tale porro cum. Sea ne accusata voluptatibus. Ne cum falli dolor voluptua, duo ei sonet choro facilisis, labores officiis torquatos cum ei.','Tony',NULL),(82,82,9,'Alothemes','Lorem ipsum dolor sit amet, an munere tibique consequat mel, congue albucius no qui, at everti meliore erroribus sea. Vero graeco cotidieque ea duo, in eirmod insolens interpretaris nam. Pro at nostrud percipit definitiones, eu tale porro cum. Sea ne accusata voluptatibus. Ne cum falli dolor voluptua, duo ei sonet choro facilisis, labores officiis torquatos cum ei.','Tony',NULL),(83,83,9,'Alothemes','Lorem ipsum dolor sit amet, an munere tibique consequat mel, congue albucius no qui, at everti meliore erroribus sea. Vero graeco cotidieque ea duo, in eirmod insolens interpretaris nam. Pro at nostrud percipit definitiones, eu tale porro cum. Sea ne accusata voluptatibus. Ne cum falli dolor voluptua, duo ei sonet choro facilisis, labores officiis torquatos cum ei.','Tony',NULL),(84,84,9,'Alothemes','Lorem ipsum dolor sit amet, an munere tibique consequat mel, congue albucius no qui, at everti meliore erroribus sea. Vero graeco cotidieque ea duo, in eirmod insolens interpretaris nam. Pro at nostrud percipit definitiones, eu tale porro cum. Sea ne accusata voluptatibus. Ne cum falli dolor voluptua, duo ei sonet choro facilisis, labores officiis torquatos cum ei.','Tony',NULL),(85,85,9,'Alothemes','Lorem ipsum dolor sit amet, an munere tibique consequat mel, congue albucius no qui, at everti meliore erroribus sea. Vero graeco cotidieque ea duo, in eirmod insolens interpretaris nam. Pro at nostrud percipit definitiones, eu tale porro cum. Sea ne accusata voluptatibus. Ne cum falli dolor voluptua, duo ei sonet choro facilisis, labores officiis torquatos cum ei.','Tony',NULL),(86,86,9,'Alothemes','Lorem ipsum dolor sit amet, an munere tibique consequat mel, congue albucius no qui, at everti meliore erroribus sea. Vero graeco cotidieque ea duo, in eirmod insolens interpretaris nam. Pro at nostrud percipit definitiones, eu tale porro cum. Sea ne accusata voluptatibus. Ne cum falli dolor voluptua, duo ei sonet choro facilisis, labores officiis torquatos cum ei.','Tony',NULL),(87,87,9,'Alothemes','Lorem ipsum dolor sit amet, an munere tibique consequat mel, congue albucius no qui, at everti meliore erroribus sea. Vero graeco cotidieque ea duo, in eirmod insolens interpretaris nam. Pro at nostrud percipit definitiones, eu tale porro cum. Sea ne accusata voluptatibus. Ne cum falli dolor voluptua, duo ei sonet choro facilisis, labores officiis torquatos cum ei.','Tony',NULL),(88,88,9,'Alothemes','Lorem ipsum dolor sit amet, an munere tibique consequat mel, congue albucius no qui, at everti meliore erroribus sea. Vero graeco cotidieque ea duo, in eirmod insolens interpretaris nam. Pro at nostrud percipit definitiones, eu tale porro cum. Sea ne accusata voluptatibus. Ne cum falli dolor voluptua, duo ei sonet choro facilisis, labores officiis torquatos cum ei.','Tony',NULL),(89,89,9,'Alothemes','Lorem ipsum dolor sit amet, an munere tibique consequat mel, congue albucius no qui, at everti meliore erroribus sea. Vero graeco cotidieque ea duo, in eirmod insolens interpretaris nam. Pro at nostrud percipit definitiones, eu tale porro cum. Sea ne accusata voluptatibus. Ne cum falli dolor voluptua, duo ei sonet choro facilisis, labores officiis torquatos cum ei.','Tony',NULL),(90,90,9,'Alothemes','Lorem ipsum dolor sit amet, an munere tibique consequat mel, congue albucius no qui, at everti meliore erroribus sea. Vero graeco cotidieque ea duo, in eirmod insolens interpretaris nam. Pro at nostrud percipit definitiones, eu tale porro cum. Sea ne accusata voluptatibus. Ne cum falli dolor voluptua, duo ei sonet choro facilisis, labores officiis torquatos cum ei.','Tony',NULL),(91,91,9,'Alothemes','Lorem ipsum dolor sit amet, an munere tibique consequat mel, congue albucius no qui, at everti meliore erroribus sea. Vero graeco cotidieque ea duo, in eirmod insolens interpretaris nam. Pro at nostrud percipit definitiones, eu tale porro cum. Sea ne accusata voluptatibus. Ne cum falli dolor voluptua, duo ei sonet choro facilisis, labores officiis torquatos cum ei.','Tony',NULL),(92,92,9,'Alothemes','Lorem ipsum dolor sit amet, an munere tibique consequat mel, congue albucius no qui, at everti meliore erroribus sea. Vero graeco cotidieque ea duo, in eirmod insolens interpretaris nam. Pro at nostrud percipit definitiones, eu tale porro cum. Sea ne accusata voluptatibus. Ne cum falli dolor voluptua, duo ei sonet choro facilisis, labores officiis torquatos cum ei.','Tony',NULL),(93,93,9,'Alothemes','Lorem ipsum dolor sit amet, an munere tibique consequat mel, congue albucius no qui, at everti meliore erroribus sea. Vero graeco cotidieque ea duo, in eirmod insolens interpretaris nam. Pro at nostrud percipit definitiones, eu tale porro cum. Sea ne accusata voluptatibus. Ne cum falli dolor voluptua, duo ei sonet choro facilisis, labores officiis torquatos cum ei.','Tony',NULL),(94,94,9,'Alothemes','Lorem ipsum dolor sit amet, an munere tibique consequat mel, congue albucius no qui, at everti meliore erroribus sea. Vero graeco cotidieque ea duo, in eirmod insolens interpretaris nam. Pro at nostrud percipit definitiones, eu tale porro cum. Sea ne accusata voluptatibus. Ne cum falli dolor voluptua, duo ei sonet choro facilisis, labores officiis torquatos cum ei.','Tony',NULL),(95,95,9,'Alothemes','Lorem ipsum dolor sit amet, an munere tibique consequat mel, congue albucius no qui, at everti meliore erroribus sea. Vero graeco cotidieque ea duo, in eirmod insolens interpretaris nam. Pro at nostrud percipit definitiones, eu tale porro cum. Sea ne accusata voluptatibus. Ne cum falli dolor voluptua, duo ei sonet choro facilisis, labores officiis torquatos cum ei.','Tony',NULL),(96,96,9,'Alothemes','Lorem ipsum dolor sit amet, an munere tibique consequat mel, congue albucius no qui, at everti meliore erroribus sea. Vero graeco cotidieque ea duo, in eirmod insolens interpretaris nam. Pro at nostrud percipit definitiones, eu tale porro cum. Sea ne accusata voluptatibus. Ne cum falli dolor voluptua, duo ei sonet choro facilisis, labores officiis torquatos cum ei.','Tony',NULL),(97,97,9,'Alothemes','Lorem ipsum dolor sit amet, an munere tibique consequat mel, congue albucius no qui, at everti meliore erroribus sea. Vero graeco cotidieque ea duo, in eirmod insolens interpretaris nam. Pro at nostrud percipit definitiones, eu tale porro cum. Sea ne accusata voluptatibus. Ne cum falli dolor voluptua, duo ei sonet choro facilisis, labores officiis torquatos cum ei.','Tony',NULL),(98,98,9,'Alothemes','Lorem ipsum dolor sit amet, an munere tibique consequat mel, congue albucius no qui, at everti meliore erroribus sea. Vero graeco cotidieque ea duo, in eirmod insolens interpretaris nam. Pro at nostrud percipit definitiones, eu tale porro cum. Sea ne accusata voluptatibus. Ne cum falli dolor voluptua, duo ei sonet choro facilisis, labores officiis torquatos cum ei.','Tony',NULL),(99,99,9,'Alothemes','Lorem ipsum dolor sit amet, an munere tibique consequat mel, congue albucius no qui, at everti meliore erroribus sea. Vero graeco cotidieque ea duo, in eirmod insolens interpretaris nam. Pro at nostrud percipit definitiones, eu tale porro cum. Sea ne accusata voluptatibus. Ne cum falli dolor voluptua, duo ei sonet choro facilisis, labores officiis torquatos cum ei.','Tony',NULL),(100,100,9,'Alothemes','Lorem ipsum dolor sit amet, an munere tibique consequat mel, congue albucius no qui, at everti meliore erroribus sea. Vero graeco cotidieque ea duo, in eirmod insolens interpretaris nam. Pro at nostrud percipit definitiones, eu tale porro cum. Sea ne accusata voluptatibus. Ne cum falli dolor voluptua, duo ei sonet choro facilisis, labores officiis torquatos cum ei.','Tony',NULL),(101,101,9,'Alothemes','Lorem ipsum dolor sit amet, an munere tibique consequat mel, congue albucius no qui, at everti meliore erroribus sea. Vero graeco cotidieque ea duo, in eirmod insolens interpretaris nam. Pro at nostrud percipit definitiones, eu tale porro cum. Sea ne accusata voluptatibus. Ne cum falli dolor voluptua, duo ei sonet choro facilisis, labores officiis torquatos cum ei.','Tony',NULL),(102,102,9,'Alothemes','Lorem ipsum dolor sit amet, an munere tibique consequat mel, congue albucius no qui, at everti meliore erroribus sea. Vero graeco cotidieque ea duo, in eirmod insolens interpretaris nam. Pro at nostrud percipit definitiones, eu tale porro cum. Sea ne accusata voluptatibus. Ne cum falli dolor voluptua, duo ei sonet choro facilisis, labores officiis torquatos cum ei.','Tony',NULL),(103,103,9,'Alothemes','Lorem ipsum dolor sit amet, an munere tibique consequat mel, congue albucius no qui, at everti meliore erroribus sea. Vero graeco cotidieque ea duo, in eirmod insolens interpretaris nam. Pro at nostrud percipit definitiones, eu tale porro cum. Sea ne accusata voluptatibus. Ne cum falli dolor voluptua, duo ei sonet choro facilisis, labores officiis torquatos cum ei.','Tony',NULL),(104,104,9,'Alothemes','Lorem ipsum dolor sit amet, an munere tibique consequat mel, congue albucius no qui, at everti meliore erroribus sea. Vero graeco cotidieque ea duo, in eirmod insolens interpretaris nam. Pro at nostrud percipit definitiones, eu tale porro cum. Sea ne accusata voluptatibus. Ne cum falli dolor voluptua, duo ei sonet choro facilisis, labores officiis torquatos cum ei.','Tony',NULL),(105,105,9,'Alothemes','Lorem ipsum dolor sit amet, an munere tibique consequat mel, congue albucius no qui, at everti meliore erroribus sea. Vero graeco cotidieque ea duo, in eirmod insolens interpretaris nam. Pro at nostrud percipit definitiones, eu tale porro cum. Sea ne accusata voluptatibus. Ne cum falli dolor voluptua, duo ei sonet choro facilisis, labores officiis torquatos cum ei.','Tony',NULL),(106,106,9,'Alothemes','Lorem ipsum dolor sit amet, an munere tibique consequat mel, congue albucius no qui, at everti meliore erroribus sea. Vero graeco cotidieque ea duo, in eirmod insolens interpretaris nam. Pro at nostrud percipit definitiones, eu tale porro cum. Sea ne accusata voluptatibus. Ne cum falli dolor voluptua, duo ei sonet choro facilisis, labores officiis torquatos cum ei.','Tony',NULL),(107,107,9,'Alothemes','Lorem ipsum dolor sit amet, an munere tibique consequat mel, congue albucius no qui, at everti meliore erroribus sea. Vero graeco cotidieque ea duo, in eirmod insolens interpretaris nam. Pro at nostrud percipit definitiones, eu tale porro cum. Sea ne accusata voluptatibus. Ne cum falli dolor voluptua, duo ei sonet choro facilisis, labores officiis torquatos cum ei.','Tony',NULL),(108,108,9,'Alothemes','Lorem ipsum dolor sit amet, an munere tibique consequat mel, congue albucius no qui, at everti meliore erroribus sea. Vero graeco cotidieque ea duo, in eirmod insolens interpretaris nam. Pro at nostrud percipit definitiones, eu tale porro cum. Sea ne accusata voluptatibus. Ne cum falli dolor voluptua, duo ei sonet choro facilisis, labores officiis torquatos cum ei.','Tony',NULL),(109,109,9,'Alothemes','Lorem ipsum dolor sit amet, an munere tibique consequat mel, congue albucius no qui, at everti meliore erroribus sea. Vero graeco cotidieque ea duo, in eirmod insolens interpretaris nam. Pro at nostrud percipit definitiones, eu tale porro cum. Sea ne accusata voluptatibus. Ne cum falli dolor voluptua, duo ei sonet choro facilisis, labores officiis torquatos cum ei.','Tony',NULL),(110,110,9,'Alothemes','Lorem ipsum dolor sit amet, an munere tibique consequat mel, congue albucius no qui, at everti meliore erroribus sea. Vero graeco cotidieque ea duo, in eirmod insolens interpretaris nam. Pro at nostrud percipit definitiones, eu tale porro cum. Sea ne accusata voluptatibus. Ne cum falli dolor voluptua, duo ei sonet choro facilisis, labores officiis torquatos cum ei.','Tony',NULL),(111,111,9,'Alothemes','Lorem ipsum dolor sit amet, an munere tibique consequat mel, congue albucius no qui, at everti meliore erroribus sea. Vero graeco cotidieque ea duo, in eirmod insolens interpretaris nam. Pro at nostrud percipit definitiones, eu tale porro cum. Sea ne accusata voluptatibus. Ne cum falli dolor voluptua, duo ei sonet choro facilisis, labores officiis torquatos cum ei.','Tony',NULL),(112,112,9,'Alothemes','Lorem ipsum dolor sit amet, an munere tibique consequat mel, congue albucius no qui, at everti meliore erroribus sea. Vero graeco cotidieque ea duo, in eirmod insolens interpretaris nam. Pro at nostrud percipit definitiones, eu tale porro cum. Sea ne accusata voluptatibus. Ne cum falli dolor voluptua, duo ei sonet choro facilisis, labores officiis torquatos cum ei.','Tony',NULL),(113,113,9,'Alothemes','Lorem ipsum dolor sit amet, an munere tibique consequat mel, congue albucius no qui, at everti meliore erroribus sea. Vero graeco cotidieque ea duo, in eirmod insolens interpretaris nam. Pro at nostrud percipit definitiones, eu tale porro cum. Sea ne accusata voluptatibus. Ne cum falli dolor voluptua, duo ei sonet choro facilisis, labores officiis torquatos cum ei.','Tony',NULL),(114,114,9,'Alothemes','Lorem ipsum dolor sit amet, an munere tibique consequat mel, congue albucius no qui, at everti meliore erroribus sea. Vero graeco cotidieque ea duo, in eirmod insolens interpretaris nam. Pro at nostrud percipit definitiones, eu tale porro cum. Sea ne accusata voluptatibus. Ne cum falli dolor voluptua, duo ei sonet choro facilisis, labores officiis torquatos cum ei.','Tony',NULL),(115,115,9,'Alothemes','Lorem ipsum dolor sit amet, an munere tibique consequat mel, congue albucius no qui, at everti meliore erroribus sea. Vero graeco cotidieque ea duo, in eirmod insolens interpretaris nam. Pro at nostrud percipit definitiones, eu tale porro cum. Sea ne accusata voluptatibus. Ne cum falli dolor voluptua, duo ei sonet choro facilisis, labores officiis torquatos cum ei.','Tony',NULL),(116,116,9,'Alothemes','Lorem ipsum dolor sit amet, an munere tibique consequat mel, congue albucius no qui, at everti meliore erroribus sea. Vero graeco cotidieque ea duo, in eirmod insolens interpretaris nam. Pro at nostrud percipit definitiones, eu tale porro cum. Sea ne accusata voluptatibus. Ne cum falli dolor voluptua, duo ei sonet choro facilisis, labores officiis torquatos cum ei.','Tony',NULL),(117,117,9,'Alothemes','Lorem ipsum dolor sit amet, an munere tibique consequat mel, congue albucius no qui, at everti meliore erroribus sea. Vero graeco cotidieque ea duo, in eirmod insolens interpretaris nam. Pro at nostrud percipit definitiones, eu tale porro cum. Sea ne accusata voluptatibus. Ne cum falli dolor voluptua, duo ei sonet choro facilisis, labores officiis torquatos cum ei.','Tony',NULL),(118,118,9,'Alothemes','Lorem ipsum dolor sit amet, an munere tibique consequat mel, congue albucius no qui, at everti meliore erroribus sea. Vero graeco cotidieque ea duo, in eirmod insolens interpretaris nam. Pro at nostrud percipit definitiones, eu tale porro cum. Sea ne accusata voluptatibus. Ne cum falli dolor voluptua, duo ei sonet choro facilisis, labores officiis torquatos cum ei.','Tony',NULL),(119,119,9,'Alothemes','Lorem ipsum dolor sit amet, an munere tibique consequat mel, congue albucius no qui, at everti meliore erroribus sea. Vero graeco cotidieque ea duo, in eirmod insolens interpretaris nam. Pro at nostrud percipit definitiones, eu tale porro cum. Sea ne accusata voluptatibus. Ne cum falli dolor voluptua, duo ei sonet choro facilisis, labores officiis torquatos cum ei.','Tony',NULL),(120,120,9,'Alothemes','Lorem ipsum dolor sit amet, an munere tibique consequat mel, congue albucius no qui, at everti meliore erroribus sea. Vero graeco cotidieque ea duo, in eirmod insolens interpretaris nam. Pro at nostrud percipit definitiones, eu tale porro cum. Sea ne accusata voluptatibus. Ne cum falli dolor voluptua, duo ei sonet choro facilisis, labores officiis torquatos cum ei.','Tony',NULL),(121,121,9,'Alothemes','Lorem ipsum dolor sit amet, an munere tibique consequat mel, congue albucius no qui, at everti meliore erroribus sea. Vero graeco cotidieque ea duo, in eirmod insolens interpretaris nam. Pro at nostrud percipit definitiones, eu tale porro cum. Sea ne accusata voluptatibus. Ne cum falli dolor voluptua, duo ei sonet choro facilisis, labores officiis torquatos cum ei.','Tony',NULL),(122,122,15,'Alothemes','Lorem ipsum dolor sit amet, an munere tibique consequat mel, congue albucius no qui, at everti meliore erroribus sea. Vero graeco cotidieque ea duo, in eirmod insolens interpretaris nam. Pro at nostrud percipit definitiones, eu tale porro cum. Sea ne accusata voluptatibus. Ne cum falli dolor voluptua, duo ei sonet choro facilisis, labores officiis torquatos cum ei.','Tony',NULL),(123,123,15,'Alothemes','Lorem ipsum dolor sit amet, an munere tibique consequat mel, congue albucius no qui, at everti meliore erroribus sea. Vero graeco cotidieque ea duo, in eirmod insolens interpretaris nam. Pro at nostrud percipit definitiones, eu tale porro cum. Sea ne accusata voluptatibus. Ne cum falli dolor voluptua, duo ei sonet choro facilisis, labores officiis torquatos cum ei.','Tony',NULL),(124,124,15,'Alothemes','Lorem ipsum dolor sit amet, an munere tibique consequat mel, congue albucius no qui, at everti meliore erroribus sea. Vero graeco cotidieque ea duo, in eirmod insolens interpretaris nam. Pro at nostrud percipit definitiones, eu tale porro cum. Sea ne accusata voluptatibus. Ne cum falli dolor voluptua, duo ei sonet choro facilisis, labores officiis torquatos cum ei.','Tony',NULL),(125,125,15,'Alothemes','Lorem ipsum dolor sit amet, an munere tibique consequat mel, congue albucius no qui, at everti meliore erroribus sea. Vero graeco cotidieque ea duo, in eirmod insolens interpretaris nam. Pro at nostrud percipit definitiones, eu tale porro cum. Sea ne accusata voluptatibus. Ne cum falli dolor voluptua, duo ei sonet choro facilisis, labores officiis torquatos cum ei.','Tony',NULL),(126,126,15,'Alothemes','Lorem ipsum dolor sit amet, an munere tibique consequat mel, congue albucius no qui, at everti meliore erroribus sea. Vero graeco cotidieque ea duo, in eirmod insolens interpretaris nam. Pro at nostrud percipit definitiones, eu tale porro cum. Sea ne accusata voluptatibus. Ne cum falli dolor voluptua, duo ei sonet choro facilisis, labores officiis torquatos cum ei.','Tony',NULL),(127,127,15,'Alothemes','Lorem ipsum dolor sit amet, an munere tibique consequat mel, congue albucius no qui, at everti meliore erroribus sea. Vero graeco cotidieque ea duo, in eirmod insolens interpretaris nam. Pro at nostrud percipit definitiones, eu tale porro cum. Sea ne accusata voluptatibus. Ne cum falli dolor voluptua, duo ei sonet choro facilisis, labores officiis torquatos cum ei.','Tony',NULL),(128,128,15,'Alothemes','Lorem ipsum dolor sit amet, an munere tibique consequat mel, congue albucius no qui, at everti meliore erroribus sea. Vero graeco cotidieque ea duo, in eirmod insolens interpretaris nam. Pro at nostrud percipit definitiones, eu tale porro cum. Sea ne accusata voluptatibus. Ne cum falli dolor voluptua, duo ei sonet choro facilisis, labores officiis torquatos cum ei.','Tony',NULL),(129,129,15,'Alothemes','Lorem ipsum dolor sit amet, an munere tibique consequat mel, congue albucius no qui, at everti meliore erroribus sea. Vero graeco cotidieque ea duo, in eirmod insolens interpretaris nam. Pro at nostrud percipit definitiones, eu tale porro cum. Sea ne accusata voluptatibus. Ne cum falli dolor voluptua, duo ei sonet choro facilisis, labores officiis torquatos cum ei.','Tony',NULL),(130,130,15,'Alothemes','Lorem ipsum dolor sit amet, an munere tibique consequat mel, congue albucius no qui, at everti meliore erroribus sea. Vero graeco cotidieque ea duo, in eirmod insolens interpretaris nam. Pro at nostrud percipit definitiones, eu tale porro cum. Sea ne accusata voluptatibus. Ne cum falli dolor voluptua, duo ei sonet choro facilisis, labores officiis torquatos cum ei.','Tony',NULL),(131,131,15,'Alothemes','Lorem ipsum dolor sit amet, an munere tibique consequat mel, congue albucius no qui, at everti meliore erroribus sea. Vero graeco cotidieque ea duo, in eirmod insolens interpretaris nam. Pro at nostrud percipit definitiones, eu tale porro cum. Sea ne accusata voluptatibus. Ne cum falli dolor voluptua, duo ei sonet choro facilisis, labores officiis torquatos cum ei.','Tony',NULL),(132,132,15,'Alothemes','Lorem ipsum dolor sit amet, an munere tibique consequat mel, congue albucius no qui, at everti meliore erroribus sea. Vero graeco cotidieque ea duo, in eirmod insolens interpretaris nam. Pro at nostrud percipit definitiones, eu tale porro cum. Sea ne accusata voluptatibus. Ne cum falli dolor voluptua, duo ei sonet choro facilisis, labores officiis torquatos cum ei.','Tony',NULL),(133,133,1,'test','test','Test',NULL),(134,134,7,'test','test','test',NULL);

--
-- Table structure for table `review_entity`
--

CREATE TABLE `review_entity` (
  `entity_id` smallint(5) unsigned NOT NULL AUTO_INCREMENT COMMENT 'Review entity ID',
  `entity_code` varchar(32) NOT NULL COMMENT 'Review entity code',
  PRIMARY KEY (`entity_id`)
) ENGINE=InnoDB AUTO_INCREMENT=4 DEFAULT CHARSET=utf8 COMMENT='Review entities';

--
-- Dumping data for table `review_entity`
--

INSERT INTO `review_entity` VALUES (1,'product'),(2,'customer'),(3,'category');

--
-- Table structure for table `review_entity_summary`
--

CREATE TABLE `review_entity_summary` (
  `primary_id` bigint(20) NOT NULL AUTO_INCREMENT COMMENT 'Summary review entity ID',
  `entity_pk_value` bigint(20) NOT NULL DEFAULT 0 COMMENT 'Product ID',
  `entity_type` smallint(6) NOT NULL DEFAULT 0 COMMENT 'Entity type ID',
  `reviews_count` smallint(6) NOT NULL DEFAULT 0 COMMENT 'Qty of reviews',
  `rating_summary` smallint(6) NOT NULL DEFAULT 0 COMMENT 'Summarized rating',
  `store_id` smallint(5) unsigned NOT NULL DEFAULT 0 COMMENT 'Store ID',
  PRIMARY KEY (`primary_id`),
  UNIQUE KEY `REVIEW_ENTITY_SUMMARY_ENTITY_PK_VALUE_STORE_ID_ENTITY_TYPE` (`entity_pk_value`,`store_id`,`entity_type`),
  KEY `REVIEW_ENTITY_SUMMARY_STORE_ID` (`store_id`)
) ENGINE=InnoDB AUTO_INCREMENT=2600 DEFAULT CHARSET=utf8 COMMENT='Review aggregates';

--
-- Dumping data for table `review_entity_summary`
--

INSERT INTO `review_entity_summary` VALUES (92,105,1,1,100,1),(93,105,1,1,100,2),(94,105,1,1,100,3),(95,105,1,1,100,4),(96,105,1,1,100,5),(97,105,1,1,100,6),(98,105,1,1,100,7),(99,105,1,1,100,8),(100,105,1,1,100,9),(101,105,1,1,100,10),(102,105,1,1,100,11),(103,105,1,1,100,12),(104,105,1,1,100,13),(105,105,1,1,100,14),(106,105,1,1,100,15),(107,105,1,1,100,16),(108,105,1,1,100,17),(109,105,1,1,100,18),(110,105,1,1,100,19),(111,105,1,1,100,20),(182,105,1,1,100,0),(276,1,1,2,77,1),(277,1,1,2,77,2),(278,1,1,2,77,3),(279,1,1,2,77,4),(280,1,1,2,77,5),(281,1,1,2,77,6),(282,1,1,2,77,7),(283,1,1,2,77,8),(284,1,1,2,77,9),(285,1,1,2,77,10),(286,1,1,2,77,11),(287,1,1,2,77,12),(288,1,1,2,77,13),(289,1,1,2,77,14),(290,1,1,2,77,15),(291,1,1,2,77,16),(292,1,1,2,77,17),(293,1,1,2,77,18),(294,1,1,2,77,19),(295,1,1,2,77,20),(366,12,1,1,73,1),(367,12,1,1,73,2),(368,12,1,1,73,3),(369,12,1,1,73,4),(370,12,1,1,73,5),(371,12,1,1,73,6),(372,12,1,1,73,7),(373,12,1,1,73,8),(374,12,1,1,73,9),(375,12,1,1,73,10),(376,12,1,1,73,11),(377,12,1,1,73,12),(378,12,1,1,73,13),(379,12,1,1,73,14),(380,12,1,1,73,15),(381,12,1,1,73,16),(382,12,1,1,73,17),(383,12,1,1,73,18),(384,12,1,1,73,19),(385,12,1,1,73,20),(487,1,1,2,77,0),(492,12,1,1,73,0),(556,3,1,1,67,1),(557,3,1,1,67,2),(558,3,1,1,67,3),(559,3,1,1,67,4),(560,3,1,1,67,5),(561,3,1,1,67,6),(562,3,1,1,67,7),(563,3,1,1,67,8),(564,3,1,1,67,9),(565,3,1,1,67,10),(566,3,1,1,67,11),(567,3,1,1,67,12),(568,3,1,1,67,13),(569,3,1,1,67,14),(570,3,1,1,67,15),(571,3,1,1,67,16),(572,3,1,1,67,17),(573,3,1,1,67,18),(574,3,1,1,67,19),(575,3,1,1,67,20),(586,3,1,1,67,0),(804,138,1,2,80,1),(805,138,1,2,80,2),(806,138,1,2,80,3),(807,138,1,2,80,4),(808,138,1,2,80,5),(809,138,1,2,80,6),(810,138,1,2,80,7),(811,138,1,2,80,8),(812,138,1,2,80,9),(813,138,1,2,80,10),(814,138,1,2,80,11),(815,138,1,2,80,12),(816,138,1,2,80,13),(817,138,1,2,80,14),(818,138,1,2,80,15),(819,138,1,2,80,16),(820,138,1,2,80,17),(821,138,1,2,80,18),(822,138,1,2,80,19),(823,138,1,2,80,20),(834,139,1,1,80,1),(835,139,1,1,80,2),(836,139,1,1,80,3),(837,139,1,1,80,4),(838,139,1,1,80,5),(839,139,1,1,80,6),(840,139,1,1,80,7),(841,139,1,1,80,8),(842,139,1,1,80,9),(843,139,1,1,80,10),(844,139,1,1,80,11),(845,139,1,1,80,12),(846,139,1,1,80,13),(847,139,1,1,80,14),(848,139,1,1,80,15),(849,139,1,1,80,16),(850,139,1,1,80,17),(851,139,1,1,80,18),(852,139,1,1,80,19),(853,139,1,1,80,20),(867,138,1,2,80,0),(868,139,1,1,80,0),(951,343,1,1,53,1),(952,343,1,1,53,2),(953,343,1,1,53,3),(954,343,1,1,53,4),(955,343,1,1,53,5),(956,343,1,1,53,6),(957,343,1,1,53,7),(958,343,1,1,53,8),(959,343,1,1,53,9),(960,343,1,1,53,10),(961,343,1,1,53,11),(962,343,1,1,53,12),(963,343,1,1,53,13),(964,343,1,1,53,14),(965,343,1,1,53,15),(966,343,1,1,53,16),(967,343,1,1,53,17),(968,343,1,1,53,18),(969,343,1,1,53,19),(970,343,1,1,53,20),(971,343,1,1,53,0),(972,322,1,1,100,1),(973,322,1,1,100,2),(974,322,1,1,100,3),(975,322,1,1,100,4),(976,322,1,1,100,5),(977,322,1,1,100,6),(978,322,1,1,100,7),(979,322,1,1,100,8),(980,322,1,1,100,9),(981,322,1,1,100,10),(982,322,1,1,100,11),(983,322,1,1,100,12),(984,322,1,1,100,13),(985,322,1,1,100,14),(986,322,1,1,100,15),(987,322,1,1,100,16),(988,322,1,1,100,17),(989,322,1,1,100,18),(990,322,1,1,100,19),(991,322,1,1,100,20),(992,368,1,1,80,1),(993,368,1,1,80,2),(994,368,1,1,80,3),(995,368,1,1,80,4),(996,368,1,1,80,5),(997,368,1,1,80,6),(998,368,1,1,80,7),(999,368,1,1,80,8),(1000,368,1,1,80,9),(1001,368,1,1,80,10),(1002,368,1,1,80,11),(1003,368,1,1,80,12),(1004,368,1,1,80,13),(1005,368,1,1,80,14),(1006,368,1,1,80,15),(1007,368,1,1,80,16),(1008,368,1,1,80,17),(1009,368,1,1,80,18),(1010,368,1,1,80,19),(1011,368,1,1,80,20),(1012,346,1,1,73,1),(1013,346,1,1,73,2),(1014,346,1,1,73,3),(1015,346,1,1,73,4),(1016,346,1,1,73,5),(1017,346,1,1,73,6),(1018,346,1,1,73,7),(1019,346,1,1,73,8),(1020,346,1,1,73,9),(1021,346,1,1,73,10),(1022,346,1,1,73,11),(1023,346,1,1,73,12),(1024,346,1,1,73,13),(1025,346,1,1,73,14),(1026,346,1,1,73,15),(1027,346,1,1,73,16),(1028,346,1,1,73,17),(1029,346,1,1,73,18),(1030,346,1,1,73,19),(1031,346,1,1,73,20),(1032,344,1,1,80,1),(1033,344,1,1,80,2),(1034,344,1,1,80,3),(1035,344,1,1,80,4),(1036,344,1,1,80,5),(1037,344,1,1,80,6),(1038,344,1,1,80,7),(1039,344,1,1,80,8),(1040,344,1,1,80,9),(1041,344,1,1,80,10),(1042,344,1,1,80,11),(1043,344,1,1,80,12),(1044,344,1,1,80,13),(1045,344,1,1,80,14),(1046,344,1,1,80,15),(1047,344,1,1,80,16),(1048,344,1,1,80,17),(1049,344,1,1,80,18),(1050,344,1,1,80,19),(1051,344,1,1,80,20),(1052,342,1,1,60,1),(1053,342,1,1,60,2),(1054,342,1,1,60,3),(1055,342,1,1,60,4),(1056,342,1,1,60,5),(1057,342,1,1,60,6),(1058,342,1,1,60,7),(1059,342,1,1,60,8),(1060,342,1,1,60,9),(1061,342,1,1,60,10),(1062,342,1,1,60,11),(1063,342,1,1,60,12),(1064,342,1,1,60,13),(1065,342,1,1,60,14),(1066,342,1,1,60,15),(1067,342,1,1,60,16),(1068,342,1,1,60,17),(1069,342,1,1,60,18),(1070,342,1,1,60,19),(1071,342,1,1,60,20),(1072,340,1,1,73,1),(1073,340,1,1,73,2),(1074,340,1,1,73,3),(1075,340,1,1,73,4),(1076,340,1,1,73,5),(1077,340,1,1,73,6),(1078,340,1,1,73,7),(1079,340,1,1,73,8),(1080,340,1,1,73,9),(1081,340,1,1,73,10),(1082,340,1,1,73,11),(1083,340,1,1,73,12),(1084,340,1,1,73,13),(1085,340,1,1,73,14),(1086,340,1,1,73,15),(1087,340,1,1,73,16),(1088,340,1,1,73,17),(1089,340,1,1,73,18),(1090,340,1,1,73,19),(1091,340,1,1,73,20),(1092,338,1,1,80,1),(1093,338,1,1,80,2),(1094,338,1,1,80,3),(1095,338,1,1,80,4),(1096,338,1,1,80,5),(1097,338,1,1,80,6),(1098,338,1,1,80,7),(1099,338,1,1,80,8),(1100,338,1,1,80,9),(1101,338,1,1,80,10),(1102,338,1,1,80,11),(1103,338,1,1,80,12),(1104,338,1,1,80,13),(1105,338,1,1,80,14),(1106,338,1,1,80,15),(1107,338,1,1,80,16),(1108,338,1,1,80,17),(1109,338,1,1,80,18),(1110,338,1,1,80,19),(1111,338,1,1,80,20),(1112,347,1,1,87,1),(1113,347,1,1,87,2),(1114,347,1,1,87,3),(1115,347,1,1,87,4),(1116,347,1,1,87,5),(1117,347,1,1,87,6),(1118,347,1,1,87,7),(1119,347,1,1,87,8),(1120,347,1,1,87,9),(1121,347,1,1,87,10),(1122,347,1,1,87,11),(1123,347,1,1,87,12),(1124,347,1,1,87,13),(1125,347,1,1,87,14),(1126,347,1,1,87,15),(1127,347,1,1,87,16),(1128,347,1,1,87,17),(1129,347,1,1,87,18),(1130,347,1,1,87,19),(1131,347,1,1,87,20),(1132,345,1,1,87,1),(1133,345,1,1,87,2),(1134,345,1,1,87,3),(1135,345,1,1,87,4),(1136,345,1,1,87,5),(1137,345,1,1,87,6),(1138,345,1,1,87,7),(1139,345,1,1,87,8),(1140,345,1,1,87,9),(1141,345,1,1,87,10),(1142,345,1,1,87,11),(1143,345,1,1,87,12),(1144,345,1,1,87,13),(1145,345,1,1,87,14),(1146,345,1,1,87,15),(1147,345,1,1,87,16),(1148,345,1,1,87,17),(1149,345,1,1,87,18),(1150,345,1,1,87,19),(1151,345,1,1,87,20),(1152,341,1,1,73,1),(1153,341,1,1,73,2),(1154,341,1,1,73,3),(1155,341,1,1,73,4),(1156,341,1,1,73,5),(1157,341,1,1,73,6),(1158,341,1,1,73,7),(1159,341,1,1,73,8),(1160,341,1,1,73,9),(1161,341,1,1,73,10),(1162,341,1,1,73,11),(1163,341,1,1,73,12),(1164,341,1,1,73,13),(1165,341,1,1,73,14),(1166,341,1,1,73,15),(1167,341,1,1,73,16),(1168,341,1,1,73,17),(1169,341,1,1,73,18),(1170,341,1,1,73,19),(1171,341,1,1,73,20),(1172,339,1,1,67,1),(1173,339,1,1,67,2),(1174,339,1,1,67,3),(1175,339,1,1,67,4),(1176,339,1,1,67,5),(1177,339,1,1,67,6),(1178,339,1,1,67,7),(1179,339,1,1,67,8),(1180,339,1,1,67,9),(1181,339,1,1,67,10),(1182,339,1,1,67,11),(1183,339,1,1,67,12),(1184,339,1,1,67,13),(1185,339,1,1,67,14),(1186,339,1,1,67,15),(1187,339,1,1,67,16),(1188,339,1,1,67,17),(1189,339,1,1,67,18),(1190,339,1,1,67,19),(1191,339,1,1,67,20),(1192,337,1,1,73,1),(1193,337,1,1,73,2),(1194,337,1,1,73,3),(1195,337,1,1,73,4),(1196,337,1,1,73,5),(1197,337,1,1,73,6),(1198,337,1,1,73,7),(1199,337,1,1,73,8),(1200,337,1,1,73,9),(1201,337,1,1,73,10),(1202,337,1,1,73,11),(1203,337,1,1,73,12),(1204,337,1,1,73,13),(1205,337,1,1,73,14),(1206,337,1,1,73,15),(1207,337,1,1,73,16),(1208,337,1,1,73,17),(1209,337,1,1,73,18),(1210,337,1,1,73,19),(1211,337,1,1,73,20),(1212,336,1,1,80,1),(1213,336,1,1,80,2),(1214,336,1,1,80,3),(1215,336,1,1,80,4),(1216,336,1,1,80,5),(1217,336,1,1,80,6),(1218,336,1,1,80,7),(1219,336,1,1,80,8),(1220,336,1,1,80,9),(1221,336,1,1,80,10),(1222,336,1,1,80,11),(1223,336,1,1,80,12),(1224,336,1,1,80,13),(1225,336,1,1,80,14),(1226,336,1,1,80,15),(1227,336,1,1,80,16),(1228,336,1,1,80,17),(1229,336,1,1,80,18),(1230,336,1,1,80,19),(1231,336,1,1,80,20),(1232,332,1,1,80,1),(1233,332,1,1,80,2),(1234,332,1,1,80,3),(1235,332,1,1,80,4),(1236,332,1,1,80,5),(1237,332,1,1,80,6),(1238,332,1,1,80,7),(1239,332,1,1,80,8),(1240,332,1,1,80,9),(1241,332,1,1,80,10),(1242,332,1,1,80,11),(1243,332,1,1,80,12),(1244,332,1,1,80,13),(1245,332,1,1,80,14),(1246,332,1,1,80,15),(1247,332,1,1,80,16),(1248,332,1,1,80,17),(1249,332,1,1,80,18),(1250,332,1,1,80,19),(1251,332,1,1,80,20),(1252,335,1,1,73,1),(1253,335,1,1,73,2),(1254,335,1,1,73,3),(1255,335,1,1,73,4),(1256,335,1,1,73,5),(1257,335,1,1,73,6),(1258,335,1,1,73,7),(1259,335,1,1,73,8),(1260,335,1,1,73,9),(1261,335,1,1,73,10),(1262,335,1,1,73,11),(1263,335,1,1,73,12),(1264,335,1,1,73,13),(1265,335,1,1,73,14),(1266,335,1,1,73,15),(1267,335,1,1,73,16),(1268,335,1,1,73,17),(1269,335,1,1,73,18),(1270,335,1,1,73,19),(1271,335,1,1,73,20),(1272,331,1,1,80,1),(1273,331,1,1,80,2),(1274,331,1,1,80,3),(1275,331,1,1,80,4),(1276,331,1,1,80,5),(1277,331,1,1,80,6),(1278,331,1,1,80,7),(1279,331,1,1,80,8),(1280,331,1,1,80,9),(1281,331,1,1,80,10),(1282,331,1,1,80,11),(1283,331,1,1,80,12),(1284,331,1,1,80,13),(1285,331,1,1,80,14),(1286,331,1,1,80,15),(1287,331,1,1,80,16),(1288,331,1,1,80,17),(1289,331,1,1,80,18),(1290,331,1,1,80,19),(1291,331,1,1,80,20),(1292,455,1,1,67,9),(1293,455,1,1,67,1),(1294,455,1,1,67,2),(1295,455,1,1,67,3),(1296,455,1,1,67,4),(1297,455,1,1,67,5),(1298,455,1,1,67,6),(1299,455,1,1,67,7),(1300,455,1,1,67,8),(1301,455,1,1,67,10),(1302,455,1,1,67,11),(1303,455,1,1,67,12),(1304,455,1,1,67,13),(1305,455,1,1,67,14),(1306,455,1,1,67,15),(1307,455,1,1,67,16),(1308,455,1,1,67,17),(1309,455,1,1,67,18),(1310,455,1,1,67,19),(1311,455,1,1,67,20),(1312,456,1,1,80,9),(1313,456,1,1,80,1),(1314,456,1,1,80,2),(1315,456,1,1,80,3),(1316,456,1,1,80,4),(1317,456,1,1,80,5),(1318,456,1,1,80,6),(1319,456,1,1,80,7),(1320,456,1,1,80,8),(1321,456,1,1,80,10),(1322,456,1,1,80,11),(1323,456,1,1,80,12),(1324,456,1,1,80,13),(1325,456,1,1,80,14),(1326,456,1,1,80,15),(1327,456,1,1,80,16),(1328,456,1,1,80,17),(1329,456,1,1,80,18),(1330,456,1,1,80,19),(1331,456,1,1,80,20),(1332,457,1,1,73,9),(1333,457,1,1,73,1),(1334,457,1,1,73,2),(1335,457,1,1,73,3),(1336,457,1,1,73,4),(1337,457,1,1,73,5),(1338,457,1,1,73,6),(1339,457,1,1,73,7),(1340,457,1,1,73,8),(1341,457,1,1,73,10),(1342,457,1,1,73,11),(1343,457,1,1,73,12),(1344,457,1,1,73,13),(1345,457,1,1,73,14),(1346,457,1,1,73,15),(1347,457,1,1,73,16),(1348,457,1,1,73,17),(1349,457,1,1,73,18),(1350,457,1,1,73,19),(1351,457,1,1,73,20),(1352,458,1,1,87,9),(1353,458,1,1,87,1),(1354,458,1,1,87,2),(1355,458,1,1,87,3),(1356,458,1,1,87,4),(1357,458,1,1,87,5),(1358,458,1,1,87,6),(1359,458,1,1,87,7),(1360,458,1,1,87,8),(1361,458,1,1,87,10),(1362,458,1,1,87,11),(1363,458,1,1,87,12),(1364,458,1,1,87,13),(1365,458,1,1,87,14),(1366,458,1,1,87,15),(1367,458,1,1,87,16),(1368,458,1,1,87,17),(1369,458,1,1,87,18),(1370,458,1,1,87,19),(1371,458,1,1,87,20),(1372,459,1,1,80,9),(1373,459,1,1,80,1),(1374,459,1,1,80,2),(1375,459,1,1,80,3),(1376,459,1,1,80,4),(1377,459,1,1,80,5),(1378,459,1,1,80,6),(1379,459,1,1,80,7),(1380,459,1,1,80,8),(1381,459,1,1,80,10),(1382,459,1,1,80,11),(1383,459,1,1,80,12),(1384,459,1,1,80,13),(1385,459,1,1,80,14),(1386,459,1,1,80,15),(1387,459,1,1,80,16),(1388,459,1,1,80,17),(1389,459,1,1,80,18),(1390,459,1,1,80,19),(1391,459,1,1,80,20),(1392,460,1,1,60,9),(1393,460,1,1,60,1),(1394,460,1,1,60,2),(1395,460,1,1,60,3),(1396,460,1,1,60,4),(1397,460,1,1,60,5),(1398,460,1,1,60,6),(1399,460,1,1,60,7),(1400,460,1,1,60,8),(1401,460,1,1,60,10),(1402,460,1,1,60,11),(1403,460,1,1,60,12),(1404,460,1,1,60,13),(1405,460,1,1,60,14),(1406,460,1,1,60,15),(1407,460,1,1,60,16),(1408,460,1,1,60,17),(1409,460,1,1,60,18),(1410,460,1,1,60,19),(1411,460,1,1,60,20),(1412,461,1,1,73,9),(1413,461,1,1,73,1),(1414,461,1,1,73,2),(1415,461,1,1,73,3),(1416,461,1,1,73,4),(1417,461,1,1,73,5),(1418,461,1,1,73,6),(1419,461,1,1,73,7),(1420,461,1,1,73,8),(1421,461,1,1,73,10),(1422,461,1,1,73,11),(1423,461,1,1,73,12),(1424,461,1,1,73,13),(1425,461,1,1,73,14),(1426,461,1,1,73,15),(1427,461,1,1,73,16),(1428,461,1,1,73,17),(1429,461,1,1,73,18),(1430,461,1,1,73,19),(1431,461,1,1,73,20),(1432,462,1,1,80,9),(1433,462,1,1,80,1),(1434,462,1,1,80,2),(1435,462,1,1,80,3),(1436,462,1,1,80,4),(1437,462,1,1,80,5),(1438,462,1,1,80,6),(1439,462,1,1,80,7),(1440,462,1,1,80,8),(1441,462,1,1,80,10),(1442,462,1,1,80,11),(1443,462,1,1,80,12),(1444,462,1,1,80,13),(1445,462,1,1,80,14),(1446,462,1,1,80,15),(1447,462,1,1,80,16),(1448,462,1,1,80,17),(1449,462,1,1,80,18),(1450,462,1,1,80,19),(1451,462,1,1,80,20),(1452,466,1,1,60,9),(1453,466,1,1,60,1),(1454,466,1,1,60,2),(1455,466,1,1,60,3),(1456,466,1,1,60,4),(1457,466,1,1,60,5),(1458,466,1,1,60,6),(1459,466,1,1,60,7),(1460,466,1,1,60,8),(1461,466,1,1,60,10),(1462,466,1,1,60,11),(1463,466,1,1,60,12),(1464,466,1,1,60,13),(1465,466,1,1,60,14),(1466,466,1,1,60,15),(1467,466,1,1,60,16),(1468,466,1,1,60,17),(1469,466,1,1,60,18),(1470,466,1,1,60,19),(1471,466,1,1,60,20),(1472,467,1,1,93,9),(1473,467,1,1,93,1),(1474,467,1,1,93,2),(1475,467,1,1,93,3),(1476,467,1,1,93,4),(1477,467,1,1,93,5),(1478,467,1,1,93,6),(1479,467,1,1,93,7),(1480,467,1,1,93,8),(1481,467,1,1,93,10),(1482,467,1,1,93,11),(1483,467,1,1,93,12),(1484,467,1,1,93,13),(1485,467,1,1,93,14),(1486,467,1,1,93,15),(1487,467,1,1,93,16),(1488,467,1,1,93,17),(1489,467,1,1,93,18),(1490,467,1,1,93,19),(1491,467,1,1,93,20),(1492,468,1,1,80,9),(1493,468,1,1,80,1),(1494,468,1,1,80,2),(1495,468,1,1,80,3),(1496,468,1,1,80,4),(1497,468,1,1,80,5),(1498,468,1,1,80,6),(1499,468,1,1,80,7),(1500,468,1,1,80,8),(1501,468,1,1,80,10),(1502,468,1,1,80,11),(1503,468,1,1,80,12),(1504,468,1,1,80,13),(1505,468,1,1,80,14),(1506,468,1,1,80,15),(1507,468,1,1,80,16),(1508,468,1,1,80,17),(1509,468,1,1,80,18),(1510,468,1,1,80,19),(1511,468,1,1,80,20),(1512,514,1,1,67,9),(1513,514,1,1,67,1),(1514,514,1,1,67,2),(1515,514,1,1,67,3),(1516,514,1,1,67,4),(1517,514,1,1,67,5),(1518,514,1,1,67,6),(1519,514,1,1,67,7),(1520,514,1,1,67,8),(1521,514,1,1,67,10),(1522,514,1,1,67,11),(1523,514,1,1,67,12),(1524,514,1,1,67,13),(1525,514,1,1,67,14),(1526,514,1,1,67,15),(1527,514,1,1,67,16),(1528,514,1,1,67,17),(1529,514,1,1,67,18),(1530,514,1,1,67,19),(1531,514,1,1,67,20),(1532,524,1,1,60,9),(1533,524,1,1,60,1),(1534,524,1,1,60,2),(1535,524,1,1,60,3),(1536,524,1,1,60,4),(1537,524,1,1,60,5),(1538,524,1,1,60,6),(1539,524,1,1,60,7),(1540,524,1,1,60,8),(1541,524,1,1,60,10),(1542,524,1,1,60,11),(1543,524,1,1,60,12),(1544,524,1,1,60,13),(1545,524,1,1,60,14),(1546,524,1,1,60,15),(1547,524,1,1,60,16),(1548,524,1,1,60,17),(1549,524,1,1,60,18),(1550,524,1,1,60,19),(1551,524,1,1,60,20),(1552,525,1,1,67,9),(1553,525,1,1,67,1),(1554,525,1,1,67,2),(1555,525,1,1,67,3),(1556,525,1,1,67,4),(1557,525,1,1,67,5),(1558,525,1,1,67,6),(1559,525,1,1,67,7),(1560,525,1,1,67,8),(1561,525,1,1,67,10),(1562,525,1,1,67,11),(1563,525,1,1,67,12),(1564,525,1,1,67,13),(1565,525,1,1,67,14),(1566,525,1,1,67,15),(1567,525,1,1,67,16),(1568,525,1,1,67,17),(1569,525,1,1,67,18),(1570,525,1,1,67,19),(1571,525,1,1,67,20),(1572,525,1,1,67,0),(1573,524,1,1,60,0),(1574,514,1,1,67,0),(1575,468,1,1,80,0),(1576,467,1,1,93,0),(1577,466,1,1,60,0),(1578,462,1,1,80,0),(1579,461,1,1,73,0),(1580,460,1,1,60,0),(1581,459,1,1,80,0),(1582,458,1,1,87,0),(1583,457,1,1,73,0),(1584,456,1,1,80,0),(1585,455,1,1,67,0),(1586,331,1,1,80,0),(1587,335,1,1,73,0),(1588,332,1,1,80,0),(1589,336,1,1,80,0),(1590,337,1,1,73,0),(1591,341,1,1,73,0),(1592,345,1,1,87,0),(1593,347,1,1,87,0),(1594,338,1,1,80,0),(1595,340,1,1,73,0),(1596,342,1,1,60,0),(1597,344,1,1,80,0),(1598,346,1,1,73,0),(1599,368,1,1,80,0),(1600,322,1,1,100,0),(1601,378,1,1,67,9),(1602,378,1,1,67,1),(1603,378,1,1,67,2),(1604,378,1,1,67,3),(1605,378,1,1,67,4),(1606,378,1,1,67,5),(1607,378,1,1,67,6),(1608,378,1,1,67,7),(1609,378,1,1,67,8),(1610,378,1,1,67,10),(1611,378,1,1,67,11),(1612,378,1,1,67,12),(1613,378,1,1,67,13),(1614,378,1,1,67,14),(1615,378,1,1,67,15),(1616,378,1,1,67,16),(1617,378,1,1,67,17),(1618,378,1,1,67,18),(1619,378,1,1,67,19),(1620,378,1,1,67,20),(1621,379,1,1,67,9),(1622,379,1,1,67,1),(1623,379,1,1,67,2),(1624,379,1,1,67,3),(1625,379,1,1,67,4),(1626,379,1,1,67,5),(1627,379,1,1,67,6),(1628,379,1,1,67,7),(1629,379,1,1,67,8),(1630,379,1,1,67,10),(1631,379,1,1,67,11),(1632,379,1,1,67,12),(1633,379,1,1,67,13),(1634,379,1,1,67,14),(1635,379,1,1,67,15),(1636,379,1,1,67,16),(1637,379,1,1,67,17),(1638,379,1,1,67,18),(1639,379,1,1,67,19),(1640,379,1,1,67,20),(1641,380,1,1,80,9),(1642,380,1,1,80,1),(1643,380,1,1,80,2),(1644,380,1,1,80,3),(1645,380,1,1,80,4),(1646,380,1,1,80,5),(1647,380,1,1,80,6),(1648,380,1,1,80,7),(1649,380,1,1,80,8),(1650,380,1,1,80,10),(1651,380,1,1,80,11),(1652,380,1,1,80,12),(1653,380,1,1,80,13),(1654,380,1,1,80,14),(1655,380,1,1,80,15),(1656,380,1,1,80,16),(1657,380,1,1,80,17),(1658,380,1,1,80,18),(1659,380,1,1,80,19),(1660,380,1,1,80,20),(1661,382,1,1,80,9),(1662,382,1,1,80,1),(1663,382,1,1,80,2),(1664,382,1,1,80,3),(1665,382,1,1,80,4),(1666,382,1,1,80,5),(1667,382,1,1,80,6),(1668,382,1,1,80,7),(1669,382,1,1,80,8),(1670,382,1,1,80,10),(1671,382,1,1,80,11),(1672,382,1,1,80,12),(1673,382,1,1,80,13),(1674,382,1,1,80,14),(1675,382,1,1,80,15),(1676,382,1,1,80,16),(1677,382,1,1,80,17),(1678,382,1,1,80,18),(1679,382,1,1,80,19),(1680,382,1,1,80,20),(1681,416,1,1,80,9),(1682,416,1,1,80,1),(1683,416,1,1,80,2),(1684,416,1,1,80,3),(1685,416,1,1,80,4),(1686,416,1,1,80,5),(1687,416,1,1,80,6),(1688,416,1,1,80,7),(1689,416,1,1,80,8),(1690,416,1,1,80,10),(1691,416,1,1,80,11),(1692,416,1,1,80,12),(1693,416,1,1,80,13),(1694,416,1,1,80,14),(1695,416,1,1,80,15),(1696,416,1,1,80,16),(1697,416,1,1,80,17),(1698,416,1,1,80,18),(1699,416,1,1,80,19),(1700,416,1,1,80,20),(1701,417,1,1,67,9),(1702,417,1,1,67,1),(1703,417,1,1,67,2),(1704,417,1,1,67,3),(1705,417,1,1,67,4),(1706,417,1,1,67,5),(1707,417,1,1,67,6),(1708,417,1,1,67,7),(1709,417,1,1,67,8),(1710,417,1,1,67,10),(1711,417,1,1,67,11),(1712,417,1,1,67,12),(1713,417,1,1,67,13),(1714,417,1,1,67,14),(1715,417,1,1,67,15),(1716,417,1,1,67,16),(1717,417,1,1,67,17),(1718,417,1,1,67,18),(1719,417,1,1,67,19),(1720,417,1,1,67,20),(1721,418,1,1,87,9),(1722,418,1,1,87,1),(1723,418,1,1,87,2),(1724,418,1,1,87,3),(1725,418,1,1,87,4),(1726,418,1,1,87,5),(1727,418,1,1,87,6),(1728,418,1,1,87,7),(1729,418,1,1,87,8),(1730,418,1,1,87,10),(1731,418,1,1,87,11),(1732,418,1,1,87,12),(1733,418,1,1,87,13),(1734,418,1,1,87,14),(1735,418,1,1,87,15),(1736,418,1,1,87,16),(1737,418,1,1,87,17),(1738,418,1,1,87,18),(1739,418,1,1,87,19),(1740,418,1,1,87,20),(1741,419,1,1,73,9),(1742,419,1,1,73,1),(1743,419,1,1,73,2),(1744,419,1,1,73,3),(1745,419,1,1,73,4),(1746,419,1,1,73,5),(1747,419,1,1,73,6),(1748,419,1,1,73,7),(1749,419,1,1,73,8),(1750,419,1,1,73,10),(1751,419,1,1,73,11),(1752,419,1,1,73,12),(1753,419,1,1,73,13),(1754,419,1,1,73,14),(1755,419,1,1,73,15),(1756,419,1,1,73,16),(1757,419,1,1,73,17),(1758,419,1,1,73,18),(1759,419,1,1,73,19),(1760,419,1,1,73,20),(1761,420,1,0,0,9),(1762,420,1,0,0,1),(1763,420,1,0,0,2),(1764,420,1,0,0,3),(1765,420,1,0,0,4),(1766,420,1,0,0,5),(1767,420,1,0,0,6),(1768,420,1,0,0,7),(1769,420,1,0,0,8),(1770,420,1,0,0,10),(1771,420,1,0,0,11),(1772,420,1,0,0,12),(1773,420,1,0,0,13),(1774,420,1,0,0,14),(1775,420,1,0,0,15),(1776,420,1,0,0,16),(1777,420,1,0,0,17),(1778,420,1,0,0,18),(1779,420,1,0,0,19),(1780,420,1,0,0,20),(1781,421,1,1,60,9),(1782,421,1,1,60,1),(1783,421,1,1,60,2),(1784,421,1,1,60,3),(1785,421,1,1,60,4),(1786,421,1,1,60,5),(1787,421,1,1,60,6),(1788,421,1,1,60,7),(1789,421,1,1,60,8),(1790,421,1,1,60,10),(1791,421,1,1,60,11),(1792,421,1,1,60,12),(1793,421,1,1,60,13),(1794,421,1,1,60,14),(1795,421,1,1,60,15),(1796,421,1,1,60,16),(1797,421,1,1,60,17),(1798,421,1,1,60,18),(1799,421,1,1,60,19),(1800,421,1,1,60,20),(1801,428,1,1,87,9),(1802,428,1,1,87,1),(1803,428,1,1,87,2),(1804,428,1,1,87,3),(1805,428,1,1,87,4),(1806,428,1,1,87,5),(1807,428,1,1,87,6),(1808,428,1,1,87,7),(1809,428,1,1,87,8),(1810,428,1,1,87,10),(1811,428,1,1,87,11),(1812,428,1,1,87,12),(1813,428,1,1,87,13),(1814,428,1,1,87,14),(1815,428,1,1,87,15),(1816,428,1,1,87,16),(1817,428,1,1,87,17),(1818,428,1,1,87,18),(1819,428,1,1,87,19),(1820,428,1,1,87,20),(1821,429,1,1,53,9),(1822,429,1,1,53,1),(1823,429,1,1,53,2),(1824,429,1,1,53,3),(1825,429,1,1,53,4),(1826,429,1,1,53,5),(1827,429,1,1,53,6),(1828,429,1,1,53,7),(1829,429,1,1,53,8),(1830,429,1,1,53,10),(1831,429,1,1,53,11),(1832,429,1,1,53,12),(1833,429,1,1,53,13),(1834,429,1,1,53,14),(1835,429,1,1,53,15),(1836,429,1,1,53,16),(1837,429,1,1,53,17),(1838,429,1,1,53,18),(1839,429,1,1,53,19),(1840,429,1,1,53,20),(1841,430,1,1,93,9),(1842,430,1,1,93,1),(1843,430,1,1,93,2),(1844,430,1,1,93,3),(1845,430,1,1,93,4),(1846,430,1,1,93,5),(1847,430,1,1,93,6),(1848,430,1,1,93,7),(1849,430,1,1,93,8),(1850,430,1,1,93,10),(1851,430,1,1,93,11),(1852,430,1,1,93,12),(1853,430,1,1,93,13),(1854,430,1,1,93,14),(1855,430,1,1,93,15),(1856,430,1,1,93,16),(1857,430,1,1,93,17),(1858,430,1,1,93,18),(1859,430,1,1,93,19),(1860,430,1,1,93,20),(1861,431,1,1,67,9),(1862,431,1,1,67,1),(1863,431,1,1,67,2),(1864,431,1,1,67,3),(1865,431,1,1,67,4),(1866,431,1,1,67,5),(1867,431,1,1,67,6),(1868,431,1,1,67,7),(1869,431,1,1,67,8),(1870,431,1,1,67,10),(1871,431,1,1,67,11),(1872,431,1,1,67,12),(1873,431,1,1,67,13),(1874,431,1,1,67,14),(1875,431,1,1,67,15),(1876,431,1,1,67,16),(1877,431,1,1,67,17),(1878,431,1,1,67,18),(1879,431,1,1,67,19),(1880,431,1,1,67,20),(1881,449,1,1,73,9),(1882,449,1,1,73,1),(1883,449,1,1,73,2),(1884,449,1,1,73,3),(1885,449,1,1,73,4),(1886,449,1,1,73,5),(1887,449,1,1,73,6),(1888,449,1,1,73,7),(1889,449,1,1,73,8),(1890,449,1,1,73,10),(1891,449,1,1,73,11),(1892,449,1,1,73,12),(1893,449,1,1,73,13),(1894,449,1,1,73,14),(1895,449,1,1,73,15),(1896,449,1,1,73,16),(1897,449,1,1,73,17),(1898,449,1,1,73,18),(1899,449,1,1,73,19),(1900,449,1,1,73,20),(1901,432,1,1,60,9),(1902,432,1,1,60,1),(1903,432,1,1,60,2),(1904,432,1,1,60,3),(1905,432,1,1,60,4),(1906,432,1,1,60,5),(1907,432,1,1,60,6),(1908,432,1,1,60,7),(1909,432,1,1,60,8),(1910,432,1,1,60,10),(1911,432,1,1,60,11),(1912,432,1,1,60,12),(1913,432,1,1,60,13),(1914,432,1,1,60,14),(1915,432,1,1,60,15),(1916,432,1,1,60,16),(1917,432,1,1,60,17),(1918,432,1,1,60,18),(1919,432,1,1,60,19),(1920,432,1,1,60,20),(1921,433,1,1,67,9),(1922,433,1,1,67,1),(1923,433,1,1,67,2),(1924,433,1,1,67,3),(1925,433,1,1,67,4),(1926,433,1,1,67,5),(1927,433,1,1,67,6),(1928,433,1,1,67,7),(1929,433,1,1,67,8),(1930,433,1,1,67,10),(1931,433,1,1,67,11),(1932,433,1,1,67,12),(1933,433,1,1,67,13),(1934,433,1,1,67,14),(1935,433,1,1,67,15),(1936,433,1,1,67,16),(1937,433,1,1,67,17),(1938,433,1,1,67,18),(1939,433,1,1,67,19),(1940,433,1,1,67,20),(1941,434,1,1,67,9),(1942,434,1,1,67,1),(1943,434,1,1,67,2),(1944,434,1,1,67,3),(1945,434,1,1,67,4),(1946,434,1,1,67,5),(1947,434,1,1,67,6),(1948,434,1,1,67,7),(1949,434,1,1,67,8),(1950,434,1,1,67,10),(1951,434,1,1,67,11),(1952,434,1,1,67,12),(1953,434,1,1,67,13),(1954,434,1,1,67,14),(1955,434,1,1,67,15),(1956,434,1,1,67,16),(1957,434,1,1,67,17),(1958,434,1,1,67,18),(1959,434,1,1,67,19),(1960,434,1,1,67,20),(1961,435,1,1,67,9),(1962,435,1,1,67,1),(1963,435,1,1,67,2),(1964,435,1,1,67,3),(1965,435,1,1,67,4),(1966,435,1,1,67,5),(1967,435,1,1,67,6),(1968,435,1,1,67,7),(1969,435,1,1,67,8),(1970,435,1,1,67,10),(1971,435,1,1,67,11),(1972,435,1,1,67,12),(1973,435,1,1,67,13),(1974,435,1,1,67,14),(1975,435,1,1,67,15),(1976,435,1,1,67,16),(1977,435,1,1,67,17),(1978,435,1,1,67,18),(1979,435,1,1,67,19),(1980,435,1,1,67,20),(1981,436,1,0,0,9),(1982,436,1,0,0,1),(1983,436,1,0,0,2),(1984,436,1,0,0,3),(1985,436,1,0,0,4),(1986,436,1,0,0,5),(1987,436,1,0,0,6),(1988,436,1,0,0,7),(1989,436,1,0,0,8),(1990,436,1,0,0,10),(1991,436,1,0,0,11),(1992,436,1,0,0,12),(1993,436,1,0,0,13),(1994,436,1,0,0,14),(1995,436,1,0,0,15),(1996,436,1,0,0,16),(1997,436,1,0,0,17),(1998,436,1,0,0,18),(1999,436,1,0,0,19),(2000,436,1,0,0,20),(2001,437,1,0,0,9),(2002,437,1,0,0,1),(2003,437,1,0,0,2),(2004,437,1,0,0,3),(2005,437,1,0,0,4),(2006,437,1,0,0,5),(2007,437,1,0,0,6),(2008,437,1,0,0,7),(2009,437,1,0,0,8),(2010,437,1,0,0,10),(2011,437,1,0,0,11),(2012,437,1,0,0,12),(2013,437,1,0,0,13),(2014,437,1,0,0,14),(2015,437,1,0,0,15),(2016,437,1,0,0,16),(2017,437,1,0,0,17),(2018,437,1,0,0,18),(2019,437,1,0,0,19),(2020,437,1,0,0,20),(2021,438,1,0,0,9),(2022,438,1,0,0,1),(2023,438,1,0,0,2),(2024,438,1,0,0,3),(2025,438,1,0,0,4),(2026,438,1,0,0,5),(2027,438,1,0,0,6),(2028,438,1,0,0,7),(2029,438,1,0,0,8),(2030,438,1,0,0,10),(2031,438,1,0,0,11),(2032,438,1,0,0,12),(2033,438,1,0,0,13),(2034,438,1,0,0,14),(2035,438,1,0,0,15),(2036,438,1,0,0,16),(2037,438,1,0,0,17),(2038,438,1,0,0,18),(2039,438,1,0,0,19),(2040,438,1,0,0,20),(2041,439,1,0,0,9),(2042,439,1,0,0,1),(2043,439,1,0,0,2),(2044,439,1,0,0,3),(2045,439,1,0,0,4),(2046,439,1,0,0,5),(2047,439,1,0,0,6),(2048,439,1,0,0,7),(2049,439,1,0,0,8),(2050,439,1,0,0,10),(2051,439,1,0,0,11),(2052,439,1,0,0,12),(2053,439,1,0,0,13),(2054,439,1,0,0,14),(2055,439,1,0,0,15),(2056,439,1,0,0,16),(2057,439,1,0,0,17),(2058,439,1,0,0,18),(2059,439,1,0,0,19),(2060,439,1,0,0,20),(2061,440,1,0,0,9),(2062,440,1,0,0,1),(2063,440,1,0,0,2),(2064,440,1,0,0,3),(2065,440,1,0,0,4),(2066,440,1,0,0,5),(2067,440,1,0,0,6),(2068,440,1,0,0,7),(2069,440,1,0,0,8),(2070,440,1,0,0,10),(2071,440,1,0,0,11),(2072,440,1,0,0,12),(2073,440,1,0,0,13),(2074,440,1,0,0,14),(2075,440,1,0,0,15),(2076,440,1,0,0,16),(2077,440,1,0,0,17),(2078,440,1,0,0,18),(2079,440,1,0,0,19),(2080,440,1,0,0,20),(2081,446,1,0,0,9),(2082,446,1,0,0,1),(2083,446,1,0,0,2),(2084,446,1,0,0,3),(2085,446,1,0,0,4),(2086,446,1,0,0,5),(2087,446,1,0,0,6),(2088,446,1,0,0,7),(2089,446,1,0,0,8),(2090,446,1,0,0,10),(2091,446,1,0,0,11),(2092,446,1,0,0,12),(2093,446,1,0,0,13),(2094,446,1,0,0,14),(2095,446,1,0,0,15),(2096,446,1,0,0,16),(2097,446,1,0,0,17),(2098,446,1,0,0,18),(2099,446,1,0,0,19),(2100,446,1,0,0,20),(2101,447,1,0,0,9),(2102,447,1,0,0,1),(2103,447,1,0,0,2),(2104,447,1,0,0,3),(2105,447,1,0,0,4),(2106,447,1,0,0,5),(2107,447,1,0,0,6),(2108,447,1,0,0,7),(2109,447,1,0,0,8),(2110,447,1,0,0,10),(2111,447,1,0,0,11),(2112,447,1,0,0,12),(2113,447,1,0,0,13),(2114,447,1,0,0,14),(2115,447,1,0,0,15),(2116,447,1,0,0,16),(2117,447,1,0,0,17),(2118,447,1,0,0,18),(2119,447,1,0,0,19),(2120,447,1,0,0,20),(2121,448,1,0,0,9),(2122,448,1,0,0,1),(2123,448,1,0,0,2),(2124,448,1,0,0,3),(2125,448,1,0,0,4),(2126,448,1,0,0,5),(2127,448,1,0,0,6),(2128,448,1,0,0,7),(2129,448,1,0,0,8),(2130,448,1,0,0,10),(2131,448,1,0,0,11),(2132,448,1,0,0,12),(2133,448,1,0,0,13),(2134,448,1,0,0,14),(2135,448,1,0,0,15),(2136,448,1,0,0,16),(2137,448,1,0,0,17),(2138,448,1,0,0,18),(2139,448,1,0,0,19),(2140,448,1,0,0,20),(2141,499,1,0,0,9),(2142,499,1,0,0,1),(2143,499,1,0,0,2),(2144,499,1,0,0,3),(2145,499,1,0,0,4),(2146,499,1,0,0,5),(2147,499,1,0,0,6),(2148,499,1,0,0,7),(2149,499,1,0,0,8),(2150,499,1,0,0,10),(2151,499,1,0,0,11),(2152,499,1,0,0,12),(2153,499,1,0,0,13),(2154,499,1,0,0,14),(2155,499,1,0,0,15),(2156,499,1,0,0,16),(2157,499,1,0,0,17),(2158,499,1,0,0,18),(2159,499,1,0,0,19),(2160,499,1,0,0,20),(2161,469,1,1,60,9),(2162,469,1,1,60,1),(2163,469,1,1,60,2),(2164,469,1,1,60,3),(2165,469,1,1,60,4),(2166,469,1,1,60,5),(2167,469,1,1,60,6),(2168,469,1,1,60,7),(2169,469,1,1,60,8),(2170,469,1,1,60,10),(2171,469,1,1,60,11),(2172,469,1,1,60,12),(2173,469,1,1,60,13),(2174,469,1,1,60,14),(2175,469,1,1,60,15),(2176,469,1,1,60,16),(2177,469,1,1,60,17),(2178,469,1,1,60,18),(2179,469,1,1,60,19),(2180,469,1,1,60,20),(2181,470,1,1,67,9),(2182,470,1,1,67,1),(2183,470,1,1,67,2),(2184,470,1,1,67,3),(2185,470,1,1,67,4),(2186,470,1,1,67,5),(2187,470,1,1,67,6),(2188,470,1,1,67,7),(2189,470,1,1,67,8),(2190,470,1,1,67,10),(2191,470,1,1,67,11),(2192,470,1,1,67,12),(2193,470,1,1,67,13),(2194,470,1,1,67,14),(2195,470,1,1,67,15),(2196,470,1,1,67,16),(2197,470,1,1,67,17),(2198,470,1,1,67,18),(2199,470,1,1,67,19),(2200,470,1,1,67,20),(2201,471,1,1,53,9),(2202,471,1,1,53,1),(2203,471,1,1,53,2),(2204,471,1,1,53,3),(2205,471,1,1,53,4),(2206,471,1,1,53,5),(2207,471,1,1,53,6),(2208,471,1,1,53,7),(2209,471,1,1,53,8),(2210,471,1,1,53,10),(2211,471,1,1,53,11),(2212,471,1,1,53,12),(2213,471,1,1,53,13),(2214,471,1,1,53,14),(2215,471,1,1,53,15),(2216,471,1,1,53,16),(2217,471,1,1,53,17),(2218,471,1,1,53,18),(2219,471,1,1,53,19),(2220,471,1,1,53,20),(2221,472,1,1,80,9),(2222,472,1,1,80,1),(2223,472,1,1,80,2),(2224,472,1,1,80,3),(2225,472,1,1,80,4),(2226,472,1,1,80,5),(2227,472,1,1,80,6),(2228,472,1,1,80,7),(2229,472,1,1,80,8),(2230,472,1,1,80,10),(2231,472,1,1,80,11),(2232,472,1,1,80,12),(2233,472,1,1,80,13),(2234,472,1,1,80,14),(2235,472,1,1,80,15),(2236,472,1,1,80,16),(2237,472,1,1,80,17),(2238,472,1,1,80,18),(2239,472,1,1,80,19),(2240,472,1,1,80,20),(2241,475,1,1,67,9),(2242,475,1,1,67,1),(2243,475,1,1,67,2),(2244,475,1,1,67,3),(2245,475,1,1,67,4),(2246,475,1,1,67,5),(2247,475,1,1,67,6),(2248,475,1,1,67,7),(2249,475,1,1,67,8),(2250,475,1,1,67,10),(2251,475,1,1,67,11),(2252,475,1,1,67,12),(2253,475,1,1,67,13),(2254,475,1,1,67,14),(2255,475,1,1,67,15),(2256,475,1,1,67,16),(2257,475,1,1,67,17),(2258,475,1,1,67,18),(2259,475,1,1,67,19),(2260,475,1,1,67,20),(2261,478,1,1,80,9),(2262,478,1,1,80,1),(2263,478,1,1,80,2),(2264,478,1,1,80,3),(2265,478,1,1,80,4),(2266,478,1,1,80,5),(2267,478,1,1,80,6),(2268,478,1,1,80,7),(2269,478,1,1,80,8),(2270,478,1,1,80,10),(2271,478,1,1,80,11),(2272,478,1,1,80,12),(2273,478,1,1,80,13),(2274,478,1,1,80,14),(2275,478,1,1,80,15),(2276,478,1,1,80,16),(2277,478,1,1,80,17),(2278,478,1,1,80,18),(2279,478,1,1,80,19),(2280,478,1,1,80,20),(2281,481,1,1,53,9),(2282,481,1,1,53,1),(2283,481,1,1,53,2),(2284,481,1,1,53,3),(2285,481,1,1,53,4),(2286,481,1,1,53,5),(2287,481,1,1,53,6),(2288,481,1,1,53,7),(2289,481,1,1,53,8),(2290,481,1,1,53,10),(2291,481,1,1,53,11),(2292,481,1,1,53,12),(2293,481,1,1,53,13),(2294,481,1,1,53,14),(2295,481,1,1,53,15),(2296,481,1,1,53,16),(2297,481,1,1,53,17),(2298,481,1,1,53,18),(2299,481,1,1,53,19),(2300,481,1,1,53,20),(2301,482,1,1,73,9),(2302,482,1,1,73,1),(2303,482,1,1,73,2),(2304,482,1,1,73,3),(2305,482,1,1,73,4),(2306,482,1,1,73,5),(2307,482,1,1,73,6),(2308,482,1,1,73,7),(2309,482,1,1,73,8),(2310,482,1,1,73,10),(2311,482,1,1,73,11),(2312,482,1,1,73,12),(2313,482,1,1,73,13),(2314,482,1,1,73,14),(2315,482,1,1,73,15),(2316,482,1,1,73,16),(2317,482,1,1,73,17),(2318,482,1,1,73,18),(2319,482,1,1,73,19),(2320,482,1,1,73,20),(2321,483,1,1,67,9),(2322,483,1,1,67,1),(2323,483,1,1,67,2),(2324,483,1,1,67,3),(2325,483,1,1,67,4),(2326,483,1,1,67,5),(2327,483,1,1,67,6),(2328,483,1,1,67,7),(2329,483,1,1,67,8),(2330,483,1,1,67,10),(2331,483,1,1,67,11),(2332,483,1,1,67,12),(2333,483,1,1,67,13),(2334,483,1,1,67,14),(2335,483,1,1,67,15),(2336,483,1,1,67,16),(2337,483,1,1,67,17),(2338,483,1,1,67,18),(2339,483,1,1,67,19),(2340,483,1,1,67,20),(2341,484,1,1,67,9),(2342,484,1,1,67,1),(2343,484,1,1,67,2),(2344,484,1,1,67,3),(2345,484,1,1,67,4),(2346,484,1,1,67,5),(2347,484,1,1,67,6),(2348,484,1,1,67,7),(2349,484,1,1,67,8),(2350,484,1,1,67,10),(2351,484,1,1,67,11),(2352,484,1,1,67,12),(2353,484,1,1,67,13),(2354,484,1,1,67,14),(2355,484,1,1,67,15),(2356,484,1,1,67,16),(2357,484,1,1,67,17),(2358,484,1,1,67,18),(2359,484,1,1,67,19),(2360,484,1,1,67,20),(2361,485,1,1,67,9),(2362,485,1,1,67,1),(2363,485,1,1,67,2),(2364,485,1,1,67,3),(2365,485,1,1,67,4),(2366,485,1,1,67,5),(2367,485,1,1,67,6),(2368,485,1,1,67,7),(2369,485,1,1,67,8),(2370,485,1,1,67,10),(2371,485,1,1,67,11),(2372,485,1,1,67,12),(2373,485,1,1,67,13),(2374,485,1,1,67,14),(2375,485,1,1,67,15),(2376,485,1,1,67,16),(2377,485,1,1,67,17),(2378,485,1,1,67,18),(2379,485,1,1,67,19),(2380,485,1,1,67,20),(2381,486,1,1,73,9),(2382,486,1,1,73,1),(2383,486,1,1,73,2),(2384,486,1,1,73,3),(2385,486,1,1,73,4),(2386,486,1,1,73,5),(2387,486,1,1,73,6),(2388,486,1,1,73,7),(2389,486,1,1,73,8),(2390,486,1,1,73,10),(2391,486,1,1,73,11),(2392,486,1,1,73,12),(2393,486,1,1,73,13),(2394,486,1,1,73,14),(2395,486,1,1,73,15),(2396,486,1,1,73,16),(2397,486,1,1,73,17),(2398,486,1,1,73,18),(2399,486,1,1,73,19),(2400,486,1,1,73,20),(2401,487,1,1,93,9),(2402,487,1,1,93,1),(2403,487,1,1,93,2),(2404,487,1,1,93,3),(2405,487,1,1,93,4),(2406,487,1,1,93,5),(2407,487,1,1,93,6),(2408,487,1,1,93,7),(2409,487,1,1,93,8),(2410,487,1,1,93,10),(2411,487,1,1,93,11),(2412,487,1,1,93,12),(2413,487,1,1,93,13),(2414,487,1,1,93,14),(2415,487,1,1,93,15),(2416,487,1,1,93,16),(2417,487,1,1,93,17),(2418,487,1,1,93,18),(2419,487,1,1,93,19),(2420,487,1,1,93,20),(2421,489,1,1,67,9),(2422,489,1,1,67,1),(2423,489,1,1,67,2),(2424,489,1,1,67,3);
INSERT INTO `review_entity_summary` VALUES (2425,489,1,1,67,4),(2426,489,1,1,67,5),(2427,489,1,1,67,6),(2428,489,1,1,67,7),(2429,489,1,1,67,8),(2430,489,1,1,67,10),(2431,489,1,1,67,11),(2432,489,1,1,67,12),(2433,489,1,1,67,13),(2434,489,1,1,67,14),(2435,489,1,1,67,15),(2436,489,1,1,67,16),(2437,489,1,1,67,17),(2438,489,1,1,67,18),(2439,489,1,1,67,19),(2440,489,1,1,67,20),(2441,490,1,1,87,9),(2442,490,1,1,87,1),(2443,490,1,1,87,2),(2444,490,1,1,87,3),(2445,490,1,1,87,4),(2446,490,1,1,87,5),(2447,490,1,1,87,6),(2448,490,1,1,87,7),(2449,490,1,1,87,8),(2450,490,1,1,87,10),(2451,490,1,1,87,11),(2452,490,1,1,87,12),(2453,490,1,1,87,13),(2454,490,1,1,87,14),(2455,490,1,1,87,15),(2456,490,1,1,87,16),(2457,490,1,1,87,17),(2458,490,1,1,87,18),(2459,490,1,1,87,19),(2460,490,1,1,87,20),(2461,491,1,1,87,9),(2462,491,1,1,87,1),(2463,491,1,1,87,2),(2464,491,1,1,87,3),(2465,491,1,1,87,4),(2466,491,1,1,87,5),(2467,491,1,1,87,6),(2468,491,1,1,87,7),(2469,491,1,1,87,8),(2470,491,1,1,87,10),(2471,491,1,1,87,11),(2472,491,1,1,87,12),(2473,491,1,1,87,13),(2474,491,1,1,87,14),(2475,491,1,1,87,15),(2476,491,1,1,87,16),(2477,491,1,1,87,17),(2478,491,1,1,87,18),(2479,491,1,1,87,19),(2480,491,1,1,87,20),(2481,492,1,1,87,9),(2482,492,1,1,87,1),(2483,492,1,1,87,2),(2484,492,1,1,87,3),(2485,492,1,1,87,4),(2486,492,1,1,87,5),(2487,492,1,1,87,6),(2488,492,1,1,87,7),(2489,492,1,1,87,8),(2490,492,1,1,87,10),(2491,492,1,1,87,11),(2492,492,1,1,87,12),(2493,492,1,1,87,13),(2494,492,1,1,87,14),(2495,492,1,1,87,15),(2496,492,1,1,87,16),(2497,492,1,1,87,17),(2498,492,1,1,87,18),(2499,492,1,1,87,19),(2500,492,1,1,87,20),(2501,495,1,1,67,9),(2502,495,1,1,67,1),(2503,495,1,1,67,2),(2504,495,1,1,67,3),(2505,495,1,1,67,4),(2506,495,1,1,67,5),(2507,495,1,1,67,6),(2508,495,1,1,67,7),(2509,495,1,1,67,8),(2510,495,1,1,67,10),(2511,495,1,1,67,11),(2512,495,1,1,67,12),(2513,495,1,1,67,13),(2514,495,1,1,67,14),(2515,495,1,1,67,15),(2516,495,1,1,67,16),(2517,495,1,1,67,17),(2518,495,1,1,67,18),(2519,495,1,1,67,19),(2520,495,1,1,67,20),(2521,496,1,1,73,9),(2522,496,1,1,73,1),(2523,496,1,1,73,2),(2524,496,1,1,73,3),(2525,496,1,1,73,4),(2526,496,1,1,73,5),(2527,496,1,1,73,6),(2528,496,1,1,73,7),(2529,496,1,1,73,8),(2530,496,1,1,73,10),(2531,496,1,1,73,11),(2532,496,1,1,73,12),(2533,496,1,1,73,13),(2534,496,1,1,73,14),(2535,496,1,1,73,15),(2536,496,1,1,73,16),(2537,496,1,1,73,17),(2538,496,1,1,73,18),(2539,496,1,1,73,19),(2540,496,1,1,73,20),(2541,497,1,1,53,9),(2542,497,1,1,53,1),(2543,497,1,1,53,2),(2544,497,1,1,53,3),(2545,497,1,1,53,4),(2546,497,1,1,53,5),(2547,497,1,1,53,6),(2548,497,1,1,53,7),(2549,497,1,1,53,8),(2550,497,1,1,53,10),(2551,497,1,1,53,11),(2552,497,1,1,53,12),(2553,497,1,1,53,13),(2554,497,1,1,53,14),(2555,497,1,1,53,15),(2556,497,1,1,53,16),(2557,497,1,1,53,17),(2558,497,1,1,53,18),(2559,497,1,1,53,19),(2560,497,1,1,53,20),(2561,497,1,1,53,0),(2562,496,1,1,73,0),(2563,495,1,1,67,0),(2564,492,1,1,87,0),(2565,491,1,1,87,0),(2566,490,1,1,87,0),(2567,489,1,1,67,0),(2568,487,1,1,93,0),(2569,486,1,1,73,0),(2570,485,1,1,67,0),(2571,484,1,1,67,0),(2572,483,1,1,67,0),(2573,482,1,1,73,0),(2574,481,1,1,53,0),(2575,478,1,1,80,0),(2576,475,1,1,67,0),(2577,472,1,1,80,0),(2578,471,1,1,53,0),(2579,470,1,1,67,0),(2580,469,1,1,60,0),(2581,419,1,1,73,0),(2582,418,1,1,87,0),(2583,417,1,1,67,0),(2584,416,1,1,80,0),(2585,382,1,1,80,0),(2586,380,1,1,80,0),(2587,379,1,1,67,0),(2588,378,1,1,67,0),(2589,339,1,1,67,0),(2590,435,1,1,67,0),(2591,434,1,1,67,0),(2592,433,1,1,67,0),(2593,432,1,1,60,0),(2594,449,1,1,73,0),(2595,431,1,1,67,0),(2596,430,1,1,93,0),(2597,429,1,1,53,0),(2598,428,1,1,87,0),(2599,421,1,1,60,0);

--
